Jun 06 13:11:35.228810 dv-cinder-755101-10-smb devstack@c-api.service[111352]: [pid: 111352|app: 0|req: 43/75] 10.222.0.39 () {60 vars in 1367 bytes} [Mon Jun 6 13:11:34 2022] DELETE /volume/v3/93cd8cc00cf34fb49b9041fed269c1eb/volumes/7aa5a7ef-827b-4d6e-aba7-ab8d10624630 => generated 0 bytes in 787 msecs (HTTP/1.1 202) 6 headers in 233 bytes (1 switches on core 0)
Jun 06 13:11:35.233020 dv-cinder-755101-10-smb devstack@c-api.service[111353]: DEBUG cinder.api.middleware.request_id [None req-002e69e2-a4e4-4e86-ab88-59935b173a80 None None] RequestId filter calling following filter/app {{(pid=111353) _context_setter /opt/stack/cinder/cinder/api/middleware/request_id.py:62}}
Jun 06 13:11:35.237159 dv-cinder-755101-10-smb devstack@c-api.service[111353]: INFO cinder.api.openstack.wsgi [None req-002e69e2-a4e4-4e86-ab88-59935b173a80 tempest-UserMessagesTest-1565121878 tempest-UserMessagesTest-1565121878-project] GET http://10.222.0.39/volume/v3/93cd8cc00cf34fb49b9041fed269c1eb/volumes/7aa5a7ef-827b-4d6e-aba7-ab8d10624630
Jun 06 13:11:35.237663 dv-cinder-755101-10-smb devstack@c-api.service[111353]: DEBUG cinder.api.openstack.wsgi [None req-002e69e2-a4e4-4e86-ab88-59935b173a80 tempest-UserMessagesTest-1565121878 tempest-UserMessagesTest-1565121878-project] Empty body provided in request {{(pid=111353) get_body /opt/stack/cinder/cinder/api/openstack/wsgi.py:715}}
Jun 06 13:11:35.238123 dv-cinder-755101-10-smb devstack@c-api.service[111353]: DEBUG cinder.api.openstack.wsgi [None req-002e69e2-a4e4-4e86-ab88-59935b173a80 tempest-UserMessagesTest-1565121878 tempest-UserMessagesTest-1565121878-project] Calling method 'show' {{(pid=111353) _process_stack /opt/stack/cinder/cinder/api/openstack/wsgi.py:868}}
Jun 06 13:11:35.255108 dv-cinder-755101-10-smb devstack@c-api.service[111353]: INFO cinder.api.openstack.wsgi [None req-002e69e2-a4e4-4e86-ab88-59935b173a80 tempest-UserMessagesTest-1565121878 tempest-UserMessagesTest-1565121878-project] http://10.222.0.39/volume/v3/93cd8cc00cf34fb49b9041fed269c1eb/volumes/7aa5a7ef-827b-4d6e-aba7-ab8d10624630 returned with HTTP 404
Jun 06 13:11:35.259952 dv-cinder-755101-10-smb devstack@c-api.service[111353]: [pid: 111353|app: 0|req: 33/76] 10.222.0.39 () {60 vars in 1364 bytes} [Mon Jun 6 13:11:35 2022] GET /volume/v3/93cd8cc00cf34fb49b9041fed269c1eb/volumes/7aa5a7ef-827b-4d6e-aba7-ab8d10624630 => generated 109 bytes in 28 msecs (HTTP/1.1 404) 7 headers in 292 bytes (1 switches on core 0)
Jun 06 13:11:35.261600 dv-cinder-755101-10-smb devstack@c-api.service[111352]: DEBUG cinder.api.middleware.request_id [None req-d3856a22-8739-40f6-9d4e-c39465d11d0b None None] RequestId filter calling following filter/app {{(pid=111352) _context_setter /opt/stack/cinder/cinder/api/middleware/request_id.py:62}}
Jun 06 13:11:35.267399 dv-cinder-755101-10-smb devstack@c-api.service[111352]: INFO cinder.api.openstack.wsgi [None req-d3856a22-8739-40f6-9d4e-c39465d11d0b tempest-UserMessagesTest-1176214029 tempest-UserMessagesTest-1176214029-project-admin] DELETE http://10.222.0.39/volume/v3/14ed56b2160a4b409eb394e7198f743b/types/2f33b564-8a3e-4858-845e-451469759649
Jun 06 13:11:35.268158 dv-cinder-755101-10-smb devstack@c-api.service[111352]: DEBUG cinder.api.openstack.wsgi [None req-d3856a22-8739-40f6-9d4e-c39465d11d0b tempest-UserMessagesTest-1176214029 tempest-UserMessagesTest-1176214029-project-admin] Empty body provided in request {{(pid=111352) get_body /opt/stack/cinder/cinder/api/openstack/wsgi.py:715}}
Jun 06 13:11:35.268971 dv-cinder-755101-10-smb devstack@c-api.service[111352]: DEBUG cinder.api.openstack.wsgi [None req-d3856a22-8739-40f6-9d4e-c39465d11d0b tempest-UserMessagesTest-1176214029 tempest-UserMessagesTest-1176214029-project-admin] Calling method '_delete' {{(pid=111352) _process_stack /opt/stack/cinder/cinder/api/openstack/wsgi.py:868}}
Jun 06 13:11:35.458776 dv-cinder-755101-10-smb devstack@c-api.service[111353]: DEBUG cinder.api.middleware.request_id [None req-4aa0dd9c-82c8-41e2-82da-d1d69981e874 None None] RequestId filter calling following filter/app {{(pid=111353) _context_setter /opt/stack/cinder/cinder/api/middleware/request_id.py:62}}
Jun 06 13:11:35.463073 dv-cinder-755101-10-smb devstack@c-api.service[111353]: INFO cinder.api.openstack.wsgi [None req-4aa0dd9c-82c8-41e2-82da-d1d69981e874 tempest-GroupSnapshotsTest-2108085987 tempest-GroupSnapshotsTest-2108085987-project] GET http://10.222.0.39/volume/v3/8f669a142f0842848cf2ef165c610a0c/group_snapshots/b64b55b4-cb3a-4e1d-83d5-abd61736c185
Jun 06 13:11:35.463741 dv-cinder-755101-10-smb devstack@c-api.service[111353]: DEBUG cinder.api.openstack.wsgi [None req-4aa0dd9c-82c8-41e2-82da-d1d69981e874 tempest-GroupSnapshotsTest-2108085987 tempest-GroupSnapshotsTest-2108085987-project] Empty body provided in request {{(pid=111353) get_body /opt/stack/cinder/cinder/api/openstack/wsgi.py:715}}
Jun 06 13:11:35.464498 dv-cinder-755101-10-smb devstack@c-api.service[111353]: DEBUG cinder.api.openstack.wsgi [None req-4aa0dd9c-82c8-41e2-82da-d1d69981e874 tempest-GroupSnapshotsTest-2108085987 tempest-GroupSnapshotsTest-2108085987-project] Calling method 'version_select' {{(pid=111353) _process_stack /opt/stack/cinder/cinder/api/openstack/wsgi.py:868}}
Jun 06 13:11:35.465088 dv-cinder-755101-10-smb devstack@c-api.service[111353]: DEBUG cinder.api.v3.group_snapshots [None req-4aa0dd9c-82c8-41e2-82da-d1d69981e874 tempest-GroupSnapshotsTest-2108085987 tempest-GroupSnapshotsTest-2108085987-project] show called for member b64b55b4-cb3a-4e1d-83d5-abd61736c185 {{(pid=111353) show /opt/stack/cinder/cinder/api/v3/group_snapshots.py:58}}
Jun 06 13:11:35.474624 dv-cinder-755101-10-smb devstack@c-api.service[111353]: /usr/local/lib/python3.8/dist-packages/oslo_context/context.py:100: DeprecationWarning: Policy enforcement is depending on the value of is_admin. This key is deprecated. Please update your policy file to use the standard policy values.
Jun 06 13:11:35.474624 dv-cinder-755101-10-smb devstack@c-api.service[111353]: warnings.warn('Policy enforcement is depending on the value of '
Jun 06 13:11:35.487714 dv-cinder-755101-10-smb devstack@c-api.service[111353]: INFO cinder.api.openstack.wsgi [None req-4aa0dd9c-82c8-41e2-82da-d1d69981e874 tempest-GroupSnapshotsTest-2108085987 tempest-GroupSnapshotsTest-2108085987-project] http://10.222.0.39/volume/v3/8f669a142f0842848cf2ef165c610a0c/group_snapshots/b64b55b4-cb3a-4e1d-83d5-abd61736c185 returned with HTTP 200
Jun 06 13:11:35.490611 dv-cinder-755101-10-smb devstack@c-api.service[111353]: [pid: 111353|app: 0|req: 34/77] 10.222.0.39 () {60 vars in 1389 bytes} [Mon Jun 6 13:11:35 2022] GET /volume/v3/8f669a142f0842848cf2ef165c610a0c/group_snapshots/b64b55b4-cb3a-4e1d-83d5-abd61736c185 => generated 308 bytes in 33 msecs (HTTP/1.1 200) 7 headers in 286 bytes (1 switches on core 0)
Jun 06 13:11:35.498342 dv-cinder-755101-10-smb devstack@c-api.service[111353]: DEBUG cinder.api.middleware.request_id [None req-154ea193-3765-4a64-907a-caf29303de74 None None] RequestId filter calling following filter/app {{(pid=111353) _context_setter /opt/stack/cinder/cinder/api/middleware/request_id.py:62}}
Jun 06 13:11:35.503718 dv-cinder-755101-10-smb devstack@c-api.service[111353]: INFO cinder.api.openstack.wsgi [None req-154ea193-3765-4a64-907a-caf29303de74 tempest-GroupSnapshotsTest-2108085987 tempest-GroupSnapshotsTest-2108085987-project] GET http://10.222.0.39/volume/v3/8f669a142f0842848cf2ef165c610a0c/snapshots/detail
Jun 06 13:11:35.504580 dv-cinder-755101-10-smb devstack@c-api.service[111353]: DEBUG cinder.api.openstack.wsgi [None req-154ea193-3765-4a64-907a-caf29303de74 tempest-GroupSnapshotsTest-2108085987 tempest-GroupSnapshotsTest-2108085987-project] Empty body provided in request {{(pid=111353) get_body /opt/stack/cinder/cinder/api/openstack/wsgi.py:715}}
Jun 06 13:11:35.505586 dv-cinder-755101-10-smb devstack@c-api.service[111353]: DEBUG cinder.api.openstack.wsgi [None req-154ea193-3765-4a64-907a-caf29303de74 tempest-GroupSnapshotsTest-2108085987 tempest-GroupSnapshotsTest-2108085987-project] Calling method 'detail' {{(pid=111353) _process_stack /opt/stack/cinder/cinder/api/openstack/wsgi.py:868}}
Jun 06 13:11:35.508057 dv-cinder-755101-10-smb devstack@c-api.service[111353]: DEBUG cinder.api.api_utils [None req-154ea193-3765-4a64-907a-caf29303de74 tempest-GroupSnapshotsTest-2108085987 tempest-GroupSnapshotsTest-2108085987-project] Removing options '' from query. {{(pid=111353) remove_invalid_filter_options /opt/stack/cinder/cinder/api/api_utils.py:73}}
Jun 06 13:11:35.510218 dv-cinder-755101-10-smb devstack@c-api.service[111353]: DEBUG cinder.db.sqlalchemy.api [None req-154ea193-3765-4a64-907a-caf29303de74 tempest-GroupSnapshotsTest-2108085987 tempest-GroupSnapshotsTest-2108085987-project] Building query based on filter {{(pid=111353) _process_snaps_filters /opt/stack/cinder/cinder/db/sqlalchemy/api.py:3850}}
Jun 06 13:11:35.525131 dv-cinder-755101-10-smb devstack@c-api.service[111352]: INFO cinder.api.openstack.wsgi [None req-d3856a22-8739-40f6-9d4e-c39465d11d0b tempest-UserMessagesTest-1176214029 tempest-UserMessagesTest-1176214029-project-admin] http://10.222.0.39/volume/v3/14ed56b2160a4b409eb394e7198f743b/types/2f33b564-8a3e-4858-845e-451469759649 returned with HTTP 202
Jun 06 13:11:35.529148 dv-cinder-755101-10-smb devstack@c-api.service[111353]: INFO cinder.volume.api [None req-154ea193-3765-4a64-907a-caf29303de74 tempest-GroupSnapshotsTest-2108085987 tempest-GroupSnapshotsTest-2108085987-project] Get all snapshots completed successfully.
Jun 06 13:11:35.531447 dv-cinder-755101-10-smb devstack@c-api.service[111352]: [pid: 111352|app: 0|req: 44/78] 10.222.0.39 () {58 vars in 1321 bytes} [Mon Jun 6 13:11:35 2022] DELETE /volume/v3/14ed56b2160a4b409eb394e7198f743b/types/2f33b564-8a3e-4858-845e-451469759649 => generated 0 bytes in 271 msecs (HTTP/1.1 202) 6 headers in 233 bytes (2 switches on core 0)
Jun 06 13:11:35.532294 dv-cinder-755101-10-smb devstack@c-api.service[111353]: /usr/local/lib/python3.8/dist-packages/oslo_context/context.py:100: DeprecationWarning: Policy enforcement is depending on the value of is_admin. This key is deprecated. Please update your policy file to use the standard policy values.
Jun 06 13:11:35.532294 dv-cinder-755101-10-smb devstack@c-api.service[111353]: warnings.warn('Policy enforcement is depending on the value of '
Jun 06 13:11:35.535024 dv-cinder-755101-10-smb devstack@c-api.service[111352]: DEBUG cinder.api.middleware.request_id [None req-d68185e1-6e20-4e6c-b3d6-733844d45f8f None None] RequestId filter calling following filter/app {{(pid=111352) _context_setter /opt/stack/cinder/cinder/api/middleware/request_id.py:62}}
Jun 06 13:11:35.540982 dv-cinder-755101-10-smb devstack@c-api.service[111352]: INFO cinder.api.openstack.wsgi [None req-d68185e1-6e20-4e6c-b3d6-733844d45f8f tempest-UserMessagesTest-1176214029 tempest-UserMessagesTest-1176214029-project-admin] GET http://10.222.0.39/volume/v3/14ed56b2160a4b409eb394e7198f743b/types/2f33b564-8a3e-4858-845e-451469759649
Jun 06 13:11:35.541435 dv-cinder-755101-10-smb devstack@c-api.service[111353]: INFO cinder.api.openstack.wsgi [None req-154ea193-3765-4a64-907a-caf29303de74 tempest-GroupSnapshotsTest-2108085987 tempest-GroupSnapshotsTest-2108085987-project] http://10.222.0.39/volume/v3/8f669a142f0842848cf2ef165c610a0c/snapshots/detail returned with HTTP 200
Jun 06 13:11:35.543758 dv-cinder-755101-10-smb devstack@c-api.service[111352]: DEBUG cinder.api.openstack.wsgi [None req-d68185e1-6e20-4e6c-b3d6-733844d45f8f tempest-UserMessagesTest-1176214029 tempest-UserMessagesTest-1176214029-project-admin] Empty body provided in request {{(pid=111352) get_body /opt/stack/cinder/cinder/api/openstack/wsgi.py:715}}
Jun 06 13:11:35.544407 dv-cinder-755101-10-smb devstack@c-api.service[111352]: DEBUG cinder.api.openstack.wsgi [None req-d68185e1-6e20-4e6c-b3d6-733844d45f8f tempest-UserMessagesTest-1176214029 tempest-UserMessagesTest-1176214029-project-admin] Calling method 'show' {{(pid=111352) _process_stack /opt/stack/cinder/cinder/api/openstack/wsgi.py:868}}
Jun 06 13:11:35.546655 dv-cinder-755101-10-smb devstack@c-api.service[111353]: [pid: 111353|app: 0|req: 35/79] 10.222.0.39 () {58 vars in 1240 bytes} [Mon Jun 6 13:11:35 2022] GET /volume/v3/8f669a142f0842848cf2ef165c610a0c/snapshots/detail => generated 520 bytes in 50 msecs (HTTP/1.1 200) 7 headers in 285 bytes (1 switches on core 0)
Jun 06 13:11:35.554759 dv-cinder-755101-10-smb devstack@c-api.service[111353]: DEBUG cinder.api.middleware.request_id [None req-1b74e0a6-d093-4241-872e-cd741ca019ef None None] RequestId filter calling following filter/app {{(pid=111353) _context_setter /opt/stack/cinder/cinder/api/middleware/request_id.py:62}}
Jun 06 13:11:35.564792 dv-cinder-755101-10-smb devstack@c-api.service[111353]: INFO cinder.api.openstack.wsgi [None req-1b74e0a6-d093-4241-872e-cd741ca019ef tempest-GroupSnapshotsTest-2108085987 tempest-GroupSnapshotsTest-2108085987-project] GET http://10.222.0.39/volume/v3/8f669a142f0842848cf2ef165c610a0c/snapshots/f286135f-3693-4ea7-b6cf-8ae964d35eaf
Jun 06 13:11:35.568036 dv-cinder-755101-10-smb devstack@c-api.service[111353]: DEBUG cinder.api.openstack.wsgi [None req-1b74e0a6-d093-4241-872e-cd741ca019ef tempest-GroupSnapshotsTest-2108085987 tempest-GroupSnapshotsTest-2108085987-project] Empty body provided in request {{(pid=111353) get_body /opt/stack/cinder/cinder/api/openstack/wsgi.py:715}}
Jun 06 13:11:35.571054 dv-cinder-755101-10-smb devstack@c-api.service[111353]: DEBUG cinder.api.openstack.wsgi [None req-1b74e0a6-d093-4241-872e-cd741ca019ef tempest-GroupSnapshotsTest-2108085987 tempest-GroupSnapshotsTest-2108085987-project] Calling method 'show' {{(pid=111353) _process_stack /opt/stack/cinder/cinder/api/openstack/wsgi.py:868}}
Jun 06 13:11:35.572451 dv-cinder-755101-10-smb devstack@c-api.service[111352]: INFO cinder.api.openstack.wsgi [None req-d68185e1-6e20-4e6c-b3d6-733844d45f8f tempest-UserMessagesTest-1176214029 tempest-UserMessagesTest-1176214029-project-admin] http://10.222.0.39/volume/v3/14ed56b2160a4b409eb394e7198f743b/types/2f33b564-8a3e-4858-845e-451469759649 returned with HTTP 404
Jun 06 13:11:35.573598 dv-cinder-755101-10-smb devstack@c-api.service[111352]: [pid: 111352|app: 0|req: 45/80] 10.222.0.39 () {58 vars in 1318 bytes} [Mon Jun 6 13:11:35 2022] GET /volume/v3/14ed56b2160a4b409eb394e7198f743b/types/2f33b564-8a3e-4858-845e-451469759649 => generated 114 bytes in 42 msecs (HTTP/1.1 404) 7 headers in 292 bytes (1 switches on core 0)
Jun 06 13:11:35.620061 dv-cinder-755101-10-smb devstack@c-api.service[111353]: /usr/local/lib/python3.8/dist-packages/oslo_context/context.py:100: DeprecationWarning: Policy enforcement is depending on the value of is_admin. This key is deprecated. Please update your policy file to use the standard policy values.
Jun 06 13:11:35.620061 dv-cinder-755101-10-smb devstack@c-api.service[111353]: warnings.warn('Policy enforcement is depending on the value of '
Jun 06 13:11:35.621857 dv-cinder-755101-10-smb devstack@c-api.service[111353]: INFO cinder.volume.api [None req-1b74e0a6-d093-4241-872e-cd741ca019ef tempest-GroupSnapshotsTest-2108085987 tempest-GroupSnapshotsTest-2108085987-project] Snapshot retrieved successfully.
Jun 06 13:11:35.634785 dv-cinder-755101-10-smb devstack@c-api.service[111353]: INFO cinder.api.openstack.wsgi [None req-1b74e0a6-d093-4241-872e-cd741ca019ef tempest-GroupSnapshotsTest-2108085987 tempest-GroupSnapshotsTest-2108085987-project] http://10.222.0.39/volume/v3/8f669a142f0842848cf2ef165c610a0c/snapshots/f286135f-3693-4ea7-b6cf-8ae964d35eaf returned with HTTP 200
Jun 06 13:11:35.639174 dv-cinder-755101-10-smb devstack@c-api.service[111352]: DEBUG cinder.api.middleware.request_id [None req-45dc7287-f1e1-4106-b7c1-40340ab4959b None None] RequestId filter calling following filter/app {{(pid=111352) _context_setter /opt/stack/cinder/cinder/api/middleware/request_id.py:62}}
Jun 06 13:11:35.643860 dv-cinder-755101-10-smb devstack@c-api.service[111352]: INFO cinder.api.openstack.wsgi [None req-45dc7287-f1e1-4106-b7c1-40340ab4959b tempest-GroupSnapshotsV319Test-578708749 tempest-GroupSnapshotsV319Test-578708749-project] GET http://10.222.0.39/volume/v3/f91d7b91a5b84f84ba913f159907d553/volumes/8beac8a2-51ce-4213-8a3c-c8e8bb05ab78
Jun 06 13:11:35.644662 dv-cinder-755101-10-smb devstack@c-api.service[111352]: DEBUG cinder.api.openstack.wsgi [None req-45dc7287-f1e1-4106-b7c1-40340ab4959b tempest-GroupSnapshotsV319Test-578708749 tempest-GroupSnapshotsV319Test-578708749-project] Empty body provided in request {{(pid=111352) get_body /opt/stack/cinder/cinder/api/openstack/wsgi.py:715}}
Jun 06 13:11:35.645274 dv-cinder-755101-10-smb devstack@c-api.service[111352]: DEBUG cinder.api.openstack.wsgi [None req-45dc7287-f1e1-4106-b7c1-40340ab4959b tempest-GroupSnapshotsV319Test-578708749 tempest-GroupSnapshotsV319Test-578708749-project] Calling method 'show' {{(pid=111352) _process_stack /opt/stack/cinder/cinder/api/openstack/wsgi.py:868}}
Jun 06 13:11:35.653963 dv-cinder-755101-10-smb devstack@c-api.service[111353]: [pid: 111353|app: 0|req: 36/81] 10.222.0.39 () {58 vars in 1330 bytes} [Mon Jun 6 13:11:35 2022] GET /volume/v3/8f669a142f0842848cf2ef165c610a0c/snapshots/f286135f-3693-4ea7-b6cf-8ae964d35eaf => generated 517 bytes in 100 msecs (HTTP/1.1 200) 7 headers in 285 bytes (1 switches on core 0)
Jun 06 13:11:35.662338 dv-cinder-755101-10-smb devstack@c-api.service[111353]: DEBUG cinder.api.middleware.request_id [None req-42ea2b1c-b49d-4698-8324-cc25184c8dc8 None None] RequestId filter calling following filter/app {{(pid=111353) _context_setter /opt/stack/cinder/cinder/api/middleware/request_id.py:62}}
Jun 06 13:11:35.672213 dv-cinder-755101-10-smb devstack@c-api.service[111353]: INFO cinder.api.openstack.wsgi [None req-42ea2b1c-b49d-4698-8324-cc25184c8dc8 tempest-GroupSnapshotsTest-2108085987 tempest-GroupSnapshotsTest-2108085987-project] POST http://10.222.0.39/volume/v3/8f669a142f0842848cf2ef165c610a0c/groups/action
Jun 06 13:11:35.679969 dv-cinder-755101-10-smb devstack@c-api.service[111353]: DEBUG cinder.api.openstack.wsgi [None req-42ea2b1c-b49d-4698-8324-cc25184c8dc8 tempest-GroupSnapshotsTest-2108085987 tempest-GroupSnapshotsTest-2108085987-project] Action body: b'{"create-from-src": {"group_snapshot_id": "b64b55b4-cb3a-4e1d-83d5-abd61736c185", "name": "tempest-Group_from_snap-1188798853"}}' {{(pid=111353) get_method /opt/stack/cinder/cinder/api/openstack/wsgi.py:983}}
Jun 06 13:11:35.680867 dv-cinder-755101-10-smb devstack@c-api.service[111353]: DEBUG cinder.api.openstack.wsgi [None req-42ea2b1c-b49d-4698-8324-cc25184c8dc8 tempest-GroupSnapshotsTest-2108085987 tempest-GroupSnapshotsTest-2108085987-project] Action: 'action', calling method: version_select, body: {"create-from-src": {"group_snapshot_id": "b64b55b4-cb3a-4e1d-83d5-abd61736c185", "name": "tempest-Group_from_snap-1188798853"}} {{(pid=111353) _process_stack /opt/stack/cinder/cinder/api/openstack/wsgi.py:866}}
Jun 06 13:11:35.682314 dv-cinder-755101-10-smb devstack@c-api.service[111353]: DEBUG cinder.api.v3.groups [None req-42ea2b1c-b49d-4698-8324-cc25184c8dc8 tempest-GroupSnapshotsTest-2108085987 tempest-GroupSnapshotsTest-2108085987-project] Creating new group {'create-from-src': {'group_snapshot_id': 'b64b55b4-cb3a-4e1d-83d5-abd61736c185', 'name': 'tempest-Group_from_snap-1188798853'}}. {{(pid=111353) create_from_src /opt/stack/cinder/cinder/api/v3/groups.py:236}}
Jun 06 13:11:35.682864 dv-cinder-755101-10-smb devstack@c-api.service[111353]: INFO cinder.api.v3.groups [None req-42ea2b1c-b49d-4698-8324-cc25184c8dc8 tempest-GroupSnapshotsTest-2108085987 tempest-GroupSnapshotsTest-2108085987-project] Creating group tempest-Group_from_snap-1188798853 from group_snapshot b64b55b4-cb3a-4e1d-83d5-abd61736c185.
Jun 06 13:11:35.690286 dv-cinder-755101-10-smb devstack@c-api.service[111353]: /usr/local/lib/python3.8/dist-packages/oslo_context/context.py:100: DeprecationWarning: Policy enforcement is depending on the value of is_admin. This key is deprecated. Please update your policy file to use the standard policy values.
Jun 06 13:11:35.690286 dv-cinder-755101-10-smb devstack@c-api.service[111353]: warnings.warn('Policy enforcement is depending on the value of '
Jun 06 13:11:35.707024 dv-cinder-755101-10-smb devstack@c-api.service[111353]: /usr/local/lib/python3.8/dist-packages/oslo_context/context.py:100: DeprecationWarning: Policy enforcement is depending on the value of is_admin. This key is deprecated. Please update your policy file to use the standard policy values.
Jun 06 13:11:35.707024 dv-cinder-755101-10-smb devstack@c-api.service[111353]: warnings.warn('Policy enforcement is depending on the value of '
Jun 06 13:11:35.714144 dv-cinder-755101-10-smb devstack@c-api.service[111352]: /usr/local/lib/python3.8/dist-packages/oslo_context/context.py:100: DeprecationWarning: Policy enforcement is depending on the value of is_admin. This key is deprecated. Please update your policy file to use the standard policy values.
Jun 06 13:11:35.714144 dv-cinder-755101-10-smb devstack@c-api.service[111352]: warnings.warn('Policy enforcement is depending on the value of '
Jun 06 13:11:35.717750 dv-cinder-755101-10-smb devstack@c-api.service[111353]: /usr/local/lib/python3.8/dist-packages/oslo_context/context.py:100: DeprecationWarning: Policy enforcement is depending on the value of is_admin. This key is deprecated. Please update your policy file to use the standard policy values.
Jun 06 13:11:35.717750 dv-cinder-755101-10-smb devstack@c-api.service[111353]: warnings.warn('Policy enforcement is depending on the value of '
Jun 06 13:11:35.799654 dv-cinder-755101-10-smb devstack@c-api.service[111352]: INFO cinder.volume.api [None req-45dc7287-f1e1-4106-b7c1-40340ab4959b tempest-GroupSnapshotsV319Test-578708749 tempest-GroupSnapshotsV319Test-578708749-project] Volume info retrieved successfully.
Jun 06 13:11:35.803231 dv-cinder-755101-10-smb devstack@c-api.service[111352]: WARNING stevedore.named [None req-45dc7287-f1e1-4106-b7c1-40340ab4959b tempest-GroupSnapshotsV319Test-578708749 tempest-GroupSnapshotsV319Test-578708749-project] Could not load cinder.keymgr.conf_key_mgr.ConfKeyManager
Jun 06 13:11:35.803231 dv-cinder-755101-10-smb devstack@c-api.service[111352]: WARNING castellan.key_manager [None req-45dc7287-f1e1-4106-b7c1-40340ab4959b tempest-GroupSnapshotsV319Test-578708749 tempest-GroupSnapshotsV319Test-578708749-project] Deprecation Warning : cinder.keymgr.conf_key_mgr.ConfKeyManager is not a stevedore based driver, trying to load it as a class: stevedore.exception.NoMatches: No 'castellan.drivers' driver found, looking for 'cinder.keymgr.conf_key_mgr.ConfKeyManager'
Jun 06 13:11:35.857986 dv-cinder-755101-10-smb devstack@c-api.service[111352]: DEBUG oslo_db.sqlalchemy.engines [None req-45dc7287-f1e1-4106-b7c1-40340ab4959b tempest-GroupSnapshotsV319Test-578708749 tempest-GroupSnapshotsV319Test-578708749-project] MySQL server mode set to STRICT_TRANS_TABLES,STRICT_ALL_TABLES,NO_ZERO_IN_DATE,NO_ZERO_DATE,ERROR_FOR_DIVISION_BY_ZERO,TRADITIONAL,NO_ENGINE_SUBSTITUTION {{(pid=111352) _check_effective_sql_mode /usr/local/lib/python3.8/dist-packages/oslo_db/sqlalchemy/engines.py:314}}
Jun 06 13:11:35.866758 dv-cinder-755101-10-smb devstack@c-api.service[111352]: /usr/local/lib/python3.8/dist-packages/oslo_context/context.py:100: DeprecationWarning: Policy enforcement is depending on the value of is_admin. This key is deprecated. Please update your policy file to use the standard policy values.
Jun 06 13:11:35.866758 dv-cinder-755101-10-smb devstack@c-api.service[111352]: warnings.warn('Policy enforcement is depending on the value of '
Jun 06 13:11:35.916205 dv-cinder-755101-10-smb devstack@c-api.service[111352]: INFO cinder.api.openstack.wsgi [None req-45dc7287-f1e1-4106-b7c1-40340ab4959b tempest-GroupSnapshotsV319Test-578708749 tempest-GroupSnapshotsV319Test-578708749-project] http://10.222.0.39/volume/v3/f91d7b91a5b84f84ba913f159907d553/volumes/8beac8a2-51ce-4213-8a3c-c8e8bb05ab78 returned with HTTP 200
Jun 06 13:11:35.920526 dv-cinder-755101-10-smb devstack@c-api.service[111352]: [pid: 111352|app: 0|req: 46/82] 10.222.0.39 () {60 vars in 1365 bytes} [Mon Jun 6 13:11:35 2022] GET /volume/v3/f91d7b91a5b84f84ba913f159907d553/volumes/8beac8a2-51ce-4213-8a3c-c8e8bb05ab78 => generated 1008 bytes in 280 msecs (HTTP/1.1 200) 7 headers in 287 bytes (2 switches on core 0)
Jun 06 13:11:35.929559 dv-cinder-755101-10-smb devstack@c-api.service[111352]: DEBUG cinder.api.middleware.request_id [None req-a508c924-73d5-45a2-9191-a26863fd13f8 None None] RequestId filter calling following filter/app {{(pid=111352) _context_setter /opt/stack/cinder/cinder/api/middleware/request_id.py:62}}
Jun 06 13:11:35.940848 dv-cinder-755101-10-smb devstack@c-api.service[111352]: INFO cinder.api.openstack.wsgi [None req-a508c924-73d5-45a2-9191-a26863fd13f8 tempest-GroupSnapshotsV319Test-578708749 tempest-GroupSnapshotsV319Test-578708749-project] POST http://10.222.0.39/volume/v3/f91d7b91a5b84f84ba913f159907d553/group_snapshots
Jun 06 13:11:35.942842 dv-cinder-755101-10-smb devstack@c-api.service[111352]: DEBUG cinder.api.openstack.wsgi [None req-a508c924-73d5-45a2-9191-a26863fd13f8 tempest-GroupSnapshotsV319Test-578708749 tempest-GroupSnapshotsV319Test-578708749-project] Action: 'create', calling method: version_select, body: {"group_snapshot": {"group_id": "2a9ac069-621b-4a38-9b03-9944c4a3fdf7", "name": "tempest-GroupSnapshotsV319Test-Group_Snapshot-1513528223"}} {{(pid=111352) _process_stack /opt/stack/cinder/cinder/api/openstack/wsgi.py:866}}
Jun 06 13:11:35.956462 dv-cinder-755101-10-smb devstack@c-api.service[111352]: DEBUG cinder.api.v3.group_snapshots [None req-a508c924-73d5-45a2-9191-a26863fd13f8 tempest-GroupSnapshotsV319Test-578708749 tempest-GroupSnapshotsV319Test-578708749-project] Creating new group_snapshot {'group_snapshot': {'group_id': '2a9ac069-621b-4a38-9b03-9944c4a3fdf7', 'name': 'tempest-GroupSnapshotsV319Test-Group_Snapshot-1513528223'}} {{(pid=111352) create /opt/stack/cinder/cinder/api/v3/group_snapshots.py:154}}
Jun 06 13:11:35.974131 dv-cinder-755101-10-smb devstack@c-api.service[111353]: DEBUG cinder.quota [None req-42ea2b1c-b49d-4698-8324-cc25184c8dc8 tempest-GroupSnapshotsTest-2108085987 tempest-GroupSnapshotsTest-2108085987-project] Created reservations ['6cb67f9b-2759-4904-8361-481447da3349'] {{(pid=111353) reserve /opt/stack/cinder/cinder/quota.py:755}}
Jun 06 13:11:35.983209 dv-cinder-755101-10-smb devstack@c-api.service[111352]: /usr/local/lib/python3.8/dist-packages/oslo_context/context.py:100: DeprecationWarning: Policy enforcement is depending on the value of is_admin. This key is deprecated. Please update your policy file to use the standard policy values.
Jun 06 13:11:35.983209 dv-cinder-755101-10-smb devstack@c-api.service[111352]: warnings.warn('Policy enforcement is depending on the value of '
Jun 06 13:11:36.025663 dv-cinder-755101-10-smb devstack@c-api.service[111352]: INFO cinder.api.v3.group_snapshots [None req-a508c924-73d5-45a2-9191-a26863fd13f8 tempest-GroupSnapshotsV319Test-578708749 tempest-GroupSnapshotsV319Test-578708749-project] Creating group_snapshot tempest-GroupSnapshotsV319Test-Group_Snapshot-1513528223.
Jun 06 13:11:36.260711 dv-cinder-755101-10-smb devstack@c-api.service[111352]: /usr/local/lib/python3.8/dist-packages/oslo_context/context.py:100: DeprecationWarning: Policy enforcement is depending on the value of is_admin. This key is deprecated. Please update your policy file to use the standard policy values.
Jun 06 13:11:36.260711 dv-cinder-755101-10-smb devstack@c-api.service[111352]: warnings.warn('Policy enforcement is depending on the value of '
Jun 06 13:11:36.307687 dv-cinder-755101-10-smb devstack@c-api.service[111352]: WARNING cinder.quota [None req-a508c924-73d5-45a2-9191-a26863fd13f8 tempest-GroupSnapshotsV319Test-578708749 tempest-GroupSnapshotsV319Test-578708749-project] Deprecated: Default quota for resource: snapshots_tempest-GroupSnapshotsV319Test-volume-type-679558971 is set by the default quota flag: quota_snapshots_tempest-GroupSnapshotsV319Test-volume-type-679558971, it is now deprecated. Please use the default quota class for default quota.
Jun 06 13:11:36.481811 dv-cinder-755101-10-smb devstack@c-api.service[111353]: INFO cinder.group.api [None req-42ea2b1c-b49d-4698-8324-cc25184c8dc8 tempest-GroupSnapshotsTest-2108085987 tempest-GroupSnapshotsTest-2108085987-project] A mapping entry already exists for group 3a37b469-237f-4757-a3c7-56cd8527f220 and volume type 37d5f933-f6e3-4488-aa8d-97cfb0370f80. Do not need to create again.
Jun 06 13:11:36.482569 dv-cinder-755101-10-smb devstack@c-api.service[111353]: /usr/local/lib/python3.8/dist-packages/oslo_context/context.py:100: DeprecationWarning: Policy enforcement is depending on the value of is_admin. This key is deprecated. Please update your policy file to use the standard policy values.
Jun 06 13:11:36.482569 dv-cinder-755101-10-smb devstack@c-api.service[111353]: warnings.warn('Policy enforcement is depending on the value of '
Jun 06 13:11:36.483705 dv-cinder-755101-10-smb devstack@c-api.service[111353]: INFO cinder.volume.api [None req-42ea2b1c-b49d-4698-8324-cc25184c8dc8 tempest-GroupSnapshotsTest-2108085987 tempest-GroupSnapshotsTest-2108085987-project] Availability Zones retrieved successfully.
Jun 06 13:11:36.494610 dv-cinder-755101-10-smb devstack@c-api.service[111352]: DEBUG cinder.quota [None req-a508c924-73d5-45a2-9191-a26863fd13f8 tempest-GroupSnapshotsV319Test-578708749 tempest-GroupSnapshotsV319Test-578708749-project] Created reservations ['c7cb03ec-cf02-4af0-810e-d87a6a49eeef', '35dd61dc-a5ce-4875-bf29-6f28097e5f42', 'e78b425f-341e-4c00-9bf7-8f75be2b4f6b', '9f8a63fd-8ea3-4ef3-9c18-8aab5225ad3f'] {{(pid=111352) reserve /opt/stack/cinder/cinder/quota.py:755}}
Jun 06 13:11:36.547473 dv-cinder-755101-10-smb devstack@c-api.service[111353]: DEBUG cinder.volume.api [None req-42ea2b1c-b49d-4698-8324-cc25184c8dc8 tempest-GroupSnapshotsTest-2108085987 tempest-GroupSnapshotsTest-2108085987-project] Flow 'volume_create_api' (f9a24a2a-fdf4-4a74-8698-7a380c72cc2c) transitioned into state 'RUNNING' from state 'PENDING' {{(pid=111353) _flow_receiver /usr/local/lib/python3.8/dist-packages/taskflow/listeners/logging.py:141}}
Jun 06 13:11:36.552355 dv-cinder-755101-10-smb devstack@c-api.service[111353]: DEBUG cinder.volume.api [None req-42ea2b1c-b49d-4698-8324-cc25184c8dc8 tempest-GroupSnapshotsTest-2108085987 tempest-GroupSnapshotsTest-2108085987-project] Task 'cinder.volume.flows.api.create_volume.ExtractVolumeRequestTask;volume:create' (84a08b77-fad1-43e7-ba2e-21bb2808ddc8) transitioned into state 'RUNNING' from state 'PENDING' {{(pid=111353) _task_receiver /usr/local/lib/python3.8/dist-packages/taskflow/listeners/logging.py:190}}
Jun 06 13:11:36.556319 dv-cinder-755101-10-smb devstack@c-api.service[111353]: DEBUG cinder.volume.flows.api.create_volume [None req-42ea2b1c-b49d-4698-8324-cc25184c8dc8 tempest-GroupSnapshotsTest-2108085987 tempest-GroupSnapshotsTest-2108085987-project] Validating volume size '1' using validate_int, validate_snap_size {{(pid=111353) _extract_size /opt/stack/cinder/cinder/volume/flows/api/create_volume.py:228}}
Jun 06 13:11:36.686998 dv-cinder-755101-10-smb devstack@c-api.service[111353]: DEBUG cinder.volume.api [None req-42ea2b1c-b49d-4698-8324-cc25184c8dc8 tempest-GroupSnapshotsTest-2108085987 tempest-GroupSnapshotsTest-2108085987-project] Task 'cinder.volume.flows.api.create_volume.ExtractVolumeRequestTask;volume:create' (84a08b77-fad1-43e7-ba2e-21bb2808ddc8) transitioned into state 'SUCCESS' from state 'RUNNING' with result '{'size': 1, 'snapshot_id': 'f286135f-3693-4ea7-b6cf-8ae964d35eaf', 'source_volid': None, 'volume_type': VolumeType(created_at=2022-06-06T13:11:27Z,deleted=False,deleted_at=None,description=None,extra_specs={},id=37d5f933-f6e3-4488-aa8d-97cfb0370f80,is_public=True,name='tempest-GroupSnapshotsTest-volume-type-696632511',projects=[],qos_specs=,qos_specs_id=None,updated_at=None), 'volume_type_id': '37d5f933-f6e3-4488-aa8d-97cfb0370f80', 'encryption_key_id': None, 'qos_specs': None, 'consistencygroup_id': None, 'cgsnapshot_id': None, 'group_id': '3a37b469-237f-4757-a3c7-56cd8527f220', 'replication_status': 'disabled', 'refresh_az': False, 'backup_id': None, 'multiattach': False, 'availability_zones': ['nova']}' {{(pid=111353) _task_receiver /usr/local/lib/python3.8/dist-packages/taskflow/listeners/logging.py:178}}
Jun 06 13:11:36.689929 dv-cinder-755101-10-smb devstack@c-api.service[111353]: DEBUG cinder.volume.api [None req-42ea2b1c-b49d-4698-8324-cc25184c8dc8 tempest-GroupSnapshotsTest-2108085987 tempest-GroupSnapshotsTest-2108085987-project] Task 'cinder.volume.flows.api.create_volume.QuotaReserveTask;volume:create' (d7d77009-ca43-427b-948b-d3ac1600eedc) transitioned into state 'RUNNING' from state 'PENDING' {{(pid=111353) _task_receiver /usr/local/lib/python3.8/dist-packages/taskflow/listeners/logging.py:190}}
Jun 06 13:11:36.693821 dv-cinder-755101-10-smb devstack@c-api.service[111353]: DEBUG dbcounter [-] [111353] Writing DB stats cinder:UPDATE=13,cinder:INSERT=5,cinder:SELECT=82 {{(pid=111353) stat_writer /usr/local/lib/python3.8/dist-packages/dbcounter.py:114}}
Jun 06 13:11:36.794337 dv-cinder-755101-10-smb devstack@c-api.service[111352]: INFO cinder.api.openstack.wsgi [None req-a508c924-73d5-45a2-9191-a26863fd13f8 tempest-GroupSnapshotsV319Test-578708749 tempest-GroupSnapshotsV319Test-578708749-project] http://10.222.0.39/volume/v3/f91d7b91a5b84f84ba913f159907d553/group_snapshots returned with HTTP 202
Jun 06 13:11:36.804189 dv-cinder-755101-10-smb devstack@c-api.service[111352]: [pid: 111352|app: 0|req: 47/83] 10.222.0.39 () {62 vars in 1300 bytes} [Mon Jun 6 13:11:35 2022] POST /volume/v3/f91d7b91a5b84f84ba913f159907d553/group_snapshots => generated 191 bytes in 875 msecs (HTTP/1.1 202) 7 headers in 292 bytes (1 switches on core 0)
Jun 06 13:11:36.806945 dv-cinder-755101-10-smb devstack@c-api.service[111352]: DEBUG cinder.api.middleware.request_id [None req-49477568-72da-4a87-8189-664ea7aaac73 None None] RequestId filter calling following filter/app {{(pid=111352) _context_setter /opt/stack/cinder/cinder/api/middleware/request_id.py:62}}
Jun 06 13:11:36.815535 dv-cinder-755101-10-smb devstack@c-api.service[111352]: INFO cinder.api.openstack.wsgi [None req-49477568-72da-4a87-8189-664ea7aaac73 tempest-GroupSnapshotsV319Test-578708749 tempest-GroupSnapshotsV319Test-578708749-project] GET http://10.222.0.39/volume/v3/f91d7b91a5b84f84ba913f159907d553/group_snapshots/2c2737bf-afc0-406f-87f7-2e64f9796e6d
Jun 06 13:11:36.816430 dv-cinder-755101-10-smb devstack@c-api.service[111352]: DEBUG cinder.api.openstack.wsgi [None req-49477568-72da-4a87-8189-664ea7aaac73 tempest-GroupSnapshotsV319Test-578708749 tempest-GroupSnapshotsV319Test-578708749-project] Empty body provided in request {{(pid=111352) get_body /opt/stack/cinder/cinder/api/openstack/wsgi.py:715}}
Jun 06 13:11:36.819787 dv-cinder-755101-10-smb devstack@c-api.service[111352]: DEBUG cinder.api.openstack.wsgi [None req-49477568-72da-4a87-8189-664ea7aaac73 tempest-GroupSnapshotsV319Test-578708749 tempest-GroupSnapshotsV319Test-578708749-project] Calling method 'version_select' {{(pid=111352) _process_stack /opt/stack/cinder/cinder/api/openstack/wsgi.py:868}}
Jun 06 13:11:36.820507 dv-cinder-755101-10-smb devstack@c-api.service[111352]: DEBUG cinder.api.v3.group_snapshots [None req-49477568-72da-4a87-8189-664ea7aaac73 tempest-GroupSnapshotsV319Test-578708749 tempest-GroupSnapshotsV319Test-578708749-project] show called for member 2c2737bf-afc0-406f-87f7-2e64f9796e6d {{(pid=111352) show /opt/stack/cinder/cinder/api/v3/group_snapshots.py:58}}
Jun 06 13:11:36.857959 dv-cinder-755101-10-smb devstack@c-api.service[111352]: /usr/local/lib/python3.8/dist-packages/oslo_context/context.py:100: DeprecationWarning: Policy enforcement is depending on the value of is_admin. This key is deprecated. Please update your policy file to use the standard policy values.
Jun 06 13:11:36.857959 dv-cinder-755101-10-smb devstack@c-api.service[111352]: warnings.warn('Policy enforcement is depending on the value of '
Jun 06 13:11:36.869876 dv-cinder-755101-10-smb devstack@c-api.service[111352]: INFO cinder.api.openstack.wsgi [None req-49477568-72da-4a87-8189-664ea7aaac73 tempest-GroupSnapshotsV319Test-578708749 tempest-GroupSnapshotsV319Test-578708749-project] http://10.222.0.39/volume/v3/f91d7b91a5b84f84ba913f159907d553/group_snapshots/2c2737bf-afc0-406f-87f7-2e64f9796e6d returned with HTTP 200
Jun 06 13:11:36.873713 dv-cinder-755101-10-smb devstack@c-api.service[111352]: [pid: 111352|app: 0|req: 48/84] 10.222.0.39 () {60 vars in 1389 bytes} [Mon Jun 6 13:11:36 2022] GET /volume/v3/f91d7b91a5b84f84ba913f159907d553/group_snapshots/2c2737bf-afc0-406f-87f7-2e64f9796e6d => generated 330 bytes in 68 msecs (HTTP/1.1 200) 7 headers in 286 bytes (1 switches on core 0)
Jun 06 13:11:36.890028 dv-cinder-755101-10-smb devstack@c-api.service[111353]: DEBUG cinder.quota [None req-42ea2b1c-b49d-4698-8324-cc25184c8dc8 tempest-GroupSnapshotsTest-2108085987 tempest-GroupSnapshotsTest-2108085987-project] Created reservations ['3982eba8-199d-4908-84cc-19783f47d1b1', '33882576-a450-4dc5-b494-b65cad131ebe'] {{(pid=111353) reserve /opt/stack/cinder/cinder/quota.py:755}}
Jun 06 13:11:36.892020 dv-cinder-755101-10-smb devstack@c-api.service[111353]: DEBUG cinder.volume.api [None req-42ea2b1c-b49d-4698-8324-cc25184c8dc8 tempest-GroupSnapshotsTest-2108085987 tempest-GroupSnapshotsTest-2108085987-project] Task 'cinder.volume.flows.api.create_volume.QuotaReserveTask;volume:create' (d7d77009-ca43-427b-948b-d3ac1600eedc) transitioned into state 'SUCCESS' from state 'RUNNING' with result '{'reservations': ['3982eba8-199d-4908-84cc-19783f47d1b1', '33882576-a450-4dc5-b494-b65cad131ebe']}' {{(pid=111353) _task_receiver /usr/local/lib/python3.8/dist-packages/taskflow/listeners/logging.py:178}}
Jun 06 13:11:36.910474 dv-cinder-755101-10-smb devstack@c-api.service[111353]: DEBUG cinder.volume.api [None req-42ea2b1c-b49d-4698-8324-cc25184c8dc8 tempest-GroupSnapshotsTest-2108085987 tempest-GroupSnapshotsTest-2108085987-project] Task 'cinder.volume.flows.api.create_volume.EntryCreateTask;volume:create' (55bed68f-a8ed-4a18-9c2e-5dd5b4f81f67) transitioned into state 'RUNNING' from state 'PENDING' {{(pid=111353) _task_receiver /usr/local/lib/python3.8/dist-packages/taskflow/listeners/logging.py:190}}
Jun 06 13:11:37.103250 dv-cinder-755101-10-smb devstack@c-api.service[111353]: DEBUG cinder.volume.api [None req-42ea2b1c-b49d-4698-8324-cc25184c8dc8 tempest-GroupSnapshotsTest-2108085987 tempest-GroupSnapshotsTest-2108085987-project] Task 'cinder.volume.flows.api.create_volume.EntryCreateTask;volume:create' (55bed68f-a8ed-4a18-9c2e-5dd5b4f81f67) transitioned into state 'SUCCESS' from state 'RUNNING' with result '{'volume_id': '35de87a4-1398-4316-9ccd-5a89d8a008b8', 'volume_properties': VolumeProperties(attach_status='detached',availability_zone='nova',cgsnapshot_id=None,consistencygroup_id=None,display_description=None,display_name=None,encryption_key_id=None,group_id=3a37b469-237f-4757-a3c7-56cd8527f220,group_type_id=,metadata={},multiattach=False,project_id='8f669a142f0842848cf2ef165c610a0c',qos_specs=None,replication_status=,reservations=['3982eba8-199d-4908-84cc-19783f47d1b1','33882576-a450-4dc5-b494-b65cad131ebe'],size=1,snapshot_id=f286135f-3693-4ea7-b6cf-8ae964d35eaf,source_replicaid=,source_volid=None,status='creating',user_id='63049d6c4a654865ab3f253bcf544f17',volume_type_id=37d5f933-f6e3-4488-aa8d-97cfb0370f80), 'volume': Volume(_name_id=None,admin_metadata=,attach_status='detached',availability_zone='nova',bootable=False,cluster=,cluster_name=None,consistencygroup=,consistencygroup_id=None,created_at=2022-06-06T13:11:37Z,deleted=False,deleted_at=None,display_description=None,display_name=None,ec2_id=None,encryption_key_id=None,glance_metadata=,group=,group_id=3a37b469-237f-4757-a3c7-56cd8527f220,host=None,id=35de87a4-1398-4316-9ccd-5a89d8a008b8,launched_at=None,metadata={},migration_status=None,multiattach=False,previous_status=None,project_id='8f669a142f0842848cf2ef165c610a0c',provider_auth=None,provider_geometry=None,provider_id=None,provider_location=None,replication_driver_data=None,replication_extended_status=None,replication_status=None,scheduled_at=None,service_uuid=None,shared_targets=True,size=1,snapshot_id=f286135f-3693-4ea7-b6cf-8ae964d35eaf,snapshots=,source_volid=None,status='creating',terminated_at=None,updated_at=None,use_quota=True,user_id='63049d6c4a654865ab3f253bcf544f17',volume_attachment=VolumeAttachmentList,volume_type=VolumeType(37d5f933-f6e3-4488-aa8d-97cfb0370f80),volume_type_id=37d5f933-f6e3-4488-aa8d-97cfb0370f80)}' {{(pid=111353) _task_receiver /usr/local/lib/python3.8/dist-packages/taskflow/listeners/logging.py:178}}
Jun 06 13:11:37.105331 dv-cinder-755101-10-smb devstack@c-api.service[111353]: DEBUG cinder.volume.api [None req-42ea2b1c-b49d-4698-8324-cc25184c8dc8 tempest-GroupSnapshotsTest-2108085987 tempest-GroupSnapshotsTest-2108085987-project] Task 'cinder.volume.flows.api.create_volume.QuotaCommitTask;volume:create' (38e7a050-fa1f-4886-878b-8337a73d13b9) transitioned into state 'RUNNING' from state 'PENDING' {{(pid=111353) _task_receiver /usr/local/lib/python3.8/dist-packages/taskflow/listeners/logging.py:190}}
Jun 06 13:11:37.284579 dv-cinder-755101-10-smb devstack@c-api.service[111353]: DEBUG cinder.volume.api [None req-42ea2b1c-b49d-4698-8324-cc25184c8dc8 tempest-GroupSnapshotsTest-2108085987 tempest-GroupSnapshotsTest-2108085987-project] Task 'cinder.volume.flows.api.create_volume.QuotaCommitTask;volume:create' (38e7a050-fa1f-4886-878b-8337a73d13b9) transitioned into state 'SUCCESS' from state 'RUNNING' with result '{'volume_properties': VolumeProperties(attach_status='detached',availability_zone='nova',cgsnapshot_id=None,consistencygroup_id=None,display_description=None,display_name=None,encryption_key_id=None,group_id=3a37b469-237f-4757-a3c7-56cd8527f220,group_type_id=,metadata={},multiattach=False,project_id='8f669a142f0842848cf2ef165c610a0c',qos_specs=None,replication_status=,reservations=['3982eba8-199d-4908-84cc-19783f47d1b1','33882576-a450-4dc5-b494-b65cad131ebe'],size=1,snapshot_id=f286135f-3693-4ea7-b6cf-8ae964d35eaf,source_replicaid=,source_volid=None,status='creating',user_id='63049d6c4a654865ab3f253bcf544f17',volume_type_id=37d5f933-f6e3-4488-aa8d-97cfb0370f80)}' {{(pid=111353) _task_receiver /usr/local/lib/python3.8/dist-packages/taskflow/listeners/logging.py:178}}
Jun 06 13:11:37.287179 dv-cinder-755101-10-smb devstack@c-api.service[111353]: DEBUG cinder.volume.api [None req-42ea2b1c-b49d-4698-8324-cc25184c8dc8 tempest-GroupSnapshotsTest-2108085987 tempest-GroupSnapshotsTest-2108085987-project] Flow 'volume_create_api' (f9a24a2a-fdf4-4a74-8698-7a380c72cc2c) transitioned into state 'SUCCESS' from state 'RUNNING' {{(pid=111353) _flow_receiver /usr/local/lib/python3.8/dist-packages/taskflow/listeners/logging.py:141}}
Jun 06 13:11:37.288252 dv-cinder-755101-10-smb devstack@c-api.service[111353]: INFO cinder.volume.api [None req-42ea2b1c-b49d-4698-8324-cc25184c8dc8 tempest-GroupSnapshotsTest-2108085987 tempest-GroupSnapshotsTest-2108085987-project] Create volume request issued successfully.
Jun 06 13:11:37.403966 dv-cinder-755101-10-smb devstack@c-api.service[111352]: DEBUG dbcounter [-] [111352] Writing DB stats cinder:UPDATE=28,cinder:SELECT=64,cinder:INSERT=8 {{(pid=111352) stat_writer /usr/local/lib/python3.8/dist-packages/dbcounter.py:114}}
Jun 06 13:11:37.454662 dv-cinder-755101-10-smb devstack@c-api.service[111353]: INFO cinder.api.openstack.wsgi [None req-42ea2b1c-b49d-4698-8324-cc25184c8dc8 tempest-GroupSnapshotsTest-2108085987 tempest-GroupSnapshotsTest-2108085987-project] http://10.222.0.39/volume/v3/8f669a142f0842848cf2ef165c610a0c/groups/action returned with HTTP 202
Jun 06 13:11:37.456736 dv-cinder-755101-10-smb devstack@c-api.service[111353]: [pid: 111353|app: 0|req: 37/85] 10.222.0.39 () {62 vars in 1294 bytes} [Mon Jun 6 13:11:35 2022] POST /volume/v3/8f669a142f0842848cf2ef165c610a0c/groups/action => generated 103 bytes in 1795 msecs (HTTP/1.1 202) 7 headers in 292 bytes (1 switches on core 0)
Jun 06 13:11:37.462303 dv-cinder-755101-10-smb devstack@c-api.service[111352]: DEBUG cinder.api.middleware.request_id [None req-6ef5e525-0574-4322-88ed-d6550e117561 None None] RequestId filter calling following filter/app {{(pid=111352) _context_setter /opt/stack/cinder/cinder/api/middleware/request_id.py:62}}
Jun 06 13:11:37.466211 dv-cinder-755101-10-smb devstack@c-api.service[111352]: INFO cinder.api.openstack.wsgi [None req-6ef5e525-0574-4322-88ed-d6550e117561 tempest-GroupSnapshotsTest-2108085987 tempest-GroupSnapshotsTest-2108085987-project] GET http://10.222.0.39/volume/v3/8f669a142f0842848cf2ef165c610a0c/volumes/detail
Jun 06 13:11:37.466706 dv-cinder-755101-10-smb devstack@c-api.service[111352]: DEBUG cinder.api.openstack.wsgi [None req-6ef5e525-0574-4322-88ed-d6550e117561 tempest-GroupSnapshotsTest-2108085987 tempest-GroupSnapshotsTest-2108085987-project] Empty body provided in request {{(pid=111352) get_body /opt/stack/cinder/cinder/api/openstack/wsgi.py:715}}
Jun 06 13:11:37.467231 dv-cinder-755101-10-smb devstack@c-api.service[111352]: DEBUG cinder.api.openstack.wsgi [None req-6ef5e525-0574-4322-88ed-d6550e117561 tempest-GroupSnapshotsTest-2108085987 tempest-GroupSnapshotsTest-2108085987-project] Calling method 'detail' {{(pid=111352) _process_stack /opt/stack/cinder/cinder/api/openstack/wsgi.py:868}}
Jun 06 13:11:37.468287 dv-cinder-755101-10-smb devstack@c-api.service[111352]: DEBUG cinder.api.api_utils [None req-6ef5e525-0574-4322-88ed-d6550e117561 tempest-GroupSnapshotsTest-2108085987 tempest-GroupSnapshotsTest-2108085987-project] Removing options '' from query. {{(pid=111352) remove_invalid_filter_options /opt/stack/cinder/cinder/api/api_utils.py:73}}
Jun 06 13:11:37.471612 dv-cinder-755101-10-smb devstack@c-api.service[111352]: DEBUG cinder.volume.api [None req-6ef5e525-0574-4322-88ed-d6550e117561 tempest-GroupSnapshotsTest-2108085987 tempest-GroupSnapshotsTest-2108085987-project] Searching by: MultiDict([('no_migration_targets', True)]). {{(pid=111352) get_all /opt/stack/cinder/cinder/volume/api.py:664}}
Jun 06 13:11:37.650835 dv-cinder-755101-10-smb devstack@c-api.service[111352]: INFO cinder.volume.api [None req-6ef5e525-0574-4322-88ed-d6550e117561 tempest-GroupSnapshotsTest-2108085987 tempest-GroupSnapshotsTest-2108085987-project] Get all volumes completed successfully.
Jun 06 13:11:37.652606 dv-cinder-755101-10-smb devstack@c-api.service[111352]: WARNING stevedore.named [None req-6ef5e525-0574-4322-88ed-d6550e117561 tempest-GroupSnapshotsTest-2108085987 tempest-GroupSnapshotsTest-2108085987-project] Could not load cinder.keymgr.conf_key_mgr.ConfKeyManager
Jun 06 13:11:37.663658 dv-cinder-755101-10-smb devstack@c-api.service[111352]: WARNING castellan.key_manager [None req-6ef5e525-0574-4322-88ed-d6550e117561 tempest-GroupSnapshotsTest-2108085987 tempest-GroupSnapshotsTest-2108085987-project] Deprecation Warning : cinder.keymgr.conf_key_mgr.ConfKeyManager is not a stevedore based driver, trying to load it as a class: stevedore.exception.NoMatches: No 'castellan.drivers' driver found, looking for 'cinder.keymgr.conf_key_mgr.ConfKeyManager'
Jun 06 13:11:37.672835 dv-cinder-755101-10-smb devstack@c-api.service[111352]: DEBUG oslo_db.sqlalchemy.engines [None req-6ef5e525-0574-4322-88ed-d6550e117561 tempest-GroupSnapshotsTest-2108085987 tempest-GroupSnapshotsTest-2108085987-project] MySQL server mode set to STRICT_TRANS_TABLES,STRICT_ALL_TABLES,NO_ZERO_IN_DATE,NO_ZERO_DATE,ERROR_FOR_DIVISION_BY_ZERO,TRADITIONAL,NO_ENGINE_SUBSTITUTION {{(pid=111352) _check_effective_sql_mode /usr/local/lib/python3.8/dist-packages/oslo_db/sqlalchemy/engines.py:314}}
Jun 06 13:11:37.694426 dv-cinder-755101-10-smb devstack@c-api.service[111352]: /usr/local/lib/python3.8/dist-packages/oslo_context/context.py:100: DeprecationWarning: Policy enforcement is depending on the value of is_admin. This key is deprecated. Please update your policy file to use the standard policy values.
Jun 06 13:11:37.694426 dv-cinder-755101-10-smb devstack@c-api.service[111352]: warnings.warn('Policy enforcement is depending on the value of '
Jun 06 13:11:37.715131 dv-cinder-755101-10-smb devstack@c-api.service[111352]: WARNING stevedore.named [None req-6ef5e525-0574-4322-88ed-d6550e117561 tempest-GroupSnapshotsTest-2108085987 tempest-GroupSnapshotsTest-2108085987-project] Could not load cinder.keymgr.conf_key_mgr.ConfKeyManager
Jun 06 13:11:37.715520 dv-cinder-755101-10-smb devstack@c-api.service[111352]: WARNING castellan.key_manager [None req-6ef5e525-0574-4322-88ed-d6550e117561 tempest-GroupSnapshotsTest-2108085987 tempest-GroupSnapshotsTest-2108085987-project] Deprecation Warning : cinder.keymgr.conf_key_mgr.ConfKeyManager is not a stevedore based driver, trying to load it as a class: stevedore.exception.NoMatches: No 'castellan.drivers' driver found, looking for 'cinder.keymgr.conf_key_mgr.ConfKeyManager'
Jun 06 13:11:37.748781 dv-cinder-755101-10-smb devstack@c-api.service[111352]: DEBUG oslo_db.sqlalchemy.engines [None req-6ef5e525-0574-4322-88ed-d6550e117561 tempest-GroupSnapshotsTest-2108085987 tempest-GroupSnapshotsTest-2108085987-project] MySQL server mode set to STRICT_TRANS_TABLES,STRICT_ALL_TABLES,NO_ZERO_IN_DATE,NO_ZERO_DATE,ERROR_FOR_DIVISION_BY_ZERO,TRADITIONAL,NO_ENGINE_SUBSTITUTION {{(pid=111352) _check_effective_sql_mode /usr/local/lib/python3.8/dist-packages/oslo_db/sqlalchemy/engines.py:314}}
Jun 06 13:11:37.765544 dv-cinder-755101-10-smb devstack@c-api.service[111352]: /usr/local/lib/python3.8/dist-packages/oslo_context/context.py:100: DeprecationWarning: Policy enforcement is depending on the value of is_admin. This key is deprecated. Please update your policy file to use the standard policy values.
