Jun 22 00:48:50.583524 dv-cinder-753305-6-smb neutron-server[104338]: DEBUG neutron_lib.callbacks.manager [None req-78462147-4174-4618-b3e7-dc80e51f94b0 admin admin] Notify callbacks ['neutron.plugins.ml2.ovo_rpc._ObjectChangeHandler.handle_payload_event-763707', 'neutron.api.rpc.agentnotifiers.dhcp_rpc_agent_api.DhcpAgentNotifyAPI._native_event_send_dhcp_notification_payload-597266'] for network, after_create {{(pid=104338) _notify_loop /usr/local/lib/python3.8/dist-packages/neutron_lib/callbacks/manager.py:192}}
Jun 22 00:48:50.607339 dv-cinder-753305-6-smb neutron-server[104337]: DEBUG oslo_concurrency.lockutils [None req-9f6cd62f-4308-4018-9d55-430cd805c926 admin admin] Lock "event-dispatch" released by "neutron.plugins.ml2.ovo_rpc._ObjectChangeHandler.dispatch_events" :: held 0.274s {{(pid=104337) inner /usr/local/lib/python3.8/dist-packages/oslo_concurrency/lockutils.py:367}}
Jun 22 00:48:50.615200 dv-cinder-753305-6-smb neutron-server[104338]: DEBUG neutron.pecan_wsgi.hooks.policy_enforcement [None req-78462147-4174-4618-b3e7-dc80e51f94b0 admin admin] Attributes excluded by policy engine: ['standard_attr_id', 'vlan_transparent'] {{(pid=104338) _exclude_attributes_by_policy /opt/stack/neutron/neutron/pecan_wsgi/hooks/policy_enforcement.py:255}}
Jun 22 00:48:50.616094 dv-cinder-753305-6-smb neutron-server[104338]: DEBUG neutron_lib.callbacks.manager [None req-78462147-4174-4618-b3e7-dc80e51f94b0 admin admin] Notify callbacks ['neutron.api.rpc.agentnotifiers.dhcp_rpc_agent_api.DhcpAgentNotifyAPI._send_dhcp_notification-597263'] for network, before_response {{(pid=104338) _notify_loop /usr/local/lib/python3.8/dist-packages/neutron_lib/callbacks/manager.py:192}}
Jun 22 00:48:50.639459 dv-cinder-753305-6-smb neutron-server[104338]: DEBUG neutron.api.v2.base [None req-6e72667c-cbff-444c-963a-b81b63afabd7 admin admin] Request body: {'network': {'name': 'tempest-DeleteServersTestJSON-962437930-network', 'tenant_id': '51f61ed57d0f44f984b625ad1cc3d65e'}} {{(pid=104338) prepare_request_body /opt/stack/neutron/neutron/api/v2/base.py:729}}
Jun 22 00:48:50.648037 dv-cinder-753305-6-smb neutron-server[104338]: DEBUG oslo_concurrency.lockutils [None req-2640ea3b-323d-4e1c-a22d-7daace25ae8c admin admin] Lock "event-dispatch" acquired by "neutron.plugins.ml2.ovo_rpc._ObjectChangeHandler.dispatch_events" :: waited 0.000s {{(pid=104338) inner /usr/local/lib/python3.8/dist-packages/oslo_concurrency/lockutils.py:355}}
Jun 22 00:48:50.736013 dv-cinder-753305-6-smb neutron-server[104338]: DEBUG neutron.api.rpc.handlers.resources_rpc [None req-78462147-4174-4618-b3e7-dc80e51f94b0 admin admin] Pushing event updated for resources: {'Network': ['ID=df872962-1cdd-4b30-bb29-7f3978516520,revision_number=1']} {{(pid=104338) push /opt/stack/neutron/neutron/api/rpc/handlers/resources_rpc.py:237}}
Jun 22 00:48:50.742306 dv-cinder-753305-6-smb neutron-server[104338]: DEBUG oslo_concurrency.lockutils [None req-78462147-4174-4618-b3e7-dc80e51f94b0 admin admin] Lock "event-dispatch" released by "neutron.plugins.ml2.ovo_rpc._ObjectChangeHandler.dispatch_events" :: held 0.094s {{(pid=104338) inner /usr/local/lib/python3.8/dist-packages/oslo_concurrency/lockutils.py:367}}
Jun 22 00:48:50.749016 dv-cinder-753305-6-smb neutron-server[104339]: DEBUG neutron.plugins.ml2.rpc [None req-1f8b9509-262d-431d-8481-2718c0f65c14 None None] Network df872962-1cdd-4b30-bb29-7f3978516520 details requested by agent ovs-agent-dv-cinder-753305-6-smb with host dv-cinder-753305-6-smb {{(pid=104339) get_network_details /opt/stack/neutron/neutron/plugins/ml2/rpc.py:232}}
Jun 22 00:48:50.799992 dv-cinder-753305-6-smb neutron-server[104338]: DEBUG neutron_lib.callbacks.manager [None req-cac98568-8b9c-4ba2-8f90-7f4c4df244a3 admin admin] Notify callbacks [] for security_group, precommit_create {{(pid=104338) _notify_loop /usr/local/lib/python3.8/dist-packages/neutron_lib/callbacks/manager.py:192}}
Jun 22 00:48:50.810150 dv-cinder-753305-6-smb neutron-server[104338]: DEBUG neutron_lib.callbacks.manager [None req-cac98568-8b9c-4ba2-8f90-7f4c4df244a3 admin admin] Notify callbacks ['neutron.plugins.ml2.ovo_rpc._ObjectChangeHandler.handle_event-763654'] for security_group, after_create {{(pid=104338) _notify_loop /usr/local/lib/python3.8/dist-packages/neutron_lib/callbacks/manager.py:192}}
Jun 22 00:48:50.822910 dv-cinder-753305-6-smb neutron-server[104338]: DEBUG oslo_concurrency.lockutils [-] Lock "event-dispatch" acquired by "neutron.plugins.ml2.ovo_rpc._ObjectChangeHandler.dispatch_events" :: waited 0.000s {{(pid=104338) inner /usr/local/lib/python3.8/dist-packages/oslo_concurrency/lockutils.py:355}}
Jun 22 00:48:50.838564 dv-cinder-753305-6-smb neutron-server[104338]: DEBUG neutron.plugins.ml2.drivers.helpers [None req-cac98568-8b9c-4ba2-8f90-7f4c4df244a3 admin admin] vlan segment allocate from pool success with {'vlan_id': 142, 'physical_network': 'physnet1'} {{(pid=104338) allocate_partially_specified_segment /opt/stack/neutron/neutron/plugins/ml2/drivers/helpers.py:153}}
Jun 22 00:48:50.861305 dv-cinder-753305-6-smb neutron-server[104338]: DEBUG neutron_lib.callbacks.manager [None req-cac98568-8b9c-4ba2-8f90-7f4c4df244a3 admin admin] Notify callbacks ['neutron.plugins.ml2.plugin.Ml2Plugin._handle_segment_change-1688918'] for segment, precommit_create {{(pid=104338) _notify_loop /usr/local/lib/python3.8/dist-packages/neutron_lib/callbacks/manager.py:192}}
Jun 22 00:48:50.861896 dv-cinder-753305-6-smb neutron-server[104338]: INFO neutron.db.segments_db [None req-cac98568-8b9c-4ba2-8f90-7f4c4df244a3 admin admin] Added segment 932990e0-9759-43fd-b119-02420a0bb254 of type vlan for network 6f673339-605b-4693-9448-3a09d1e8b6a9
Jun 22 00:48:50.890612 dv-cinder-753305-6-smb neutron-server[104338]: INFO neutron.wsgi [None req-78462147-4174-4618-b3e7-dc80e51f94b0 admin admin] 10.222.0.21 "POST /v2.0/networks HTTP/1.1" status: 201 len: 890 time: 1.5308001
Jun 22 00:48:50.896583 dv-cinder-753305-6-smb neutron-server[104338]: DEBUG neutron.wsgi [-] (104338) accepted ('10.222.0.21', 49312) {{(pid=104338) server /usr/local/lib/python3.8/dist-packages/eventlet/wsgi.py:992}}
Jun 22 00:48:50.907307 dv-cinder-753305-6-smb neutron-server[104337]: DEBUG neutron_lib.callbacks.manager [None req-9f6cd62f-4308-4018-9d55-430cd805c926 admin admin] Notify callbacks [] for router_gateway, after_create {{(pid=104337) _notify_loop /usr/local/lib/python3.8/dist-packages/neutron_lib/callbacks/manager.py:192}}
Jun 22 00:48:50.914555 dv-cinder-753305-6-smb neutron-server[104338]: DEBUG neutron.api.v2.base [None req-bd59db10-3794-4f22-984e-37b06dc6213f admin admin] Request body: {'subnet': {'network_id': 'df872962-1cdd-4b30-bb29-7f3978516520', 'cidr': '172.20.0.0/28', 'name': 'tempest-AttachVolumeShelveTestJSON-1146332903-subnet', 'tenant_id': 'e275c3701d924578945f2d0d15f8012c', 'enable_dhcp': True, 'ip_version': 4}} {{(pid=104338) prepare_request_body /opt/stack/neutron/neutron/api/v2/base.py:729}}
Jun 22 00:48:50.975455 dv-cinder-753305-6-smb neutron-server[104338]: DEBUG neutron.api.rpc.handlers.resources_rpc [None req-cac98568-8b9c-4ba2-8f90-7f4c4df244a3 admin admin] Pushing event updated for resources: {'SecurityGroup': ['ID=4592691b-5bb3-4656-8737-908320690e6a,revision_number=1']} {{(pid=104338) push /opt/stack/neutron/neutron/api/rpc/handlers/resources_rpc.py:237}}
Jun 22 00:48:50.983582 dv-cinder-753305-6-smb neutron-server[104338]: DEBUG oslo_concurrency.lockutils [None req-cac98568-8b9c-4ba2-8f90-7f4c4df244a3 admin admin] Lock "event-dispatch" released by "neutron.plugins.ml2.ovo_rpc._ObjectChangeHandler.dispatch_events" :: held 0.160s {{(pid=104338) inner /usr/local/lib/python3.8/dist-packages/oslo_concurrency/lockutils.py:367}}
Jun 22 00:48:50.989090 dv-cinder-753305-6-smb neutron-server[104338]: DEBUG neutron_lib.callbacks.manager [None req-cac98568-8b9c-4ba2-8f90-7f4c4df244a3 admin admin] Notify callbacks ['neutron.services.auto_allocate.db._ensure_external_network_default_value_callback-8776006918117'] for network, precommit_create {{(pid=104338) _notify_loop /usr/local/lib/python3.8/dist-packages/neutron_lib/callbacks/manager.py:192}}
Jun 22 00:48:50.996989 dv-cinder-753305-6-smb neutron-server[104338]: DEBUG neutron.pecan_wsgi.hooks.quota_enforcement [None req-6e72667c-cbff-444c-963a-b81b63afabd7 admin admin] Made reservation on behalf of 51f61ed57d0f44f984b625ad1cc3d65e for: {'network': 1} {{(pid=104338) before /opt/stack/neutron/neutron/pecan_wsgi/hooks/quota_enforcement.py:53}}
Jun 22 00:48:51.000500 dv-cinder-753305-6-smb neutron-server[104338]: DEBUG neutron_lib.callbacks.manager [None req-6e72667c-cbff-444c-963a-b81b63afabd7 admin admin] Notify callbacks ['neutron.plugins.ml2.plugin.SecurityGroupDbMixin._ensure_default_security_group_handler_before_create-1617799'] for network, before_create {{(pid=104338) _notify_loop /usr/local/lib/python3.8/dist-packages/neutron_lib/callbacks/manager.py:192}}
Jun 22 00:48:51.022231 dv-cinder-753305-6-smb neutron-server[104338]: DEBUG neutron_lib.callbacks.manager [None req-6e72667c-cbff-444c-963a-b81b63afabd7 admin admin] Notify callbacks [] for security_group, before_create {{(pid=104338) _notify_loop /usr/local/lib/python3.8/dist-packages/neutron_lib/callbacks/manager.py:192}}
Jun 22 00:48:51.066556 dv-cinder-753305-6-smb neutron-server[104338]: DEBUG neutron.pecan_wsgi.hooks.quota_enforcement [None req-bd59db10-3794-4f22-984e-37b06dc6213f admin admin] Made reservation on behalf of e275c3701d924578945f2d0d15f8012c for: {'subnet': 1} {{(pid=104338) before /opt/stack/neutron/neutron/pecan_wsgi/hooks/quota_enforcement.py:53}}
Jun 22 00:48:51.068785 dv-cinder-753305-6-smb neutron-server[104338]: DEBUG neutron_lib.callbacks.manager [None req-bd59db10-3794-4f22-984e-37b06dc6213f admin admin] Notify callbacks [] for subnet, before_create {{(pid=104338) _notify_loop /usr/local/lib/python3.8/dist-packages/neutron_lib/callbacks/manager.py:192}}
Jun 22 00:48:51.076179 dv-cinder-753305-6-smb neutron-server[104338]: DEBUG neutron_lib.callbacks.manager [None req-cac98568-8b9c-4ba2-8f90-7f4c4df244a3 admin admin] Notify callbacks ['neutron.plugins.ml2.ovo_rpc._ObjectChangeHandler.handle_payload_event-763707', 'neutron.api.rpc.agentnotifiers.dhcp_rpc_agent_api.DhcpAgentNotifyAPI._native_event_send_dhcp_notification_payload-597266'] for network, after_create {{(pid=104338) _notify_loop /usr/local/lib/python3.8/dist-packages/neutron_lib/callbacks/manager.py:192}}
Jun 22 00:48:51.090999 dv-cinder-753305-6-smb neutron-server[104338]: DEBUG neutron.pecan_wsgi.hooks.policy_enforcement [None req-cac98568-8b9c-4ba2-8f90-7f4c4df244a3 admin admin] Attributes excluded by policy engine: ['standard_attr_id', 'vlan_transparent'] {{(pid=104338) _exclude_attributes_by_policy /opt/stack/neutron/neutron/pecan_wsgi/hooks/policy_enforcement.py:255}}
Jun 22 00:48:51.091819 dv-cinder-753305-6-smb neutron-server[104338]: DEBUG neutron_lib.callbacks.manager [None req-cac98568-8b9c-4ba2-8f90-7f4c4df244a3 admin admin] Notify callbacks ['neutron.api.rpc.agentnotifiers.dhcp_rpc_agent_api.DhcpAgentNotifyAPI._send_dhcp_notification-597263'] for network, before_response {{(pid=104338) _notify_loop /usr/local/lib/python3.8/dist-packages/neutron_lib/callbacks/manager.py:192}}
Jun 22 00:48:51.115375 dv-cinder-753305-6-smb neutron-server[104339]: DEBUG neutron_lib.callbacks.manager [None req-cfab431c-b9ef-47e2-b921-8beb24c6e77b None None] Notify callbacks ['neutron.services.segments.db._update_segment_host_mapping_for_agent-8776007469505', 'neutron.plugins.ml2.plugin.Ml2Plugin._retry_binding_revived_agents-1679684'] for agent, after_update {{(pid=104339) _notify_loop /usr/local/lib/python3.8/dist-packages/neutron_lib/callbacks/manager.py:192}}
Jun 22 00:48:51.152379 dv-cinder-753305-6-smb neutron-server[104338]: DEBUG oslo_concurrency.lockutils [None req-78462147-4174-4618-b3e7-dc80e51f94b0 admin admin] Lock "event-dispatch" acquired by "neutron.plugins.ml2.ovo_rpc._ObjectChangeHandler.dispatch_events" :: waited 0.000s {{(pid=104338) inner /usr/local/lib/python3.8/dist-packages/oslo_concurrency/lockutils.py:355}}
Jun 22 00:48:51.287563 dv-cinder-753305-6-smb neutron-server[104338]: DEBUG neutron.api.rpc.handlers.resources_rpc [None req-cac98568-8b9c-4ba2-8f90-7f4c4df244a3 admin admin] Pushing event updated for resources: {'Network': ['ID=6f673339-605b-4693-9448-3a09d1e8b6a9,revision_number=1']} {{(pid=104338) push /opt/stack/neutron/neutron/api/rpc/handlers/resources_rpc.py:237}}
Jun 22 00:48:51.295275 dv-cinder-753305-6-smb neutron-server[104338]: DEBUG oslo_concurrency.lockutils [None req-cac98568-8b9c-4ba2-8f90-7f4c4df244a3 admin admin] Lock "event-dispatch" released by "neutron.plugins.ml2.ovo_rpc._ObjectChangeHandler.dispatch_events" :: held 0.143s {{(pid=104338) inner /usr/local/lib/python3.8/dist-packages/oslo_concurrency/lockutils.py:367}}
Jun 22 00:48:51.309539 dv-cinder-753305-6-smb neutron-server[104339]: DEBUG neutron.plugins.ml2.rpc [None req-1f8b9509-262d-431d-8481-2718c0f65c14 None None] Network 6f673339-605b-4693-9448-3a09d1e8b6a9 details requested by agent ovs-agent-dv-cinder-753305-6-smb with host dv-cinder-753305-6-smb {{(pid=104339) get_network_details /opt/stack/neutron/neutron/plugins/ml2/rpc.py:232}}
Jun 22 00:48:51.326611 dv-cinder-753305-6-smb neutron-server[104337]: DEBUG neutron_lib.callbacks.manager [None req-9f6cd62f-4308-4018-9d55-430cd805c926 admin admin] Notify callbacks ['neutron.services.l3_router.l3_router_plugin.L3_HA_NAT_db_mixin._after_router_create-751207', 'neutron.services.l3_router.l3_router_plugin.DVRResourceOperationHandler._create_snat_interfaces_after_change-547584'] for router, after_create {{(pid=104337) _notify_loop /usr/local/lib/python3.8/dist-packages/neutron_lib/callbacks/manager.py:192}}
Jun 22 00:48:51.462766 dv-cinder-753305-6-smb neutron-server[104339]: DEBUG neutron.api.rpc.handlers.dhcp_rpc [None req-effd4d24-35c9-4b7b-8907-bb2bee147af1 None None] Network 793a8a4f-9515-471d-bfbe-795c50d8b4ff requested from dv-cinder-753305-6-smb {{(pid=104339) get_network_info /opt/stack/neutron/neutron/api/rpc/handlers/dhcp_rpc.py:218}}
Jun 22 00:48:51.517734 dv-cinder-753305-6-smb neutron-server[104337]: DEBUG neutron.scheduler.l3_agent_scheduler [None req-9f6cd62f-4308-4018-9d55-430cd805c926 admin admin] Router b3545bb6-3933-4af6-b8c6-13c14b44258e is scheduled to L3 agent ba707a99-0081-48ec-9eea-b807df014b52 with binding_index 1 {{(pid=104337) bind_router /opt/stack/neutron/neutron/scheduler/l3_agent_scheduler.py:210}}
Jun 22 00:48:51.529301 dv-cinder-753305-6-smb neutron-server[104338]: DEBUG neutron_lib.callbacks.manager [None req-6e72667c-cbff-444c-963a-b81b63afabd7 admin admin] Notify callbacks [] for security_group, precommit_create {{(pid=104338) _notify_loop /usr/local/lib/python3.8/dist-packages/neutron_lib/callbacks/manager.py:192}}
Jun 22 00:48:51.572320 dv-cinder-753305-6-smb neutron-server[104338]: DEBUG neutron_lib.callbacks.manager [None req-6e72667c-cbff-444c-963a-b81b63afabd7 admin admin] Notify callbacks ['neutron.plugins.ml2.ovo_rpc._ObjectChangeHandler.handle_event-763654'] for security_group, after_create {{(pid=104338) _notify_loop /usr/local/lib/python3.8/dist-packages/neutron_lib/callbacks/manager.py:192}}
Jun 22 00:48:51.619573 dv-cinder-753305-6-smb neutron-server[104339]: DEBUG neutron.db.provisioning_blocks [None req-50867928-b43b-4d8b-a0a3-eef774ade710 None None] Provisioning for port 816a31a3-7095-4cdf-ab8c-ce1bd5b48117 completed by entity DHCP. {{(pid=104339) provisioning_complete /opt/stack/neutron/neutron/db/provisioning_blocks.py:133}}
Jun 22 00:48:51.716153 dv-cinder-753305-6-smb neutron-server[104338]: INFO neutron.wsgi [None req-cac98568-8b9c-4ba2-8f90-7f4c4df244a3 admin admin] 10.222.0.21 "POST /v2.0/networks HTTP/1.1" status: 201 len: 888 time: 2.1733239
Jun 22 00:48:51.722421 dv-cinder-753305-6-smb neutron-server[104338]: DEBUG oslo_concurrency.lockutils [None req-cac98568-8b9c-4ba2-8f90-7f4c4df244a3 admin admin] Lock "event-dispatch" acquired by "neutron.plugins.ml2.ovo_rpc._ObjectChangeHandler.dispatch_events" :: waited 0.000s {{(pid=104338) inner /usr/local/lib/python3.8/dist-packages/oslo_concurrency/lockutils.py:355}}
Jun 22 00:48:51.740022 dv-cinder-753305-6-smb neutron-server[104337]: DEBUG neutron.wsgi [-] (104337) accepted ('10.222.0.21', 49344) {{(pid=104337) server /usr/local/lib/python3.8/dist-packages/eventlet/wsgi.py:992}}
Jun 22 00:48:51.741977 dv-cinder-753305-6-smb neutron-server[104337]: DEBUG neutron.api.rpc.agentnotifiers.l3_rpc_agent_api [None req-9f6cd62f-4308-4018-9d55-430cd805c926 admin admin] Notify agent at l3_agent.dv-cinder-753305-6-smb the message routers_updated {{(pid=104337) _agent_notification /opt/stack/neutron/neutron/api/rpc/agentnotifiers/l3_rpc_agent_api.py:65}}
Jun 22 00:48:51.749798 dv-cinder-753305-6-smb neutron-server[104337]: DEBUG neutron.api.v2.base [None req-c7cf1d66-cdab-4221-8032-b1e4edaba015 admin admin] Request body: {'subnet': {'network_id': '6f673339-605b-4693-9448-3a09d1e8b6a9', 'cidr': '172.20.0.0/28', 'name': 'tempest-ServerRescueNegativeTestJSON-590590-subnet', 'tenant_id': '4d610f5d44f649dba96f970a85acde50', 'enable_dhcp': False, 'ip_version': 4}} {{(pid=104337) prepare_request_body /opt/stack/neutron/neutron/api/v2/base.py:729}}
Jun 22 00:48:51.752906 dv-cinder-753305-6-smb neutron-server[104340]: DEBUG neutron.api.rpc.handlers.l3_rpc [None req-d579f43e-101b-4faf-94ca-8f312b2c8caf None None] Sync routers for ids ['b3545bb6-3933-4af6-b8c6-13c14b44258e'] in dv-cinder-753305-6-smb {{(pid=104340) sync_routers /opt/stack/neutron/neutron/api/rpc/handlers/l3_rpc.py:125}}
Jun 22 00:48:51.765395 dv-cinder-753305-6-smb neutron-server[104340]: DEBUG neutron.db.l3_dvrscheduler_db [None req-d579f43e-101b-4faf-94ca-8f312b2c8caf None None] Routers {'b3545bb6-3933-4af6-b8c6-13c14b44258e'} bound to L3 agent in host dv-cinder-753305-6-smb {{(pid=104340) _get_router_ids_for_agent /opt/stack/neutron/neutron/db/l3_dvrscheduler_db.py:420}}
Jun 22 00:48:51.771355 dv-cinder-753305-6-smb neutron-server[104340]: DEBUG neutron.db.l3_hamode_db [None req-d579f43e-101b-4faf-94ca-8f312b2c8caf None None] neutron.services.l3_router.l3_router_plugin.L3RouterPlugin method get_ha_sync_data_for_host called with arguments (, 'dv-cinder-753305-6-smb', Agent(admin_state_up=True,agent_type='L3 agent',availability_zone='nova',binary='neutron-l3-agent',configurations={"agent_mode": "legacy", "ex_gw_ports": 1, "extensions": [], "floating_ips": 0, "handle_internal_only_routers": true, "interface_driver": "openvswitch", "interfaces": 1, "log_agent_heartbeats": false, "routers": 1},created_at=2021-06-22T00:40:50Z,description=,heartbeat_timestamp=2021-06-22T00:48:50Z,host='dv-cinder-753305-6-smb',id=ba707a99-0081-48ec-9eea-b807df014b52,load=0,resource_versions=,resources_synced=,started_at=2021-06-22T00:40:50Z,topic='l3_agent')) {'router_ids': ['b3545bb6-3933-4af6-b8c6-13c14b44258e'], 'active': True} {{(pid=104340) wrapper /usr/local/lib/python3.8/dist-packages/oslo_log/helpers.py:65}}
Jun 22 00:48:51.788537 dv-cinder-753305-6-smb neutron-server[104337]: DEBUG neutron.pecan_wsgi.hooks.quota_enforcement [None req-c7cf1d66-cdab-4221-8032-b1e4edaba015 admin admin] Made reservation on behalf of 4d610f5d44f649dba96f970a85acde50 for: {'subnet': 1} {{(pid=104337) before /opt/stack/neutron/neutron/pecan_wsgi/hooks/quota_enforcement.py:53}}
Jun 22 00:48:51.793338 dv-cinder-753305-6-smb neutron-server[104337]: DEBUG neutron_lib.callbacks.manager [None req-c7cf1d66-cdab-4221-8032-b1e4edaba015 admin admin] Notify callbacks [] for subnet, before_create {{(pid=104337) _notify_loop /usr/local/lib/python3.8/dist-packages/neutron_lib/callbacks/manager.py:192}}
Jun 22 00:48:51.800065 dv-cinder-753305-6-smb neutron-server[104337]: DEBUG neutron_lib.callbacks.manager [None req-9f6cd62f-4308-4018-9d55-430cd805c926 admin admin] Notify callbacks [] for router, before_response {{(pid=104337) _notify_loop /usr/local/lib/python3.8/dist-packages/neutron_lib/callbacks/manager.py:192}}
Jun 22 00:48:51.801313 dv-cinder-753305-6-smb neutron-server[104337]: INFO neutron.wsgi [None req-9f6cd62f-4308-4018-9d55-430cd805c926 admin admin] 10.222.0.21 "POST /v2.0/routers HTTP/1.1" status: 201 len: 923 time: 2.9971294
Jun 22 00:48:51.804165 dv-cinder-753305-6-smb neutron-server[104338]: DEBUG neutron_lib.callbacks.manager [None req-bd59db10-3794-4f22-984e-37b06dc6213f admin admin] Notify callbacks ['neutron.plugins.ml2.ovo_rpc._ObjectChangeHandler.handle_event-120977', 'neutron.api.rpc.agentnotifiers.dhcp_rpc_agent_api.DhcpAgentNotifyAPI._native_event_send_dhcp_notification-597273'] for subnet, after_create {{(pid=104338) _notify_loop /usr/local/lib/python3.8/dist-packages/neutron_lib/callbacks/manager.py:192}}
Jun 22 00:48:51.809412 dv-cinder-753305-6-smb neutron-server[104338]: DEBUG neutron.wsgi [-] (104338) accepted ('10.222.0.21', 49348) {{(pid=104338) server /usr/local/lib/python3.8/dist-packages/eventlet/wsgi.py:992}}
Jun 22 00:48:51.832639 dv-cinder-753305-6-smb neutron-server[104338]: DEBUG neutron.api.rpc.handlers.resources_rpc [None req-6e72667c-cbff-444c-963a-b81b63afabd7 admin admin] Pushing event updated for resources: {'SecurityGroup': ['ID=d74ba294-7a7f-4c5a-bb66-0a102eed03b5,revision_number=1']} {{(pid=104338) push /opt/stack/neutron/neutron/api/rpc/handlers/resources_rpc.py:237}}
Jun 22 00:48:51.938784 dv-cinder-753305-6-smb neutron-server[104338]: DEBUG oslo_concurrency.lockutils [None req-6e72667c-cbff-444c-963a-b81b63afabd7 admin admin] Lock "event-dispatch" released by "neutron.plugins.ml2.ovo_rpc._ObjectChangeHandler.dispatch_events" :: held 0.216s {{(pid=104338) inner /usr/local/lib/python3.8/dist-packages/oslo_concurrency/lockutils.py:367}}
Jun 22 00:48:51.939290 dv-cinder-753305-6-smb neutron-server[104338]: DEBUG oslo_concurrency.lockutils [-] Lock "event-dispatch" acquired by "neutron.plugins.ml2.ovo_rpc._ObjectChangeHandler.dispatch_events" :: waited 0.000s {{(pid=104338) inner /usr/local/lib/python3.8/dist-packages/oslo_concurrency/lockutils.py:355}}
Jun 22 00:48:52.036839 dv-cinder-753305-6-smb neutron-server[104338]: DEBUG neutron.api.rpc.handlers.resources_rpc [None req-bd59db10-3794-4f22-984e-37b06dc6213f admin admin] Pushing event updated for resources: {'Subnet': ['ID=a5e14790-0459-4adb-9e76-23b3d2890ea8,revision_number=0']} {{(pid=104338) push /opt/stack/neutron/neutron/api/rpc/handlers/resources_rpc.py:237}}
Jun 22 00:48:52.039722 dv-cinder-753305-6-smb neutron-server[104340]: DEBUG neutron.db.l3_dvr_db [None req-d579f43e-101b-4faf-94ca-8f312b2c8caf None None] Set router b3545bb6-3933-4af6-b8c6-13c14b44258e gateway port host: dv-cinder-753305-6-smb {{(pid=104340) _build_routers_list /opt/stack/neutron/neutron/db/l3_dvr_db.py:838}}
Jun 22 00:48:52.046693 dv-cinder-753305-6-smb neutron-server[104338]: DEBUG neutron.plugins.ml2.drivers.helpers [None req-6e72667c-cbff-444c-963a-b81b63afabd7 admin admin] vlan segment allocate from pool success with {'vlan_id': 114, 'physical_network': 'physnet1'} {{(pid=104338) allocate_partially_specified_segment /opt/stack/neutron/neutron/plugins/ml2/drivers/helpers.py:153}}
Jun 22 00:48:52.051585 dv-cinder-753305-6-smb neutron-server[104338]: DEBUG oslo_concurrency.lockutils [None req-bd59db10-3794-4f22-984e-37b06dc6213f admin admin] Lock "event-dispatch" released by "neutron.plugins.ml2.ovo_rpc._ObjectChangeHandler.dispatch_events" :: held 0.112s {{(pid=104338) inner /usr/local/lib/python3.8/dist-packages/oslo_concurrency/lockutils.py:367}}
Jun 22 00:48:52.084664 dv-cinder-753305-6-smb neutron-server[104338]: DEBUG neutron_lib.callbacks.manager [None req-6e72667c-cbff-444c-963a-b81b63afabd7 admin admin] Notify callbacks ['neutron.plugins.ml2.plugin.Ml2Plugin._handle_segment_change-1688918'] for segment, precommit_create {{(pid=104338) _notify_loop /usr/local/lib/python3.8/dist-packages/neutron_lib/callbacks/manager.py:192}}
Jun 22 00:48:52.085345 dv-cinder-753305-6-smb neutron-server[104338]: INFO neutron.db.segments_db [None req-6e72667c-cbff-444c-963a-b81b63afabd7 admin admin] Added segment 0296696f-a4c0-4cbf-bc4f-711697ecfe45 of type vlan for network 728e3a7e-7a4e-4525-b7ed-8ea9110df67e
Jun 22 00:48:52.101861 dv-cinder-753305-6-smb neutron-server[104337]: DEBUG neutron_lib.callbacks.manager [None req-c7cf1d66-cdab-4221-8032-b1e4edaba015 admin admin] Notify callbacks ['neutron.plugins.ml2.ovo_rpc._ObjectChangeHandler.handle_event-120977', 'neutron.api.rpc.agentnotifiers.dhcp_rpc_agent_api.DhcpAgentNotifyAPI._native_event_send_dhcp_notification-597273'] for subnet, after_create {{(pid=104337) _notify_loop /usr/local/lib/python3.8/dist-packages/neutron_lib/callbacks/manager.py:192}}
Jun 22 00:48:52.106281 dv-cinder-753305-6-smb neutron-server[104337]: DEBUG oslo_concurrency.lockutils [None req-3c6f076a-69f4-43d2-a058-fb740a06b9b2 admin admin] Lock "event-dispatch" acquired by "neutron.plugins.ml2.ovo_rpc._ObjectChangeHandler.dispatch_events" :: waited 0.000s {{(pid=104337) inner /usr/local/lib/python3.8/dist-packages/oslo_concurrency/lockutils.py:355}}
Jun 22 00:48:52.224410 dv-cinder-753305-6-smb neutron-server[104338]: DEBUG neutron_lib.callbacks.manager [None req-6e72667c-cbff-444c-963a-b81b63afabd7 admin admin] Notify callbacks ['neutron.services.auto_allocate.db._ensure_external_network_default_value_callback-8776006918117'] for network, precommit_create {{(pid=104338) _notify_loop /usr/local/lib/python3.8/dist-packages/neutron_lib/callbacks/manager.py:192}}
Jun 22 00:48:52.291993 dv-cinder-753305-6-smb neutron-server[104337]: DEBUG neutron.plugins.ml2.drivers.mech_agent [None req-c7cf1d66-cdab-4221-8032-b1e4edaba015 admin admin] Checking segment: {'id': '932990e0-9759-43fd-b119-02420a0bb254', 'network_type': 'vlan', 'physical_network': 'physnet1', 'segmentation_id': 142, 'network_id': '6f673339-605b-4693-9448-3a09d1e8b6a9'} for mappings: {'physnet1': 'br-data'} with network types: ['local', 'flat', 'vlan'] {{(pid=104337) check_segment_for_agent /opt/stack/neutron/neutron/plugins/ml2/drivers/mech_agent.py:341}}
Jun 22 00:48:52.292557 dv-cinder-753305-6-smb neutron-server[104337]: DEBUG neutron.scheduler.dhcp_agent_scheduler [None req-c7cf1d66-cdab-4221-8032-b1e4edaba015 admin admin] Network hostable DHCP agents. Network: 6f673339-605b-4693-9448-3a09d1e8b6a9, hostable agents: ['c40c0f5c-40ce-4508-a7ab-039d8ff5b3b9'], hosted agents: [] {{(pid=104337) _get_network_hostable_dhcp_agents /opt/stack/neutron/neutron/scheduler/dhcp_agent_scheduler.py:329}}
Jun 22 00:48:52.307239 dv-cinder-753305-6-smb neutron-server[104337]: DEBUG neutron.api.rpc.handlers.resources_rpc [None req-c7cf1d66-cdab-4221-8032-b1e4edaba015 admin admin] Pushing event updated for resources: {'Subnet': ['ID=dbde1f67-d1a1-4294-a629-4a09fe4b42c8,revision_number=0']} {{(pid=104337) push /opt/stack/neutron/neutron/api/rpc/handlers/resources_rpc.py:237}}
Jun 22 00:48:52.312227 dv-cinder-753305-6-smb neutron-server[104337]: DEBUG oslo_concurrency.lockutils [None req-c7cf1d66-cdab-4221-8032-b1e4edaba015 admin admin] Lock "event-dispatch" released by "neutron.plugins.ml2.ovo_rpc._ObjectChangeHandler.dispatch_events" :: held 0.206s {{(pid=104337) inner /usr/local/lib/python3.8/dist-packages/oslo_concurrency/lockutils.py:367}}
Jun 22 00:48:52.334752 dv-cinder-753305-6-smb neutron-server[104339]: DEBUG neutron.plugins.ml2.rpc [None req-1f8b9509-262d-431d-8481-2718c0f65c14 None None] Device 816a31a3-7095-4cdf-ab8c-ce1bd5b48117 up at agent ovs-agent-dv-cinder-753305-6-smb {{(pid=104339) update_device_up /opt/stack/neutron/neutron/plugins/ml2/rpc.py:278}}
Jun 22 00:48:52.336426 dv-cinder-753305-6-smb neutron-server[104337]: DEBUG neutron.scheduler.dhcp_agent_scheduler [None req-c7cf1d66-cdab-4221-8032-b1e4edaba015 admin admin] Network 6f673339-605b-4693-9448-3a09d1e8b6a9 is scheduled to be hosted by DHCP agent c40c0f5c-40ce-4508-a7ab-039d8ff5b3b9 with binding_index 1 {{(pid=104337) bind /opt/stack/neutron/neutron/scheduler/dhcp_agent_scheduler.py:227}}
Jun 22 00:48:52.353600 dv-cinder-753305-6-smb neutron-server[104337]: DEBUG neutron.scheduler.base_scheduler [None req-c7cf1d66-cdab-4221-8032-b1e4edaba015 admin admin] Resources bound (agent type, host, resource id): (DHCP agent, dv-cinder-753305-6-smb, 6f673339-605b-4693-9448-3a09d1e8b6a9) {{(pid=104337) schedule /opt/stack/neutron/neutron/scheduler/base_scheduler.py:57}}
Jun 22 00:48:52.369639 dv-cinder-753305-6-smb neutron-server[104337]: DEBUG neutron.pecan_wsgi.hooks.policy_enforcement [None req-c7cf1d66-cdab-4221-8032-b1e4edaba015 admin admin] Attributes excluded by policy engine: ['standard_attr_id', 'shared', 'network'] {{(pid=104337) _exclude_attributes_by_policy /opt/stack/neutron/neutron/pecan_wsgi/hooks/policy_enforcement.py:255}}
Jun 22 00:48:52.371123 dv-cinder-753305-6-smb neutron-server[104337]: DEBUG neutron_lib.callbacks.manager [None req-c7cf1d66-cdab-4221-8032-b1e4edaba015 admin admin] Notify callbacks ['neutron.api.rpc.agentnotifiers.dhcp_rpc_agent_api.DhcpAgentNotifyAPI._send_dhcp_notification-597263'] for subnet, before_response {{(pid=104337) _notify_loop /usr/local/lib/python3.8/dist-packages/neutron_lib/callbacks/manager.py:192}}
Jun 22 00:48:52.407460 dv-cinder-753305-6-smb neutron-server[104338]: DEBUG neutron.wsgi [-] (104338) accepted ('10.222.0.21', 49382) {{(pid=104338) server /usr/local/lib/python3.8/dist-packages/eventlet/wsgi.py:992}}
Jun 22 00:48:52.408148 dv-cinder-753305-6-smb neutron-server[104337]: INFO neutron.wsgi [None req-c7cf1d66-cdab-4221-8032-b1e4edaba015 admin admin] 10.222.0.21 "POST /v2.0/subnets HTTP/1.1" status: 201 len: 852 time: 0.6631258
Jun 22 00:48:52.415897 dv-cinder-753305-6-smb neutron-server[104339]: DEBUG neutron.api.rpc.handlers.dhcp_rpc [None req-19733e2a-7bbc-4e69-8688-aef05c4888ab None None] Network 6f673339-605b-4693-9448-3a09d1e8b6a9 requested from dv-cinder-753305-6-smb {{(pid=104339) get_network_info /opt/stack/neutron/neutron/api/rpc/handlers/dhcp_rpc.py:218}}
Jun 22 00:48:52.416224 dv-cinder-753305-6-smb neutron-server[104338]: DEBUG neutron.api.v2.base [None req-2b21480e-3f1f-418c-a34e-9e710fd5a19d admin admin] Request body: {'router': {'name': 'tempest-ServerRescueNegativeTestJSON-590590-router', 'tenant_id': '4d610f5d44f649dba96f970a85acde50', 'external_gateway_info': {'network_id': '2e9cd1e2-cfa2-4b66-9e34-43aa62fa41a5'}}} {{(pid=104338) prepare_request_body /opt/stack/neutron/neutron/api/v2/base.py:729}}
Jun 22 00:48:52.423820 dv-cinder-753305-6-smb neutron-server[104338]: DEBUG neutron_lib.callbacks.manager [None req-6e72667c-cbff-444c-963a-b81b63afabd7 admin admin] Notify callbacks ['neutron.plugins.ml2.ovo_rpc._ObjectChangeHandler.handle_payload_event-763707', 'neutron.api.rpc.agentnotifiers.dhcp_rpc_agent_api.DhcpAgentNotifyAPI._native_event_send_dhcp_notification_payload-597266'] for network, after_create {{(pid=104338) _notify_loop /usr/local/lib/python3.8/dist-packages/neutron_lib/callbacks/manager.py:192}}
Jun 22 00:48:52.469953 dv-cinder-753305-6-smb neutron-server[104340]: DEBUG neutron.db.l3_hamode_db [None req-d579f43e-101b-4faf-94ca-8f312b2c8caf None None] neutron.services.l3_router.l3_router_plugin.L3RouterPlugin method _process_sync_ha_data called with arguments (, [{'id': 'b3545bb6-3933-4af6-b8c6-13c14b44258e', 'name': 'tempest-AttachVolumeTestJSON-2129520845-router', 'tenant_id': '34e1ce76a8eb45249bebb81840785b1e', 'admin_state_up': True, 'status': 'ACTIVE', 'external_gateway_info': {'network_id': '2e9cd1e2-cfa2-4b66-9e34-43aa62fa41a5', 'external_fixed_ips': [{'subnet_id': 'b8a98660-e260-4af0-86a6-6c3689fbad16', 'ip_address': '172.28.2.185'}], 'enable_snat': True}, 'gw_port_id': '006fbb50-95d6-4a1e-bd14-fb77f2b71860', 'description': '', 'availability_zones': ['nova'], 'distributed': False, 'ha': False, 'ha_vr_id': 0, 'availability_zone_hints': [], 'routes': [], 'flavor_id': None, 'tags': [], 'created_at': '2021-06-22T00:48:48Z', 'updated_at': '2021-06-22T00:48:50Z', 'revision_number': 3, 'project_id': '34e1ce76a8eb45249bebb81840785b1e', 'gw_port': {'id': '006fbb50-95d6-4a1e-bd14-fb77f2b71860', 'name': '', 'network_id': '2e9cd1e2-cfa2-4b66-9e34-43aa62fa41a5', 'tenant_id': '', 'mac_address': 'fa:16:3e:13:79:6d', 'admin_state_up': True, 'status': 'DOWN', 'device_id': 'b3545bb6-3933-4af6-b8c6-13c14b44258e', 'device_owner': 'network:router_gateway', 'standard_attr_id': 49, 'fixed_ips': [{'subnet_id': 'b8a98660-e260-4af0-86a6-6c3689fbad16', 'ip_address': '172.28.2.185', 'prefixlen': 24}], 'allowed_address_pairs': [], 'extra_dhcp_opts': [], 'security_groups': [], 'description': '', 'binding:vnic_type': 'normal', 'binding:profile': {}, 'binding:host_id': '', 'binding:vif_type': 'unbound', 'binding:vif_details': {}, 'port_security_enabled': False, 'tags': [], 'created_at': '2021-06-22T00:48:49Z', 'updated_at': '2021-06-22T00:48:49Z', 'revision_number': 1, 'project_id': '', 'subnets': [{'id': 'b8a98660-e260-4af0-86a6-6c3689fbad16', 'cidr': '172.28.2.0/24', 'gateway_ip': '172.28.2.1', 'dns_nameservers': [], 'ipv6_ra_mode': None, 'subnetpool_id': None}], 'extra_subnets': [], 'address_scopes': {4: None, 6: None}, 'mtu': 1500}, 'enable_snat': True, 'gw_port_host': 'dv-cinder-753305-6-smb'}], 'dv-cinder-753305-6-smb', False) {} {{(pid=104340) wrapper /usr/local/lib/python3.8/dist-packages/oslo_log/helpers.py:65}}
Jun 22 00:48:52.501650 dv-cinder-753305-6-smb neutron-server[104340]: DEBUG neutron.api.rpc.handlers.l3_rpc [None req-d579f43e-101b-4faf-94ca-8f312b2c8caf None None] Checking router: b3545bb6-3933-4af6-b8c6-13c14b44258e for host: dv-cinder-753305-6-smb {{(pid=104340) _ensure_host_set_on_ports /opt/stack/neutron/neutron/api/rpc/handlers/l3_rpc.py:155}}
Jun 22 00:48:52.502176 dv-cinder-753305-6-smb neutron-server[104340]: DEBUG neutron.api.rpc.handlers.l3_rpc [None req-d579f43e-101b-4faf-94ca-8f312b2c8caf None None] Updating router b3545bb6-3933-4af6-b8c6-13c14b44258e port 006fbb50-95d6-4a1e-bd14-fb77f2b71860 binding host dv-cinder-753305-6-smb {{(pid=104340) _ensure_host_set_on_port /opt/stack/neutron/neutron/api/rpc/handlers/l3_rpc.py:205}}
Jun 22 00:48:52.536467 dv-cinder-753305-6-smb neutron-server[104338]: DEBUG neutron.pecan_wsgi.hooks.policy_enforcement [None req-6e72667c-cbff-444c-963a-b81b63afabd7 admin admin] Attributes excluded by policy engine: ['standard_attr_id', 'vlan_transparent'] {{(pid=104338) _exclude_attributes_by_policy /opt/stack/neutron/neutron/pecan_wsgi/hooks/policy_enforcement.py:255}}
Jun 22 00:48:52.537052 dv-cinder-753305-6-smb neutron-server[104338]: DEBUG neutron_lib.callbacks.manager [None req-6e72667c-cbff-444c-963a-b81b63afabd7 admin admin] Notify callbacks ['neutron.api.rpc.agentnotifiers.dhcp_rpc_agent_api.DhcpAgentNotifyAPI._send_dhcp_notification-597263'] for network, before_response {{(pid=104338) _notify_loop /usr/local/lib/python3.8/dist-packages/neutron_lib/callbacks/manager.py:192}}
Jun 22 00:48:52.544918 dv-cinder-753305-6-smb neutron-server[104338]: DEBUG oslo_concurrency.lockutils [None req-25b6e8d8-cbd6-4532-ab20-6e5989c3189a admin admin] Lock "event-dispatch" acquired by "neutron.plugins.ml2.ovo_rpc._ObjectChangeHandler.dispatch_events" :: waited 0.000s {{(pid=104338) inner /usr/local/lib/python3.8/dist-packages/oslo_concurrency/lockutils.py:355}}
Jun 22 00:48:52.548673 dv-cinder-753305-6-smb neutron-server[104340]: DEBUG neutron_lib.callbacks.manager [None req-d579f43e-101b-4faf-94ca-8f312b2c8caf None None] Notify callbacks ['neutron.plugins.ml2.plugin.SecurityGroupDbMixin._ensure_default_security_group_handler_port-1617809'] for port, before_update {{(pid=104340) _notify_loop /usr/local/lib/python3.8/dist-packages/neutron_lib/callbacks/manager.py:192}}
Jun 22 00:48:52.621453 dv-cinder-753305-6-smb neutron-server[104339]: DEBUG neutron_lib.callbacks.manager [None req-71054983-877a-490a-b77d-bb894f890562 None None] Notify callbacks ['neutron.services.segments.db._update_segment_host_mapping_for_agent-8776007469505', 'neutron.plugins.ml2.plugin.Ml2Plugin._retry_binding_revived_agents-1679684'] for agent, after_update {{(pid=104339) _notify_loop /usr/local/lib/python3.8/dist-packages/neutron_lib/callbacks/manager.py:192}}
Jun 22 00:48:52.658010 dv-cinder-753305-6-smb neutron-server[104337]: DEBUG neutron.wsgi [-] (104337) accepted ('10.222.0.21', 49394) {{(pid=104337) server /usr/local/lib/python3.8/dist-packages/eventlet/wsgi.py:992}}
Jun 22 00:48:52.660521 dv-cinder-753305-6-smb neutron-server[104337]: WARNING keystonemiddleware.auth_token [-] A valid token was submitted as a service token, but it was not a valid service token. This is incorrect but backwards compatible behaviour. This will be removed in future releases.
Jun 22 00:48:52.673690 dv-cinder-753305-6-smb neutron-server[104339]: DEBUG neutron.db.provisioning_blocks [None req-1f8b9509-262d-431d-8481-2718c0f65c14 None None] Provisioning for port 816a31a3-7095-4cdf-ab8c-ce1bd5b48117 completed by entity L2. {{(pid=104339) provisioning_complete /opt/stack/neutron/neutron/db/provisioning_blocks.py:133}}
Jun 22 00:48:52.696990 dv-cinder-753305-6-smb neutron-server[104339]: DEBUG neutron.db.provisioning_blocks [None req-1f8b9509-262d-431d-8481-2718c0f65c14 None None] Provisioning complete for port 816a31a3-7095-4cdf-ab8c-ce1bd5b48117 triggered by entity L2. {{(pid=104339) provisioning_complete /opt/stack/neutron/neutron/db/provisioning_blocks.py:139}}
Jun 22 00:48:52.697972 dv-cinder-753305-6-smb neutron-server[104339]: DEBUG neutron_lib.callbacks.manager [None req-1f8b9509-262d-431d-8481-2718c0f65c14 None None] Notify callbacks ['neutron.plugins.ml2.plugin.Ml2Plugin._port_provisioned-1686673'] for port, provisioning_complete {{(pid=104339) _notify_loop /usr/local/lib/python3.8/dist-packages/neutron_lib/callbacks/manager.py:192}}
Jun 22 00:48:52.747973 dv-cinder-753305-6-smb neutron-server[104339]: DEBUG neutron.api.rpc.handlers.dhcp_rpc [None req-570c4031-6bf5-4d89-a1e0-2799c3d64bef None None] Network 6f673339-605b-4693-9448-3a09d1e8b6a9 requested from dv-cinder-753305-6-smb {{(pid=104339) get_network_info /opt/stack/neutron/neutron/api/rpc/handlers/dhcp_rpc.py:218}}
Jun 22 00:48:52.813067 dv-cinder-753305-6-smb neutron-server[104338]: DEBUG neutron.plugins.ml2.drivers.mech_agent [None req-bd59db10-3794-4f22-984e-37b06dc6213f admin admin] Checking segment: {'id': 'da511aa7-a492-4322-a21d-eed7aacbba9d', 'network_type': 'vlan', 'physical_network': 'physnet1', 'segmentation_id': 107, 'network_id': 'df872962-1cdd-4b30-bb29-7f3978516520'} for mappings: {'physnet1': 'br-data'} with network types: ['local', 'flat', 'vlan'] {{(pid=104338) check_segment_for_agent /opt/stack/neutron/neutron/plugins/ml2/drivers/mech_agent.py:341}}
Jun 22 00:48:52.813481 dv-cinder-753305-6-smb neutron-server[104338]: DEBUG neutron.scheduler.dhcp_agent_scheduler [None req-bd59db10-3794-4f22-984e-37b06dc6213f admin admin] Network hostable DHCP agents. Network: df872962-1cdd-4b30-bb29-7f3978516520, hostable agents: ['c40c0f5c-40ce-4508-a7ab-039d8ff5b3b9'], hosted agents: [] {{(pid=104338) _get_network_hostable_dhcp_agents /opt/stack/neutron/neutron/scheduler/dhcp_agent_scheduler.py:329}}
Jun 22 00:48:52.824724 dv-cinder-753305-6-smb neutron-server[104338]: DEBUG neutron_lib.callbacks.manager [None req-2b21480e-3f1f-418c-a34e-9e710fd5a19d admin admin] Notify callbacks ['neutron.services.l3_router.l3_router_plugin.L3_HA_NAT_db_mixin._before_router_create-751260', 'neutron.services.l3_router.service_providers.driver_controller.DriverController._check_router_request-2659'] for router, before_create {{(pid=104338) _notify_loop /usr/local/lib/python3.8/dist-packages/neutron_lib/callbacks/manager.py:192}}
Jun 22 00:48:52.826157 dv-cinder-753305-6-smb neutron-server[104338]: DEBUG neutron_lib.callbacks.manager [None req-2b21480e-3f1f-418c-a34e-9e710fd5a19d admin admin] Notify callbacks ['neutron.services.l3_router.l3_router_plugin.L3_HA_NAT_db_mixin._precommit_router_create-751347', 'neutron.services.l3_router.l3_router_plugin.DVRResourceOperationHandler._set_distributed_flag-548006', 'neutron.services.l3_router.l3_router_plugin.RouterAvailabilityZoneMixin._process_az_request-660692', 'neutron.services.l3_router.service_providers.driver_controller.DriverController._set_router_provider-2682'] for router, precommit_create {{(pid=104338) _notify_loop /usr/local/lib/python3.8/dist-packages/neutron_lib/callbacks/manager.py:192}}
Jun 22 00:48:52.869767 dv-cinder-753305-6-smb neutron-server[104339]: DEBUG neutron_lib.callbacks.manager [None req-1f8b9509-262d-431d-8481-2718c0f65c14 None None] Notify callbacks ['neutron.plugins.ml2.plugin.SecurityGroupDbMixin._ensure_default_security_group_handler_port-1617809'] for port, before_update {{(pid=104339) _notify_loop /usr/local/lib/python3.8/dist-packages/neutron_lib/callbacks/manager.py:192}}
Jun 22 00:48:52.889028 dv-cinder-753305-6-smb neutron-server[104338]: DEBUG neutron_lib.callbacks.manager [None req-2b21480e-3f1f-418c-a34e-9e710fd5a19d admin admin] Notify callbacks [] for router_controller, precommit_add_association {{(pid=104338) _notify_loop /usr/local/lib/python3.8/dist-packages/neutron_lib/callbacks/manager.py:192}}
Jun 22 00:48:52.896854 dv-cinder-753305-6-smb neutron-server[104338]: INFO neutron.wsgi [None req-6e72667c-cbff-444c-963a-b81b63afabd7 admin admin] 10.222.0.21 "POST /v2.0/networks HTTP/1.1" status: 201 len: 884 time: 2.8547750
Jun 22 00:48:52.944933 dv-cinder-753305-6-smb neutron-server[104338]: DEBUG neutron.wsgi [-] (104338) accepted ('10.222.0.21', 49402) {{(pid=104338) server /usr/local/lib/python3.8/dist-packages/eventlet/wsgi.py:992}}
Jun 22 00:48:52.964928 dv-cinder-753305-6-smb neutron-server[104338]: DEBUG neutron.api.v2.base [None req-5378e8f9-b088-4caa-8a6f-77b3ffec77fa admin admin] Request body: {'subnet': {'network_id': '728e3a7e-7a4e-4525-b7ed-8ea9110df67e', 'cidr': '172.20.0.0/28', 'name': 'tempest-DeleteServersTestJSON-962437930-subnet', 'tenant_id': '51f61ed57d0f44f984b625ad1cc3d65e', 'enable_dhcp': False, 'ip_version': 4}} {{(pid=104338) prepare_request_body /opt/stack/neutron/neutron/api/v2/base.py:729}}
Jun 22 00:48:52.997467 dv-cinder-753305-6-smb neutron-server[104339]: DEBUG neutron.plugins.ml2.db [None req-1f8b9509-262d-431d-8481-2718c0f65c14 None None] For port 816a31a3-7095-4cdf-ab8c-ce1bd5b48117, host dv-cinder-753305-6-smb, got binding levels [PortBindingLevel(driver='openvswitch',host='dv-cinder-753305-6-smb',level=0,port_id=816a31a3-7095-4cdf-ab8c-ce1bd5b48117,segment=NetworkSegment(ac45cb55-2b1b-41c8-b9a7-2a6829ad3eed),segment_id=ac45cb55-2b1b-41c8-b9a7-2a6829ad3eed)] {{(pid=104339) get_binding_level_objs /opt/stack/neutron/neutron/plugins/ml2/db.py:74}}
Jun 22 00:48:53.002242 dv-cinder-753305-6-smb neutron-server[104339]: DEBUG neutron_lib.callbacks.manager [None req-1f8b9509-262d-431d-8481-2718c0f65c14 None None] Notify callbacks ['neutron.plugins.ml2.plugin.SecurityGroupServerNotifierRpcMixin.notify_sg_on_port_change-1616755', 'neutron.plugins.ml2.ovo_rpc._ObjectChangeHandler.handle_event-120978', 'neutron.api.rpc.agentnotifiers.dhcp_rpc_agent_api.DhcpAgentNotifyAPI._native_event_send_dhcp_notification-597273', 'neutron.db.l3_db.L3RpcNotifierMixin._notify_gateway_port_ip_changed-8776007389395', 'neutron.db.l3_dvrscheduler_db._notify_l3_agent_port_update-8776006930553', 'neutron.db.l3_hascheduler_db._notify_l3_agent_ha_port_update-8776006930598'] for port, after_update {{(pid=104339) _notify_loop /usr/local/lib/python3.8/dist-packages/neutron_lib/callbacks/manager.py:192}}
Jun 22 00:48:53.010710 dv-cinder-753305-6-smb neutron-server[104339]: DEBUG oslo_concurrency.lockutils [-] Lock "event-dispatch" acquired by "neutron.plugins.ml2.ovo_rpc._ObjectChangeHandler.dispatch_events" :: waited 0.000s {{(pid=104339) inner /usr/local/lib/python3.8/dist-packages/oslo_concurrency/lockutils.py:355}}
Jun 22 00:48:53.031706 dv-cinder-753305-6-smb neutron-server[104338]: DEBUG neutron.scheduler.dhcp_agent_scheduler [None req-bd59db10-3794-4f22-984e-37b06dc6213f admin admin] Network df872962-1cdd-4b30-bb29-7f3978516520 is scheduled to be hosted by DHCP agent c40c0f5c-40ce-4508-a7ab-039d8ff5b3b9 with binding_index 1 {{(pid=104338) bind /opt/stack/neutron/neutron/scheduler/dhcp_agent_scheduler.py:227}}
Jun 22 00:48:53.044696 dv-cinder-753305-6-smb neutron-server[104337]: DEBUG neutron.wsgi [-] (104337) accepted ('10.222.0.21', 49404) {{(pid=104337) server /usr/local/lib/python3.8/dist-packages/eventlet/wsgi.py:992}}
Jun 22 00:48:53.072005 dv-cinder-753305-6-smb neutron-server[104339]: DEBUG neutron.api.rpc.handlers.resources_rpc [None req-1f8b9509-262d-431d-8481-2718c0f65c14 None None] Pushing event updated for resources: {'Port': ['ID=816a31a3-7095-4cdf-ab8c-ce1bd5b48117,revision_number=3']} {{(pid=104339) push /opt/stack/neutron/neutron/api/rpc/handlers/resources_rpc.py:237}}
Jun 22 00:48:53.075470 dv-cinder-753305-6-smb neutron-server[104338]: DEBUG neutron.api.rpc.handlers.resources_rpc [None req-6e72667c-cbff-444c-963a-b81b63afabd7 admin admin] Pushing event updated for resources: {'Network': ['ID=728e3a7e-7a4e-4525-b7ed-8ea9110df67e,revision_number=1']} {{(pid=104338) push /opt/stack/neutron/neutron/api/rpc/handlers/resources_rpc.py:237}}
Jun 22 00:48:53.076573 dv-cinder-753305-6-smb neutron-server[104339]: DEBUG oslo_concurrency.lockutils [None req-1f8b9509-262d-431d-8481-2718c0f65c14 None None] Lock "event-dispatch" released by "neutron.plugins.ml2.ovo_rpc._ObjectChangeHandler.dispatch_events" :: held 0.066s {{(pid=104339) inner /usr/local/lib/python3.8/dist-packages/oslo_concurrency/lockutils.py:367}}
Jun 22 00:48:53.076702 dv-cinder-753305-6-smb neutron-server[104340]: DEBUG neutron_lib.callbacks.manager [None req-d579f43e-101b-4faf-94ca-8f312b2c8caf None None] Notify callbacks [] for port, precommit_update {{(pid=104340) _notify_loop /usr/local/lib/python3.8/dist-packages/neutron_lib/callbacks/manager.py:192}}
Jun 22 00:48:53.078261 dv-cinder-753305-6-smb neutron-server[104338]: DEBUG oslo_concurrency.lockutils [None req-6e72667c-cbff-444c-963a-b81b63afabd7 admin admin] Lock "event-dispatch" released by "neutron.plugins.ml2.ovo_rpc._ObjectChangeHandler.dispatch_events" :: held 0.534s {{(pid=104338) inner /usr/local/lib/python3.8/dist-packages/oslo_concurrency/lockutils.py:367}}
Jun 22 00:48:53.078965 dv-cinder-753305-6-smb neutron-server[104338]: DEBUG neutron.pecan_wsgi.hooks.quota_enforcement [None req-5378e8f9-b088-4caa-8a6f-77b3ffec77fa admin admin] Made reservation on behalf of 51f61ed57d0f44f984b625ad1cc3d65e for: {'subnet': 1} {{(pid=104338) before /opt/stack/neutron/neutron/pecan_wsgi/hooks/quota_enforcement.py:53}}
Jun 22 00:48:53.081352 dv-cinder-753305-6-smb neutron-server[104338]: DEBUG neutron_lib.callbacks.manager [None req-5378e8f9-b088-4caa-8a6f-77b3ffec77fa admin admin] Notify callbacks [] for subnet, before_create {{(pid=104338) _notify_loop /usr/local/lib/python3.8/dist-packages/neutron_lib/callbacks/manager.py:192}}
Jun 22 00:48:53.089408 dv-cinder-753305-6-smb neutron-server[104337]: DEBUG neutron.pecan_wsgi.hooks.policy_enforcement [req-403f9515-dfe1-4dc9-8389-c4b2790cf73a req-31187ed2-9c91-45f2-b113-ef5487cdb3b4 tempest-AttachVolumeNegativeTest-1551173188 tempest-AttachVolumeNegativeTest-1551173188-project] Attributes excluded by policy engine: ['standard_attr_id', 'vlan_transparent', 'provider:network_type', 'provider:physical_network', 'provider:segmentation_id'] {{(pid=104337) _exclude_attributes_by_policy /opt/stack/neutron/neutron/pecan_wsgi/hooks/policy_enforcement.py:255}}
Jun 22 00:48:53.090929 dv-cinder-753305-6-smb neutron-server[104340]: DEBUG neutron.db.provisioning_blocks [None req-d579f43e-101b-4faf-94ca-8f312b2c8caf None None] Transition to ACTIVE for port object 006fbb50-95d6-4a1e-bd14-fb77f2b71860 will not be triggered until provisioned by entity L2. {{(pid=104340) add_provisioning_component /opt/stack/neutron/neutron/db/provisioning_blocks.py:73}}
Jun 22 00:48:53.091589 dv-cinder-753305-6-smb neutron-server[104337]: INFO neutron.wsgi [req-403f9515-dfe1-4dc9-8389-c4b2790cf73a req-31187ed2-9c91-45f2-b113-ef5487cdb3b4 tempest-AttachVolumeNegativeTest-1551173188 tempest-AttachVolumeNegativeTest-1551173188-project] 10.222.0.21 "GET /v2.0/networks?id=748bd65e-7944-4283-adee-d3d64dfcde42 HTTP/1.1" status: 200 len: 815 time: 0.4324141
Jun 22 00:48:53.101466 dv-cinder-753305-6-smb neutron-server[104339]: DEBUG neutron.plugins.ml2.rpc [None req-1f8b9509-262d-431d-8481-2718c0f65c14 None None] Network 728e3a7e-7a4e-4525-b7ed-8ea9110df67e details requested by agent ovs-agent-dv-cinder-753305-6-smb with host dv-cinder-753305-6-smb {{(pid=104339) get_network_details /opt/stack/neutron/neutron/plugins/ml2/rpc.py:232}}
Jun 22 00:48:53.109380 dv-cinder-753305-6-smb neutron-server[104338]: DEBUG neutron.scheduler.base_scheduler [None req-bd59db10-3794-4f22-984e-37b06dc6213f admin admin] Resources bound (agent type, host, resource id): (DHCP agent, dv-cinder-753305-6-smb, df872962-1cdd-4b30-bb29-7f3978516520) {{(pid=104338) schedule /opt/stack/neutron/neutron/scheduler/base_scheduler.py:57}}
Jun 22 00:48:53.111759 dv-cinder-753305-6-smb neutron-server[104340]: DEBUG neutron_lib.callbacks.manager [None req-d579f43e-101b-4faf-94ca-8f312b2c8caf None None] Notify callbacks ['neutron.plugins.ml2.plugin.SecurityGroupServerNotifierRpcMixin.notify_sg_on_port_change-1616755', 'neutron.plugins.ml2.ovo_rpc._ObjectChangeHandler.handle_event-120978', 'neutron.api.rpc.agentnotifiers.dhcp_rpc_agent_api.DhcpAgentNotifyAPI._native_event_send_dhcp_notification-597273', 'neutron.db.l3_db.L3RpcNotifierMixin._notify_gateway_port_ip_changed-8776007389395', 'neutron.db.l3_dvrscheduler_db._notify_l3_agent_port_update-8776006930553', 'neutron.db.l3_hascheduler_db._notify_l3_agent_ha_port_update-8776006930598'] for port, after_update {{(pid=104340) _notify_loop /usr/local/lib/python3.8/dist-packages/neutron_lib/callbacks/manager.py:192}}
