Jun 22 00:48:35.946676 dv-cinder-753305-6-iscsi devstack@n-api.service[113643]: [pid: 113643|app: 0|req: 7/9] 10.222.0.26 () {58 vars in 1236 bytes} [Tue Jun 22 00:48:35 2021] GET /compute/v2.1/servers/c07c210f-1f0e-43e6-a443-97eb947a365e => generated 1218 bytes in 195 msecs (HTTP/1.1 200) 9 headers in 358 bytes (1 switches on core 0)
Jun 22 00:48:35.978518 dv-cinder-753305-6-iscsi devstack@n-api.service[113643]: DEBUG nova.api.openstack.wsgi [None req-5299e587-2a50-45b7-b81b-a490bff9df5f tempest-VolumesGetTestJSON-58233834 tempest-VolumesGetTestJSON-58233834-project] Calling method '.version_select at 0x7fc475301ca0>' {{(pid=113643) _process_stack /opt/stack/nova/nova/api/openstack/wsgi.py:513}}
Jun 22 00:48:36.035427 dv-cinder-753305-6-iscsi devstack@n-api.service[113642]: INFO nova.api.openstack.requestlog [None req-a1f7ba85-c824-4988-82f5-d9cebbe8a958 tempest-VolumesSnapshotsTestJSON-2037749951 tempest-VolumesSnapshotsTestJSON-2037749951-project] 10.222.0.26 "POST /compute/v2.1/os-snapshots" status: 200 len: 287 microversion: 2.1 time: 0.602474
Jun 22 00:48:36.036535 dv-cinder-753305-6-iscsi devstack@n-api.service[113642]: [pid: 113642|app: 0|req: 3/10] 10.222.0.26 () {60 vars in 1162 bytes} [Tue Jun 22 00:48:35 2021] POST /compute/v2.1/os-snapshots => generated 287 bytes in 610 msecs (HTTP/1.1 200) 9 headers in 357 bytes (1 switches on core 0)
Jun 22 00:48:36.045982 dv-cinder-753305-6-iscsi devstack@n-api.service[113642]: DEBUG nova.api.openstack.wsgi [None req-70cc92a7-899a-4086-93e4-0460db15e5e0 tempest-VolumesSnapshotsTestJSON-2037749951 tempest-VolumesSnapshotsTestJSON-2037749951-project] Calling method '.version_select at 0x7fc4752e18b0>' {{(pid=113642) _process_stack /opt/stack/nova/nova/api/openstack/wsgi.py:513}}
Jun 22 00:48:36.213666 dv-cinder-753305-6-iscsi devstack@n-api.service[113643]: INFO nova.api.openstack.requestlog [None req-5299e587-2a50-45b7-b81b-a490bff9df5f tempest-VolumesGetTestJSON-58233834 tempest-VolumesGetTestJSON-58233834-project] 10.222.0.26 "DELETE /compute/v2.1/os-volumes/acd122e4-47ed-4d63-bfb7-2f7df8373524" status: 202 len: 0 microversion: 2.1 time: 0.256213
Jun 22 00:48:36.219451 dv-cinder-753305-6-iscsi devstack@n-api.service[113643]: [pid: 113643|app: 0|req: 8/11] 10.222.0.26 () {58 vars in 1248 bytes} [Tue Jun 22 00:48:35 2021] DELETE /compute/v2.1/os-volumes/acd122e4-47ed-4d63-bfb7-2f7df8373524 => generated 0 bytes in 262 msecs (HTTP/1.1 202) 9 headers in 361 bytes (1 switches on core 0)
Jun 22 00:48:36.223935 dv-cinder-753305-6-iscsi devstack@n-api.service[113643]: DEBUG nova.api.openstack.wsgi [None req-0bcc6f8d-06fc-4bf3-b78c-b16f15eeb5ce tempest-VolumesGetTestJSON-58233834 tempest-VolumesGetTestJSON-58233834-project] Calling method '.version_select at 0x7fc4752c5af0>' {{(pid=113643) _process_stack /opt/stack/nova/nova/api/openstack/wsgi.py:513}}
Jun 22 00:48:36.299121 dv-cinder-753305-6-iscsi devstack@n-api.service[113642]: INFO nova.api.openstack.requestlog [None req-70cc92a7-899a-4086-93e4-0460db15e5e0 tempest-VolumesSnapshotsTestJSON-2037749951 tempest-VolumesSnapshotsTestJSON-2037749951-project] 10.222.0.26 "GET /compute/v2.1/os-snapshots/b34cacdf-fbb7-442b-bd65-186ef426068f" status: 200 len: 287 microversion: 2.1 time: 0.256603
Jun 22 00:48:36.300026 dv-cinder-753305-6-iscsi devstack@n-api.service[113642]: [pid: 113642|app: 0|req: 4/12] 10.222.0.26 () {58 vars in 1251 bytes} [Tue Jun 22 00:48:36 2021] GET /compute/v2.1/os-snapshots/b34cacdf-fbb7-442b-bd65-186ef426068f => generated 287 bytes in 258 msecs (HTTP/1.1 200) 9 headers in 357 bytes (2 switches on core 0)
Jun 22 00:48:36.310199 dv-cinder-753305-6-iscsi devstack@n-api.service[113642]: DEBUG nova.api.openstack.wsgi [None req-89e3afea-71e5-4742-84a8-dbb8d5fa065a tempest-VolumesSnapshotsTestJSON-2037749951 tempest-VolumesSnapshotsTestJSON-2037749951-project] Calling method '.version_select at 0x7fc4752e7280>' {{(pid=113642) _process_stack /opt/stack/nova/nova/api/openstack/wsgi.py:513}}
Jun 22 00:48:36.352316 dv-cinder-753305-6-iscsi devstack@n-api.service[113643]: INFO nova.api.openstack.requestlog [None req-0bcc6f8d-06fc-4bf3-b78c-b16f15eeb5ce tempest-VolumesGetTestJSON-58233834 tempest-VolumesGetTestJSON-58233834-project] 10.222.0.26 "GET /compute/v2.1/os-volumes/acd122e4-47ed-4d63-bfb7-2f7df8373524" status: 200 len: 353 microversion: 2.1 time: 0.131777
Jun 22 00:48:36.355397 dv-cinder-753305-6-iscsi devstack@n-api.service[113643]: [pid: 113643|app: 0|req: 9/13] 10.222.0.26 () {58 vars in 1245 bytes} [Tue Jun 22 00:48:36 2021] GET /compute/v2.1/os-volumes/acd122e4-47ed-4d63-bfb7-2f7df8373524 => generated 353 bytes in 135 msecs (HTTP/1.1 200) 9 headers in 357 bytes (1 switches on core 0)
Jun 22 00:48:36.408353 dv-cinder-753305-6-iscsi devstack@n-api.service[113642]: INFO nova.api.openstack.requestlog [None req-89e3afea-71e5-4742-84a8-dbb8d5fa065a tempest-VolumesSnapshotsTestJSON-2037749951 tempest-VolumesSnapshotsTestJSON-2037749951-project] 10.222.0.26 "GET /compute/v2.1/os-snapshots" status: 200 len: 290 microversion: 2.1 time: 0.102379
Jun 22 00:48:36.409291 dv-cinder-753305-6-iscsi devstack@n-api.service[113642]: [pid: 113642|app: 0|req: 5/14] 10.222.0.26 () {58 vars in 1140 bytes} [Tue Jun 22 00:48:36 2021] GET /compute/v2.1/os-snapshots => generated 290 bytes in 104 msecs (HTTP/1.1 200) 9 headers in 357 bytes (2 switches on core 0)
Jun 22 00:48:36.419512 dv-cinder-753305-6-iscsi devstack@n-api.service[113643]: DEBUG nova.api.openstack.wsgi [None req-48345529-7d12-48a1-9ce7-70db7ca75976 tempest-VolumesSnapshotsTestJSON-2037749951 tempest-VolumesSnapshotsTestJSON-2037749951-project] Calling method '.version_select at 0x7fc4752e9040>' {{(pid=113643) _process_stack /opt/stack/nova/nova/api/openstack/wsgi.py:513}}
Jun 22 00:48:36.471068 dv-cinder-753305-6-iscsi devstack@n-api.service[113643]: INFO nova.api.openstack.requestlog [None req-48345529-7d12-48a1-9ce7-70db7ca75976 tempest-VolumesSnapshotsTestJSON-2037749951 tempest-VolumesSnapshotsTestJSON-2037749951-project] 10.222.0.26 "GET /compute/v2.1/os-snapshots/b34cacdf-fbb7-442b-bd65-186ef426068f" status: 200 len: 287 microversion: 2.1 time: 0.055423
Jun 22 00:48:36.472245 dv-cinder-753305-6-iscsi devstack@n-api.service[113643]: [pid: 113643|app: 0|req: 10/15] 10.222.0.26 () {58 vars in 1251 bytes} [Tue Jun 22 00:48:36 2021] GET /compute/v2.1/os-snapshots/b34cacdf-fbb7-442b-bd65-186ef426068f => generated 287 bytes in 58 msecs (HTTP/1.1 200) 9 headers in 357 bytes (1 switches on core 0)
Jun 22 00:48:36.561325 dv-cinder-753305-6-iscsi devstack@n-api.service[113642]: DEBUG nova.api.openstack.wsgi [None req-01d96395-7cef-451c-971d-f791cea0f078 tempest-DeleteServersTestJSON-229252150 tempest-DeleteServersTestJSON-229252150-project] Calling method '>' {{(pid=113642) _process_stack /opt/stack/nova/nova/api/openstack/wsgi.py:513}}
Jun 22 00:48:36.562200 dv-cinder-753305-6-iscsi devstack@n-api.service[113642]: DEBUG nova.compute.api [None req-01d96395-7cef-451c-971d-f791cea0f078 tempest-DeleteServersTestJSON-229252150 tempest-DeleteServersTestJSON-229252150-project] [instance: c5317b7f-8f43-44bd-8764-9a2bc46bc529] Fetching instance by UUID {{(pid=113642) get /opt/stack/nova/nova/compute/api.py:2795}}
Jun 22 00:48:36.684174 dv-cinder-753305-6-iscsi devstack@n-api.service[113642]: DEBUG nova.policy [None req-01d96395-7cef-451c-971d-f791cea0f078 tempest-DeleteServersTestJSON-229252150 tempest-DeleteServersTestJSON-229252150-project] Policy check for os_compute_api:os-extended-server-attributes failed with credentials {'is_admin': False, 'user_id': '60aadcc1123f40f78dcfc0040d08ce3b', 'user_domain_id': 'default', 'system_scope': None, 'domain_id': None, 'project_id': '896c69f422014f24919ffe540453ce41', 'project_domain_id': 'default', 'roles': ['member', 'reader'], 'is_admin_project': True, 'service_user_id': None, 'service_user_domain_id': None, 'service_project_id': None, 'service_project_domain_id': None, 'service_roles': []} {{(pid=113642) authorize /opt/stack/nova/nova/policy.py:199}}
Jun 22 00:48:36.687002 dv-cinder-753305-6-iscsi devstack@n-api.service[113642]: /opt/stack/nova/nova/db/sqlalchemy/api.py:2775: SAWarning: TypeDecorator SoftDeleteInteger() will not produce a cache key because the ``cache_ok`` flag is not set to True. Set this flag to True if this type object's state is safe to use in a cache key, or False to disable this warning.
Jun 22 00:48:36.687002 dv-cinder-753305-6-iscsi devstack@n-api.service[113642]: return _block_device_mapping_get_query(context).filter(
Jun 22 00:48:36.719287 dv-cinder-753305-6-iscsi devstack@n-api.service[113642]: INFO nova.api.openstack.requestlog [None req-01d96395-7cef-451c-971d-f791cea0f078 tempest-DeleteServersTestJSON-229252150 tempest-DeleteServersTestJSON-229252150-project] 10.222.0.26 "GET /compute/v2.1/servers/c5317b7f-8f43-44bd-8764-9a2bc46bc529" status: 200 len: 1215 microversion: 2.1 time: 0.160930
Jun 22 00:48:36.720731 dv-cinder-753305-6-iscsi devstack@n-api.service[113642]: [pid: 113642|app: 0|req: 6/16] 10.222.0.26 () {58 vars in 1236 bytes} [Tue Jun 22 00:48:36 2021] GET /compute/v2.1/servers/c5317b7f-8f43-44bd-8764-9a2bc46bc529 => generated 1215 bytes in 164 msecs (HTTP/1.1 200) 9 headers in 358 bytes (1 switches on core 0)
Jun 22 00:48:36.965798 dv-cinder-753305-6-iscsi devstack@n-api.service[113643]: DEBUG nova.api.openstack.wsgi [None req-0ffe4fbe-7f67-4671-8111-6307a80457af tempest-AttachVolumeNegativeTest-1977143494 tempest-AttachVolumeNegativeTest-1977143494-project] Calling method '>' {{(pid=113643) _process_stack /opt/stack/nova/nova/api/openstack/wsgi.py:513}}
Jun 22 00:48:36.966415 dv-cinder-753305-6-iscsi devstack@n-api.service[113643]: DEBUG nova.compute.api [None req-0ffe4fbe-7f67-4671-8111-6307a80457af tempest-AttachVolumeNegativeTest-1977143494 tempest-AttachVolumeNegativeTest-1977143494-project] [instance: c07c210f-1f0e-43e6-a443-97eb947a365e] Fetching instance by UUID {{(pid=113643) get /opt/stack/nova/nova/compute/api.py:2795}}
Jun 22 00:48:37.071717 dv-cinder-753305-6-iscsi devstack@n-api.service[113643]: DEBUG nova.policy [None req-0ffe4fbe-7f67-4671-8111-6307a80457af tempest-AttachVolumeNegativeTest-1977143494 tempest-AttachVolumeNegativeTest-1977143494-project] Policy check for os_compute_api:os-extended-server-attributes failed with credentials {'is_admin': False, 'user_id': '42b4752136ff403ea68dfc30c0043223', 'user_domain_id': 'default', 'system_scope': None, 'domain_id': None, 'project_id': 'abed0509eac14d0f94282f9058c84b9b', 'project_domain_id': 'default', 'roles': ['member', 'reader'], 'is_admin_project': True, 'service_user_id': None, 'service_user_domain_id': None, 'service_project_id': None, 'service_project_domain_id': None, 'service_roles': []} {{(pid=113643) authorize /opt/stack/nova/nova/policy.py:199}}
Jun 22 00:48:37.075224 dv-cinder-753305-6-iscsi devstack@n-api.service[113643]: /opt/stack/nova/nova/db/sqlalchemy/api.py:2775: SAWarning: TypeDecorator SoftDeleteInteger() will not produce a cache key because the ``cache_ok`` flag is not set to True. Set this flag to True if this type object's state is safe to use in a cache key, or False to disable this warning.
Jun 22 00:48:37.075224 dv-cinder-753305-6-iscsi devstack@n-api.service[113643]: return _block_device_mapping_get_query(context).filter(
Jun 22 00:48:37.083100 dv-cinder-753305-6-iscsi devstack@n-api.service[113643]: INFO nova.api.openstack.requestlog [None req-0ffe4fbe-7f67-4671-8111-6307a80457af tempest-AttachVolumeNegativeTest-1977143494 tempest-AttachVolumeNegativeTest-1977143494-project] 10.222.0.26 "GET /compute/v2.1/servers/c07c210f-1f0e-43e6-a443-97eb947a365e" status: 200 len: 1218 microversion: 2.1 time: 0.121655
Jun 22 00:48:37.084394 dv-cinder-753305-6-iscsi devstack@n-api.service[113643]: [pid: 113643|app: 0|req: 11/17] 10.222.0.26 () {58 vars in 1236 bytes} [Tue Jun 22 00:48:36 2021] GET /compute/v2.1/servers/c07c210f-1f0e-43e6-a443-97eb947a365e => generated 1218 bytes in 123 msecs (HTTP/1.1 200) 9 headers in 358 bytes (1 switches on core 0)
Jun 22 00:48:37.365356 dv-cinder-753305-6-iscsi devstack@n-api.service[113642]: DEBUG nova.api.openstack.wsgi [None req-bf1c1a2b-5f17-423c-a7b6-4ca8c17d21f9 tempest-VolumesGetTestJSON-58233834 tempest-VolumesGetTestJSON-58233834-project] Calling method '.version_select at 0x7fc4752e7670>' {{(pid=113642) _process_stack /opt/stack/nova/nova/api/openstack/wsgi.py:513}}
Jun 22 00:48:37.439091 dv-cinder-753305-6-iscsi devstack@n-api.service[113642]: INFO nova.api.openstack.requestlog [None req-bf1c1a2b-5f17-423c-a7b6-4ca8c17d21f9 tempest-VolumesGetTestJSON-58233834 tempest-VolumesGetTestJSON-58233834-project] 10.222.0.26 "GET /compute/v2.1/os-volumes/acd122e4-47ed-4d63-bfb7-2f7df8373524" status: 200 len: 353 microversion: 2.1 time: 0.077035
Jun 22 00:48:37.442958 dv-cinder-753305-6-iscsi devstack@n-api.service[113642]: [pid: 113642|app: 0|req: 7/18] 10.222.0.26 () {58 vars in 1245 bytes} [Tue Jun 22 00:48:37 2021] GET /compute/v2.1/os-volumes/acd122e4-47ed-4d63-bfb7-2f7df8373524 => generated 353 bytes in 79 msecs (HTTP/1.1 200) 9 headers in 357 bytes (1 switches on core 0)
Jun 22 00:48:37.484131 dv-cinder-753305-6-iscsi devstack@n-api.service[113643]: DEBUG nova.api.openstack.wsgi [None req-6f39ad5e-06a5-4239-a5b5-10f7ed035c1e tempest-VolumesSnapshotsTestJSON-2037749951 tempest-VolumesSnapshotsTestJSON-2037749951-project] Calling method '.version_select at 0x7fc4753018b0>' {{(pid=113643) _process_stack /opt/stack/nova/nova/api/openstack/wsgi.py:513}}
Jun 22 00:48:37.541362 dv-cinder-753305-6-iscsi devstack@n-api.service[113643]: INFO nova.api.openstack.requestlog [None req-6f39ad5e-06a5-4239-a5b5-10f7ed035c1e tempest-VolumesSnapshotsTestJSON-2037749951 tempest-VolumesSnapshotsTestJSON-2037749951-project] 10.222.0.26 "GET /compute/v2.1/os-snapshots/b34cacdf-fbb7-442b-bd65-186ef426068f" status: 200 len: 287 microversion: 2.1 time: 0.061966
Jun 22 00:48:37.542161 dv-cinder-753305-6-iscsi devstack@n-api.service[113643]: [pid: 113643|app: 0|req: 12/19] 10.222.0.26 () {58 vars in 1251 bytes} [Tue Jun 22 00:48:37 2021] GET /compute/v2.1/os-snapshots/b34cacdf-fbb7-442b-bd65-186ef426068f => generated 287 bytes in 64 msecs (HTTP/1.1 200) 9 headers in 357 bytes (1 switches on core 0)
Jun 22 00:48:37.738823 dv-cinder-753305-6-iscsi devstack@n-api.service[113642]: DEBUG nova.api.openstack.wsgi [None req-20f6a3ae-1217-4de1-aba3-305667df308f tempest-DeleteServersTestJSON-229252150 tempest-DeleteServersTestJSON-229252150-project] Calling method '>' {{(pid=113642) _process_stack /opt/stack/nova/nova/api/openstack/wsgi.py:513}}
Jun 22 00:48:37.739576 dv-cinder-753305-6-iscsi devstack@n-api.service[113642]: DEBUG nova.compute.api [None req-20f6a3ae-1217-4de1-aba3-305667df308f tempest-DeleteServersTestJSON-229252150 tempest-DeleteServersTestJSON-229252150-project] [instance: c5317b7f-8f43-44bd-8764-9a2bc46bc529] Fetching instance by UUID {{(pid=113642) get /opt/stack/nova/nova/compute/api.py:2795}}
Jun 22 00:48:37.770020 dv-cinder-753305-6-iscsi devstack@n-api.service[113642]: DEBUG oslo_concurrency.lockutils [None req-20f6a3ae-1217-4de1-aba3-305667df308f tempest-DeleteServersTestJSON-229252150 tempest-DeleteServersTestJSON-229252150-project] Lock "f059b335-a388-42ee-ab53-995a32f70ab2" acquired by "nova.context.set_target_cell..get_or_set_cached_cell_and_set_connections" :: waited 0.005s {{(pid=113642) inner /usr/local/lib/python3.8/dist-packages/oslo_concurrency/lockutils.py:355}}
Jun 22 00:48:37.774024 dv-cinder-753305-6-iscsi devstack@n-api.service[113642]: DEBUG oslo_concurrency.lockutils [None req-20f6a3ae-1217-4de1-aba3-305667df308f tempest-DeleteServersTestJSON-229252150 tempest-DeleteServersTestJSON-229252150-project] Lock "f059b335-a388-42ee-ab53-995a32f70ab2" released by "nova.context.set_target_cell..get_or_set_cached_cell_and_set_connections" :: held 0.010s {{(pid=113642) inner /usr/local/lib/python3.8/dist-packages/oslo_concurrency/lockutils.py:367}}
Jun 22 00:48:37.777527 dv-cinder-753305-6-iscsi devstack@n-api.service[113642]: DEBUG oslo_concurrency.lockutils [None req-20f6a3ae-1217-4de1-aba3-305667df308f tempest-DeleteServersTestJSON-229252150 tempest-DeleteServersTestJSON-229252150-project] Lock "f059b335-a388-42ee-ab53-995a32f70ab2" acquired by "nova.context.set_target_cell..get_or_set_cached_cell_and_set_connections" :: waited 0.000s {{(pid=113642) inner /usr/local/lib/python3.8/dist-packages/oslo_concurrency/lockutils.py:355}}
Jun 22 00:48:37.779623 dv-cinder-753305-6-iscsi devstack@n-api.service[113642]: DEBUG oslo_concurrency.lockutils [None req-20f6a3ae-1217-4de1-aba3-305667df308f tempest-DeleteServersTestJSON-229252150 tempest-DeleteServersTestJSON-229252150-project] Lock "f059b335-a388-42ee-ab53-995a32f70ab2" released by "nova.context.set_target_cell..get_or_set_cached_cell_and_set_connections" :: held 0.002s {{(pid=113642) inner /usr/local/lib/python3.8/dist-packages/oslo_concurrency/lockutils.py:367}}
Jun 22 00:48:37.800970 dv-cinder-753305-6-iscsi devstack@n-api.service[113642]: /opt/stack/nova/nova/db/sqlalchemy/api.py:1217: SAWarning: TypeDecorator SoftDeleteInteger() will not produce a cache key because the ``cache_ok`` flag is not set to True. Set this flag to True if this type object's state is safe to use in a cache key, or False to disable this warning.
Jun 22 00:48:37.800970 dv-cinder-753305-6-iscsi devstack@n-api.service[113642]: result = _build_instance_get(context, columns_to_join=columns_to_join).\
Jun 22 00:48:38.100505 dv-cinder-753305-6-iscsi devstack@n-api.service[113643]: DEBUG nova.api.openstack.wsgi [None req-0da9bcfb-4d0a-4d5d-ae54-8dba9134682c tempest-AttachVolumeNegativeTest-1977143494 tempest-AttachVolumeNegativeTest-1977143494-project] Calling method '>' {{(pid=113643) _process_stack /opt/stack/nova/nova/api/openstack/wsgi.py:513}}
Jun 22 00:48:38.101125 dv-cinder-753305-6-iscsi devstack@n-api.service[113643]: DEBUG nova.compute.api [None req-0da9bcfb-4d0a-4d5d-ae54-8dba9134682c tempest-AttachVolumeNegativeTest-1977143494 tempest-AttachVolumeNegativeTest-1977143494-project] [instance: c07c210f-1f0e-43e6-a443-97eb947a365e] Fetching instance by UUID {{(pid=113643) get /opt/stack/nova/nova/compute/api.py:2795}}
Jun 22 00:48:38.291016 dv-cinder-753305-6-iscsi devstack@n-api.service[113643]: DEBUG nova.policy [None req-0da9bcfb-4d0a-4d5d-ae54-8dba9134682c tempest-AttachVolumeNegativeTest-1977143494 tempest-AttachVolumeNegativeTest-1977143494-project] Policy check for os_compute_api:os-extended-server-attributes failed with credentials {'is_admin': False, 'user_id': '42b4752136ff403ea68dfc30c0043223', 'user_domain_id': 'default', 'system_scope': None, 'domain_id': None, 'project_id': 'abed0509eac14d0f94282f9058c84b9b', 'project_domain_id': 'default', 'roles': ['member', 'reader'], 'is_admin_project': True, 'service_user_id': None, 'service_user_domain_id': None, 'service_project_id': None, 'service_project_domain_id': None, 'service_roles': []} {{(pid=113643) authorize /opt/stack/nova/nova/policy.py:199}}
Jun 22 00:48:38.291367 dv-cinder-753305-6-iscsi devstack@n-api.service[113642]: DEBUG nova.policy [None req-20f6a3ae-1217-4de1-aba3-305667df308f tempest-DeleteServersTestJSON-229252150 tempest-DeleteServersTestJSON-229252150-project] Policy check for os_compute_api:os-extended-server-attributes failed with credentials {'is_admin': False, 'user_id': '60aadcc1123f40f78dcfc0040d08ce3b', 'user_domain_id': 'default', 'system_scope': None, 'domain_id': None, 'project_id': '896c69f422014f24919ffe540453ce41', 'project_domain_id': 'default', 'roles': ['member', 'reader'], 'is_admin_project': True, 'service_user_id': None, 'service_user_domain_id': None, 'service_project_id': None, 'service_project_domain_id': None, 'service_roles': []} {{(pid=113642) authorize /opt/stack/nova/nova/policy.py:199}}
Jun 22 00:48:38.294235 dv-cinder-753305-6-iscsi devstack@n-api.service[113643]: /opt/stack/nova/nova/db/sqlalchemy/api.py:2775: SAWarning: TypeDecorator SoftDeleteInteger() will not produce a cache key because the ``cache_ok`` flag is not set to True. Set this flag to True if this type object's state is safe to use in a cache key, or False to disable this warning.
Jun 22 00:48:38.294235 dv-cinder-753305-6-iscsi devstack@n-api.service[113643]: return _block_device_mapping_get_query(context).filter(
Jun 22 00:48:38.294460 dv-cinder-753305-6-iscsi devstack@n-api.service[113642]: /opt/stack/nova/nova/db/sqlalchemy/api.py:2775: SAWarning: TypeDecorator SoftDeleteInteger() will not produce a cache key because the ``cache_ok`` flag is not set to True. Set this flag to True if this type object's state is safe to use in a cache key, or False to disable this warning.
Jun 22 00:48:38.294460 dv-cinder-753305-6-iscsi devstack@n-api.service[113642]: return _block_device_mapping_get_query(context).filter(
Jun 22 00:48:38.308069 dv-cinder-753305-6-iscsi devstack@n-api.service[113643]: INFO nova.api.openstack.requestlog [None req-0da9bcfb-4d0a-4d5d-ae54-8dba9134682c tempest-AttachVolumeNegativeTest-1977143494 tempest-AttachVolumeNegativeTest-1977143494-project] 10.222.0.26 "GET /compute/v2.1/servers/c07c210f-1f0e-43e6-a443-97eb947a365e" status: 200 len: 1218 microversion: 2.1 time: 0.211480
Jun 22 00:48:38.314572 dv-cinder-753305-6-iscsi devstack@n-api.service[113643]: [pid: 113643|app: 0|req: 13/20] 10.222.0.26 () {58 vars in 1236 bytes} [Tue Jun 22 00:48:38 2021] GET /compute/v2.1/servers/c07c210f-1f0e-43e6-a443-97eb947a365e => generated 1218 bytes in 219 msecs (HTTP/1.1 200) 9 headers in 358 bytes (2 switches on core 0)
Jun 22 00:48:38.316031 dv-cinder-753305-6-iscsi devstack@n-api.service[113642]: INFO nova.api.openstack.requestlog [None req-20f6a3ae-1217-4de1-aba3-305667df308f tempest-DeleteServersTestJSON-229252150 tempest-DeleteServersTestJSON-229252150-project] 10.222.0.26 "GET /compute/v2.1/servers/c5317b7f-8f43-44bd-8764-9a2bc46bc529" status: 200 len: 1219 microversion: 2.1 time: 0.583449
Jun 22 00:48:38.325412 dv-cinder-753305-6-iscsi devstack@n-api.service[113642]: [pid: 113642|app: 0|req: 8/21] 10.222.0.26 () {58 vars in 1236 bytes} [Tue Jun 22 00:48:37 2021] GET /compute/v2.1/servers/c5317b7f-8f43-44bd-8764-9a2bc46bc529 => generated 1219 bytes in 586 msecs (HTTP/1.1 200) 9 headers in 358 bytes (1 switches on core 0)
Jun 22 00:48:38.451635 dv-cinder-753305-6-iscsi devstack@n-api.service[113643]: DEBUG nova.api.openstack.wsgi [None req-c4cc56ac-2976-40e3-afab-b1f7a24ec8d0 tempest-VolumesGetTestJSON-58233834 tempest-VolumesGetTestJSON-58233834-project] Calling method '.version_select at 0x7fc4752e15e0>' {{(pid=113643) _process_stack /opt/stack/nova/nova/api/openstack/wsgi.py:513}}
Jun 22 00:48:38.554881 dv-cinder-753305-6-iscsi devstack@n-api.service[113642]: DEBUG nova.api.openstack.wsgi [None req-0a978900-6d9e-4353-b81b-b6bd9af74bfe tempest-VolumesSnapshotsTestJSON-2037749951 tempest-VolumesSnapshotsTestJSON-2037749951-project] Calling method '.version_select at 0x7fc474a6eca0>' {{(pid=113642) _process_stack /opt/stack/nova/nova/api/openstack/wsgi.py:513}}
Jun 22 00:48:38.556855 dv-cinder-753305-6-iscsi devstack@n-api.service[113643]: INFO nova.api.openstack.requestlog [None req-c4cc56ac-2976-40e3-afab-b1f7a24ec8d0 tempest-VolumesGetTestJSON-58233834 tempest-VolumesGetTestJSON-58233834-project] 10.222.0.26 "GET /compute/v2.1/os-volumes/acd122e4-47ed-4d63-bfb7-2f7df8373524" status: 200 len: 353 microversion: 2.1 time: 0.108837
Jun 22 00:48:38.557881 dv-cinder-753305-6-iscsi devstack@n-api.service[113643]: [pid: 113643|app: 0|req: 14/22] 10.222.0.26 () {58 vars in 1245 bytes} [Tue Jun 22 00:48:38 2021] GET /compute/v2.1/os-volumes/acd122e4-47ed-4d63-bfb7-2f7df8373524 => generated 353 bytes in 110 msecs (HTTP/1.1 200) 9 headers in 357 bytes (1 switches on core 0)
Jun 22 00:48:38.611323 dv-cinder-753305-6-iscsi devstack@n-api.service[113642]: INFO nova.api.openstack.requestlog [None req-0a978900-6d9e-4353-b81b-b6bd9af74bfe tempest-VolumesSnapshotsTestJSON-2037749951 tempest-VolumesSnapshotsTestJSON-2037749951-project] 10.222.0.26 "GET /compute/v2.1/os-snapshots/b34cacdf-fbb7-442b-bd65-186ef426068f" status: 200 len: 287 microversion: 2.1 time: 0.061042
Jun 22 00:48:38.616286 dv-cinder-753305-6-iscsi devstack@n-api.service[113642]: [pid: 113642|app: 0|req: 9/23] 10.222.0.26 () {58 vars in 1251 bytes} [Tue Jun 22 00:48:38 2021] GET /compute/v2.1/os-snapshots/b34cacdf-fbb7-442b-bd65-186ef426068f => generated 287 bytes in 63 msecs (HTTP/1.1 200) 9 headers in 357 bytes (1 switches on core 0)
Jun 22 00:48:39.361219 dv-cinder-753305-6-iscsi devstack@n-api.service[113643]: DEBUG nova.api.openstack.wsgi [None req-c04962d3-9b9d-47cb-b7ea-22c8252fe4c3 tempest-AttachVolumeNegativeTest-1977143494 tempest-AttachVolumeNegativeTest-1977143494-project] Calling method '>' {{(pid=113643) _process_stack /opt/stack/nova/nova/api/openstack/wsgi.py:513}}
Jun 22 00:48:39.365377 dv-cinder-753305-6-iscsi devstack@n-api.service[113642]: DEBUG nova.api.openstack.wsgi [None req-8e52da32-68d8-4686-b9e4-095da20f9ead tempest-DeleteServersTestJSON-229252150 tempest-DeleteServersTestJSON-229252150-project] Calling method '>' {{(pid=113642) _process_stack /opt/stack/nova/nova/api/openstack/wsgi.py:513}}
Jun 22 00:48:39.366265 dv-cinder-753305-6-iscsi devstack@n-api.service[113642]: DEBUG nova.compute.api [None req-8e52da32-68d8-4686-b9e4-095da20f9ead tempest-DeleteServersTestJSON-229252150 tempest-DeleteServersTestJSON-229252150-project] [instance: c5317b7f-8f43-44bd-8764-9a2bc46bc529] Fetching instance by UUID {{(pid=113642) get /opt/stack/nova/nova/compute/api.py:2795}}
Jun 22 00:48:39.380457 dv-cinder-753305-6-iscsi devstack@n-api.service[113643]: DEBUG nova.compute.api [None req-c04962d3-9b9d-47cb-b7ea-22c8252fe4c3 tempest-AttachVolumeNegativeTest-1977143494 tempest-AttachVolumeNegativeTest-1977143494-project] [instance: c07c210f-1f0e-43e6-a443-97eb947a365e] Fetching instance by UUID {{(pid=113643) get /opt/stack/nova/nova/compute/api.py:2795}}
Jun 22 00:48:39.399735 dv-cinder-753305-6-iscsi devstack@n-api.service[113643]: DEBUG oslo_concurrency.lockutils [None req-c04962d3-9b9d-47cb-b7ea-22c8252fe4c3 tempest-AttachVolumeNegativeTest-1977143494 tempest-AttachVolumeNegativeTest-1977143494-project] Lock "f059b335-a388-42ee-ab53-995a32f70ab2" acquired by "nova.context.set_target_cell..get_or_set_cached_cell_and_set_connections" :: waited 0.000s {{(pid=113643) inner /usr/local/lib/python3.8/dist-packages/oslo_concurrency/lockutils.py:355}}
Jun 22 00:48:39.400568 dv-cinder-753305-6-iscsi devstack@n-api.service[113642]: DEBUG oslo_concurrency.lockutils [None req-8e52da32-68d8-4686-b9e4-095da20f9ead tempest-DeleteServersTestJSON-229252150 tempest-DeleteServersTestJSON-229252150-project] Lock "f059b335-a388-42ee-ab53-995a32f70ab2" acquired by "nova.context.set_target_cell..get_or_set_cached_cell_and_set_connections" :: waited 0.000s {{(pid=113642) inner /usr/local/lib/python3.8/dist-packages/oslo_concurrency/lockutils.py:355}}
Jun 22 00:48:39.401412 dv-cinder-753305-6-iscsi devstack@n-api.service[113643]: DEBUG oslo_concurrency.lockutils [None req-c04962d3-9b9d-47cb-b7ea-22c8252fe4c3 tempest-AttachVolumeNegativeTest-1977143494 tempest-AttachVolumeNegativeTest-1977143494-project] Lock "f059b335-a388-42ee-ab53-995a32f70ab2" released by "nova.context.set_target_cell..get_or_set_cached_cell_and_set_connections" :: held 0.002s {{(pid=113643) inner /usr/local/lib/python3.8/dist-packages/oslo_concurrency/lockutils.py:367}}
Jun 22 00:48:39.402694 dv-cinder-753305-6-iscsi devstack@n-api.service[113642]: DEBUG oslo_concurrency.lockutils [None req-8e52da32-68d8-4686-b9e4-095da20f9ead tempest-DeleteServersTestJSON-229252150 tempest-DeleteServersTestJSON-229252150-project] Lock "f059b335-a388-42ee-ab53-995a32f70ab2" released by "nova.context.set_target_cell..get_or_set_cached_cell_and_set_connections" :: held 0.002s {{(pid=113642) inner /usr/local/lib/python3.8/dist-packages/oslo_concurrency/lockutils.py:367}}
Jun 22 00:48:39.404001 dv-cinder-753305-6-iscsi devstack@n-api.service[113643]: DEBUG oslo_concurrency.lockutils [None req-c04962d3-9b9d-47cb-b7ea-22c8252fe4c3 tempest-AttachVolumeNegativeTest-1977143494 tempest-AttachVolumeNegativeTest-1977143494-project] Lock "f059b335-a388-42ee-ab53-995a32f70ab2" acquired by "nova.context.set_target_cell..get_or_set_cached_cell_and_set_connections" :: waited 0.000s {{(pid=113643) inner /usr/local/lib/python3.8/dist-packages/oslo_concurrency/lockutils.py:355}}
Jun 22 00:48:39.404706 dv-cinder-753305-6-iscsi devstack@n-api.service[113643]: DEBUG oslo_concurrency.lockutils [None req-c04962d3-9b9d-47cb-b7ea-22c8252fe4c3 tempest-AttachVolumeNegativeTest-1977143494 tempest-AttachVolumeNegativeTest-1977143494-project] Lock "f059b335-a388-42ee-ab53-995a32f70ab2" released by "nova.context.set_target_cell..get_or_set_cached_cell_and_set_connections" :: held 0.002s {{(pid=113643) inner /usr/local/lib/python3.8/dist-packages/oslo_concurrency/lockutils.py:367}}
Jun 22 00:48:39.405079 dv-cinder-753305-6-iscsi devstack@n-api.service[113642]: DEBUG oslo_concurrency.lockutils [None req-8e52da32-68d8-4686-b9e4-095da20f9ead tempest-DeleteServersTestJSON-229252150 tempest-DeleteServersTestJSON-229252150-project] Lock "f059b335-a388-42ee-ab53-995a32f70ab2" acquired by "nova.context.set_target_cell..get_or_set_cached_cell_and_set_connections" :: waited 0.000s {{(pid=113642) inner /usr/local/lib/python3.8/dist-packages/oslo_concurrency/lockutils.py:355}}
Jun 22 00:48:39.405675 dv-cinder-753305-6-iscsi devstack@n-api.service[113642]: DEBUG oslo_concurrency.lockutils [None req-8e52da32-68d8-4686-b9e4-095da20f9ead tempest-DeleteServersTestJSON-229252150 tempest-DeleteServersTestJSON-229252150-project] Lock "f059b335-a388-42ee-ab53-995a32f70ab2" released by "nova.context.set_target_cell..get_or_set_cached_cell_and_set_connections" :: held 0.002s {{(pid=113642) inner /usr/local/lib/python3.8/dist-packages/oslo_concurrency/lockutils.py:367}}
Jun 22 00:48:39.413791 dv-cinder-753305-6-iscsi devstack@n-api.service[113642]: /opt/stack/nova/nova/db/sqlalchemy/api.py:1217: SAWarning: TypeDecorator SoftDeleteInteger() will not produce a cache key because the ``cache_ok`` flag is not set to True. Set this flag to True if this type object's state is safe to use in a cache key, or False to disable this warning.
Jun 22 00:48:39.413791 dv-cinder-753305-6-iscsi devstack@n-api.service[113642]: result = _build_instance_get(context, columns_to_join=columns_to_join).\
Jun 22 00:48:39.415912 dv-cinder-753305-6-iscsi devstack@n-api.service[113643]: /opt/stack/nova/nova/db/sqlalchemy/api.py:1217: SAWarning: TypeDecorator SoftDeleteInteger() will not produce a cache key because the ``cache_ok`` flag is not set to True. Set this flag to True if this type object's state is safe to use in a cache key, or False to disable this warning.
Jun 22 00:48:39.415912 dv-cinder-753305-6-iscsi devstack@n-api.service[113643]: result = _build_instance_get(context, columns_to_join=columns_to_join).\
Jun 22 00:48:39.816138 dv-cinder-753305-6-iscsi devstack@n-api.service[113643]: DEBUG nova.policy [None req-c04962d3-9b9d-47cb-b7ea-22c8252fe4c3 tempest-AttachVolumeNegativeTest-1977143494 tempest-AttachVolumeNegativeTest-1977143494-project] Policy check for os_compute_api:os-extended-server-attributes failed with credentials {'is_admin': False, 'user_id': '42b4752136ff403ea68dfc30c0043223', 'user_domain_id': 'default', 'system_scope': None, 'domain_id': None, 'project_id': 'abed0509eac14d0f94282f9058c84b9b', 'project_domain_id': 'default', 'roles': ['member', 'reader'], 'is_admin_project': True, 'service_user_id': None, 'service_user_domain_id': None, 'service_project_id': None, 'service_project_domain_id': None, 'service_roles': []} {{(pid=113643) authorize /opt/stack/nova/nova/policy.py:199}}
Jun 22 00:48:39.820373 dv-cinder-753305-6-iscsi devstack@n-api.service[113643]: /opt/stack/nova/nova/db/sqlalchemy/api.py:2775: SAWarning: TypeDecorator SoftDeleteInteger() will not produce a cache key because the ``cache_ok`` flag is not set to True. Set this flag to True if this type object's state is safe to use in a cache key, or False to disable this warning.
Jun 22 00:48:39.820373 dv-cinder-753305-6-iscsi devstack@n-api.service[113643]: return _block_device_mapping_get_query(context).filter(
Jun 22 00:48:39.840439 dv-cinder-753305-6-iscsi devstack@n-api.service[113643]: INFO nova.api.openstack.requestlog [None req-c04962d3-9b9d-47cb-b7ea-22c8252fe4c3 tempest-AttachVolumeNegativeTest-1977143494 tempest-AttachVolumeNegativeTest-1977143494-project] 10.222.0.26 "GET /compute/v2.1/servers/c07c210f-1f0e-43e6-a443-97eb947a365e" status: 200 len: 1222 microversion: 2.1 time: 0.505519
Jun 22 00:48:39.841795 dv-cinder-753305-6-iscsi devstack@n-api.service[113643]: [pid: 113643|app: 0|req: 15/24] 10.222.0.26 () {58 vars in 1236 bytes} [Tue Jun 22 00:48:39 2021] GET /compute/v2.1/servers/c07c210f-1f0e-43e6-a443-97eb947a365e => generated 1222 bytes in 516 msecs (HTTP/1.1 200) 9 headers in 358 bytes (1 switches on core 0)
Jun 22 00:48:39.851803 dv-cinder-753305-6-iscsi devstack@n-api.service[113643]: DEBUG nova.api.openstack.wsgi [None req-81106ded-1e0e-450e-98e7-67b54b4a5a56 tempest-VolumesGetTestJSON-58233834 tempest-VolumesGetTestJSON-58233834-project] Calling method '.version_select at 0x7fc474a8c550>' {{(pid=113643) _process_stack /opt/stack/nova/nova/api/openstack/wsgi.py:513}}
Jun 22 00:48:39.968188 dv-cinder-753305-6-iscsi devstack@n-api.service[113643]: INFO nova.api.openstack.requestlog [None req-81106ded-1e0e-450e-98e7-67b54b4a5a56 tempest-VolumesGetTestJSON-58233834 tempest-VolumesGetTestJSON-58233834-project] 10.222.0.26 "GET /compute/v2.1/os-volumes/acd122e4-47ed-4d63-bfb7-2f7df8373524" status: 200 len: 353 microversion: 2.1 time: 0.124935
Jun 22 00:48:39.969406 dv-cinder-753305-6-iscsi devstack@n-api.service[113643]: [pid: 113643|app: 0|req: 16/25] 10.222.0.26 () {58 vars in 1245 bytes} [Tue Jun 22 00:48:39 2021] GET /compute/v2.1/os-volumes/acd122e4-47ed-4d63-bfb7-2f7df8373524 => generated 353 bytes in 127 msecs (HTTP/1.1 200) 9 headers in 357 bytes (1 switches on core 0)
Jun 22 00:48:39.977961 dv-cinder-753305-6-iscsi devstack@n-api.service[113643]: DEBUG nova.api.openstack.wsgi [None req-1ebe753e-648c-44da-ab49-09064a4ba2b1 tempest-VolumesSnapshotsTestJSON-2037749951 tempest-VolumesSnapshotsTestJSON-2037749951-project] Calling method '.version_select at 0x7fc474a74160>' {{(pid=113643) _process_stack /opt/stack/nova/nova/api/openstack/wsgi.py:513}}
Jun 22 00:48:40.037312 dv-cinder-753305-6-iscsi devstack@n-api.service[113643]: INFO nova.api.openstack.requestlog [None req-1ebe753e-648c-44da-ab49-09064a4ba2b1 tempest-VolumesSnapshotsTestJSON-2037749951 tempest-VolumesSnapshotsTestJSON-2037749951-project] 10.222.0.26 "GET /compute/v2.1/os-snapshots/b34cacdf-fbb7-442b-bd65-186ef426068f" status: 200 len: 287 microversion: 2.1 time: 0.066507
Jun 22 00:48:40.037895 dv-cinder-753305-6-iscsi devstack@n-api.service[113643]: [pid: 113643|app: 0|req: 17/26] 10.222.0.26 () {58 vars in 1251 bytes} [Tue Jun 22 00:48:39 2021] GET /compute/v2.1/os-snapshots/b34cacdf-fbb7-442b-bd65-186ef426068f => generated 287 bytes in 68 msecs (HTTP/1.1 200) 9 headers in 357 bytes (1 switches on core 0)
Jun 22 00:48:40.047620 dv-cinder-753305-6-iscsi devstack@n-api.service[113642]: DEBUG nova.policy [None req-8e52da32-68d8-4686-b9e4-095da20f9ead tempest-DeleteServersTestJSON-229252150 tempest-DeleteServersTestJSON-229252150-project] Policy check for os_compute_api:os-extended-server-attributes failed with credentials {'is_admin': False, 'user_id': '60aadcc1123f40f78dcfc0040d08ce3b', 'user_domain_id': 'default', 'system_scope': None, 'domain_id': None, 'project_id': '896c69f422014f24919ffe540453ce41', 'project_domain_id': 'default', 'roles': ['member', 'reader'], 'is_admin_project': True, 'service_user_id': None, 'service_user_domain_id': None, 'service_project_id': None, 'service_project_domain_id': None, 'service_roles': []} {{(pid=113642) authorize /opt/stack/nova/nova/policy.py:199}}
Jun 22 00:48:40.050335 dv-cinder-753305-6-iscsi devstack@n-api.service[113642]: /opt/stack/nova/nova/db/sqlalchemy/api.py:2775: SAWarning: TypeDecorator SoftDeleteInteger() will not produce a cache key because the ``cache_ok`` flag is not set to True. Set this flag to True if this type object's state is safe to use in a cache key, or False to disable this warning.
Jun 22 00:48:40.050335 dv-cinder-753305-6-iscsi devstack@n-api.service[113642]: return _block_device_mapping_get_query(context).filter(
Jun 22 00:48:40.068640 dv-cinder-753305-6-iscsi devstack@n-api.service[113642]: INFO nova.api.openstack.requestlog [None req-8e52da32-68d8-4686-b9e4-095da20f9ead tempest-DeleteServersTestJSON-229252150 tempest-DeleteServersTestJSON-229252150-project] 10.222.0.26 "GET /compute/v2.1/servers/c5317b7f-8f43-44bd-8764-9a2bc46bc529" status: 200 len: 1219 microversion: 2.1 time: 0.727031
Jun 22 00:48:40.079024 dv-cinder-753305-6-iscsi devstack@n-api.service[113642]: [pid: 113642|app: 0|req: 10/27] 10.222.0.26 () {58 vars in 1236 bytes} [Tue Jun 22 00:48:39 2021] GET /compute/v2.1/servers/c5317b7f-8f43-44bd-8764-9a2bc46bc529 => generated 1219 bytes in 747 msecs (HTTP/1.1 200) 9 headers in 358 bytes (1 switches on core 0)
Jun 22 00:48:40.857360 dv-cinder-753305-6-iscsi devstack@n-api.service[113643]: DEBUG nova.api.openstack.wsgi [None req-2570f860-6fd2-4dd0-ac8a-b4b29532b463 tempest-AttachVolumeNegativeTest-1977143494 tempest-AttachVolumeNegativeTest-1977143494-project] Calling method '>' {{(pid=113643) _process_stack /opt/stack/nova/nova/api/openstack/wsgi.py:513}}
Jun 22 00:48:40.858317 dv-cinder-753305-6-iscsi devstack@n-api.service[113643]: DEBUG nova.compute.api [None req-2570f860-6fd2-4dd0-ac8a-b4b29532b463 tempest-AttachVolumeNegativeTest-1977143494 tempest-AttachVolumeNegativeTest-1977143494-project] [instance: c07c210f-1f0e-43e6-a443-97eb947a365e] Fetching instance by UUID {{(pid=113643) get /opt/stack/nova/nova/compute/api.py:2795}}
Jun 22 00:48:40.872114 dv-cinder-753305-6-iscsi devstack@n-api.service[113643]: DEBUG oslo_concurrency.lockutils [None req-2570f860-6fd2-4dd0-ac8a-b4b29532b463 tempest-AttachVolumeNegativeTest-1977143494 tempest-AttachVolumeNegativeTest-1977143494-project] Lock "f059b335-a388-42ee-ab53-995a32f70ab2" acquired by "nova.context.set_target_cell..get_or_set_cached_cell_and_set_connections" :: waited 0.000s {{(pid=113643) inner /usr/local/lib/python3.8/dist-packages/oslo_concurrency/lockutils.py:355}}
Jun 22 00:48:40.872650 dv-cinder-753305-6-iscsi devstack@n-api.service[113643]: DEBUG oslo_concurrency.lockutils [None req-2570f860-6fd2-4dd0-ac8a-b4b29532b463 tempest-AttachVolumeNegativeTest-1977143494 tempest-AttachVolumeNegativeTest-1977143494-project] Lock "f059b335-a388-42ee-ab53-995a32f70ab2" released by "nova.context.set_target_cell..get_or_set_cached_cell_and_set_connections" :: held 0.004s {{(pid=113643) inner /usr/local/lib/python3.8/dist-packages/oslo_concurrency/lockutils.py:367}}
Jun 22 00:48:40.873478 dv-cinder-753305-6-iscsi devstack@n-api.service[113643]: DEBUG oslo_concurrency.lockutils [None req-2570f860-6fd2-4dd0-ac8a-b4b29532b463 tempest-AttachVolumeNegativeTest-1977143494 tempest-AttachVolumeNegativeTest-1977143494-project] Lock "f059b335-a388-42ee-ab53-995a32f70ab2" acquired by "nova.context.set_target_cell..get_or_set_cached_cell_and_set_connections" :: waited 0.000s {{(pid=113643) inner /usr/local/lib/python3.8/dist-packages/oslo_concurrency/lockutils.py:355}}
Jun 22 00:48:40.873915 dv-cinder-753305-6-iscsi devstack@n-api.service[113643]: DEBUG oslo_concurrency.lockutils [None req-2570f860-6fd2-4dd0-ac8a-b4b29532b463 tempest-AttachVolumeNegativeTest-1977143494 tempest-AttachVolumeNegativeTest-1977143494-project] Lock "f059b335-a388-42ee-ab53-995a32f70ab2" released by "nova.context.set_target_cell..get_or_set_cached_cell_and_set_connections" :: held 0.000s {{(pid=113643) inner /usr/local/lib/python3.8/dist-packages/oslo_concurrency/lockutils.py:367}}
Jun 22 00:48:40.880199 dv-cinder-753305-6-iscsi devstack@n-api.service[113643]: /opt/stack/nova/nova/db/sqlalchemy/api.py:1217: SAWarning: TypeDecorator SoftDeleteInteger() will not produce a cache key because the ``cache_ok`` flag is not set to True. Set this flag to True if this type object's state is safe to use in a cache key, or False to disable this warning.
Jun 22 00:48:40.880199 dv-cinder-753305-6-iscsi devstack@n-api.service[113643]: result = _build_instance_get(context, columns_to_join=columns_to_join).\
Jun 22 00:48:40.980584 dv-cinder-753305-6-iscsi devstack@n-api.service[113642]: DEBUG nova.api.openstack.wsgi [None req-9fcb376e-f3fa-4b85-bba9-16cdc9772d2c tempest-VolumesGetTestJSON-58233834 tempest-VolumesGetTestJSON-58233834-project] Calling method '.version_select at 0x7fc474a6e670>' {{(pid=113642) _process_stack /opt/stack/nova/nova/api/openstack/wsgi.py:513}}
Jun 22 00:48:41.141207 dv-cinder-753305-6-iscsi devstack@n-api.service[113642]: INFO nova.api.openstack.requestlog [None req-9fcb376e-f3fa-4b85-bba9-16cdc9772d2c tempest-VolumesGetTestJSON-58233834 tempest-VolumesGetTestJSON-58233834-project] 10.222.0.26 "GET /compute/v2.1/os-volumes/acd122e4-47ed-4d63-bfb7-2f7df8373524" status: 200 len: 353 microversion: 2.1 time: 0.163961
Jun 22 00:48:41.142495 dv-cinder-753305-6-iscsi devstack@n-api.service[113642]: [pid: 113642|app: 0|req: 11/28] 10.222.0.26 () {58 vars in 1245 bytes} [Tue Jun 22 00:48:40 2021] GET /compute/v2.1/os-volumes/acd122e4-47ed-4d63-bfb7-2f7df8373524 => generated 353 bytes in 167 msecs (HTTP/1.1 200) 9 headers in 357 bytes (2 switches on core 0)
Jun 22 00:48:41.152555 dv-cinder-753305-6-iscsi devstack@n-api.service[113642]: DEBUG nova.api.openstack.wsgi [None req-aa835902-ac56-4ceb-9df7-c0cac957cc7d tempest-VolumesSnapshotsTestJSON-2037749951 tempest-VolumesSnapshotsTestJSON-2037749951-project] Calling method '.version_select at 0x7fc474a11940>' {{(pid=113642) _process_stack /opt/stack/nova/nova/api/openstack/wsgi.py:513}}
Jun 22 00:48:41.204661 dv-cinder-753305-6-iscsi devstack@n-api.service[113642]: INFO nova.api.openstack.requestlog [None req-aa835902-ac56-4ceb-9df7-c0cac957cc7d tempest-VolumesSnapshotsTestJSON-2037749951 tempest-VolumesSnapshotsTestJSON-2037749951-project] 10.222.0.26 "GET /compute/v2.1/os-snapshots/b34cacdf-fbb7-442b-bd65-186ef426068f" status: 200 len: 287 microversion: 2.1 time: 0.059846
Jun 22 00:48:41.205417 dv-cinder-753305-6-iscsi devstack@n-api.service[113642]: [pid: 113642|app: 0|req: 12/29] 10.222.0.26 () {58 vars in 1251 bytes} [Tue Jun 22 00:48:41 2021] GET /compute/v2.1/os-snapshots/b34cacdf-fbb7-442b-bd65-186ef426068f => generated 287 bytes in 61 msecs (HTTP/1.1 200) 9 headers in 357 bytes (1 switches on core 0)
Jun 22 00:48:41.210073 dv-cinder-753305-6-iscsi devstack@n-api.service[113642]: DEBUG nova.api.openstack.wsgi [None req-0a9e7bd6-e042-4adf-8087-a1f08702c154 tempest-DeleteServersTestJSON-229252150 tempest-DeleteServersTestJSON-229252150-project] Calling method '>' {{(pid=113642) _process_stack /opt/stack/nova/nova/api/openstack/wsgi.py:513}}
Jun 22 00:48:41.210774 dv-cinder-753305-6-iscsi devstack@n-api.service[113642]: DEBUG nova.compute.api [None req-0a9e7bd6-e042-4adf-8087-a1f08702c154 tempest-DeleteServersTestJSON-229252150 tempest-DeleteServersTestJSON-229252150-project] [instance: c5317b7f-8f43-44bd-8764-9a2bc46bc529] Fetching instance by UUID {{(pid=113642) get /opt/stack/nova/nova/compute/api.py:2795}}
Jun 22 00:48:41.233793 dv-cinder-753305-6-iscsi devstack@n-api.service[113642]: DEBUG oslo_concurrency.lockutils [None req-0a9e7bd6-e042-4adf-8087-a1f08702c154 tempest-DeleteServersTestJSON-229252150 tempest-DeleteServersTestJSON-229252150-project] Lock "f059b335-a388-42ee-ab53-995a32f70ab2" acquired by "nova.context.set_target_cell..get_or_set_cached_cell_and_set_connections" :: waited 0.000s {{(pid=113642) inner /usr/local/lib/python3.8/dist-packages/oslo_concurrency/lockutils.py:355}}
Jun 22 00:48:41.240434 dv-cinder-753305-6-iscsi devstack@n-api.service[113642]: DEBUG oslo_concurrency.lockutils [None req-0a9e7bd6-e042-4adf-8087-a1f08702c154 tempest-DeleteServersTestJSON-229252150 tempest-DeleteServersTestJSON-229252150-project] Lock "f059b335-a388-42ee-ab53-995a32f70ab2" released by "nova.context.set_target_cell..get_or_set_cached_cell_and_set_connections" :: held 0.007s {{(pid=113642) inner /usr/local/lib/python3.8/dist-packages/oslo_concurrency/lockutils.py:367}}
Jun 22 00:48:41.242297 dv-cinder-753305-6-iscsi devstack@n-api.service[113642]: DEBUG oslo_concurrency.lockutils [None req-0a9e7bd6-e042-4adf-8087-a1f08702c154 tempest-DeleteServersTestJSON-229252150 tempest-DeleteServersTestJSON-229252150-project] Lock "f059b335-a388-42ee-ab53-995a32f70ab2" acquired by "nova.context.set_target_cell..get_or_set_cached_cell_and_set_connections" :: waited 0.000s {{(pid=113642) inner /usr/local/lib/python3.8/dist-packages/oslo_concurrency/lockutils.py:355}}
Jun 22 00:48:41.243756 dv-cinder-753305-6-iscsi devstack@n-api.service[113642]: DEBUG oslo_concurrency.lockutils [None req-0a9e7bd6-e042-4adf-8087-a1f08702c154 tempest-DeleteServersTestJSON-229252150 tempest-DeleteServersTestJSON-229252150-project] Lock "f059b335-a388-42ee-ab53-995a32f70ab2" released by "nova.context.set_target_cell..get_or_set_cached_cell_and_set_connections" :: held 0.001s {{(pid=113642) inner /usr/local/lib/python3.8/dist-packages/oslo_concurrency/lockutils.py:367}}
Jun 22 00:48:41.253678 dv-cinder-753305-6-iscsi devstack@n-api.service[113642]: /opt/stack/nova/nova/db/sqlalchemy/api.py:1217: SAWarning: TypeDecorator SoftDeleteInteger() will not produce a cache key because the ``cache_ok`` flag is not set to True. Set this flag to True if this type object's state is safe to use in a cache key, or False to disable this warning.
Jun 22 00:48:41.253678 dv-cinder-753305-6-iscsi devstack@n-api.service[113642]: result = _build_instance_get(context, columns_to_join=columns_to_join).\
Jun 22 00:48:41.323625 dv-cinder-753305-6-iscsi devstack@n-api.service[113643]: DEBUG nova.policy [None req-2570f860-6fd2-4dd0-ac8a-b4b29532b463 tempest-AttachVolumeNegativeTest-1977143494 tempest-AttachVolumeNegativeTest-1977143494-project] Policy check for os_compute_api:os-extended-server-attributes failed with credentials {'is_admin': False, 'user_id': '42b4752136ff403ea68dfc30c0043223', 'user_domain_id': 'default', 'system_scope': None, 'domain_id': None, 'project_id': 'abed0509eac14d0f94282f9058c84b9b', 'project_domain_id': 'default', 'roles': ['member', 'reader'], 'is_admin_project': True, 'service_user_id': None, 'service_user_domain_id': None, 'service_project_id': None, 'service_project_domain_id': None, 'service_roles': []} {{(pid=113643) authorize /opt/stack/nova/nova/policy.py:199}}
Jun 22 00:48:41.326622 dv-cinder-753305-6-iscsi devstack@n-api.service[113643]: /opt/stack/nova/nova/db/sqlalchemy/api.py:2775: SAWarning: TypeDecorator SoftDeleteInteger() will not produce a cache key because the ``cache_ok`` flag is not set to True. Set this flag to True if this type object's state is safe to use in a cache key, or False to disable this warning.
Jun 22 00:48:41.326622 dv-cinder-753305-6-iscsi devstack@n-api.service[113643]: return _block_device_mapping_get_query(context).filter(
Jun 22 00:48:41.337346 dv-cinder-753305-6-iscsi devstack@n-api.service[113643]: INFO nova.api.openstack.requestlog [None req-2570f860-6fd2-4dd0-ac8a-b4b29532b463 tempest-AttachVolumeNegativeTest-1977143494 tempest-AttachVolumeNegativeTest-1977143494-project] 10.222.0.26 "GET /compute/v2.1/servers/c07c210f-1f0e-43e6-a443-97eb947a365e" status: 200 len: 1222 microversion: 2.1 time: 0.483640
Jun 22 00:48:41.350815 dv-cinder-753305-6-iscsi devstack@n-api.service[113643]: [pid: 113643|app: 0|req: 18/30] 10.222.0.26 () {58 vars in 1236 bytes} [Tue Jun 22 00:48:40 2021] GET /compute/v2.1/servers/c07c210f-1f0e-43e6-a443-97eb947a365e => generated 1222 bytes in 497 msecs (HTTP/1.1 200) 9 headers in 358 bytes (1 switches on core 0)
Jun 22 00:48:41.509156 dv-cinder-753305-6-iscsi devstack@n-api.service[113642]: DEBUG nova.policy [None req-0a9e7bd6-e042-4adf-8087-a1f08702c154 tempest-DeleteServersTestJSON-229252150 tempest-DeleteServersTestJSON-229252150-project] Policy check for os_compute_api:os-extended-server-attributes failed with credentials {'is_admin': False, 'user_id': '60aadcc1123f40f78dcfc0040d08ce3b', 'user_domain_id': 'default', 'system_scope': None, 'domain_id': None, 'project_id': '896c69f422014f24919ffe540453ce41', 'project_domain_id': 'default', 'roles': ['member', 'reader'], 'is_admin_project': True, 'service_user_id': None, 'service_user_domain_id': None, 'service_project_id': None, 'service_project_domain_id': None, 'service_roles': []} {{(pid=113642) authorize /opt/stack/nova/nova/policy.py:199}}
Jun 22 00:48:41.512831 dv-cinder-753305-6-iscsi devstack@n-api.service[113642]: /opt/stack/nova/nova/db/sqlalchemy/api.py:2775: SAWarning: TypeDecorator SoftDeleteInteger() will not produce a cache key because the ``cache_ok`` flag is not set to True. Set this flag to True if this type object's state is safe to use in a cache key, or False to disable this warning.
Jun 22 00:48:41.512831 dv-cinder-753305-6-iscsi devstack@n-api.service[113642]: return _block_device_mapping_get_query(context).filter(
Jun 22 00:48:41.523808 dv-cinder-753305-6-iscsi devstack@n-api.service[113642]: INFO nova.api.openstack.requestlog [None req-0a9e7bd6-e042-4adf-8087-a1f08702c154 tempest-DeleteServersTestJSON-229252150 tempest-DeleteServersTestJSON-229252150-project] 10.222.0.26 "GET /compute/v2.1/servers/c5317b7f-8f43-44bd-8764-9a2bc46bc529" status: 200 len: 1219 microversion: 2.1 time: 0.316673
Jun 22 00:48:41.524999 dv-cinder-753305-6-iscsi devstack@n-api.service[113642]: [pid: 113642|app: 0|req: 13/31] 10.222.0.26 () {58 vars in 1236 bytes} [Tue Jun 22 00:48:41 2021] GET /compute/v2.1/servers/c5317b7f-8f43-44bd-8764-9a2bc46bc529 => generated 1219 bytes in 319 msecs (HTTP/1.1 200) 9 headers in 358 bytes (1 switches on core 0)
