Aug 06 18:52:16.769801 dv-cinder-751579-25-iscsi devstack@c-api.service[100100]: /usr/local/lib/python3.8/dist-packages/webob/acceptparse.py:1047: DeprecationWarning: The behavior of AcceptValidHeader.best_match is currently being maintained for backward compatibility, but it will be deprecated in the future, as it does not conform to the RFC.
Aug 06 18:52:16.769801 dv-cinder-751579-25-iscsi devstack@c-api.service[100100]: warnings.warn(
Aug 06 18:52:16.771071 dv-cinder-751579-25-iscsi devstack@c-api.service[100100]: DEBUG cinder.api.openstack.wsgi [None req-5f0fb6c1-ac9e-484f-8b81-4c9264a4e79b tempest-VolumesGetTest-1015931366 tempest-VolumesGetTest-1015931366-project] Action: 'update', calling method: update, body: {"volume": {"name": "tempest-VolumesGetTest-new-Volume-2087399613", "description": "This is the new description of volume"}} {{(pid=100100) _process_stack /opt/stack/cinder/cinder/api/openstack/wsgi.py:854}}
Aug 06 18:52:16.786405 dv-cinder-751579-25-iscsi devstack@c-api.service[100100]: /usr/local/lib/python3.8/dist-packages/oslo_context/context.py:105: DeprecationWarning: Policy enforcement is depending on the value of is_admin. This key is deprecated. Please update your policy file to use the standard policy values.
Aug 06 18:52:16.786405 dv-cinder-751579-25-iscsi devstack@c-api.service[100100]: warnings.warn('Policy enforcement is depending on the value of '
Aug 06 18:52:16.796103 dv-cinder-751579-25-iscsi devstack@c-api.service[100100]: INFO cinder.volume.api [None req-5f0fb6c1-ac9e-484f-8b81-4c9264a4e79b tempest-VolumesGetTest-1015931366 tempest-VolumesGetTest-1015931366-project] Volume info retrieved successfully.
Aug 06 18:52:16.810521 dv-cinder-751579-25-iscsi devstack@c-api.service[100100]: INFO cinder.volume.api [None req-5f0fb6c1-ac9e-484f-8b81-4c9264a4e79b tempest-VolumesGetTest-1015931366 tempest-VolumesGetTest-1015931366-project] Volume updated successfully.
Aug 06 18:52:16.820621 dv-cinder-751579-25-iscsi devstack@c-api.service[100100]: INFO cinder.api.openstack.wsgi [None req-5f0fb6c1-ac9e-484f-8b81-4c9264a4e79b tempest-VolumesGetTest-1015931366 tempest-VolumesGetTest-1015931366-project] http://10.222.0.97/volume/v3/21580ac562d942e79deac77c5fd7c6ba/volumes/5f6ae9ae-ff91-468a-b999-cc8f41642372 returned with HTTP 200
Aug 06 18:52:16.821915 dv-cinder-751579-25-iscsi devstack@c-api.service[100100]: [pid: 100100|app: 0|req: 131/252] 10.222.0.97 () {60 vars in 1346 bytes} [Fri Aug 6 18:52:16 2021] PUT /volume/v3/21580ac562d942e79deac77c5fd7c6ba/volumes/5f6ae9ae-ff91-468a-b999-cc8f41642372 => generated 892 bytes in 57 msecs (HTTP/1.1 200) 7 headers in 285 bytes (1 switches on core 0)
Aug 06 18:52:16.842796 dv-cinder-751579-25-iscsi devstack@c-api.service[100099]: INFO cinder.api.openstack.wsgi [None req-c25776b1-e70c-4dea-ab8d-0a609f1a42fa tempest-VolumesGetTest-1015931366 tempest-VolumesGetTest-1015931366-project] GET http://10.222.0.97/volume/v3/21580ac562d942e79deac77c5fd7c6ba/volumes/5f6ae9ae-ff91-468a-b999-cc8f41642372
Aug 06 18:52:16.844952 dv-cinder-751579-25-iscsi devstack@c-api.service[100099]: DEBUG cinder.api.openstack.wsgi [None req-c25776b1-e70c-4dea-ab8d-0a609f1a42fa tempest-VolumesGetTest-1015931366 tempest-VolumesGetTest-1015931366-project] Empty body provided in request {{(pid=100099) get_body /opt/stack/cinder/cinder/api/openstack/wsgi.py:703}}
Aug 06 18:52:16.845321 dv-cinder-751579-25-iscsi devstack@c-api.service[100099]: /usr/local/lib/python3.8/dist-packages/webob/acceptparse.py:1047: DeprecationWarning: The behavior of AcceptValidHeader.best_match is currently being maintained for backward compatibility, but it will be deprecated in the future, as it does not conform to the RFC.
Aug 06 18:52:16.845321 dv-cinder-751579-25-iscsi devstack@c-api.service[100099]: warnings.warn(
Aug 06 18:52:16.846047 dv-cinder-751579-25-iscsi devstack@c-api.service[100099]: DEBUG cinder.api.openstack.wsgi [None req-c25776b1-e70c-4dea-ab8d-0a609f1a42fa tempest-VolumesGetTest-1015931366 tempest-VolumesGetTest-1015931366-project] Calling method 'show' {{(pid=100099) _process_stack /opt/stack/cinder/cinder/api/openstack/wsgi.py:856}}
Aug 06 18:52:16.885920 dv-cinder-751579-25-iscsi devstack@c-api.service[100099]: /usr/local/lib/python3.8/dist-packages/oslo_context/context.py:105: DeprecationWarning: Policy enforcement is depending on the value of is_admin. This key is deprecated. Please update your policy file to use the standard policy values.
Aug 06 18:52:16.885920 dv-cinder-751579-25-iscsi devstack@c-api.service[100099]: warnings.warn('Policy enforcement is depending on the value of '
Aug 06 18:52:16.894558 dv-cinder-751579-25-iscsi devstack@c-api.service[100099]: INFO cinder.volume.api [None req-c25776b1-e70c-4dea-ab8d-0a609f1a42fa tempest-VolumesGetTest-1015931366 tempest-VolumesGetTest-1015931366-project] Volume info retrieved successfully.
Aug 06 18:52:16.919646 dv-cinder-751579-25-iscsi devstack@c-api.service[100099]: INFO cinder.api.openstack.wsgi [None req-c25776b1-e70c-4dea-ab8d-0a609f1a42fa tempest-VolumesGetTest-1015931366 tempest-VolumesGetTest-1015931366-project] http://10.222.0.97/volume/v3/21580ac562d942e79deac77c5fd7c6ba/volumes/5f6ae9ae-ff91-468a-b999-cc8f41642372 returned with HTTP 200
Aug 06 18:52:16.920857 dv-cinder-751579-25-iscsi devstack@c-api.service[100099]: [pid: 100099|app: 0|req: 122/253] 10.222.0.97 () {58 vars in 1325 bytes} [Fri Aug 6 18:52:16 2021] GET /volume/v3/21580ac562d942e79deac77c5fd7c6ba/volumes/5f6ae9ae-ff91-468a-b999-cc8f41642372 => generated 960 bytes in 89 msecs (HTTP/1.1 200) 7 headers in 285 bytes (2 switches on core 0)
Aug 06 18:52:16.935009 dv-cinder-751579-25-iscsi devstack@c-api.service[100100]: INFO cinder.api.openstack.wsgi [None req-32d72e86-2c4d-4e63-ae68-57bd87268d0e tempest-VolumesGetTest-1015931366 tempest-VolumesGetTest-1015931366-project] POST http://10.222.0.97/volume/v3/21580ac562d942e79deac77c5fd7c6ba/volumes
Aug 06 18:52:16.935621 dv-cinder-751579-25-iscsi devstack@c-api.service[100100]: /usr/local/lib/python3.8/dist-packages/webob/acceptparse.py:1047: DeprecationWarning: The behavior of AcceptValidHeader.best_match is currently being maintained for backward compatibility, but it will be deprecated in the future, as it does not conform to the RFC.
Aug 06 18:52:16.935621 dv-cinder-751579-25-iscsi devstack@c-api.service[100100]: warnings.warn(
Aug 06 18:52:16.936842 dv-cinder-751579-25-iscsi devstack@c-api.service[100100]: DEBUG cinder.api.openstack.wsgi [None req-32d72e86-2c4d-4e63-ae68-57bd87268d0e tempest-VolumesGetTest-1015931366 tempest-VolumesGetTest-1015931366-project] Action: 'create', calling method: create, body: {"volume": {"description": "tempest-@#$%^* description-542663926", "availability_zone": "nova", "size": 1}} {{(pid=100100) _process_stack /opt/stack/cinder/cinder/api/openstack/wsgi.py:854}}
Aug 06 18:52:16.939177 dv-cinder-751579-25-iscsi devstack@c-api.service[100100]: DEBUG cinder.api.v3.volumes [None req-32d72e86-2c4d-4e63-ae68-57bd87268d0e tempest-VolumesGetTest-1015931366 tempest-VolumesGetTest-1015931366-project] Create volume request body: {'volume': {'description': 'tempest-@#$%^* description-542663926', 'availability_zone': 'nova', 'size': 1}} {{(pid=100100) create /opt/stack/cinder/cinder/api/v3/volumes.py:290}}
Aug 06 18:52:16.939678 dv-cinder-751579-25-iscsi devstack@c-api.service[100100]: INFO cinder.api.v3.volumes [None req-32d72e86-2c4d-4e63-ae68-57bd87268d0e tempest-VolumesGetTest-1015931366 tempest-VolumesGetTest-1015931366-project] Create volume of 1 GB
Aug 06 18:52:16.951041 dv-cinder-751579-25-iscsi devstack@c-api.service[100100]: INFO cinder.volume.api [None req-32d72e86-2c4d-4e63-ae68-57bd87268d0e tempest-VolumesGetTest-1015931366 tempest-VolumesGetTest-1015931366-project] Availability Zones retrieved successfully.
Aug 06 18:52:16.972409 dv-cinder-751579-25-iscsi devstack@c-api.service[100100]: DEBUG cinder.volume.api [None req-32d72e86-2c4d-4e63-ae68-57bd87268d0e tempest-VolumesGetTest-1015931366 tempest-VolumesGetTest-1015931366-project] Flow 'volume_create_api' (e19a7623-3c6c-46c9-800e-47b89b9ceeed) transitioned into state 'RUNNING' from state 'PENDING' {{(pid=100100) _flow_receiver /usr/local/lib/python3.8/dist-packages/taskflow/listeners/logging.py:141}}
Aug 06 18:52:16.975944 dv-cinder-751579-25-iscsi devstack@c-api.service[100100]: DEBUG cinder.volume.api [None req-32d72e86-2c4d-4e63-ae68-57bd87268d0e tempest-VolumesGetTest-1015931366 tempest-VolumesGetTest-1015931366-project] Task 'cinder.volume.flows.api.create_volume.ExtractVolumeRequestTask;volume:create' (647079ed-c74d-4aed-ba1f-f949f171bc04) transitioned into state 'RUNNING' from state 'PENDING' {{(pid=100100) _task_receiver /usr/local/lib/python3.8/dist-packages/taskflow/listeners/logging.py:190}}
Aug 06 18:52:16.979336 dv-cinder-751579-25-iscsi devstack@c-api.service[100100]: DEBUG cinder.volume.flows.api.create_volume [None req-32d72e86-2c4d-4e63-ae68-57bd87268d0e tempest-VolumesGetTest-1015931366 tempest-VolumesGetTest-1015931366-project] Validating volume size '1' using validate_int {{(pid=100100) _extract_size /opt/stack/cinder/cinder/volume/flows/api/create_volume.py:201}}
Aug 06 18:52:17.046098 dv-cinder-751579-25-iscsi devstack@c-api.service[100100]: DEBUG cinder.volume.api [None req-32d72e86-2c4d-4e63-ae68-57bd87268d0e tempest-VolumesGetTest-1015931366 tempest-VolumesGetTest-1015931366-project] Task 'cinder.volume.flows.api.create_volume.ExtractVolumeRequestTask;volume:create' (647079ed-c74d-4aed-ba1f-f949f171bc04) transitioned into state 'SUCCESS' from state 'RUNNING' with result '{'size': 1, 'snapshot_id': None, 'source_volid': None, 'volume_type': VolumeType(created_at=2021-08-06T18:42:26Z,deleted=False,deleted_at=None,description='Default Volume Type',extra_specs={},id=a4ef5381-e1e5-44a6-92dc-6f09da50dd42,is_public=True,name='__DEFAULT__',projects=[],qos_specs=,qos_specs_id=None,updated_at=2021-08-06T18:42:26Z), 'volume_type_id': 'a4ef5381-e1e5-44a6-92dc-6f09da50dd42', 'encryption_key_id': None, 'qos_specs': None, 'consistencygroup_id': None, 'cgsnapshot_id': None, 'group_id': None, 'replication_status': 'disabled', 'refresh_az': False, 'backup_id': None, 'multiattach': False, 'availability_zones': ['nova']}' {{(pid=100100) _task_receiver /usr/local/lib/python3.8/dist-packages/taskflow/listeners/logging.py:178}}
Aug 06 18:52:17.049751 dv-cinder-751579-25-iscsi devstack@c-api.service[100100]: DEBUG cinder.volume.api [None req-32d72e86-2c4d-4e63-ae68-57bd87268d0e tempest-VolumesGetTest-1015931366 tempest-VolumesGetTest-1015931366-project] Task 'cinder.volume.flows.api.create_volume.QuotaReserveTask;volume:create' (7eef4155-c9a6-4695-b273-00c15b25a385) transitioned into state 'RUNNING' from state 'PENDING' {{(pid=100100) _task_receiver /usr/local/lib/python3.8/dist-packages/taskflow/listeners/logging.py:190}}
Aug 06 18:52:17.128119 dv-cinder-751579-25-iscsi devstack@c-api.service[100100]: DEBUG cinder.quota [None req-32d72e86-2c4d-4e63-ae68-57bd87268d0e tempest-VolumesGetTest-1015931366 tempest-VolumesGetTest-1015931366-project] Created reservations ['3114d7b9-25bc-4a5a-91eb-904e9a4bfd75', '6af05972-6e6d-48c9-869a-793a18e56f74', '1e8cef9a-5e0a-48fa-a0c1-738530fbe13f', 'f83fc43d-eaeb-474e-9bc2-31e1a8b1725b'] {{(pid=100100) reserve /opt/stack/cinder/cinder/quota.py:755}}
Aug 06 18:52:17.131379 dv-cinder-751579-25-iscsi devstack@c-api.service[100100]: DEBUG cinder.volume.api [None req-32d72e86-2c4d-4e63-ae68-57bd87268d0e tempest-VolumesGetTest-1015931366 tempest-VolumesGetTest-1015931366-project] Task 'cinder.volume.flows.api.create_volume.QuotaReserveTask;volume:create' (7eef4155-c9a6-4695-b273-00c15b25a385) transitioned into state 'SUCCESS' from state 'RUNNING' with result '{'reservations': ['3114d7b9-25bc-4a5a-91eb-904e9a4bfd75', '6af05972-6e6d-48c9-869a-793a18e56f74', '1e8cef9a-5e0a-48fa-a0c1-738530fbe13f', 'f83fc43d-eaeb-474e-9bc2-31e1a8b1725b']}' {{(pid=100100) _task_receiver /usr/local/lib/python3.8/dist-packages/taskflow/listeners/logging.py:178}}
Aug 06 18:52:17.134209 dv-cinder-751579-25-iscsi devstack@c-api.service[100100]: DEBUG cinder.volume.api [None req-32d72e86-2c4d-4e63-ae68-57bd87268d0e tempest-VolumesGetTest-1015931366 tempest-VolumesGetTest-1015931366-project] Task 'cinder.volume.flows.api.create_volume.EntryCreateTask;volume:create' (c8be130a-7aa5-4046-8af9-1cf8384ffc9c) transitioned into state 'RUNNING' from state 'PENDING' {{(pid=100100) _task_receiver /usr/local/lib/python3.8/dist-packages/taskflow/listeners/logging.py:190}}
Aug 06 18:52:17.146691 dv-cinder-751579-25-iscsi devstack@c-api.service[100099]: INFO cinder.api.openstack.wsgi [None req-42baadfa-e2a3-4281-927e-db4bf196f78c tempest-DeleteServersTestJSON-1292163974 tempest-DeleteServersTestJSON-1292163974-project] GET http://10.222.0.97/volume/v3/4f3ade81bb234cb0bbb93e0f526710c5/volumes/c22c3f99-eb81-4817-9dbf-cad8973593ef
Aug 06 18:52:17.147258 dv-cinder-751579-25-iscsi devstack@c-api.service[100099]: DEBUG cinder.api.openstack.wsgi [None req-42baadfa-e2a3-4281-927e-db4bf196f78c tempest-DeleteServersTestJSON-1292163974 tempest-DeleteServersTestJSON-1292163974-project] Empty body provided in request {{(pid=100099) get_body /opt/stack/cinder/cinder/api/openstack/wsgi.py:703}}
Aug 06 18:52:17.147524 dv-cinder-751579-25-iscsi devstack@c-api.service[100099]: /usr/local/lib/python3.8/dist-packages/webob/acceptparse.py:1047: DeprecationWarning: The behavior of AcceptValidHeader.best_match is currently being maintained for backward compatibility, but it will be deprecated in the future, as it does not conform to the RFC.
Aug 06 18:52:17.147524 dv-cinder-751579-25-iscsi devstack@c-api.service[100099]: warnings.warn(
Aug 06 18:52:17.148089 dv-cinder-751579-25-iscsi devstack@c-api.service[100099]: DEBUG cinder.api.openstack.wsgi [None req-42baadfa-e2a3-4281-927e-db4bf196f78c tempest-DeleteServersTestJSON-1292163974 tempest-DeleteServersTestJSON-1292163974-project] Calling method 'show' {{(pid=100099) _process_stack /opt/stack/cinder/cinder/api/openstack/wsgi.py:856}}
Aug 06 18:52:17.186383 dv-cinder-751579-25-iscsi devstack@c-api.service[100099]: /usr/local/lib/python3.8/dist-packages/oslo_context/context.py:105: DeprecationWarning: Policy enforcement is depending on the value of is_admin. This key is deprecated. Please update your policy file to use the standard policy values.
Aug 06 18:52:17.186383 dv-cinder-751579-25-iscsi devstack@c-api.service[100099]: warnings.warn('Policy enforcement is depending on the value of '
Aug 06 18:52:17.210804 dv-cinder-751579-25-iscsi devstack@c-api.service[100100]: DEBUG cinder.volume.api [None req-32d72e86-2c4d-4e63-ae68-57bd87268d0e tempest-VolumesGetTest-1015931366 tempest-VolumesGetTest-1015931366-project] Task 'cinder.volume.flows.api.create_volume.EntryCreateTask;volume:create' (c8be130a-7aa5-4046-8af9-1cf8384ffc9c) transitioned into state 'SUCCESS' from state 'RUNNING' with result '{'volume_id': '1c18bb5d-ebd6-4e97-bf9a-f0772ab14b1a', 'volume_properties': VolumeProperties(attach_status='detached',availability_zone='nova',cgsnapshot_id=None,consistencygroup_id=None,display_description='tempest-@#$%^* description-542663926',display_name=None,encryption_key_id=None,group_id=None,group_type_id=,metadata={},multiattach=False,project_id='21580ac562d942e79deac77c5fd7c6ba',qos_specs=None,replication_status=,reservations=['3114d7b9-25bc-4a5a-91eb-904e9a4bfd75','6af05972-6e6d-48c9-869a-793a18e56f74','1e8cef9a-5e0a-48fa-a0c1-738530fbe13f','f83fc43d-eaeb-474e-9bc2-31e1a8b1725b'],size=1,snapshot_id=None,source_replicaid=,source_volid=None,status='creating',user_id='655150cdcd464acdadd4c84b092da4b2',volume_type_id=a4ef5381-e1e5-44a6-92dc-6f09da50dd42), 'volume': Volume(_name_id=None,admin_metadata=,attach_status='detached',availability_zone='nova',bootable=False,cluster=,cluster_name=None,consistencygroup=,consistencygroup_id=None,created_at=2021-08-06T18:52:17Z,deleted=False,deleted_at=None,display_description='tempest-@#$%^* description-542663926',display_name=None,ec2_id=None,encryption_key_id=None,glance_metadata=,group=,group_id=None,host=None,id=1c18bb5d-ebd6-4e97-bf9a-f0772ab14b1a,launched_at=None,metadata={},migration_status=None,multiattach=False,previous_status=None,project_id='21580ac562d942e79deac77c5fd7c6ba',provider_auth=None,provider_geometry=None,provider_id=None,provider_location=None,replication_driver_data=None,replication_extended_status=None,replication_status=None,scheduled_at=None,service_uuid=None,shared_targets=True,size=1,snapshot_id=None,snapshots=,source_volid=None,status='creating',terminated_at=None,updated_at=None,user_id='655150cdcd464acdadd4c84b092da4b2',volume_attachment=,volume_type=VolumeType(a4ef5381-e1e5-44a6-92dc-6f09da50dd42),volume_type_id=a4ef5381-e1e5-44a6-92dc-6f09da50dd42)}' {{(pid=100100) _task_receiver /usr/local/lib/python3.8/dist-packages/taskflow/listeners/logging.py:178}}
Aug 06 18:52:17.211456 dv-cinder-751579-25-iscsi devstack@c-api.service[100099]: INFO cinder.volume.api [None req-42baadfa-e2a3-4281-927e-db4bf196f78c tempest-DeleteServersTestJSON-1292163974 tempest-DeleteServersTestJSON-1292163974-project] Volume info retrieved successfully.
Aug 06 18:52:17.215583 dv-cinder-751579-25-iscsi devstack@c-api.service[100100]: DEBUG cinder.volume.api [None req-32d72e86-2c4d-4e63-ae68-57bd87268d0e tempest-VolumesGetTest-1015931366 tempest-VolumesGetTest-1015931366-project] Task 'cinder.volume.flows.api.create_volume.QuotaCommitTask;volume:create' (e8afad6c-e0b1-4cd4-8f22-4ab0156e4c69) transitioned into state 'RUNNING' from state 'PENDING' {{(pid=100100) _task_receiver /usr/local/lib/python3.8/dist-packages/taskflow/listeners/logging.py:190}}
Aug 06 18:52:17.234592 dv-cinder-751579-25-iscsi devstack@c-api.service[100099]: /usr/local/lib/python3.8/dist-packages/oslo_context/context.py:105: DeprecationWarning: Policy enforcement is depending on the value of is_admin. This key is deprecated. Please update your policy file to use the standard policy values.
Aug 06 18:52:17.234592 dv-cinder-751579-25-iscsi devstack@c-api.service[100099]: warnings.warn('Policy enforcement is depending on the value of '
Aug 06 18:52:17.243367 dv-cinder-751579-25-iscsi devstack@c-api.service[100099]: INFO cinder.api.openstack.wsgi [None req-42baadfa-e2a3-4281-927e-db4bf196f78c tempest-DeleteServersTestJSON-1292163974 tempest-DeleteServersTestJSON-1292163974-project] http://10.222.0.97/volume/v3/4f3ade81bb234cb0bbb93e0f526710c5/volumes/c22c3f99-eb81-4817-9dbf-cad8973593ef returned with HTTP 200
Aug 06 18:52:17.244229 dv-cinder-751579-25-iscsi devstack@c-api.service[100099]: [pid: 100099|app: 0|req: 123/254] 10.222.0.97 () {58 vars in 1325 bytes} [Fri Aug 6 18:52:17 2021] GET /volume/v3/4f3ade81bb234cb0bbb93e0f526710c5/volumes/c22c3f99-eb81-4817-9dbf-cad8973593ef => generated 912 bytes in 103 msecs (HTTP/1.1 200) 7 headers in 285 bytes (1 switches on core 0)
Aug 06 18:52:17.261202 dv-cinder-751579-25-iscsi devstack@c-api.service[100100]: DEBUG cinder.volume.api [None req-32d72e86-2c4d-4e63-ae68-57bd87268d0e tempest-VolumesGetTest-1015931366 tempest-VolumesGetTest-1015931366-project] Task 'cinder.volume.flows.api.create_volume.QuotaCommitTask;volume:create' (e8afad6c-e0b1-4cd4-8f22-4ab0156e4c69) transitioned into state 'SUCCESS' from state 'RUNNING' with result '{'volume_properties': VolumeProperties(attach_status='detached',availability_zone='nova',cgsnapshot_id=None,consistencygroup_id=None,display_description='tempest-@#$%^* description-542663926',display_name=None,encryption_key_id=None,group_id=None,group_type_id=,metadata={},multiattach=False,project_id='21580ac562d942e79deac77c5fd7c6ba',qos_specs=None,replication_status=,reservations=['3114d7b9-25bc-4a5a-91eb-904e9a4bfd75','6af05972-6e6d-48c9-869a-793a18e56f74','1e8cef9a-5e0a-48fa-a0c1-738530fbe13f','f83fc43d-eaeb-474e-9bc2-31e1a8b1725b'],size=1,snapshot_id=None,source_replicaid=,source_volid=None,status='creating',user_id='655150cdcd464acdadd4c84b092da4b2',volume_type_id=a4ef5381-e1e5-44a6-92dc-6f09da50dd42)}' {{(pid=100100) _task_receiver /usr/local/lib/python3.8/dist-packages/taskflow/listeners/logging.py:178}}
Aug 06 18:52:17.263739 dv-cinder-751579-25-iscsi devstack@c-api.service[100100]: DEBUG cinder.volume.api [None req-32d72e86-2c4d-4e63-ae68-57bd87268d0e tempest-VolumesGetTest-1015931366 tempest-VolumesGetTest-1015931366-project] Task 'cinder.volume.flows.api.create_volume.VolumeCastTask;volume:create' (822a2160-1613-4dba-89f4-a5fadd39e527) transitioned into state 'RUNNING' from state 'PENDING' {{(pid=100100) _task_receiver /usr/local/lib/python3.8/dist-packages/taskflow/listeners/logging.py:190}}
Aug 06 18:52:17.288949 dv-cinder-751579-25-iscsi devstack@c-api.service[100100]: DEBUG cinder.volume.api [None req-32d72e86-2c4d-4e63-ae68-57bd87268d0e tempest-VolumesGetTest-1015931366 tempest-VolumesGetTest-1015931366-project] Task 'cinder.volume.flows.api.create_volume.VolumeCastTask;volume:create' (822a2160-1613-4dba-89f4-a5fadd39e527) transitioned into state 'SUCCESS' from state 'RUNNING' with result 'None' {{(pid=100100) _task_receiver /usr/local/lib/python3.8/dist-packages/taskflow/listeners/logging.py:178}}
Aug 06 18:52:17.296312 dv-cinder-751579-25-iscsi devstack@c-api.service[100100]: DEBUG cinder.volume.api [None req-32d72e86-2c4d-4e63-ae68-57bd87268d0e tempest-VolumesGetTest-1015931366 tempest-VolumesGetTest-1015931366-project] Flow 'volume_create_api' (e19a7623-3c6c-46c9-800e-47b89b9ceeed) transitioned into state 'SUCCESS' from state 'RUNNING' {{(pid=100100) _flow_receiver /usr/local/lib/python3.8/dist-packages/taskflow/listeners/logging.py:141}}
Aug 06 18:52:17.297775 dv-cinder-751579-25-iscsi devstack@c-api.service[100100]: INFO cinder.volume.api [None req-32d72e86-2c4d-4e63-ae68-57bd87268d0e tempest-VolumesGetTest-1015931366 tempest-VolumesGetTest-1015931366-project] Create volume request issued successfully.
Aug 06 18:52:17.306509 dv-cinder-751579-25-iscsi devstack@c-api.service[100100]: INFO cinder.api.openstack.wsgi [None req-32d72e86-2c4d-4e63-ae68-57bd87268d0e tempest-VolumesGetTest-1015931366 tempest-VolumesGetTest-1015931366-project] http://10.222.0.97/volume/v3/21580ac562d942e79deac77c5fd7c6ba/volumes returned with HTTP 202
Aug 06 18:52:17.309360 dv-cinder-751579-25-iscsi devstack@c-api.service[100100]: [pid: 100100|app: 0|req: 132/255] 10.222.0.97 () {60 vars in 1236 bytes} [Fri Aug 6 18:52:16 2021] POST /volume/v3/21580ac562d942e79deac77c5fd7c6ba/volumes => generated 810 bytes in 376 msecs (HTTP/1.1 202) 7 headers in 291 bytes (2 switches on core 0)
Aug 06 18:52:17.311704 dv-cinder-751579-25-iscsi devstack@c-api.service[100099]: INFO cinder.api.openstack.wsgi [None req-f9a67ef7-1a8e-43ac-9470-7e635a5e198e tempest-AttachVolumeNegativeTest-1454156684 tempest-AttachVolumeNegativeTest-1454156684-project] GET http://10.222.0.97/volume/v3/621865055a9d4aeb87ab5fbe64e58a94/volumes/818c8256-ba09-40fd-9fc7-b4d00fa8e2db
Aug 06 18:52:17.312475 dv-cinder-751579-25-iscsi devstack@c-api.service[100099]: DEBUG cinder.api.openstack.wsgi [None req-f9a67ef7-1a8e-43ac-9470-7e635a5e198e tempest-AttachVolumeNegativeTest-1454156684 tempest-AttachVolumeNegativeTest-1454156684-project] Empty body provided in request {{(pid=100099) get_body /opt/stack/cinder/cinder/api/openstack/wsgi.py:703}}
Aug 06 18:52:17.312855 dv-cinder-751579-25-iscsi devstack@c-api.service[100099]: /usr/local/lib/python3.8/dist-packages/webob/acceptparse.py:1047: DeprecationWarning: The behavior of AcceptValidHeader.best_match is currently being maintained for backward compatibility, but it will be deprecated in the future, as it does not conform to the RFC.
Aug 06 18:52:17.312855 dv-cinder-751579-25-iscsi devstack@c-api.service[100099]: warnings.warn(
Aug 06 18:52:17.314746 dv-cinder-751579-25-iscsi devstack@c-api.service[100099]: DEBUG cinder.api.openstack.wsgi [None req-f9a67ef7-1a8e-43ac-9470-7e635a5e198e tempest-AttachVolumeNegativeTest-1454156684 tempest-AttachVolumeNegativeTest-1454156684-project] Calling method 'show' {{(pid=100099) _process_stack /opt/stack/cinder/cinder/api/openstack/wsgi.py:856}}
Aug 06 18:52:17.330806 dv-cinder-751579-25-iscsi devstack@c-api.service[100100]: INFO cinder.api.openstack.wsgi [None req-36fff5a4-4f33-49fe-bb35-ea7f6a0b594f tempest-VolumesGetTest-1015931366 tempest-VolumesGetTest-1015931366-project] GET http://10.222.0.97/volume/v3/21580ac562d942e79deac77c5fd7c6ba/volumes/1c18bb5d-ebd6-4e97-bf9a-f0772ab14b1a
Aug 06 18:52:17.333401 dv-cinder-751579-25-iscsi devstack@c-api.service[100100]: DEBUG cinder.api.openstack.wsgi [None req-36fff5a4-4f33-49fe-bb35-ea7f6a0b594f tempest-VolumesGetTest-1015931366 tempest-VolumesGetTest-1015931366-project] Empty body provided in request {{(pid=100100) get_body /opt/stack/cinder/cinder/api/openstack/wsgi.py:703}}
Aug 06 18:52:17.335677 dv-cinder-751579-25-iscsi devstack@c-api.service[100100]: /usr/local/lib/python3.8/dist-packages/webob/acceptparse.py:1047: DeprecationWarning: The behavior of AcceptValidHeader.best_match is currently being maintained for backward compatibility, but it will be deprecated in the future, as it does not conform to the RFC.
Aug 06 18:52:17.335677 dv-cinder-751579-25-iscsi devstack@c-api.service[100100]: warnings.warn(
Aug 06 18:52:17.336215 dv-cinder-751579-25-iscsi devstack@c-api.service[100100]: DEBUG cinder.api.openstack.wsgi [None req-36fff5a4-4f33-49fe-bb35-ea7f6a0b594f tempest-VolumesGetTest-1015931366 tempest-VolumesGetTest-1015931366-project] Calling method 'show' {{(pid=100100) _process_stack /opt/stack/cinder/cinder/api/openstack/wsgi.py:856}}
Aug 06 18:52:17.343245 dv-cinder-751579-25-iscsi devstack@c-api.service[100099]: /usr/local/lib/python3.8/dist-packages/oslo_context/context.py:105: DeprecationWarning: Policy enforcement is depending on the value of is_admin. This key is deprecated. Please update your policy file to use the standard policy values.
Aug 06 18:52:17.343245 dv-cinder-751579-25-iscsi devstack@c-api.service[100099]: warnings.warn('Policy enforcement is depending on the value of '
Aug 06 18:52:17.354620 dv-cinder-751579-25-iscsi devstack@c-api.service[100099]: INFO cinder.volume.api [None req-f9a67ef7-1a8e-43ac-9470-7e635a5e198e tempest-AttachVolumeNegativeTest-1454156684 tempest-AttachVolumeNegativeTest-1454156684-project] Volume info retrieved successfully.
Aug 06 18:52:17.368334 dv-cinder-751579-25-iscsi devstack@c-api.service[100099]: /usr/local/lib/python3.8/dist-packages/oslo_context/context.py:105: DeprecationWarning: Policy enforcement is depending on the value of is_admin. This key is deprecated. Please update your policy file to use the standard policy values.
Aug 06 18:52:17.368334 dv-cinder-751579-25-iscsi devstack@c-api.service[100099]: warnings.warn('Policy enforcement is depending on the value of '
Aug 06 18:52:17.372972 dv-cinder-751579-25-iscsi devstack@c-api.service[100100]: /usr/local/lib/python3.8/dist-packages/oslo_context/context.py:105: DeprecationWarning: Policy enforcement is depending on the value of is_admin. This key is deprecated. Please update your policy file to use the standard policy values.
Aug 06 18:52:17.372972 dv-cinder-751579-25-iscsi devstack@c-api.service[100100]: warnings.warn('Policy enforcement is depending on the value of '
Aug 06 18:52:17.376950 dv-cinder-751579-25-iscsi devstack@c-api.service[100099]: INFO cinder.api.openstack.wsgi [None req-f9a67ef7-1a8e-43ac-9470-7e635a5e198e tempest-AttachVolumeNegativeTest-1454156684 tempest-AttachVolumeNegativeTest-1454156684-project] http://10.222.0.97/volume/v3/621865055a9d4aeb87ab5fbe64e58a94/volumes/818c8256-ba09-40fd-9fc7-b4d00fa8e2db returned with HTTP 200
Aug 06 18:52:17.385144 dv-cinder-751579-25-iscsi devstack@c-api.service[100099]: [pid: 100099|app: 0|req: 124/256] 10.222.0.97 () {58 vars in 1325 bytes} [Fri Aug 6 18:52:17 2021] GET /volume/v3/621865055a9d4aeb87ab5fbe64e58a94/volumes/818c8256-ba09-40fd-9fc7-b4d00fa8e2db => generated 915 bytes in 73 msecs (HTTP/1.1 200) 7 headers in 285 bytes (2 switches on core 0)
Aug 06 18:52:17.386815 dv-cinder-751579-25-iscsi devstack@c-api.service[100100]: INFO cinder.volume.api [None req-36fff5a4-4f33-49fe-bb35-ea7f6a0b594f tempest-VolumesGetTest-1015931366 tempest-VolumesGetTest-1015931366-project] Volume info retrieved successfully.
Aug 06 18:52:17.408095 dv-cinder-751579-25-iscsi devstack@c-api.service[100100]: INFO cinder.api.openstack.wsgi [None req-36fff5a4-4f33-49fe-bb35-ea7f6a0b594f tempest-VolumesGetTest-1015931366 tempest-VolumesGetTest-1015931366-project] http://10.222.0.97/volume/v3/21580ac562d942e79deac77c5fd7c6ba/volumes/1c18bb5d-ebd6-4e97-bf9a-f0772ab14b1a returned with HTTP 200
Aug 06 18:52:17.409307 dv-cinder-751579-25-iscsi devstack@c-api.service[100100]: [pid: 100100|app: 0|req: 133/257] 10.222.0.97 () {58 vars in 1325 bytes} [Fri Aug 6 18:52:17 2021] GET /volume/v3/21580ac562d942e79deac77c5fd7c6ba/volumes/1c18bb5d-ebd6-4e97-bf9a-f0772ab14b1a => generated 878 bytes in 86 msecs (HTTP/1.1 200) 7 headers in 285 bytes (1 switches on core 0)
Aug 06 18:52:17.534451 dv-cinder-751579-25-iscsi devstack@c-api.service[100099]: INFO cinder.api.openstack.wsgi [None req-87cc75cc-a523-46f7-be4e-9f35b7837409 tempest-VolumeRetypeWithoutMigrationTest-1269671909 tempest-VolumeRetypeWithoutMigrationTest-1269671909-project] GET http://10.222.0.97/volume/v3/22037f3bbe7d47b2a945374d6989f992/volumes/14d63b13-543f-4023-873d-1e6afe7b6124
Aug 06 18:52:17.535241 dv-cinder-751579-25-iscsi devstack@c-api.service[100099]: DEBUG cinder.api.openstack.wsgi [None req-87cc75cc-a523-46f7-be4e-9f35b7837409 tempest-VolumeRetypeWithoutMigrationTest-1269671909 tempest-VolumeRetypeWithoutMigrationTest-1269671909-project] Empty body provided in request {{(pid=100099) get_body /opt/stack/cinder/cinder/api/openstack/wsgi.py:703}}
Aug 06 18:52:17.535611 dv-cinder-751579-25-iscsi devstack@c-api.service[100099]: /usr/local/lib/python3.8/dist-packages/webob/acceptparse.py:1047: DeprecationWarning: The behavior of AcceptValidHeader.best_match is currently being maintained for backward compatibility, but it will be deprecated in the future, as it does not conform to the RFC.
Aug 06 18:52:17.535611 dv-cinder-751579-25-iscsi devstack@c-api.service[100099]: warnings.warn(
Aug 06 18:52:17.536213 dv-cinder-751579-25-iscsi devstack@c-api.service[100099]: DEBUG cinder.api.openstack.wsgi [None req-87cc75cc-a523-46f7-be4e-9f35b7837409 tempest-VolumeRetypeWithoutMigrationTest-1269671909 tempest-VolumeRetypeWithoutMigrationTest-1269671909-project] Calling method 'show' {{(pid=100099) _process_stack /opt/stack/cinder/cinder/api/openstack/wsgi.py:856}}
Aug 06 18:52:17.548001 dv-cinder-751579-25-iscsi devstack@c-api.service[100099]: INFO cinder.api.openstack.wsgi [None req-87cc75cc-a523-46f7-be4e-9f35b7837409 tempest-VolumeRetypeWithoutMigrationTest-1269671909 tempest-VolumeRetypeWithoutMigrationTest-1269671909-project] http://10.222.0.97/volume/v3/22037f3bbe7d47b2a945374d6989f992/volumes/14d63b13-543f-4023-873d-1e6afe7b6124 returned with HTTP 404
Aug 06 18:52:17.549675 dv-cinder-751579-25-iscsi devstack@c-api.service[100099]: [pid: 100099|app: 0|req: 125/258] 10.222.0.97 () {58 vars in 1325 bytes} [Fri Aug 6 18:52:17 2021] GET /volume/v3/22037f3bbe7d47b2a945374d6989f992/volumes/14d63b13-543f-4023-873d-1e6afe7b6124 => generated 109 bytes in 20 msecs (HTTP/1.1 404) 7 headers in 292 bytes (1 switches on core 0)
Aug 06 18:52:17.558766 dv-cinder-751579-25-iscsi devstack@c-api.service[100100]: INFO cinder.api.openstack.wsgi [None req-93b91f3d-f816-4d83-849d-4363976b1688 tempest-VolumeRetypeWithoutMigrationTest-1045682835 tempest-VolumeRetypeWithoutMigrationTest-1045682835-project-admin] DELETE http://10.222.0.97/volume/v3/da396f3527ca4cb3a57d7ef30b0fe178/types/7cd6d26a-e967-48e8-8218-2113456a3cb0
Aug 06 18:52:17.559216 dv-cinder-751579-25-iscsi devstack@c-api.service[100100]: DEBUG cinder.api.openstack.wsgi [None req-93b91f3d-f816-4d83-849d-4363976b1688 tempest-VolumeRetypeWithoutMigrationTest-1045682835 tempest-VolumeRetypeWithoutMigrationTest-1045682835-project-admin] Empty body provided in request {{(pid=100100) get_body /opt/stack/cinder/cinder/api/openstack/wsgi.py:703}}
Aug 06 18:52:17.559390 dv-cinder-751579-25-iscsi devstack@c-api.service[100100]: /usr/local/lib/python3.8/dist-packages/webob/acceptparse.py:1047: DeprecationWarning: The behavior of AcceptValidHeader.best_match is currently being maintained for backward compatibility, but it will be deprecated in the future, as it does not conform to the RFC.
Aug 06 18:52:17.559390 dv-cinder-751579-25-iscsi devstack@c-api.service[100100]: warnings.warn(
Aug 06 18:52:17.559730 dv-cinder-751579-25-iscsi devstack@c-api.service[100100]: DEBUG cinder.api.openstack.wsgi [None req-93b91f3d-f816-4d83-849d-4363976b1688 tempest-VolumeRetypeWithoutMigrationTest-1045682835 tempest-VolumeRetypeWithoutMigrationTest-1045682835-project-admin] Calling method '_delete' {{(pid=100100) _process_stack /opt/stack/cinder/cinder/api/openstack/wsgi.py:856}}
Aug 06 18:52:17.616269 dv-cinder-751579-25-iscsi devstack@c-api.service[100100]: INFO cinder.api.openstack.wsgi [None req-93b91f3d-f816-4d83-849d-4363976b1688 tempest-VolumeRetypeWithoutMigrationTest-1045682835 tempest-VolumeRetypeWithoutMigrationTest-1045682835-project-admin] http://10.222.0.97/volume/v3/da396f3527ca4cb3a57d7ef30b0fe178/types/7cd6d26a-e967-48e8-8218-2113456a3cb0 returned with HTTP 202
Aug 06 18:52:17.618262 dv-cinder-751579-25-iscsi devstack@c-api.service[100100]: [pid: 100100|app: 0|req: 134/259] 10.222.0.97 () {58 vars in 1322 bytes} [Fri Aug 6 18:52:17 2021] DELETE /volume/v3/da396f3527ca4cb3a57d7ef30b0fe178/types/7cd6d26a-e967-48e8-8218-2113456a3cb0 => generated 0 bytes in 65 msecs (HTTP/1.1 202) 6 headers in 233 bytes (1 switches on core 0)
Aug 06 18:52:17.628525 dv-cinder-751579-25-iscsi devstack@c-api.service[100099]: INFO cinder.api.openstack.wsgi [None req-d5e4d496-cfa0-448c-bf22-f8c1eb1bbde2 tempest-VolumeRetypeWithoutMigrationTest-1045682835 tempest-VolumeRetypeWithoutMigrationTest-1045682835-project-admin] GET http://10.222.0.97/volume/v3/da396f3527ca4cb3a57d7ef30b0fe178/types/7cd6d26a-e967-48e8-8218-2113456a3cb0
Aug 06 18:52:17.630419 dv-cinder-751579-25-iscsi devstack@c-api.service[100099]: DEBUG cinder.api.openstack.wsgi [None req-d5e4d496-cfa0-448c-bf22-f8c1eb1bbde2 tempest-VolumeRetypeWithoutMigrationTest-1045682835 tempest-VolumeRetypeWithoutMigrationTest-1045682835-project-admin] Empty body provided in request {{(pid=100099) get_body /opt/stack/cinder/cinder/api/openstack/wsgi.py:703}}
Aug 06 18:52:17.630917 dv-cinder-751579-25-iscsi devstack@c-api.service[100099]: DEBUG cinder.api.openstack.wsgi [None req-d5e4d496-cfa0-448c-bf22-f8c1eb1bbde2 tempest-VolumeRetypeWithoutMigrationTest-1045682835 tempest-VolumeRetypeWithoutMigrationTest-1045682835-project-admin] Calling method 'show' {{(pid=100099) _process_stack /opt/stack/cinder/cinder/api/openstack/wsgi.py:856}}
Aug 06 18:52:17.639429 dv-cinder-751579-25-iscsi devstack@c-api.service[100099]: INFO cinder.api.openstack.wsgi [None req-d5e4d496-cfa0-448c-bf22-f8c1eb1bbde2 tempest-VolumeRetypeWithoutMigrationTest-1045682835 tempest-VolumeRetypeWithoutMigrationTest-1045682835-project-admin] http://10.222.0.97/volume/v3/da396f3527ca4cb3a57d7ef30b0fe178/types/7cd6d26a-e967-48e8-8218-2113456a3cb0 returned with HTTP 404
Aug 06 18:52:17.640519 dv-cinder-751579-25-iscsi devstack@c-api.service[100099]: [pid: 100099|app: 0|req: 126/260] 10.222.0.97 () {58 vars in 1319 bytes} [Fri Aug 6 18:52:17 2021] GET /volume/v3/da396f3527ca4cb3a57d7ef30b0fe178/types/7cd6d26a-e967-48e8-8218-2113456a3cb0 => generated 114 bytes in 19 msecs (HTTP/1.1 404) 7 headers in 292 bytes (1 switches on core 0)
Aug 06 18:52:17.647719 dv-cinder-751579-25-iscsi devstack@c-api.service[100100]: INFO cinder.api.openstack.wsgi [None req-02277086-f6b4-473a-94db-c0a7cbb900b2 tempest-VolumeRetypeWithoutMigrationTest-1045682835 tempest-VolumeRetypeWithoutMigrationTest-1045682835-project-admin] DELETE http://10.222.0.97/volume/v3/da396f3527ca4cb3a57d7ef30b0fe178/types/a7f600e2-7fc2-423a-9e4b-c0e85ed25a66
Aug 06 18:52:17.648169 dv-cinder-751579-25-iscsi devstack@c-api.service[100100]: DEBUG cinder.api.openstack.wsgi [None req-02277086-f6b4-473a-94db-c0a7cbb900b2 tempest-VolumeRetypeWithoutMigrationTest-1045682835 tempest-VolumeRetypeWithoutMigrationTest-1045682835-project-admin] Empty body provided in request {{(pid=100100) get_body /opt/stack/cinder/cinder/api/openstack/wsgi.py:703}}
Aug 06 18:52:17.648603 dv-cinder-751579-25-iscsi devstack@c-api.service[100100]: DEBUG cinder.api.openstack.wsgi [None req-02277086-f6b4-473a-94db-c0a7cbb900b2 tempest-VolumeRetypeWithoutMigrationTest-1045682835 tempest-VolumeRetypeWithoutMigrationTest-1045682835-project-admin] Calling method '_delete' {{(pid=100100) _process_stack /opt/stack/cinder/cinder/api/openstack/wsgi.py:856}}
Aug 06 18:52:17.726261 dv-cinder-751579-25-iscsi devstack@c-api.service[100100]: INFO cinder.api.openstack.wsgi [None req-02277086-f6b4-473a-94db-c0a7cbb900b2 tempest-VolumeRetypeWithoutMigrationTest-1045682835 tempest-VolumeRetypeWithoutMigrationTest-1045682835-project-admin] http://10.222.0.97/volume/v3/da396f3527ca4cb3a57d7ef30b0fe178/types/a7f600e2-7fc2-423a-9e4b-c0e85ed25a66 returned with HTTP 202
Aug 06 18:52:17.730179 dv-cinder-751579-25-iscsi devstack@c-api.service[100100]: [pid: 100100|app: 0|req: 135/261] 10.222.0.97 () {58 vars in 1322 bytes} [Fri Aug 6 18:52:17 2021] DELETE /volume/v3/da396f3527ca4cb3a57d7ef30b0fe178/types/a7f600e2-7fc2-423a-9e4b-c0e85ed25a66 => generated 0 bytes in 83 msecs (HTTP/1.1 202) 6 headers in 233 bytes (1 switches on core 0)
Aug 06 18:52:17.734970 dv-cinder-751579-25-iscsi devstack@c-api.service[100099]: INFO cinder.api.openstack.wsgi [None req-422035c9-260c-492a-a1ac-3281fc7cfb4d tempest-VolumeRetypeWithoutMigrationTest-1045682835 tempest-VolumeRetypeWithoutMigrationTest-1045682835-project-admin] GET http://10.222.0.97/volume/v3/da396f3527ca4cb3a57d7ef30b0fe178/types/a7f600e2-7fc2-423a-9e4b-c0e85ed25a66
Aug 06 18:52:17.735676 dv-cinder-751579-25-iscsi devstack@c-api.service[100099]: DEBUG cinder.api.openstack.wsgi [None req-422035c9-260c-492a-a1ac-3281fc7cfb4d tempest-VolumeRetypeWithoutMigrationTest-1045682835 tempest-VolumeRetypeWithoutMigrationTest-1045682835-project-admin] Empty body provided in request {{(pid=100099) get_body /opt/stack/cinder/cinder/api/openstack/wsgi.py:703}}
Aug 06 18:52:17.736165 dv-cinder-751579-25-iscsi devstack@c-api.service[100099]: DEBUG cinder.api.openstack.wsgi [None req-422035c9-260c-492a-a1ac-3281fc7cfb4d tempest-VolumeRetypeWithoutMigrationTest-1045682835 tempest-VolumeRetypeWithoutMigrationTest-1045682835-project-admin] Calling method 'show' {{(pid=100099) _process_stack /opt/stack/cinder/cinder/api/openstack/wsgi.py:856}}
Aug 06 18:52:17.742779 dv-cinder-751579-25-iscsi devstack@c-api.service[100099]: INFO cinder.api.openstack.wsgi [None req-422035c9-260c-492a-a1ac-3281fc7cfb4d tempest-VolumeRetypeWithoutMigrationTest-1045682835 tempest-VolumeRetypeWithoutMigrationTest-1045682835-project-admin] http://10.222.0.97/volume/v3/da396f3527ca4cb3a57d7ef30b0fe178/types/a7f600e2-7fc2-423a-9e4b-c0e85ed25a66 returned with HTTP 404
Aug 06 18:52:17.747579 dv-cinder-751579-25-iscsi devstack@c-api.service[100099]: [pid: 100099|app: 0|req: 127/262] 10.222.0.97 () {58 vars in 1319 bytes} [Fri Aug 6 18:52:17 2021] GET /volume/v3/da396f3527ca4cb3a57d7ef30b0fe178/types/a7f600e2-7fc2-423a-9e4b-c0e85ed25a66 => generated 114 bytes in 13 msecs (HTTP/1.1 404) 7 headers in 292 bytes (2 switches on core 0)
Aug 06 18:52:18.259064 dv-cinder-751579-25-iscsi devstack@c-api.service[100100]: INFO cinder.api.openstack.wsgi [None req-0eb1884c-548d-46fe-a152-a0bbcfd9e6cc tempest-DeleteServersTestJSON-1292163974 tempest-DeleteServersTestJSON-1292163974-project] GET http://10.222.0.97/volume/v3/4f3ade81bb234cb0bbb93e0f526710c5/volumes/c22c3f99-eb81-4817-9dbf-cad8973593ef
Aug 06 18:52:18.259593 dv-cinder-751579-25-iscsi devstack@c-api.service[100100]: DEBUG cinder.api.openstack.wsgi [None req-0eb1884c-548d-46fe-a152-a0bbcfd9e6cc tempest-DeleteServersTestJSON-1292163974 tempest-DeleteServersTestJSON-1292163974-project] Empty body provided in request {{(pid=100100) get_body /opt/stack/cinder/cinder/api/openstack/wsgi.py:703}}
Aug 06 18:52:18.259920 dv-cinder-751579-25-iscsi devstack@c-api.service[100100]: DEBUG cinder.api.openstack.wsgi [None req-0eb1884c-548d-46fe-a152-a0bbcfd9e6cc tempest-DeleteServersTestJSON-1292163974 tempest-DeleteServersTestJSON-1292163974-project] Calling method 'show' {{(pid=100100) _process_stack /opt/stack/cinder/cinder/api/openstack/wsgi.py:856}}
Aug 06 18:52:18.273648 dv-cinder-751579-25-iscsi devstack@c-api.service[100100]: /usr/local/lib/python3.8/dist-packages/oslo_context/context.py:105: DeprecationWarning: Policy enforcement is depending on the value of is_admin. This key is deprecated. Please update your policy file to use the standard policy values.
Aug 06 18:52:18.273648 dv-cinder-751579-25-iscsi devstack@c-api.service[100100]: warnings.warn('Policy enforcement is depending on the value of '
Aug 06 18:52:18.280687 dv-cinder-751579-25-iscsi devstack@c-api.service[100100]: INFO cinder.volume.api [None req-0eb1884c-548d-46fe-a152-a0bbcfd9e6cc tempest-DeleteServersTestJSON-1292163974 tempest-DeleteServersTestJSON-1292163974-project] Volume info retrieved successfully.
Aug 06 18:52:18.292139 dv-cinder-751579-25-iscsi devstack@c-api.service[100100]: /usr/local/lib/python3.8/dist-packages/oslo_context/context.py:105: DeprecationWarning: Policy enforcement is depending on the value of is_admin. This key is deprecated. Please update your policy file to use the standard policy values.
Aug 06 18:52:18.292139 dv-cinder-751579-25-iscsi devstack@c-api.service[100100]: warnings.warn('Policy enforcement is depending on the value of '
Aug 06 18:52:18.300561 dv-cinder-751579-25-iscsi devstack@c-api.service[100100]: INFO cinder.api.openstack.wsgi [None req-0eb1884c-548d-46fe-a152-a0bbcfd9e6cc tempest-DeleteServersTestJSON-1292163974 tempest-DeleteServersTestJSON-1292163974-project] http://10.222.0.97/volume/v3/4f3ade81bb234cb0bbb93e0f526710c5/volumes/c22c3f99-eb81-4817-9dbf-cad8973593ef returned with HTTP 200
Aug 06 18:52:18.301184 dv-cinder-751579-25-iscsi devstack@c-api.service[100100]: [pid: 100100|app: 0|req: 136/263] 10.222.0.97 () {58 vars in 1325 bytes} [Fri Aug 6 18:52:18 2021] GET /volume/v3/4f3ade81bb234cb0bbb93e0f526710c5/volumes/c22c3f99-eb81-4817-9dbf-cad8973593ef => generated 912 bytes in 46 msecs (HTTP/1.1 200) 7 headers in 285 bytes (1 switches on core 0)
Aug 06 18:52:18.396623 dv-cinder-751579-25-iscsi devstack@c-api.service[100099]: INFO cinder.api.openstack.wsgi [None req-8e5c1f8d-9f6e-4da6-b0b0-950063aa39df tempest-AttachVolumeNegativeTest-1454156684 tempest-AttachVolumeNegativeTest-1454156684-project] GET http://10.222.0.97/volume/v3/621865055a9d4aeb87ab5fbe64e58a94/volumes/818c8256-ba09-40fd-9fc7-b4d00fa8e2db
Aug 06 18:52:18.397194 dv-cinder-751579-25-iscsi devstack@c-api.service[100099]: DEBUG cinder.api.openstack.wsgi [None req-8e5c1f8d-9f6e-4da6-b0b0-950063aa39df tempest-AttachVolumeNegativeTest-1454156684 tempest-AttachVolumeNegativeTest-1454156684-project] Empty body provided in request {{(pid=100099) get_body /opt/stack/cinder/cinder/api/openstack/wsgi.py:703}}
Aug 06 18:52:18.397630 dv-cinder-751579-25-iscsi devstack@c-api.service[100099]: DEBUG cinder.api.openstack.wsgi [None req-8e5c1f8d-9f6e-4da6-b0b0-950063aa39df tempest-AttachVolumeNegativeTest-1454156684 tempest-AttachVolumeNegativeTest-1454156684-project] Calling method 'show' {{(pid=100099) _process_stack /opt/stack/cinder/cinder/api/openstack/wsgi.py:856}}
Aug 06 18:52:18.425420 dv-cinder-751579-25-iscsi devstack@c-api.service[100100]: INFO cinder.api.openstack.wsgi [None req-c0cf9e4f-a2f4-4398-839f-85a5af33231e tempest-VolumesGetTest-1015931366 tempest-VolumesGetTest-1015931366-project] GET http://10.222.0.97/volume/v3/21580ac562d942e79deac77c5fd7c6ba/volumes/1c18bb5d-ebd6-4e97-bf9a-f0772ab14b1a
Aug 06 18:52:18.427011 dv-cinder-751579-25-iscsi devstack@c-api.service[100100]: DEBUG cinder.api.openstack.wsgi [None req-c0cf9e4f-a2f4-4398-839f-85a5af33231e tempest-VolumesGetTest-1015931366 tempest-VolumesGetTest-1015931366-project] Empty body provided in request {{(pid=100100) get_body /opt/stack/cinder/cinder/api/openstack/wsgi.py:703}}
Aug 06 18:52:18.427341 dv-cinder-751579-25-iscsi devstack@c-api.service[100100]: /usr/local/lib/python3.8/dist-packages/webob/acceptparse.py:1047: DeprecationWarning: The behavior of AcceptValidHeader.best_match is currently being maintained for backward compatibility, but it will be deprecated in the future, as it does not conform to the RFC.
Aug 06 18:52:18.427341 dv-cinder-751579-25-iscsi devstack@c-api.service[100100]: warnings.warn(
Aug 06 18:52:18.427875 dv-cinder-751579-25-iscsi devstack@c-api.service[100100]: DEBUG cinder.api.openstack.wsgi [None req-c0cf9e4f-a2f4-4398-839f-85a5af33231e tempest-VolumesGetTest-1015931366 tempest-VolumesGetTest-1015931366-project] Calling method 'show' {{(pid=100100) _process_stack /opt/stack/cinder/cinder/api/openstack/wsgi.py:856}}
Aug 06 18:52:18.430389 dv-cinder-751579-25-iscsi devstack@c-api.service[100099]: /usr/local/lib/python3.8/dist-packages/oslo_context/context.py:105: DeprecationWarning: Policy enforcement is depending on the value of is_admin. This key is deprecated. Please update your policy file to use the standard policy values.
Aug 06 18:52:18.430389 dv-cinder-751579-25-iscsi devstack@c-api.service[100099]: warnings.warn('Policy enforcement is depending on the value of '
Aug 06 18:52:18.451089 dv-cinder-751579-25-iscsi devstack@c-api.service[100099]: INFO cinder.volume.api [None req-8e5c1f8d-9f6e-4da6-b0b0-950063aa39df tempest-AttachVolumeNegativeTest-1454156684 tempest-AttachVolumeNegativeTest-1454156684-project] Volume info retrieved successfully.
Aug 06 18:52:18.452780 dv-cinder-751579-25-iscsi devstack@c-api.service[100100]: /usr/local/lib/python3.8/dist-packages/oslo_context/context.py:105: DeprecationWarning: Policy enforcement is depending on the value of is_admin. This key is deprecated. Please update your policy file to use the standard policy values.
Aug 06 18:52:18.452780 dv-cinder-751579-25-iscsi devstack@c-api.service[100100]: warnings.warn('Policy enforcement is depending on the value of '
Aug 06 18:52:18.467728 dv-cinder-751579-25-iscsi devstack@c-api.service[100099]: /usr/local/lib/python3.8/dist-packages/oslo_context/context.py:105: DeprecationWarning: Policy enforcement is depending on the value of is_admin. This key is deprecated. Please update your policy file to use the standard policy values.
Aug 06 18:52:18.467728 dv-cinder-751579-25-iscsi devstack@c-api.service[100099]: warnings.warn('Policy enforcement is depending on the value of '
Aug 06 18:52:18.471112 dv-cinder-751579-25-iscsi devstack@c-api.service[100100]: INFO cinder.volume.api [None req-c0cf9e4f-a2f4-4398-839f-85a5af33231e tempest-VolumesGetTest-1015931366 tempest-VolumesGetTest-1015931366-project] Volume info retrieved successfully.
Aug 06 18:52:18.478874 dv-cinder-751579-25-iscsi devstack@c-api.service[100099]: INFO cinder.api.openstack.wsgi [None req-8e5c1f8d-9f6e-4da6-b0b0-950063aa39df tempest-AttachVolumeNegativeTest-1454156684 tempest-AttachVolumeNegativeTest-1454156684-project] http://10.222.0.97/volume/v3/621865055a9d4aeb87ab5fbe64e58a94/volumes/818c8256-ba09-40fd-9fc7-b4d00fa8e2db returned with HTTP 200
Aug 06 18:52:18.481337 dv-cinder-751579-25-iscsi devstack@c-api.service[100099]: [pid: 100099|app: 0|req: 128/264] 10.222.0.97 () {58 vars in 1325 bytes} [Fri Aug 6 18:52:18 2021] GET /volume/v3/621865055a9d4aeb87ab5fbe64e58a94/volumes/818c8256-ba09-40fd-9fc7-b4d00fa8e2db => generated 915 bytes in 91 msecs (HTTP/1.1 200) 7 headers in 285 bytes (2 switches on core 0)
Aug 06 18:52:18.504208 dv-cinder-751579-25-iscsi devstack@c-api.service[100100]: INFO cinder.api.openstack.wsgi [None req-c0cf9e4f-a2f4-4398-839f-85a5af33231e tempest-VolumesGetTest-1015931366 tempest-VolumesGetTest-1015931366-project] http://10.222.0.97/volume/v3/21580ac562d942e79deac77c5fd7c6ba/volumes/1c18bb5d-ebd6-4e97-bf9a-f0772ab14b1a returned with HTTP 200
Aug 06 18:52:18.506063 dv-cinder-751579-25-iscsi devstack@c-api.service[100100]: [pid: 100100|app: 0|req: 137/265] 10.222.0.97 () {58 vars in 1325 bytes} [Fri Aug 6 18:52:18 2021] GET /volume/v3/21580ac562d942e79deac77c5fd7c6ba/volumes/1c18bb5d-ebd6-4e97-bf9a-f0772ab14b1a => generated 903 bytes in 85 msecs (HTTP/1.1 200) 7 headers in 285 bytes (2 switches on core 0)
Aug 06 18:52:18.527599 dv-cinder-751579-25-iscsi devstack@c-api.service[100099]: INFO cinder.api.openstack.wsgi [None req-eeebd5d4-c0b1-42ef-a335-f780c4fc50c6 tempest-VolumesGetTest-1015931366 tempest-VolumesGetTest-1015931366-project] PUT http://10.222.0.97/volume/v3/21580ac562d942e79deac77c5fd7c6ba/volumes/1c18bb5d-ebd6-4e97-bf9a-f0772ab14b1a
Aug 06 18:52:18.527825 dv-cinder-751579-25-iscsi devstack@c-api.service[100099]: /usr/local/lib/python3.8/dist-packages/webob/acceptparse.py:1047: DeprecationWarning: The behavior of AcceptValidHeader.best_match is currently being maintained for backward compatibility, but it will be deprecated in the future, as it does not conform to the RFC.
Aug 06 18:52:18.527825 dv-cinder-751579-25-iscsi devstack@c-api.service[100099]: warnings.warn(
Aug 06 18:52:18.528173 dv-cinder-751579-25-iscsi devstack@c-api.service[100099]: DEBUG cinder.api.openstack.wsgi [None req-eeebd5d4-c0b1-42ef-a335-f780c4fc50c6 tempest-VolumesGetTest-1015931366 tempest-VolumesGetTest-1015931366-project] Action: 'update', calling method: update, body: {"volume": {"name": "tempest-VolumesGetTest-Volume-1593757529", "description": null}} {{(pid=100099) _process_stack /opt/stack/cinder/cinder/api/openstack/wsgi.py:854}}
