May 27 11:19:13.087707 dv-cinder-751579-23-smb devstack@c-api.service[98652]: DEBUG cinder.api.openstack.wsgi [None req-ac05c13a-b9d3-408b-b22e-30ffbb3a1603 tempest-VolumesExtendTest-1947027790 tempest-VolumesExtendTest-1947027790-project] Calling method 'show' {{(pid=98652) _process_stack /opt/stack/cinder/cinder/api/openstack/wsgi.py:866}}
May 27 11:19:13.192936 dv-cinder-751579-23-smb devstack@c-api.service[98652]: /usr/local/lib/python3.8/dist-packages/oslo_context/context.py:105: DeprecationWarning: Policy enforcement is depending on the value of is_admin. This key is deprecated. Please update your policy file to use the standard policy values.
May 27 11:19:13.192936 dv-cinder-751579-23-smb devstack@c-api.service[98652]: warnings.warn('Policy enforcement is depending on the value of '
May 27 11:19:13.202753 dv-cinder-751579-23-smb devstack@c-api.service[98652]: INFO cinder.volume.api [None req-ac05c13a-b9d3-408b-b22e-30ffbb3a1603 tempest-VolumesExtendTest-1947027790 tempest-VolumesExtendTest-1947027790-project] Volume info retrieved successfully.
May 27 11:19:13.247139 dv-cinder-751579-23-smb devstack@c-api.service[98652]: INFO cinder.api.openstack.wsgi [None req-ac05c13a-b9d3-408b-b22e-30ffbb3a1603 tempest-VolumesExtendTest-1947027790 tempest-VolumesExtendTest-1947027790-project] http://10.222.0.77/volume/v3/c05e7f8cfa914888b3e71d3da14e6832/volumes/dfb18656-c500-49aa-ac2e-c23f1d5501f2 returned with HTTP 200
May 27 11:19:13.249417 dv-cinder-751579-23-smb devstack@c-api.service[98652]: [pid: 98652|app: 0|req: 167/305] 10.222.0.77 () {58 vars in 1325 bytes} [Thu May 27 11:19:13 2021] GET /volume/v3/c05e7f8cfa914888b3e71d3da14e6832/volumes/dfb18656-c500-49aa-ac2e-c23f1d5501f2 => generated 909 bytes in 168 msecs (HTTP/1.1 200) 7 headers in 285 bytes (1 switches on core 0)
May 27 11:19:13.369517 dv-cinder-751579-23-smb devstack@c-api.service[98653]: INFO cinder.api.openstack.wsgi [None req-24e448e4-d9df-4dc6-bf9c-976458fa82dc tempest-SnapshotsActionsTest-1786413233 tempest-SnapshotsActionsTest-1786413233-project] GET http://10.222.0.77/volume/v3/4f3823c33a4c4e6985f1a7c665227c57/snapshots/112b8cf0-18f7-4192-99f2-27ef4e27a0cd
May 27 11:19:13.370053 dv-cinder-751579-23-smb devstack@c-api.service[98653]: DEBUG cinder.api.openstack.wsgi [None req-24e448e4-d9df-4dc6-bf9c-976458fa82dc tempest-SnapshotsActionsTest-1786413233 tempest-SnapshotsActionsTest-1786413233-project] Empty body provided in request {{(pid=98653) get_body /opt/stack/cinder/cinder/api/openstack/wsgi.py:713}}
May 27 11:19:13.370402 dv-cinder-751579-23-smb devstack@c-api.service[98653]: DEBUG cinder.api.openstack.wsgi [None req-24e448e4-d9df-4dc6-bf9c-976458fa82dc tempest-SnapshotsActionsTest-1786413233 tempest-SnapshotsActionsTest-1786413233-project] Calling method 'show' {{(pid=98653) _process_stack /opt/stack/cinder/cinder/api/openstack/wsgi.py:866}}
May 27 11:19:13.413822 dv-cinder-751579-23-smb devstack@c-api.service[98653]: INFO cinder.api.openstack.wsgi [None req-24e448e4-d9df-4dc6-bf9c-976458fa82dc tempest-SnapshotsActionsTest-1786413233 tempest-SnapshotsActionsTest-1786413233-project] http://10.222.0.77/volume/v3/4f3823c33a4c4e6985f1a7c665227c57/snapshots/112b8cf0-18f7-4192-99f2-27ef4e27a0cd returned with HTTP 404
May 27 11:19:13.417010 dv-cinder-751579-23-smb devstack@c-api.service[98653]: [pid: 98653|app: 0|req: 139/306] 10.222.0.77 () {58 vars in 1331 bytes} [Thu May 27 11:19:13 2021] GET /volume/v3/4f3823c33a4c4e6985f1a7c665227c57/snapshots/112b8cf0-18f7-4192-99f2-27ef4e27a0cd => generated 111 bytes in 52 msecs (HTTP/1.1 404) 7 headers in 292 bytes (1 switches on core 0)
May 27 11:19:13.423117 dv-cinder-751579-23-smb devstack@c-api.service[98652]: INFO cinder.api.openstack.wsgi [None req-d72c5713-eeb3-4263-9c8f-b165548f3236 tempest-SnapshotsActionsTest-987434172 tempest-SnapshotsActionsTest-987434172-project-admin] POST http://10.222.0.77/volume/v3/d7d22f88c3c94ebfb6082b72087feb12/snapshots/8b91900b-6deb-4fe7-9598-913aa21d0e7a/action
May 27 11:19:13.424265 dv-cinder-751579-23-smb devstack@c-api.service[98652]: /usr/local/lib/python3.8/dist-packages/webob/acceptparse.py:1047: DeprecationWarning: The behavior of AcceptValidHeader.best_match is currently being maintained for backward compatibility, but it will be deprecated in the future, as it does not conform to the RFC.
May 27 11:19:13.424265 dv-cinder-751579-23-smb devstack@c-api.service[98652]: warnings.warn(
May 27 11:19:13.424968 dv-cinder-751579-23-smb devstack@c-api.service[98652]: DEBUG cinder.api.openstack.wsgi [None req-d72c5713-eeb3-4263-9c8f-b165548f3236 tempest-SnapshotsActionsTest-987434172 tempest-SnapshotsActionsTest-987434172-project-admin] Action body: b'{"os-reset_status": {"status": "available"}}' {{(pid=98652) get_method /opt/stack/cinder/cinder/api/openstack/wsgi.py:981}}
May 27 11:19:13.425608 dv-cinder-751579-23-smb devstack@c-api.service[98652]: DEBUG cinder.api.openstack.wsgi [None req-d72c5713-eeb3-4263-9c8f-b165548f3236 tempest-SnapshotsActionsTest-987434172 tempest-SnapshotsActionsTest-987434172-project-admin] Action: 'action', calling method: _reset_status, body: {"os-reset_status": {"status": "available"}} {{(pid=98652) _process_stack /opt/stack/cinder/cinder/api/openstack/wsgi.py:864}}
May 27 11:19:13.426787 dv-cinder-751579-23-smb devstack@c-api.service[98652]: DEBUG cinder.api.contrib.admin_actions [None req-d72c5713-eeb3-4263-9c8f-b165548f3236 tempest-SnapshotsActionsTest-987434172 tempest-SnapshotsActionsTest-987434172-project-admin] Updating snapshot '8b91900b-6deb-4fe7-9598-913aa21d0e7a' with '{'status': 'available'}' {{(pid=98652) _reset_status /opt/stack/cinder/cinder/api/contrib/admin_actions.py:100}}
May 27 11:19:13.476984 dv-cinder-751579-23-smb devstack@c-api.service[98652]: /usr/local/lib/python3.8/dist-packages/oslo_context/context.py:105: DeprecationWarning: Policy enforcement is depending on the value of is_admin. This key is deprecated. Please update your policy file to use the standard policy values.
May 27 11:19:13.476984 dv-cinder-751579-23-smb devstack@c-api.service[98652]: warnings.warn('Policy enforcement is depending on the value of '
May 27 11:19:13.517578 dv-cinder-751579-23-smb devstack@c-api.service[98652]: INFO cinder.api.openstack.wsgi [None req-d72c5713-eeb3-4263-9c8f-b165548f3236 tempest-SnapshotsActionsTest-987434172 tempest-SnapshotsActionsTest-987434172-project-admin] http://10.222.0.77/volume/v3/d7d22f88c3c94ebfb6082b72087feb12/snapshots/8b91900b-6deb-4fe7-9598-913aa21d0e7a/action returned with HTTP 202
May 27 11:19:13.519253 dv-cinder-751579-23-smb devstack@c-api.service[98652]: [pid: 98652|app: 0|req: 168/307] 10.222.0.77 () {60 vars in 1373 bytes} [Thu May 27 11:19:13 2021] POST /volume/v3/d7d22f88c3c94ebfb6082b72087feb12/snapshots/8b91900b-6deb-4fe7-9598-913aa21d0e7a/action => generated 0 bytes in 100 msecs (HTTP/1.1 202) 7 headers in 289 bytes (1 switches on core 0)
May 27 11:19:13.527895 dv-cinder-751579-23-smb devstack@c-api.service[98653]: INFO cinder.api.openstack.wsgi [None req-0b97b3f8-0c3d-41f3-a95c-bfa0a294657a tempest-SnapshotsActionsTest-1786413233 tempest-SnapshotsActionsTest-1786413233-project] GET http://10.222.0.77/volume/v3/4f3823c33a4c4e6985f1a7c665227c57/snapshots/8b91900b-6deb-4fe7-9598-913aa21d0e7a
May 27 11:19:13.528989 dv-cinder-751579-23-smb devstack@c-api.service[98653]: DEBUG cinder.api.openstack.wsgi [None req-0b97b3f8-0c3d-41f3-a95c-bfa0a294657a tempest-SnapshotsActionsTest-1786413233 tempest-SnapshotsActionsTest-1786413233-project] Empty body provided in request {{(pid=98653) get_body /opt/stack/cinder/cinder/api/openstack/wsgi.py:713}}
May 27 11:19:13.529855 dv-cinder-751579-23-smb devstack@c-api.service[98653]: DEBUG cinder.api.openstack.wsgi [None req-0b97b3f8-0c3d-41f3-a95c-bfa0a294657a tempest-SnapshotsActionsTest-1786413233 tempest-SnapshotsActionsTest-1786413233-project] Calling method 'show' {{(pid=98653) _process_stack /opt/stack/cinder/cinder/api/openstack/wsgi.py:866}}
May 27 11:19:13.562490 dv-cinder-751579-23-smb devstack@c-api.service[98653]: /usr/local/lib/python3.8/dist-packages/oslo_context/context.py:105: DeprecationWarning: Policy enforcement is depending on the value of is_admin. This key is deprecated. Please update your policy file to use the standard policy values.
May 27 11:19:13.562490 dv-cinder-751579-23-smb devstack@c-api.service[98653]: warnings.warn('Policy enforcement is depending on the value of '
May 27 11:19:13.563655 dv-cinder-751579-23-smb devstack@c-api.service[98653]: INFO cinder.volume.api [None req-0b97b3f8-0c3d-41f3-a95c-bfa0a294657a tempest-SnapshotsActionsTest-1786413233 tempest-SnapshotsActionsTest-1786413233-project] Snapshot retrieved successfully.
May 27 11:19:13.565822 dv-cinder-751579-23-smb devstack@c-api.service[98653]: INFO cinder.api.openstack.wsgi [None req-0b97b3f8-0c3d-41f3-a95c-bfa0a294657a tempest-SnapshotsActionsTest-1786413233 tempest-SnapshotsActionsTest-1786413233-project] http://10.222.0.77/volume/v3/4f3823c33a4c4e6985f1a7c665227c57/snapshots/8b91900b-6deb-4fe7-9598-913aa21d0e7a returned with HTTP 200
May 27 11:19:13.567110 dv-cinder-751579-23-smb devstack@c-api.service[98653]: [pid: 98653|app: 0|req: 140/308] 10.222.0.77 () {58 vars in 1331 bytes} [Thu May 27 11:19:13 2021] GET /volume/v3/4f3823c33a4c4e6985f1a7c665227c57/snapshots/8b91900b-6deb-4fe7-9598-913aa21d0e7a => generated 531 bytes in 44 msecs (HTTP/1.1 200) 7 headers in 285 bytes (1 switches on core 0)
May 27 11:19:13.581984 dv-cinder-751579-23-smb devstack@c-api.service[98652]: INFO cinder.api.openstack.wsgi [None req-84fd328a-200a-4313-b0e1-065f38b7cfb0 tempest-SnapshotsActionsTest-1786413233 tempest-SnapshotsActionsTest-1786413233-project] POST http://10.222.0.77/volume/v3/4f3823c33a4c4e6985f1a7c665227c57/snapshots
May 27 11:19:13.582634 dv-cinder-751579-23-smb devstack@c-api.service[98652]: /usr/local/lib/python3.8/dist-packages/webob/acceptparse.py:1047: DeprecationWarning: The behavior of AcceptValidHeader.best_match is currently being maintained for backward compatibility, but it will be deprecated in the future, as it does not conform to the RFC.
May 27 11:19:13.582634 dv-cinder-751579-23-smb devstack@c-api.service[98652]: warnings.warn(
May 27 11:19:13.583303 dv-cinder-751579-23-smb devstack@c-api.service[98652]: DEBUG cinder.api.openstack.wsgi [None req-84fd328a-200a-4313-b0e1-065f38b7cfb0 tempest-SnapshotsActionsTest-1786413233 tempest-SnapshotsActionsTest-1786413233-project] Action: 'create', calling method: create, body: {"snapshot": {"volume_id": "409ec421-546d-4e71-a736-06976142d195", "name": "tempest-SnapshotsActionsTest-Snapshot-2063146207"}} {{(pid=98652) _process_stack /opt/stack/cinder/cinder/api/openstack/wsgi.py:864}}
May 27 11:19:13.640780 dv-cinder-751579-23-smb devstack@c-api.service[98652]: /usr/local/lib/python3.8/dist-packages/oslo_context/context.py:105: DeprecationWarning: Policy enforcement is depending on the value of is_admin. This key is deprecated. Please update your policy file to use the standard policy values.
May 27 11:19:13.640780 dv-cinder-751579-23-smb devstack@c-api.service[98652]: warnings.warn('Policy enforcement is depending on the value of '
May 27 11:19:13.641970 dv-cinder-751579-23-smb devstack@c-api.service[98652]: INFO cinder.volume.api [None req-84fd328a-200a-4313-b0e1-065f38b7cfb0 tempest-SnapshotsActionsTest-1786413233 tempest-SnapshotsActionsTest-1786413233-project] Volume info retrieved successfully.
May 27 11:19:13.642363 dv-cinder-751579-23-smb devstack@c-api.service[98652]: INFO cinder.api.v2.snapshots [None req-84fd328a-200a-4313-b0e1-065f38b7cfb0 tempest-SnapshotsActionsTest-1786413233 tempest-SnapshotsActionsTest-1786413233-project] Create snapshot from volume 409ec421-546d-4e71-a736-06976142d195
May 27 11:19:13.707850 dv-cinder-751579-23-smb devstack@c-api.service[98652]: DEBUG cinder.quota [None req-84fd328a-200a-4313-b0e1-065f38b7cfb0 tempest-SnapshotsActionsTest-1786413233 tempest-SnapshotsActionsTest-1786413233-project] Created reservations ['c3391825-5128-4793-809f-6ad879295a95', '9b276fdc-adac-47f2-9cb6-3fa53fdc323f', 'df349a44-7644-44ca-909f-9ac4519cc638', '2f752535-5e14-4b72-bf42-08974ffd45b5'] {{(pid=98652) reserve /opt/stack/cinder/cinder/quota.py:755}}
May 27 11:19:13.836163 dv-cinder-751579-23-smb devstack@c-api.service[98652]: INFO cinder.volume.api [None req-84fd328a-200a-4313-b0e1-065f38b7cfb0 tempest-SnapshotsActionsTest-1786413233 tempest-SnapshotsActionsTest-1786413233-project] Snapshot create request issued successfully.
May 27 11:19:13.836918 dv-cinder-751579-23-smb devstack@c-api.service[98652]: INFO cinder.api.openstack.wsgi [None req-84fd328a-200a-4313-b0e1-065f38b7cfb0 tempest-SnapshotsActionsTest-1786413233 tempest-SnapshotsActionsTest-1786413233-project] http://10.222.0.77/volume/v3/4f3823c33a4c4e6985f1a7c665227c57/snapshots returned with HTTP 202
May 27 11:19:13.838279 dv-cinder-751579-23-smb devstack@c-api.service[98652]: [pid: 98652|app: 0|req: 169/309] 10.222.0.77 () {60 vars in 1242 bytes} [Thu May 27 11:19:13 2021] POST /volume/v3/4f3823c33a4c4e6985f1a7c665227c57/snapshots => generated 307 bytes in 260 msecs (HTTP/1.1 202) 7 headers in 291 bytes (1 switches on core 0)
May 27 11:19:13.849438 dv-cinder-751579-23-smb devstack@c-api.service[98653]: INFO cinder.api.openstack.wsgi [None req-f1bff22f-d3cc-431b-94d2-6c3f64ce3237 tempest-SnapshotsActionsTest-1786413233 tempest-SnapshotsActionsTest-1786413233-project] GET http://10.222.0.77/volume/v3/4f3823c33a4c4e6985f1a7c665227c57/snapshots/2d5186b2-bc4d-4cfa-905b-9623a9d08c27
May 27 11:19:13.850460 dv-cinder-751579-23-smb devstack@c-api.service[98653]: DEBUG cinder.api.openstack.wsgi [None req-f1bff22f-d3cc-431b-94d2-6c3f64ce3237 tempest-SnapshotsActionsTest-1786413233 tempest-SnapshotsActionsTest-1786413233-project] Empty body provided in request {{(pid=98653) get_body /opt/stack/cinder/cinder/api/openstack/wsgi.py:713}}
May 27 11:19:13.851503 dv-cinder-751579-23-smb devstack@c-api.service[98653]: /usr/local/lib/python3.8/dist-packages/webob/acceptparse.py:1047: DeprecationWarning: The behavior of AcceptValidHeader.best_match is currently being maintained for backward compatibility, but it will be deprecated in the future, as it does not conform to the RFC.
May 27 11:19:13.851503 dv-cinder-751579-23-smb devstack@c-api.service[98653]: warnings.warn(
May 27 11:19:13.852177 dv-cinder-751579-23-smb devstack@c-api.service[98653]: DEBUG cinder.api.openstack.wsgi [None req-f1bff22f-d3cc-431b-94d2-6c3f64ce3237 tempest-SnapshotsActionsTest-1786413233 tempest-SnapshotsActionsTest-1786413233-project] Calling method 'show' {{(pid=98653) _process_stack /opt/stack/cinder/cinder/api/openstack/wsgi.py:866}}
May 27 11:19:13.882931 dv-cinder-751579-23-smb devstack@c-api.service[98653]: /usr/local/lib/python3.8/dist-packages/oslo_context/context.py:105: DeprecationWarning: Policy enforcement is depending on the value of is_admin. This key is deprecated. Please update your policy file to use the standard policy values.
May 27 11:19:13.882931 dv-cinder-751579-23-smb devstack@c-api.service[98653]: warnings.warn('Policy enforcement is depending on the value of '
May 27 11:19:13.884444 dv-cinder-751579-23-smb devstack@c-api.service[98653]: INFO cinder.volume.api [None req-f1bff22f-d3cc-431b-94d2-6c3f64ce3237 tempest-SnapshotsActionsTest-1786413233 tempest-SnapshotsActionsTest-1786413233-project] Snapshot retrieved successfully.
May 27 11:19:13.886821 dv-cinder-751579-23-smb devstack@c-api.service[98653]: INFO cinder.api.openstack.wsgi [None req-f1bff22f-d3cc-431b-94d2-6c3f64ce3237 tempest-SnapshotsActionsTest-1786413233 tempest-SnapshotsActionsTest-1786413233-project] http://10.222.0.77/volume/v3/4f3823c33a4c4e6985f1a7c665227c57/snapshots/2d5186b2-bc4d-4cfa-905b-9623a9d08c27 returned with HTTP 200
May 27 11:19:13.888121 dv-cinder-751579-23-smb devstack@c-api.service[98653]: [pid: 98653|app: 0|req: 141/310] 10.222.0.77 () {58 vars in 1331 bytes} [Thu May 27 11:19:13 2021] GET /volume/v3/4f3823c33a4c4e6985f1a7c665227c57/snapshots/2d5186b2-bc4d-4cfa-905b-9623a9d08c27 => generated 439 bytes in 44 msecs (HTTP/1.1 200) 7 headers in 285 bytes (1 switches on core 0)
May 27 11:19:14.269786 dv-cinder-751579-23-smb devstack@c-api.service[98652]: INFO cinder.api.openstack.wsgi [None req-08242e64-bad5-40bb-9370-4b9f1173845c tempest-VolumesExtendTest-1947027790 tempest-VolumesExtendTest-1947027790-project] GET http://10.222.0.77/volume/v3/c05e7f8cfa914888b3e71d3da14e6832/volumes/dfb18656-c500-49aa-ac2e-c23f1d5501f2
May 27 11:19:14.271193 dv-cinder-751579-23-smb devstack@c-api.service[98652]: DEBUG cinder.api.openstack.wsgi [None req-08242e64-bad5-40bb-9370-4b9f1173845c tempest-VolumesExtendTest-1947027790 tempest-VolumesExtendTest-1947027790-project] Empty body provided in request {{(pid=98652) get_body /opt/stack/cinder/cinder/api/openstack/wsgi.py:713}}
May 27 11:19:14.271850 dv-cinder-751579-23-smb devstack@c-api.service[98652]: /usr/local/lib/python3.8/dist-packages/webob/acceptparse.py:1047: DeprecationWarning: The behavior of AcceptValidHeader.best_match is currently being maintained for backward compatibility, but it will be deprecated in the future, as it does not conform to the RFC.
May 27 11:19:14.271850 dv-cinder-751579-23-smb devstack@c-api.service[98652]: warnings.warn(
May 27 11:19:14.273149 dv-cinder-751579-23-smb devstack@c-api.service[98652]: DEBUG cinder.api.openstack.wsgi [None req-08242e64-bad5-40bb-9370-4b9f1173845c tempest-VolumesExtendTest-1947027790 tempest-VolumesExtendTest-1947027790-project] Calling method 'show' {{(pid=98652) _process_stack /opt/stack/cinder/cinder/api/openstack/wsgi.py:866}}
May 27 11:19:14.344090 dv-cinder-751579-23-smb devstack@c-api.service[98652]: /usr/local/lib/python3.8/dist-packages/oslo_context/context.py:105: DeprecationWarning: Policy enforcement is depending on the value of is_admin. This key is deprecated. Please update your policy file to use the standard policy values.
May 27 11:19:14.344090 dv-cinder-751579-23-smb devstack@c-api.service[98652]: warnings.warn('Policy enforcement is depending on the value of '
May 27 11:19:14.357298 dv-cinder-751579-23-smb devstack@c-api.service[98652]: INFO cinder.volume.api [None req-08242e64-bad5-40bb-9370-4b9f1173845c tempest-VolumesExtendTest-1947027790 tempest-VolumesExtendTest-1947027790-project] Volume info retrieved successfully.
May 27 11:19:14.395502 dv-cinder-751579-23-smb devstack@c-api.service[98652]: INFO cinder.api.openstack.wsgi [None req-08242e64-bad5-40bb-9370-4b9f1173845c tempest-VolumesExtendTest-1947027790 tempest-VolumesExtendTest-1947027790-project] http://10.222.0.77/volume/v3/c05e7f8cfa914888b3e71d3da14e6832/volumes/dfb18656-c500-49aa-ac2e-c23f1d5501f2 returned with HTTP 200
May 27 11:19:14.401771 dv-cinder-751579-23-smb devstack@c-api.service[98652]: [pid: 98652|app: 0|req: 170/311] 10.222.0.77 () {58 vars in 1325 bytes} [Thu May 27 11:19:14 2021] GET /volume/v3/c05e7f8cfa914888b3e71d3da14e6832/volumes/dfb18656-c500-49aa-ac2e-c23f1d5501f2 => generated 909 bytes in 138 msecs (HTTP/1.1 200) 7 headers in 285 bytes (1 switches on core 0)
May 27 11:19:14.898610 dv-cinder-751579-23-smb devstack@c-api.service[98653]: INFO cinder.api.openstack.wsgi [None req-87f224b2-aa5d-4190-bb2a-4fd3a543d995 tempest-SnapshotsActionsTest-1786413233 tempest-SnapshotsActionsTest-1786413233-project] GET http://10.222.0.77/volume/v3/4f3823c33a4c4e6985f1a7c665227c57/snapshots/2d5186b2-bc4d-4cfa-905b-9623a9d08c27
May 27 11:19:14.899764 dv-cinder-751579-23-smb devstack@c-api.service[98653]: DEBUG cinder.api.openstack.wsgi [None req-87f224b2-aa5d-4190-bb2a-4fd3a543d995 tempest-SnapshotsActionsTest-1786413233 tempest-SnapshotsActionsTest-1786413233-project] Empty body provided in request {{(pid=98653) get_body /opt/stack/cinder/cinder/api/openstack/wsgi.py:713}}
May 27 11:19:14.900096 dv-cinder-751579-23-smb devstack@c-api.service[98653]: /usr/local/lib/python3.8/dist-packages/webob/acceptparse.py:1047: DeprecationWarning: The behavior of AcceptValidHeader.best_match is currently being maintained for backward compatibility, but it will be deprecated in the future, as it does not conform to the RFC.
May 27 11:19:14.900096 dv-cinder-751579-23-smb devstack@c-api.service[98653]: warnings.warn(
May 27 11:19:14.900650 dv-cinder-751579-23-smb devstack@c-api.service[98653]: DEBUG cinder.api.openstack.wsgi [None req-87f224b2-aa5d-4190-bb2a-4fd3a543d995 tempest-SnapshotsActionsTest-1786413233 tempest-SnapshotsActionsTest-1786413233-project] Calling method 'show' {{(pid=98653) _process_stack /opt/stack/cinder/cinder/api/openstack/wsgi.py:866}}
May 27 11:19:14.940553 dv-cinder-751579-23-smb devstack@c-api.service[98653]: /usr/local/lib/python3.8/dist-packages/oslo_context/context.py:105: DeprecationWarning: Policy enforcement is depending on the value of is_admin. This key is deprecated. Please update your policy file to use the standard policy values.
May 27 11:19:14.940553 dv-cinder-751579-23-smb devstack@c-api.service[98653]: warnings.warn('Policy enforcement is depending on the value of '
May 27 11:19:14.942122 dv-cinder-751579-23-smb devstack@c-api.service[98653]: INFO cinder.volume.api [None req-87f224b2-aa5d-4190-bb2a-4fd3a543d995 tempest-SnapshotsActionsTest-1786413233 tempest-SnapshotsActionsTest-1786413233-project] Snapshot retrieved successfully.
May 27 11:19:14.945536 dv-cinder-751579-23-smb devstack@c-api.service[98653]: INFO cinder.api.openstack.wsgi [None req-87f224b2-aa5d-4190-bb2a-4fd3a543d995 tempest-SnapshotsActionsTest-1786413233 tempest-SnapshotsActionsTest-1786413233-project] http://10.222.0.77/volume/v3/4f3823c33a4c4e6985f1a7c665227c57/snapshots/2d5186b2-bc4d-4cfa-905b-9623a9d08c27 returned with HTTP 200
May 27 11:19:14.949689 dv-cinder-751579-23-smb devstack@c-api.service[98653]: [pid: 98653|app: 0|req: 142/312] 10.222.0.77 () {58 vars in 1331 bytes} [Thu May 27 11:19:14 2021] GET /volume/v3/4f3823c33a4c4e6985f1a7c665227c57/snapshots/2d5186b2-bc4d-4cfa-905b-9623a9d08c27 => generated 542 bytes in 55 msecs (HTTP/1.1 200) 7 headers in 285 bytes (1 switches on core 0)
May 27 11:19:15.412874 dv-cinder-751579-23-smb devstack@c-api.service[98652]: INFO cinder.api.openstack.wsgi [None req-ec26a249-dd6c-4756-a9b5-02378476f189 tempest-VolumesExtendTest-1947027790 tempest-VolumesExtendTest-1947027790-project] GET http://10.222.0.77/volume/v3/c05e7f8cfa914888b3e71d3da14e6832/volumes/dfb18656-c500-49aa-ac2e-c23f1d5501f2
May 27 11:19:15.414223 dv-cinder-751579-23-smb devstack@c-api.service[98652]: DEBUG cinder.api.openstack.wsgi [None req-ec26a249-dd6c-4756-a9b5-02378476f189 tempest-VolumesExtendTest-1947027790 tempest-VolumesExtendTest-1947027790-project] Empty body provided in request {{(pid=98652) get_body /opt/stack/cinder/cinder/api/openstack/wsgi.py:713}}
May 27 11:19:15.414634 dv-cinder-751579-23-smb devstack@c-api.service[98652]: /usr/local/lib/python3.8/dist-packages/webob/acceptparse.py:1047: DeprecationWarning: The behavior of AcceptValidHeader.best_match is currently being maintained for backward compatibility, but it will be deprecated in the future, as it does not conform to the RFC.
May 27 11:19:15.414634 dv-cinder-751579-23-smb devstack@c-api.service[98652]: warnings.warn(
May 27 11:19:15.415260 dv-cinder-751579-23-smb devstack@c-api.service[98652]: DEBUG cinder.api.openstack.wsgi [None req-ec26a249-dd6c-4756-a9b5-02378476f189 tempest-VolumesExtendTest-1947027790 tempest-VolumesExtendTest-1947027790-project] Calling method 'show' {{(pid=98652) _process_stack /opt/stack/cinder/cinder/api/openstack/wsgi.py:866}}
May 27 11:19:15.472298 dv-cinder-751579-23-smb devstack@c-api.service[98652]: /usr/local/lib/python3.8/dist-packages/oslo_context/context.py:105: DeprecationWarning: Policy enforcement is depending on the value of is_admin. This key is deprecated. Please update your policy file to use the standard policy values.
May 27 11:19:15.472298 dv-cinder-751579-23-smb devstack@c-api.service[98652]: warnings.warn('Policy enforcement is depending on the value of '
May 27 11:19:15.482770 dv-cinder-751579-23-smb devstack@c-api.service[98652]: INFO cinder.volume.api [None req-ec26a249-dd6c-4756-a9b5-02378476f189 tempest-VolumesExtendTest-1947027790 tempest-VolumesExtendTest-1947027790-project] Volume info retrieved successfully.
May 27 11:19:15.506736 dv-cinder-751579-23-smb devstack@c-api.service[98652]: INFO cinder.api.openstack.wsgi [None req-ec26a249-dd6c-4756-a9b5-02378476f189 tempest-VolumesExtendTest-1947027790 tempest-VolumesExtendTest-1947027790-project] http://10.222.0.77/volume/v3/c05e7f8cfa914888b3e71d3da14e6832/volumes/dfb18656-c500-49aa-ac2e-c23f1d5501f2 returned with HTTP 200
May 27 11:19:15.508378 dv-cinder-751579-23-smb devstack@c-api.service[98652]: [pid: 98652|app: 0|req: 171/313] 10.222.0.77 () {58 vars in 1325 bytes} [Thu May 27 11:19:15 2021] GET /volume/v3/c05e7f8cfa914888b3e71d3da14e6832/volumes/dfb18656-c500-49aa-ac2e-c23f1d5501f2 => generated 909 bytes in 100 msecs (HTTP/1.1 200) 7 headers in 285 bytes (1 switches on core 0)
May 27 11:19:15.834564 dv-cinder-751579-23-smb devstack@c-api.service[98653]: INFO cinder.api.openstack.wsgi [None req-82108ee2-9e3c-4314-8bad-8b5d1c5d4cdd tempest-VolumesImageMetadata-1686104970 tempest-VolumesImageMetadata-1686104970-project] POST http://10.222.0.77/volume/v3/d9fa486b409d479e8f53a76f3de06f37/volumes
May 27 11:19:15.835411 dv-cinder-751579-23-smb devstack@c-api.service[98653]: /usr/local/lib/python3.8/dist-packages/webob/acceptparse.py:1047: DeprecationWarning: The behavior of AcceptValidHeader.best_match is currently being maintained for backward compatibility, but it will be deprecated in the future, as it does not conform to the RFC.
May 27 11:19:15.835411 dv-cinder-751579-23-smb devstack@c-api.service[98653]: warnings.warn(
May 27 11:19:15.836186 dv-cinder-751579-23-smb devstack@c-api.service[98653]: DEBUG cinder.api.openstack.wsgi [None req-82108ee2-9e3c-4314-8bad-8b5d1c5d4cdd tempest-VolumesImageMetadata-1686104970 tempest-VolumesImageMetadata-1686104970-project] Action: 'create', calling method: create, body: {"volume": {"imageRef": "9b3485a4-7dc9-4015-a17a-6ef5112b1e58", "size": 1, "name": "tempest-VolumesImageMetadata-Volume-1187537288"}} {{(pid=98653) _process_stack /opt/stack/cinder/cinder/api/openstack/wsgi.py:864}}
May 27 11:19:15.838076 dv-cinder-751579-23-smb devstack@c-api.service[98653]: DEBUG cinder.api.v3.volumes [None req-82108ee2-9e3c-4314-8bad-8b5d1c5d4cdd tempest-VolumesImageMetadata-1686104970 tempest-VolumesImageMetadata-1686104970-project] Create volume request body: {'volume': {'imageRef': '9b3485a4-7dc9-4015-a17a-6ef5112b1e58', 'size': 1, 'name': 'tempest-VolumesImageMetadata-Volume-1187537288'}} {{(pid=98653) create /opt/stack/cinder/cinder/api/v3/volumes.py:289}}
May 27 11:19:15.960512 dv-cinder-751579-23-smb devstack@c-api.service[98652]: INFO cinder.api.openstack.wsgi [None req-df80ad28-f17b-4cd2-95e8-66994ea62418 tempest-SnapshotsActionsTest-1786413233 tempest-SnapshotsActionsTest-1786413233-project] GET http://10.222.0.77/volume/v3/4f3823c33a4c4e6985f1a7c665227c57/snapshots/2d5186b2-bc4d-4cfa-905b-9623a9d08c27
May 27 11:19:15.960979 dv-cinder-751579-23-smb devstack@c-api.service[98652]: DEBUG cinder.api.openstack.wsgi [None req-df80ad28-f17b-4cd2-95e8-66994ea62418 tempest-SnapshotsActionsTest-1786413233 tempest-SnapshotsActionsTest-1786413233-project] Empty body provided in request {{(pid=98652) get_body /opt/stack/cinder/cinder/api/openstack/wsgi.py:713}}
May 27 11:19:15.961151 dv-cinder-751579-23-smb devstack@c-api.service[98652]: /usr/local/lib/python3.8/dist-packages/webob/acceptparse.py:1047: DeprecationWarning: The behavior of AcceptValidHeader.best_match is currently being maintained for backward compatibility, but it will be deprecated in the future, as it does not conform to the RFC.
May 27 11:19:15.961151 dv-cinder-751579-23-smb devstack@c-api.service[98652]: warnings.warn(
May 27 11:19:15.961863 dv-cinder-751579-23-smb devstack@c-api.service[98652]: DEBUG cinder.api.openstack.wsgi [None req-df80ad28-f17b-4cd2-95e8-66994ea62418 tempest-SnapshotsActionsTest-1786413233 tempest-SnapshotsActionsTest-1786413233-project] Calling method 'show' {{(pid=98652) _process_stack /opt/stack/cinder/cinder/api/openstack/wsgi.py:866}}
May 27 11:19:16.002168 dv-cinder-751579-23-smb devstack@c-api.service[98652]: /usr/local/lib/python3.8/dist-packages/oslo_context/context.py:105: DeprecationWarning: Policy enforcement is depending on the value of is_admin. This key is deprecated. Please update your policy file to use the standard policy values.
May 27 11:19:16.002168 dv-cinder-751579-23-smb devstack@c-api.service[98652]: warnings.warn('Policy enforcement is depending on the value of '
May 27 11:19:16.003219 dv-cinder-751579-23-smb devstack@c-api.service[98652]: INFO cinder.volume.api [None req-df80ad28-f17b-4cd2-95e8-66994ea62418 tempest-SnapshotsActionsTest-1786413233 tempest-SnapshotsActionsTest-1786413233-project] Snapshot retrieved successfully.
May 27 11:19:16.005165 dv-cinder-751579-23-smb devstack@c-api.service[98652]: INFO cinder.api.openstack.wsgi [None req-df80ad28-f17b-4cd2-95e8-66994ea62418 tempest-SnapshotsActionsTest-1786413233 tempest-SnapshotsActionsTest-1786413233-project] http://10.222.0.77/volume/v3/4f3823c33a4c4e6985f1a7c665227c57/snapshots/2d5186b2-bc4d-4cfa-905b-9623a9d08c27 returned with HTTP 200
May 27 11:19:16.006618 dv-cinder-751579-23-smb devstack@c-api.service[98652]: [pid: 98652|app: 0|req: 172/314] 10.222.0.77 () {58 vars in 1331 bytes} [Thu May 27 11:19:15 2021] GET /volume/v3/4f3823c33a4c4e6985f1a7c665227c57/snapshots/2d5186b2-bc4d-4cfa-905b-9623a9d08c27 => generated 569 bytes in 50 msecs (HTTP/1.1 200) 7 headers in 285 bytes (2 switches on core 0)
May 27 11:19:16.022320 dv-cinder-751579-23-smb devstack@c-api.service[98652]: INFO cinder.api.openstack.wsgi [None req-8c29b0f4-d5a8-4af5-9d95-80e5f28f318b tempest-SnapshotsActionsTest-987434172 tempest-SnapshotsActionsTest-987434172-project-admin] POST http://10.222.0.77/volume/v3/d7d22f88c3c94ebfb6082b72087feb12/snapshots/2d5186b2-bc4d-4cfa-905b-9623a9d08c27/action
May 27 11:19:16.023069 dv-cinder-751579-23-smb devstack@c-api.service[98652]: /usr/local/lib/python3.8/dist-packages/webob/acceptparse.py:1047: DeprecationWarning: The behavior of AcceptValidHeader.best_match is currently being maintained for backward compatibility, but it will be deprecated in the future, as it does not conform to the RFC.
May 27 11:19:16.023069 dv-cinder-751579-23-smb devstack@c-api.service[98652]: warnings.warn(
May 27 11:19:16.023862 dv-cinder-751579-23-smb devstack@c-api.service[98652]: DEBUG cinder.api.openstack.wsgi [None req-8c29b0f4-d5a8-4af5-9d95-80e5f28f318b tempest-SnapshotsActionsTest-987434172 tempest-SnapshotsActionsTest-987434172-project-admin] Action body: b'{"os-reset_status": {"status": "error_deleting"}}' {{(pid=98652) get_method /opt/stack/cinder/cinder/api/openstack/wsgi.py:981}}
May 27 11:19:16.024409 dv-cinder-751579-23-smb devstack@c-api.service[98652]: DEBUG cinder.api.openstack.wsgi [None req-8c29b0f4-d5a8-4af5-9d95-80e5f28f318b tempest-SnapshotsActionsTest-987434172 tempest-SnapshotsActionsTest-987434172-project-admin] Action: 'action', calling method: _reset_status, body: {"os-reset_status": {"status": "error_deleting"}} {{(pid=98652) _process_stack /opt/stack/cinder/cinder/api/openstack/wsgi.py:864}}
May 27 11:19:16.025301 dv-cinder-751579-23-smb devstack@c-api.service[98652]: DEBUG cinder.api.contrib.admin_actions [None req-8c29b0f4-d5a8-4af5-9d95-80e5f28f318b tempest-SnapshotsActionsTest-987434172 tempest-SnapshotsActionsTest-987434172-project-admin] Updating snapshot '2d5186b2-bc4d-4cfa-905b-9623a9d08c27' with '{'status': 'error_deleting'}' {{(pid=98652) _reset_status /opt/stack/cinder/cinder/api/contrib/admin_actions.py:100}}
May 27 11:19:16.076521 dv-cinder-751579-23-smb devstack@c-api.service[98653]: INFO cinder.api.v3.volumes [None req-82108ee2-9e3c-4314-8bad-8b5d1c5d4cdd tempest-VolumesImageMetadata-1686104970 tempest-VolumesImageMetadata-1686104970-project] Create volume of 1 GB
May 27 11:19:16.103456 dv-cinder-751579-23-smb devstack@c-api.service[98653]: INFO cinder.volume.api [None req-82108ee2-9e3c-4314-8bad-8b5d1c5d4cdd tempest-VolumesImageMetadata-1686104970 tempest-VolumesImageMetadata-1686104970-project] Availability Zones retrieved successfully.
May 27 11:19:16.111289 dv-cinder-751579-23-smb devstack@c-api.service[98652]: /usr/local/lib/python3.8/dist-packages/oslo_context/context.py:105: DeprecationWarning: Policy enforcement is depending on the value of is_admin. This key is deprecated. Please update your policy file to use the standard policy values.
May 27 11:19:16.111289 dv-cinder-751579-23-smb devstack@c-api.service[98652]: warnings.warn('Policy enforcement is depending on the value of '
May 27 11:19:16.124695 dv-cinder-751579-23-smb devstack@c-api.service[98653]: DEBUG cinder.volume.api [None req-82108ee2-9e3c-4314-8bad-8b5d1c5d4cdd tempest-VolumesImageMetadata-1686104970 tempest-VolumesImageMetadata-1686104970-project] Flow 'volume_create_api' (eaed7d83-7ddc-4fb1-93b9-33a208cc929e) transitioned into state 'RUNNING' from state 'PENDING' {{(pid=98653) _flow_receiver /usr/local/lib/python3.8/dist-packages/taskflow/listeners/logging.py:141}}
May 27 11:19:16.128052 dv-cinder-751579-23-smb devstack@c-api.service[98653]: DEBUG cinder.volume.api [None req-82108ee2-9e3c-4314-8bad-8b5d1c5d4cdd tempest-VolumesImageMetadata-1686104970 tempest-VolumesImageMetadata-1686104970-project] Task 'cinder.volume.flows.api.create_volume.ExtractVolumeRequestTask;volume:create' (775cb38d-263d-4a27-b084-23cca169ceb2) transitioned into state 'RUNNING' from state 'PENDING' {{(pid=98653) _task_receiver /usr/local/lib/python3.8/dist-packages/taskflow/listeners/logging.py:190}}
May 27 11:19:16.132169 dv-cinder-751579-23-smb devstack@c-api.service[98653]: DEBUG cinder.volume.flows.api.create_volume [None req-82108ee2-9e3c-4314-8bad-8b5d1c5d4cdd tempest-VolumesImageMetadata-1686104970 tempest-VolumesImageMetadata-1686104970-project] Validating volume size '1' using validate_int {{(pid=98653) _extract_size /opt/stack/cinder/cinder/volume/flows/api/create_volume.py:201}}
May 27 11:19:16.172246 dv-cinder-751579-23-smb devstack@c-api.service[98652]: INFO cinder.api.openstack.wsgi [None req-8c29b0f4-d5a8-4af5-9d95-80e5f28f318b tempest-SnapshotsActionsTest-987434172 tempest-SnapshotsActionsTest-987434172-project-admin] http://10.222.0.77/volume/v3/d7d22f88c3c94ebfb6082b72087feb12/snapshots/2d5186b2-bc4d-4cfa-905b-9623a9d08c27/action returned with HTTP 202
May 27 11:19:16.173527 dv-cinder-751579-23-smb devstack@c-api.service[98652]: [pid: 98652|app: 0|req: 173/315] 10.222.0.77 () {60 vars in 1373 bytes} [Thu May 27 11:19:16 2021] POST /volume/v3/d7d22f88c3c94ebfb6082b72087feb12/snapshots/2d5186b2-bc4d-4cfa-905b-9623a9d08c27/action => generated 0 bytes in 157 msecs (HTTP/1.1 202) 7 headers in 289 bytes (1 switches on core 0)
May 27 11:19:16.299488 dv-cinder-751579-23-smb devstack@c-api.service[98653]: DEBUG cinder.volume.api [None req-82108ee2-9e3c-4314-8bad-8b5d1c5d4cdd tempest-VolumesImageMetadata-1686104970 tempest-VolumesImageMetadata-1686104970-project] Task 'cinder.volume.flows.api.create_volume.ExtractVolumeRequestTask;volume:create' (775cb38d-263d-4a27-b084-23cca169ceb2) transitioned into state 'SUCCESS' from state 'RUNNING' with result '{'size': 1, 'snapshot_id': None, 'source_volid': None, 'volume_type': VolumeType(created_at=2021-05-27T11:08:14Z,deleted=False,deleted_at=None,description='Default Volume Type',extra_specs={},id=a36fc1b6-6c23-438d-a4d1-c4f7b091503f,is_public=True,name='__DEFAULT__',projects=[],qos_specs=,qos_specs_id=None,updated_at=2021-05-27T11:08:14Z), 'volume_type_id': 'a36fc1b6-6c23-438d-a4d1-c4f7b091503f', 'encryption_key_id': None, 'qos_specs': None, 'consistencygroup_id': None, 'cgsnapshot_id': None, 'group_id': None, 'replication_status': 'disabled', 'refresh_az': False, 'backup_id': None, 'multiattach': False, 'availability_zones': ['nova']}' {{(pid=98653) _task_receiver /usr/local/lib/python3.8/dist-packages/taskflow/listeners/logging.py:178}}
May 27 11:19:16.303272 dv-cinder-751579-23-smb devstack@c-api.service[98653]: DEBUG cinder.volume.api [None req-82108ee2-9e3c-4314-8bad-8b5d1c5d4cdd tempest-VolumesImageMetadata-1686104970 tempest-VolumesImageMetadata-1686104970-project] Task 'cinder.volume.flows.api.create_volume.QuotaReserveTask;volume:create' (b169bcfe-c156-42d0-ae29-d8b805e968e8) transitioned into state 'RUNNING' from state 'PENDING' {{(pid=98653) _task_receiver /usr/local/lib/python3.8/dist-packages/taskflow/listeners/logging.py:190}}
May 27 11:19:16.318325 dv-cinder-751579-23-smb devstack@c-api.service[98652]: INFO cinder.api.openstack.wsgi [None req-b587bd28-6dcb-4b4a-b33d-f0ec27cd7972 tempest-VolumesNegativeTest-147920538 tempest-VolumesNegativeTest-147920538-project] POST http://10.222.0.77/volume/v3/c394db0c37384698a27c1c958a1d7153/volumes
May 27 11:19:16.319026 dv-cinder-751579-23-smb devstack@c-api.service[98652]: /usr/local/lib/python3.8/dist-packages/webob/acceptparse.py:1047: DeprecationWarning: The behavior of AcceptValidHeader.best_match is currently being maintained for backward compatibility, but it will be deprecated in the future, as it does not conform to the RFC.
May 27 11:19:16.319026 dv-cinder-751579-23-smb devstack@c-api.service[98652]: warnings.warn(
May 27 11:19:16.319191 dv-cinder-751579-23-smb devstack@c-api.service[98652]: DEBUG cinder.api.openstack.wsgi [None req-b587bd28-6dcb-4b4a-b33d-f0ec27cd7972 tempest-VolumesNegativeTest-147920538 tempest-VolumesNegativeTest-147920538-project] Action: 'create', calling method: create, body: {"volume": {"size": 1, "name": "tempest-VolumesNegativeTest-Volume-2093804708"}} {{(pid=98652) _process_stack /opt/stack/cinder/cinder/api/openstack/wsgi.py:864}}
May 27 11:19:16.320206 dv-cinder-751579-23-smb devstack@c-api.service[98652]: DEBUG cinder.api.v3.volumes [None req-b587bd28-6dcb-4b4a-b33d-f0ec27cd7972 tempest-VolumesNegativeTest-147920538 tempest-VolumesNegativeTest-147920538-project] Create volume request body: {'volume': {'size': 1, 'name': 'tempest-VolumesNegativeTest-Volume-2093804708'}} {{(pid=98652) create /opt/stack/cinder/cinder/api/v3/volumes.py:289}}
May 27 11:19:16.320540 dv-cinder-751579-23-smb devstack@c-api.service[98652]: INFO cinder.api.v3.volumes [None req-b587bd28-6dcb-4b4a-b33d-f0ec27cd7972 tempest-VolumesNegativeTest-147920538 tempest-VolumesNegativeTest-147920538-project] Create volume of 1 GB
May 27 11:19:16.321268 dv-cinder-751579-23-smb devstack@c-api.service[98652]: /usr/local/lib/python3.8/dist-packages/oslo_context/context.py:105: DeprecationWarning: Policy enforcement is depending on the value of is_admin. This key is deprecated. Please update your policy file to use the standard policy values.
May 27 11:19:16.321268 dv-cinder-751579-23-smb devstack@c-api.service[98652]: warnings.warn('Policy enforcement is depending on the value of '
May 27 11:19:16.332785 dv-cinder-751579-23-smb devstack@c-api.service[98652]: INFO cinder.volume.api [None req-b587bd28-6dcb-4b4a-b33d-f0ec27cd7972 tempest-VolumesNegativeTest-147920538 tempest-VolumesNegativeTest-147920538-project] Availability Zones retrieved successfully.
May 27 11:19:16.348882 dv-cinder-751579-23-smb devstack@c-api.service[98652]: DEBUG cinder.volume.api [None req-b587bd28-6dcb-4b4a-b33d-f0ec27cd7972 tempest-VolumesNegativeTest-147920538 tempest-VolumesNegativeTest-147920538-project] Flow 'volume_create_api' (0ec888c3-dd78-4e16-9b3f-50d1ac35b02c) transitioned into state 'RUNNING' from state 'PENDING' {{(pid=98652) _flow_receiver /usr/local/lib/python3.8/dist-packages/taskflow/listeners/logging.py:141}}
May 27 11:19:16.351553 dv-cinder-751579-23-smb devstack@c-api.service[98652]: DEBUG cinder.volume.api [None req-b587bd28-6dcb-4b4a-b33d-f0ec27cd7972 tempest-VolumesNegativeTest-147920538 tempest-VolumesNegativeTest-147920538-project] Task 'cinder.volume.flows.api.create_volume.ExtractVolumeRequestTask;volume:create' (3846c440-cb33-45ec-a372-121eecf115d2) transitioned into state 'RUNNING' from state 'PENDING' {{(pid=98652) _task_receiver /usr/local/lib/python3.8/dist-packages/taskflow/listeners/logging.py:190}}
May 27 11:19:16.354954 dv-cinder-751579-23-smb devstack@c-api.service[98652]: DEBUG cinder.volume.flows.api.create_volume [None req-b587bd28-6dcb-4b4a-b33d-f0ec27cd7972 tempest-VolumesNegativeTest-147920538 tempest-VolumesNegativeTest-147920538-project] Validating volume size '1' using validate_int {{(pid=98652) _extract_size /opt/stack/cinder/cinder/volume/flows/api/create_volume.py:201}}
May 27 11:19:16.434469 dv-cinder-751579-23-smb devstack@c-api.service[98653]: DEBUG cinder.quota [None req-82108ee2-9e3c-4314-8bad-8b5d1c5d4cdd tempest-VolumesImageMetadata-1686104970 tempest-VolumesImageMetadata-1686104970-project] Created reservations ['9438e914-eb90-48a7-8b7a-b84d13f87012', '5437acbd-2fdb-4da4-a423-5deafcf44919', '690434d4-61af-4195-a449-8c280cfae145', 'ec9bb1c5-1ae4-4650-9093-26231c7fef8f'] {{(pid=98653) reserve /opt/stack/cinder/cinder/quota.py:755}}
May 27 11:19:16.435936 dv-cinder-751579-23-smb devstack@c-api.service[98652]: DEBUG cinder.volume.api [None req-b587bd28-6dcb-4b4a-b33d-f0ec27cd7972 tempest-VolumesNegativeTest-147920538 tempest-VolumesNegativeTest-147920538-project] Task 'cinder.volume.flows.api.create_volume.ExtractVolumeRequestTask;volume:create' (3846c440-cb33-45ec-a372-121eecf115d2) transitioned into state 'SUCCESS' from state 'RUNNING' with result '{'size': 1, 'snapshot_id': None, 'source_volid': None, 'volume_type': VolumeType(created_at=2021-05-27T11:08:14Z,deleted=False,deleted_at=None,description='Default Volume Type',extra_specs={},id=a36fc1b6-6c23-438d-a4d1-c4f7b091503f,is_public=True,name='__DEFAULT__',projects=[],qos_specs=,qos_specs_id=None,updated_at=2021-05-27T11:08:14Z), 'volume_type_id': 'a36fc1b6-6c23-438d-a4d1-c4f7b091503f', 'encryption_key_id': None, 'qos_specs': None, 'consistencygroup_id': None, 'cgsnapshot_id': None, 'group_id': None, 'replication_status': 'disabled', 'refresh_az': False, 'backup_id': None, 'multiattach': False, 'availability_zones': ['nova']}' {{(pid=98652) _task_receiver /usr/local/lib/python3.8/dist-packages/taskflow/listeners/logging.py:178}}
May 27 11:19:16.436554 dv-cinder-751579-23-smb devstack@c-api.service[98653]: DEBUG cinder.volume.api [None req-82108ee2-9e3c-4314-8bad-8b5d1c5d4cdd tempest-VolumesImageMetadata-1686104970 tempest-VolumesImageMetadata-1686104970-project] Task 'cinder.volume.flows.api.create_volume.QuotaReserveTask;volume:create' (b169bcfe-c156-42d0-ae29-d8b805e968e8) transitioned into state 'SUCCESS' from state 'RUNNING' with result '{'reservations': ['9438e914-eb90-48a7-8b7a-b84d13f87012', '5437acbd-2fdb-4da4-a423-5deafcf44919', '690434d4-61af-4195-a449-8c280cfae145', 'ec9bb1c5-1ae4-4650-9093-26231c7fef8f']}' {{(pid=98653) _task_receiver /usr/local/lib/python3.8/dist-packages/taskflow/listeners/logging.py:178}}
May 27 11:19:16.438114 dv-cinder-751579-23-smb devstack@c-api.service[98652]: DEBUG cinder.volume.api [None req-b587bd28-6dcb-4b4a-b33d-f0ec27cd7972 tempest-VolumesNegativeTest-147920538 tempest-VolumesNegativeTest-147920538-project] Task 'cinder.volume.flows.api.create_volume.QuotaReserveTask;volume:create' (92bb88b1-7c9f-464d-8ed8-c89bf0a01af8) transitioned into state 'RUNNING' from state 'PENDING' {{(pid=98652) _task_receiver /usr/local/lib/python3.8/dist-packages/taskflow/listeners/logging.py:190}}
May 27 11:19:16.439083 dv-cinder-751579-23-smb devstack@c-api.service[98653]: DEBUG cinder.volume.api [None req-82108ee2-9e3c-4314-8bad-8b5d1c5d4cdd tempest-VolumesImageMetadata-1686104970 tempest-VolumesImageMetadata-1686104970-project] Task 'cinder.volume.flows.api.create_volume.EntryCreateTask;volume:create' (a702cf9d-f941-402a-ac87-e090fee38c4a) transitioned into state 'RUNNING' from state 'PENDING' {{(pid=98653) _task_receiver /usr/local/lib/python3.8/dist-packages/taskflow/listeners/logging.py:190}}
May 27 11:19:16.505907 dv-cinder-751579-23-smb devstack@c-api.service[98653]: DEBUG cinder.volume.api [None req-82108ee2-9e3c-4314-8bad-8b5d1c5d4cdd tempest-VolumesImageMetadata-1686104970 tempest-VolumesImageMetadata-1686104970-project] Task 'cinder.volume.flows.api.create_volume.EntryCreateTask;volume:create' (a702cf9d-f941-402a-ac87-e090fee38c4a) transitioned into state 'SUCCESS' from state 'RUNNING' with result '{'volume_id': 'c6984fe3-0c36-49b1-9ed7-03096952787c', 'volume_properties': VolumeProperties(attach_status='detached',availability_zone='nova',cgsnapshot_id=None,consistencygroup_id=None,display_description=None,display_name='tempest-VolumesImageMetadata-Volume-1187537288',encryption_key_id=None,group_id=None,group_type_id=,metadata={},multiattach=False,project_id='d9fa486b409d479e8f53a76f3de06f37',qos_specs=None,replication_status=,reservations=['9438e914-eb90-48a7-8b7a-b84d13f87012','5437acbd-2fdb-4da4-a423-5deafcf44919','690434d4-61af-4195-a449-8c280cfae145','ec9bb1c5-1ae4-4650-9093-26231c7fef8f'],size=1,snapshot_id=None,source_replicaid=,source_volid=None,status='creating',user_id='19e2ece7e78d4061aae09aca59226f8d',volume_type_id=a36fc1b6-6c23-438d-a4d1-c4f7b091503f), 'volume': Volume(_name_id=None,admin_metadata=,attach_status='detached',availability_zone='nova',bootable=False,cluster=,cluster_name=None,consistencygroup=,consistencygroup_id=None,created_at=2021-05-27T11:19:16Z,deleted=False,deleted_at=None,display_description=None,display_name='tempest-VolumesImageMetadata-Volume-1187537288',ec2_id=None,encryption_key_id=None,glance_metadata=,group=,group_id=None,host=None,id=c6984fe3-0c36-49b1-9ed7-03096952787c,launched_at=None,metadata={},migration_status=None,multiattach=False,previous_status=None,project_id='d9fa486b409d479e8f53a76f3de06f37',provider_auth=None,provider_geometry=None,provider_id=None,provider_location=None,replication_driver_data=None,replication_extended_status=None,replication_status=None,scheduled_at=None,service_uuid=None,shared_targets=True,size=1,snapshot_id=None,snapshots=,source_volid=None,status='creating',terminated_at=None,updated_at=None,user_id='19e2ece7e78d4061aae09aca59226f8d',volume_attachment=,volume_type=VolumeType(a36fc1b6-6c23-438d-a4d1-c4f7b091503f),volume_type_id=a36fc1b6-6c23-438d-a4d1-c4f7b091503f)}' {{(pid=98653) _task_receiver /usr/local/lib/python3.8/dist-packages/taskflow/listeners/logging.py:178}}
May 27 11:19:16.510132 dv-cinder-751579-23-smb devstack@c-api.service[98653]: DEBUG cinder.volume.api [None req-82108ee2-9e3c-4314-8bad-8b5d1c5d4cdd tempest-VolumesImageMetadata-1686104970 tempest-VolumesImageMetadata-1686104970-project] Task 'cinder.volume.flows.api.create_volume.QuotaCommitTask;volume:create' (fe45c5b1-5a6f-4ec1-b8d2-9c170a4f31ad) transitioned into state 'RUNNING' from state 'PENDING' {{(pid=98653) _task_receiver /usr/local/lib/python3.8/dist-packages/taskflow/listeners/logging.py:190}}
May 27 11:19:16.549977 dv-cinder-751579-23-smb devstack@c-api.service[98653]: DEBUG cinder.volume.api [None req-82108ee2-9e3c-4314-8bad-8b5d1c5d4cdd tempest-VolumesImageMetadata-1686104970 tempest-VolumesImageMetadata-1686104970-project] Task 'cinder.volume.flows.api.create_volume.QuotaCommitTask;volume:create' (fe45c5b1-5a6f-4ec1-b8d2-9c170a4f31ad) transitioned into state 'SUCCESS' from state 'RUNNING' with result '{'volume_properties': VolumeProperties(attach_status='detached',availability_zone='nova',cgsnapshot_id=None,consistencygroup_id=None,display_description=None,display_name='tempest-VolumesImageMetadata-Volume-1187537288',encryption_key_id=None,group_id=None,group_type_id=,metadata={},multiattach=False,project_id='d9fa486b409d479e8f53a76f3de06f37',qos_specs=None,replication_status=,reservations=['9438e914-eb90-48a7-8b7a-b84d13f87012','5437acbd-2fdb-4da4-a423-5deafcf44919','690434d4-61af-4195-a449-8c280cfae145','ec9bb1c5-1ae4-4650-9093-26231c7fef8f'],size=1,snapshot_id=None,source_replicaid=,source_volid=None,status='creating',user_id='19e2ece7e78d4061aae09aca59226f8d',volume_type_id=a36fc1b6-6c23-438d-a4d1-c4f7b091503f)}' {{(pid=98653) _task_receiver /usr/local/lib/python3.8/dist-packages/taskflow/listeners/logging.py:178}}
May 27 11:19:16.557988 dv-cinder-751579-23-smb devstack@c-api.service[98653]: DEBUG cinder.volume.api [None req-82108ee2-9e3c-4314-8bad-8b5d1c5d4cdd tempest-VolumesImageMetadata-1686104970 tempest-VolumesImageMetadata-1686104970-project] Task 'cinder.volume.flows.api.create_volume.VolumeCastTask;volume:create' (1a27c0a1-005d-4bd5-839f-50a10d9994dc) transitioned into state 'RUNNING' from state 'PENDING' {{(pid=98653) _task_receiver /usr/local/lib/python3.8/dist-packages/taskflow/listeners/logging.py:190}}
May 27 11:19:16.574112 dv-cinder-751579-23-smb devstack@c-api.service[98652]: DEBUG cinder.quota [None req-b587bd28-6dcb-4b4a-b33d-f0ec27cd7972 tempest-VolumesNegativeTest-147920538 tempest-VolumesNegativeTest-147920538-project] Created reservations ['3d27cb56-828b-499d-87bf-448923718539', 'd2cd8694-6075-43f2-950c-d34ae06c9d3a', 'c769ebad-bc6a-47cc-89a5-fc9ba3a29f22', '8ce8f882-414a-42d0-af74-15b631216f4f'] {{(pid=98652) reserve /opt/stack/cinder/cinder/quota.py:755}}
May 27 11:19:16.576133 dv-cinder-751579-23-smb devstack@c-api.service[98652]: DEBUG cinder.volume.api [None req-b587bd28-6dcb-4b4a-b33d-f0ec27cd7972 tempest-VolumesNegativeTest-147920538 tempest-VolumesNegativeTest-147920538-project] Task 'cinder.volume.flows.api.create_volume.QuotaReserveTask;volume:create' (92bb88b1-7c9f-464d-8ed8-c89bf0a01af8) transitioned into state 'SUCCESS' from state 'RUNNING' with result '{'reservations': ['3d27cb56-828b-499d-87bf-448923718539', 'd2cd8694-6075-43f2-950c-d34ae06c9d3a', 'c769ebad-bc6a-47cc-89a5-fc9ba3a29f22', '8ce8f882-414a-42d0-af74-15b631216f4f']}' {{(pid=98652) _task_receiver /usr/local/lib/python3.8/dist-packages/taskflow/listeners/logging.py:178}}
