Mar 31 15:27:25.217518 dv-cinder-750782-15-iscsi devstack@c-api.service[110422]: INFO cinder.api.openstack.wsgi [None req-710e0062-97e0-4689-9ffa-59ce655eeb7b tempest-DeleteServersTestJSON-255589699 tempest-DeleteServersTestJSON-255589699-project] GET http://10.222.0.11/volume/v3/4a82fed01911439cbda142c6cba80430/volumes/378898be-e303-4410-ab7d-91a2865cd25d
Mar 31 15:27:25.218512 dv-cinder-750782-15-iscsi devstack@c-api.service[110422]: DEBUG cinder.api.openstack.wsgi [None req-710e0062-97e0-4689-9ffa-59ce655eeb7b tempest-DeleteServersTestJSON-255589699 tempest-DeleteServersTestJSON-255589699-project] Empty body provided in request {{(pid=110422) get_body /opt/stack/cinder/cinder/api/openstack/wsgi.py:715}}
Mar 31 15:27:25.219164 dv-cinder-750782-15-iscsi devstack@c-api.service[110422]: DEBUG cinder.api.openstack.wsgi [None req-710e0062-97e0-4689-9ffa-59ce655eeb7b tempest-DeleteServersTestJSON-255589699 tempest-DeleteServersTestJSON-255589699-project] Calling method 'show' {{(pid=110422) _process_stack /opt/stack/cinder/cinder/api/openstack/wsgi.py:868}}
Mar 31 15:27:25.247242 dv-cinder-750782-15-iscsi devstack@c-api.service[110421]: INFO cinder.api.openstack.wsgi [None req-0019a7f6-d1ac-4282-a033-e66344403d69 tempest-GroupSnapshotsTest-1946885791 tempest-GroupSnapshotsTest-1946885791-project-admin] http://10.222.0.11/volume/v3/41742c3cf61549dcb8739c4e5b7ccc95/group_types/5e9e6320-1823-49fb-9fc8-af1d5c476627 returned with HTTP 202
Mar 31 15:27:25.248742 dv-cinder-750782-15-iscsi devstack@c-api.service[110421]: [pid: 110421|app: 0|req: 186/384] 10.222.0.11 () {60 vars in 1380 bytes} [Thu Mar 31 15:27:25 2022] DELETE /volume/v3/41742c3cf61549dcb8739c4e5b7ccc95/group_types/5e9e6320-1823-49fb-9fc8-af1d5c476627 => generated 0 bytes in 69 msecs (HTTP/1.1 202) 6 headers in 234 bytes (1 switches on core 0)
Mar 31 15:27:25.257993 dv-cinder-750782-15-iscsi devstack@c-api.service[110421]: DEBUG cinder.api.middleware.request_id [None req-13f8ddef-1813-4fe7-934f-1a0204356167 None None] RequestId filter calling following filter/app {{(pid=110421) _context_setter /opt/stack/cinder/cinder/api/middleware/request_id.py:62}}
Mar 31 15:27:25.269064 dv-cinder-750782-15-iscsi devstack@c-api.service[110421]: INFO cinder.api.openstack.wsgi [None req-13f8ddef-1813-4fe7-934f-1a0204356167 tempest-VolumeQuotasAdminTestJSON-1722586889 tempest-VolumeQuotasAdminTestJSON-1722586889-project-admin] GET http://10.222.0.11/volume/v3/9579e3c0607a48099bb6254b0e671ed3/os-quota-sets/50f6f43652bd4cbfaba992cdce16dec3
Mar 31 15:27:25.269969 dv-cinder-750782-15-iscsi devstack@c-api.service[110421]: DEBUG cinder.api.openstack.wsgi [None req-13f8ddef-1813-4fe7-934f-1a0204356167 tempest-VolumeQuotasAdminTestJSON-1722586889 tempest-VolumeQuotasAdminTestJSON-1722586889-project-admin] Empty body provided in request {{(pid=110421) get_body /opt/stack/cinder/cinder/api/openstack/wsgi.py:715}}
Mar 31 15:27:25.270442 dv-cinder-750782-15-iscsi devstack@c-api.service[110421]: DEBUG cinder.api.openstack.wsgi [None req-13f8ddef-1813-4fe7-934f-1a0204356167 tempest-VolumeQuotasAdminTestJSON-1722586889 tempest-VolumeQuotasAdminTestJSON-1722586889-project-admin] Calling method 'show' {{(pid=110421) _process_stack /opt/stack/cinder/cinder/api/openstack/wsgi.py:868}}
Mar 31 15:27:25.271312 dv-cinder-750782-15-iscsi devstack@c-api.service[110422]: /usr/local/lib/python3.8/dist-packages/oslo_context/context.py:100: DeprecationWarning: Policy enforcement is depending on the value of is_admin. This key is deprecated. Please update your policy file to use the standard policy values.
Mar 31 15:27:25.271312 dv-cinder-750782-15-iscsi devstack@c-api.service[110422]: warnings.warn('Policy enforcement is depending on the value of '
Mar 31 15:27:25.290635 dv-cinder-750782-15-iscsi devstack@c-api.service[110422]: INFO cinder.volume.api [None req-710e0062-97e0-4689-9ffa-59ce655eeb7b tempest-DeleteServersTestJSON-255589699 tempest-DeleteServersTestJSON-255589699-project] Volume info retrieved successfully.
Mar 31 15:27:25.320197 dv-cinder-750782-15-iscsi devstack@c-api.service[110422]: INFO cinder.api.openstack.wsgi [None req-710e0062-97e0-4689-9ffa-59ce655eeb7b tempest-DeleteServersTestJSON-255589699 tempest-DeleteServersTestJSON-255589699-project] http://10.222.0.11/volume/v3/4a82fed01911439cbda142c6cba80430/volumes/378898be-e303-4410-ab7d-91a2865cd25d returned with HTTP 200
Mar 31 15:27:25.321912 dv-cinder-750782-15-iscsi devstack@c-api.service[110422]: [pid: 110422|app: 0|req: 199/385] 10.222.0.11 () {58 vars in 1324 bytes} [Thu Mar 31 15:27:25 2022] GET /volume/v3/4a82fed01911439cbda142c6cba80430/volumes/378898be-e303-4410-ab7d-91a2865cd25d => generated 1205 bytes in 122 msecs (HTTP/1.1 200) 7 headers in 286 bytes (1 switches on core 0)
Mar 31 15:27:25.326119 dv-cinder-750782-15-iscsi devstack@c-api.service[110422]: DEBUG cinder.api.middleware.request_id [None req-32e65e17-6836-4c88-ae83-d496f8014d4a None None] RequestId filter calling following filter/app {{(pid=110422) _context_setter /opt/stack/cinder/cinder/api/middleware/request_id.py:62}}
Mar 31 15:27:25.340309 dv-cinder-750782-15-iscsi devstack@c-api.service[110422]: INFO cinder.api.openstack.wsgi [None req-32e65e17-6836-4c88-ae83-d496f8014d4a tempest-GroupSnapshotsTest-1946885791 tempest-GroupSnapshotsTest-1946885791-project-admin] POST http://10.222.0.11/volume/v3/41742c3cf61549dcb8739c4e5b7ccc95/types
Mar 31 15:27:25.344259 dv-cinder-750782-15-iscsi devstack@c-api.service[110421]: INFO cinder.api.openstack.wsgi [None req-13f8ddef-1813-4fe7-934f-1a0204356167 tempest-VolumeQuotasAdminTestJSON-1722586889 tempest-VolumeQuotasAdminTestJSON-1722586889-project-admin] http://10.222.0.11/volume/v3/9579e3c0607a48099bb6254b0e671ed3/os-quota-sets/50f6f43652bd4cbfaba992cdce16dec3 returned with HTTP 200
Mar 31 15:27:25.351698 dv-cinder-750782-15-iscsi devstack@c-api.service[110422]: DEBUG cinder.api.openstack.wsgi [None req-32e65e17-6836-4c88-ae83-d496f8014d4a tempest-GroupSnapshotsTest-1946885791 tempest-GroupSnapshotsTest-1946885791-project-admin] Action: 'create', calling method: _create, body: {"volume_type": {"name": "tempest-GroupSnapshotsTest-volume-type-609571136"}} {{(pid=110422) _process_stack /opt/stack/cinder/cinder/api/openstack/wsgi.py:866}}
Mar 31 15:27:25.351909 dv-cinder-750782-15-iscsi devstack@c-api.service[110421]: [pid: 110421|app: 0|req: 187/386] 10.222.0.11 () {58 vars in 1330 bytes} [Thu Mar 31 15:27:25 2022] GET /volume/v3/9579e3c0607a48099bb6254b0e671ed3/os-quota-sets/50f6f43652bd4cbfaba992cdce16dec3 => generated 756 bytes in 96 msecs (HTTP/1.1 200) 7 headers in 285 bytes (1 switches on core 0)
Mar 31 15:27:25.351909 dv-cinder-750782-15-iscsi devstack@c-api.service[110421]: DEBUG cinder.api.middleware.request_id [None req-84c819ca-22db-4b91-ba16-ab58c441a853 None None] RequestId filter calling following filter/app {{(pid=110421) _context_setter /opt/stack/cinder/cinder/api/middleware/request_id.py:62}}
Mar 31 15:27:25.361610 dv-cinder-750782-15-iscsi devstack@c-api.service[110421]: INFO cinder.api.openstack.wsgi [None req-84c819ca-22db-4b91-ba16-ab58c441a853 tempest-DeleteServersTestJSON-255589699 tempest-DeleteServersTestJSON-255589699-project] GET http://10.222.0.11/volume/v3/4a82fed01911439cbda142c6cba80430/volumes/378898be-e303-4410-ab7d-91a2865cd25d
Mar 31 15:27:25.361610 dv-cinder-750782-15-iscsi devstack@c-api.service[110421]: DEBUG cinder.api.openstack.wsgi [None req-84c819ca-22db-4b91-ba16-ab58c441a853 tempest-DeleteServersTestJSON-255589699 tempest-DeleteServersTestJSON-255589699-project] Empty body provided in request {{(pid=110421) get_body /opt/stack/cinder/cinder/api/openstack/wsgi.py:715}}
Mar 31 15:27:25.362041 dv-cinder-750782-15-iscsi devstack@c-api.service[110421]: DEBUG cinder.api.openstack.wsgi [None req-84c819ca-22db-4b91-ba16-ab58c441a853 tempest-DeleteServersTestJSON-255589699 tempest-DeleteServersTestJSON-255589699-project] Calling method 'show' {{(pid=110421) _process_stack /opt/stack/cinder/cinder/api/openstack/wsgi.py:868}}
Mar 31 15:27:25.393474 dv-cinder-750782-15-iscsi devstack@c-api.service[110422]: INFO cinder.api.openstack.wsgi [None req-32e65e17-6836-4c88-ae83-d496f8014d4a tempest-GroupSnapshotsTest-1946885791 tempest-GroupSnapshotsTest-1946885791-project-admin] http://10.222.0.11/volume/v3/41742c3cf61549dcb8739c4e5b7ccc95/types returned with HTTP 200
Mar 31 15:27:25.394405 dv-cinder-750782-15-iscsi devstack@c-api.service[110422]: [pid: 110422|app: 0|req: 200/387] 10.222.0.11 () {60 vars in 1228 bytes} [Thu Mar 31 15:27:25 2022] POST /volume/v3/41742c3cf61549dcb8739c4e5b7ccc95/types => generated 223 bytes in 71 msecs (HTTP/1.1 200) 7 headers in 285 bytes (1 switches on core 0)
Mar 31 15:27:25.405954 dv-cinder-750782-15-iscsi devstack@c-api.service[110421]: /usr/local/lib/python3.8/dist-packages/oslo_context/context.py:100: DeprecationWarning: Policy enforcement is depending on the value of is_admin. This key is deprecated. Please update your policy file to use the standard policy values.
Mar 31 15:27:25.405954 dv-cinder-750782-15-iscsi devstack@c-api.service[110421]: warnings.warn('Policy enforcement is depending on the value of '
Mar 31 15:27:25.407974 dv-cinder-750782-15-iscsi devstack@c-api.service[110422]: DEBUG cinder.api.middleware.request_id [None req-46efe376-e60a-4480-b58d-c04fe4229339 None None] RequestId filter calling following filter/app {{(pid=110422) _context_setter /opt/stack/cinder/cinder/api/middleware/request_id.py:62}}
Mar 31 15:27:25.415802 dv-cinder-750782-15-iscsi devstack@c-api.service[110422]: INFO cinder.api.openstack.wsgi [None req-46efe376-e60a-4480-b58d-c04fe4229339 tempest-VolumeQuotasAdminTestJSON-1722586889 tempest-VolumeQuotasAdminTestJSON-1722586889-project-admin] GET http://10.222.0.11/volume/v3/9579e3c0607a48099bb6254b0e671ed3/os-quota-sets/50f6f43652bd4cbfaba992cdce16dec3?usage=True
Mar 31 15:27:25.419908 dv-cinder-750782-15-iscsi devstack@c-api.service[110422]: DEBUG cinder.api.openstack.wsgi [None req-46efe376-e60a-4480-b58d-c04fe4229339 tempest-VolumeQuotasAdminTestJSON-1722586889 tempest-VolumeQuotasAdminTestJSON-1722586889-project-admin] Empty body provided in request {{(pid=110422) get_body /opt/stack/cinder/cinder/api/openstack/wsgi.py:715}}
Mar 31 15:27:25.419908 dv-cinder-750782-15-iscsi devstack@c-api.service[110422]: DEBUG cinder.api.openstack.wsgi [None req-46efe376-e60a-4480-b58d-c04fe4229339 tempest-VolumeQuotasAdminTestJSON-1722586889 tempest-VolumeQuotasAdminTestJSON-1722586889-project-admin] Calling method 'show' {{(pid=110422) _process_stack /opt/stack/cinder/cinder/api/openstack/wsgi.py:868}}
Mar 31 15:27:25.426995 dv-cinder-750782-15-iscsi devstack@c-api.service[110421]: INFO cinder.volume.api [None req-84c819ca-22db-4b91-ba16-ab58c441a853 tempest-DeleteServersTestJSON-255589699 tempest-DeleteServersTestJSON-255589699-project] Volume info retrieved successfully.
Mar 31 15:27:25.450924 dv-cinder-750782-15-iscsi devstack@c-api.service[110421]: INFO cinder.api.openstack.wsgi [None req-84c819ca-22db-4b91-ba16-ab58c441a853 tempest-DeleteServersTestJSON-255589699 tempest-DeleteServersTestJSON-255589699-project] http://10.222.0.11/volume/v3/4a82fed01911439cbda142c6cba80430/volumes/378898be-e303-4410-ab7d-91a2865cd25d returned with HTTP 200
Mar 31 15:27:25.452275 dv-cinder-750782-15-iscsi devstack@c-api.service[110421]: [pid: 110421|app: 0|req: 188/388] 10.222.0.11 () {58 vars in 1324 bytes} [Thu Mar 31 15:27:25 2022] GET /volume/v3/4a82fed01911439cbda142c6cba80430/volumes/378898be-e303-4410-ab7d-91a2865cd25d => generated 1205 bytes in 106 msecs (HTTP/1.1 200) 7 headers in 286 bytes (1 switches on core 0)
Mar 31 15:27:25.462935 dv-cinder-750782-15-iscsi devstack@c-api.service[110421]: DEBUG cinder.api.middleware.request_id [None req-df36e56e-9e9e-4b03-a7e4-8f40cccf5843 None None] RequestId filter calling following filter/app {{(pid=110421) _context_setter /opt/stack/cinder/cinder/api/middleware/request_id.py:62}}
Mar 31 15:27:25.463040 dv-cinder-750782-15-iscsi devstack@c-api.service[110422]: WARNING cinder.quota [None req-46efe376-e60a-4480-b58d-c04fe4229339 tempest-VolumeQuotasAdminTestJSON-1722586889 tempest-VolumeQuotasAdminTestJSON-1722586889-project-admin] Deprecated: Default quota for resource: volumes_tempest-GroupSnapshotsTest-volume-type-609571136 is set by the default quota flag: quota_volumes_tempest-GroupSnapshotsTest-volume-type-609571136, it is now deprecated. Please use the default quota class for default quota.
Mar 31 15:27:25.463147 dv-cinder-750782-15-iscsi devstack@c-api.service[110421]: INFO cinder.api.openstack.wsgi [None req-df36e56e-9e9e-4b03-a7e4-8f40cccf5843 tempest-GroupSnapshotsTest-1946885791 tempest-GroupSnapshotsTest-1946885791-project-admin] POST http://10.222.0.11/volume/v3/41742c3cf61549dcb8739c4e5b7ccc95/group_types
Mar 31 15:27:25.463239 dv-cinder-750782-15-iscsi devstack@c-api.service[110422]: WARNING cinder.quota [None req-46efe376-e60a-4480-b58d-c04fe4229339 tempest-VolumeQuotasAdminTestJSON-1722586889 tempest-VolumeQuotasAdminTestJSON-1722586889-project-admin] Deprecated: Default quota for resource: gigabytes_tempest-GroupSnapshotsTest-volume-type-609571136 is set by the default quota flag: quota_gigabytes_tempest-GroupSnapshotsTest-volume-type-609571136, it is now deprecated. Please use the default quota class for default quota.
Mar 31 15:27:25.463340 dv-cinder-750782-15-iscsi devstack@c-api.service[110421]: DEBUG cinder.api.openstack.wsgi [None req-df36e56e-9e9e-4b03-a7e4-8f40cccf5843 tempest-GroupSnapshotsTest-1946885791 tempest-GroupSnapshotsTest-1946885791-project-admin] Action: 'create', calling method: version_select, body: {"group_type": {"name": "tempest-GroupSnapshotsTest-group-type-1307945889"}} {{(pid=110421) _process_stack /opt/stack/cinder/cinder/api/openstack/wsgi.py:866}}
Mar 31 15:27:25.463431 dv-cinder-750782-15-iscsi devstack@c-api.service[110422]: WARNING cinder.quota [None req-46efe376-e60a-4480-b58d-c04fe4229339 tempest-VolumeQuotasAdminTestJSON-1722586889 tempest-VolumeQuotasAdminTestJSON-1722586889-project-admin] Deprecated: Default quota for resource: snapshots_tempest-GroupSnapshotsTest-volume-type-609571136 is set by the default quota flag: quota_snapshots_tempest-GroupSnapshotsTest-volume-type-609571136, it is now deprecated. Please use the default quota class for default quota.
Mar 31 15:27:25.490321 dv-cinder-750782-15-iscsi devstack@c-api.service[110422]: INFO cinder.api.openstack.wsgi [None req-46efe376-e60a-4480-b58d-c04fe4229339 tempest-VolumeQuotasAdminTestJSON-1722586889 tempest-VolumeQuotasAdminTestJSON-1722586889-project-admin] http://10.222.0.11/volume/v3/9579e3c0607a48099bb6254b0e671ed3/os-quota-sets/50f6f43652bd4cbfaba992cdce16dec3?usage=True returned with HTTP 200
Mar 31 15:27:25.494972 dv-cinder-750782-15-iscsi devstack@c-api.service[110422]: [pid: 110422|app: 0|req: 201/389] 10.222.0.11 () {58 vars in 1351 bytes} [Thu Mar 31 15:27:25 2022] GET /volume/v3/9579e3c0607a48099bb6254b0e671ed3/os-quota-sets/50f6f43652bd4cbfaba992cdce16dec3?usage=True => generated 1810 bytes in 90 msecs (HTTP/1.1 200) 7 headers in 286 bytes (1 switches on core 0)
Mar 31 15:27:25.503518 dv-cinder-750782-15-iscsi devstack@c-api.service[110421]: INFO cinder.api.openstack.wsgi [None req-df36e56e-9e9e-4b03-a7e4-8f40cccf5843 tempest-GroupSnapshotsTest-1946885791 tempest-GroupSnapshotsTest-1946885791-project-admin] http://10.222.0.11/volume/v3/41742c3cf61549dcb8739c4e5b7ccc95/group_types returned with HTTP 202
Mar 31 15:27:25.506218 dv-cinder-750782-15-iscsi devstack@c-api.service[110422]: DEBUG cinder.api.middleware.request_id [None req-370e1d1c-4060-42ef-a176-2df143c1ad61 None None] RequestId filter calling following filter/app {{(pid=110422) _context_setter /opt/stack/cinder/cinder/api/middleware/request_id.py:62}}
Mar 31 15:27:25.508756 dv-cinder-750782-15-iscsi devstack@c-api.service[110421]: [pid: 110421|app: 0|req: 189/390] 10.222.0.11 () {62 vars in 1287 bytes} [Thu Mar 31 15:27:25 2022] POST /volume/v3/41742c3cf61549dcb8739c4e5b7ccc95/group_types => generated 181 bytes in 56 msecs (HTTP/1.1 202) 7 headers in 292 bytes (1 switches on core 0)
Mar 31 15:27:25.519101 dv-cinder-750782-15-iscsi devstack@c-api.service[110421]: DEBUG cinder.api.middleware.request_id [None req-2d44c74e-abfb-4087-a928-20d9ce4b68f3 None None] RequestId filter calling following filter/app {{(pid=110421) _context_setter /opt/stack/cinder/cinder/api/middleware/request_id.py:62}}
Mar 31 15:27:25.527238 dv-cinder-750782-15-iscsi devstack@c-api.service[110421]: INFO cinder.api.openstack.wsgi [None req-2d44c74e-abfb-4087-a928-20d9ce4b68f3 tempest-GroupSnapshotsTest-1097386356 tempest-GroupSnapshotsTest-1097386356-project] POST http://10.222.0.11/volume/v3/af148751081a460fa4fe89f93ca7b40a/groups
Mar 31 15:27:25.528023 dv-cinder-750782-15-iscsi devstack@c-api.service[110421]: DEBUG cinder.api.openstack.wsgi [None req-2d44c74e-abfb-4087-a928-20d9ce4b68f3 tempest-GroupSnapshotsTest-1097386356 tempest-GroupSnapshotsTest-1097386356-project] Action: 'create', calling method: version_select, body: {"group": {"group_type": "4f718365-adb8-4f50-8574-bbb91b4c2ff3", "volume_types": ["2a435393-773c-49ff-900c-642ae0845347"], "name": "tempest-GroupSnapshotsTest-Group-791871616"}} {{(pid=110421) _process_stack /opt/stack/cinder/cinder/api/openstack/wsgi.py:866}}
Mar 31 15:27:25.530551 dv-cinder-750782-15-iscsi devstack@c-api.service[110421]: DEBUG cinder.api.v3.groups [None req-2d44c74e-abfb-4087-a928-20d9ce4b68f3 tempest-GroupSnapshotsTest-1097386356 tempest-GroupSnapshotsTest-1097386356-project] Creating new group {'group': {'group_type': '4f718365-adb8-4f50-8574-bbb91b4c2ff3', 'volume_types': ['2a435393-773c-49ff-900c-642ae0845347'], 'name': 'tempest-GroupSnapshotsTest-Group-791871616'}} {{(pid=110421) create /opt/stack/cinder/cinder/api/v3/groups.py:190}}
Mar 31 15:27:25.556133 dv-cinder-750782-15-iscsi devstack@c-api.service[110421]: INFO cinder.api.v3.groups [None req-2d44c74e-abfb-4087-a928-20d9ce4b68f3 tempest-GroupSnapshotsTest-1097386356 tempest-GroupSnapshotsTest-1097386356-project] Creating group tempest-GroupSnapshotsTest-Group-791871616.
Mar 31 15:27:25.589283 dv-cinder-750782-15-iscsi devstack@c-api.service[110421]: INFO cinder.volume.api [None req-2d44c74e-abfb-4087-a928-20d9ce4b68f3 tempest-GroupSnapshotsTest-1097386356 tempest-GroupSnapshotsTest-1097386356-project] Availability Zones retrieved successfully.
Mar 31 15:27:25.619225 dv-cinder-750782-15-iscsi devstack@c-api.service[110421]: DEBUG cinder.quota [None req-2d44c74e-abfb-4087-a928-20d9ce4b68f3 tempest-GroupSnapshotsTest-1097386356 tempest-GroupSnapshotsTest-1097386356-project] Created reservations ['7ecaded8-18bb-4fac-8f8a-02171b6c7f27'] {{(pid=110421) reserve /opt/stack/cinder/cinder/quota.py:755}}
Mar 31 15:27:25.713686 dv-cinder-750782-15-iscsi devstack@c-api.service[110421]: INFO cinder.api.openstack.wsgi [None req-2d44c74e-abfb-4087-a928-20d9ce4b68f3 tempest-GroupSnapshotsTest-1097386356 tempest-GroupSnapshotsTest-1097386356-project] http://10.222.0.11/volume/v3/af148751081a460fa4fe89f93ca7b40a/groups returned with HTTP 202
Mar 31 15:27:25.718819 dv-cinder-750782-15-iscsi devstack@c-api.service[110421]: [pid: 110421|app: 0|req: 190/391] 10.222.0.11 () {62 vars in 1273 bytes} [Thu Mar 31 15:27:25 2022] POST /volume/v3/af148751081a460fa4fe89f93ca7b40a/groups => generated 111 bytes in 203 msecs (HTTP/1.1 202) 7 headers in 292 bytes (1 switches on core 0)
Mar 31 15:27:25.725378 dv-cinder-750782-15-iscsi devstack@c-api.service[110421]: DEBUG cinder.api.middleware.request_id [None req-fbe0edc2-50b7-4864-8af4-bccba3b6e64d None None] RequestId filter calling following filter/app {{(pid=110421) _context_setter /opt/stack/cinder/cinder/api/middleware/request_id.py:62}}
Mar 31 15:27:25.731264 dv-cinder-750782-15-iscsi devstack@c-api.service[110421]: INFO cinder.api.openstack.wsgi [None req-fbe0edc2-50b7-4864-8af4-bccba3b6e64d tempest-GroupSnapshotsTest-1097386356 tempest-GroupSnapshotsTest-1097386356-project] GET http://10.222.0.11/volume/v3/af148751081a460fa4fe89f93ca7b40a/groups/e4035a52-a766-44e1-bd73-b0489b99b335
Mar 31 15:27:25.735376 dv-cinder-750782-15-iscsi devstack@c-api.service[110421]: DEBUG cinder.api.openstack.wsgi [None req-fbe0edc2-50b7-4864-8af4-bccba3b6e64d tempest-GroupSnapshotsTest-1097386356 tempest-GroupSnapshotsTest-1097386356-project] Empty body provided in request {{(pid=110421) get_body /opt/stack/cinder/cinder/api/openstack/wsgi.py:715}}
Mar 31 15:27:25.737505 dv-cinder-750782-15-iscsi devstack@c-api.service[110421]: DEBUG cinder.api.openstack.wsgi [None req-fbe0edc2-50b7-4864-8af4-bccba3b6e64d tempest-GroupSnapshotsTest-1097386356 tempest-GroupSnapshotsTest-1097386356-project] Calling method 'version_select' {{(pid=110421) _process_stack /opt/stack/cinder/cinder/api/openstack/wsgi.py:868}}
Mar 31 15:27:25.738357 dv-cinder-750782-15-iscsi devstack@c-api.service[110421]: DEBUG cinder.api.v3.groups [None req-fbe0edc2-50b7-4864-8af4-bccba3b6e64d tempest-GroupSnapshotsTest-1097386356 tempest-GroupSnapshotsTest-1097386356-project] show called for member e4035a52-a766-44e1-bd73-b0489b99b335 {{(pid=110421) show /opt/stack/cinder/cinder/api/v3/groups.py:58}}
Mar 31 15:27:25.769786 dv-cinder-750782-15-iscsi devstack@c-api.service[110421]: /usr/local/lib/python3.8/dist-packages/oslo_context/context.py:100: DeprecationWarning: Policy enforcement is depending on the value of is_admin. This key is deprecated. Please update your policy file to use the standard policy values.
Mar 31 15:27:25.769786 dv-cinder-750782-15-iscsi devstack@c-api.service[110421]: warnings.warn('Policy enforcement is depending on the value of '
Mar 31 15:27:25.806107 dv-cinder-750782-15-iscsi devstack@c-api.service[110421]: INFO cinder.api.openstack.wsgi [None req-fbe0edc2-50b7-4864-8af4-bccba3b6e64d tempest-GroupSnapshotsTest-1097386356 tempest-GroupSnapshotsTest-1097386356-project] http://10.222.0.11/volume/v3/af148751081a460fa4fe89f93ca7b40a/groups/e4035a52-a766-44e1-bd73-b0489b99b335 returned with HTTP 200
Mar 31 15:27:25.807618 dv-cinder-750782-15-iscsi devstack@c-api.service[110421]: [pid: 110421|app: 0|req: 191/392] 10.222.0.11 () {60 vars in 1362 bytes} [Thu Mar 31 15:27:25 2022] GET /volume/v3/af148751081a460fa4fe89f93ca7b40a/groups/e4035a52-a766-44e1-bd73-b0489b99b335 => generated 391 bytes in 83 msecs (HTTP/1.1 200) 7 headers in 286 bytes (1 switches on core 0)
Mar 31 15:27:25.896830 dv-cinder-750782-15-iscsi devstack@c-api.service[110421]: DEBUG cinder.api.middleware.request_id [None req-fcf2b052-95a9-42e1-b6ea-2409c47b895e None None] RequestId filter calling following filter/app {{(pid=110421) _context_setter /opt/stack/cinder/cinder/api/middleware/request_id.py:62}}
Mar 31 15:27:25.958500 dv-cinder-750782-15-iscsi devstack@c-api.service[110422]: INFO cinder.api.openstack.wsgi [None req-370e1d1c-4060-42ef-a176-2df143c1ad61 tempest-VolumeQuotasAdminTestJSON-606954501 tempest-VolumeQuotasAdminTestJSON-606954501-project] POST http://10.222.0.11/volume/v3/50f6f43652bd4cbfaba992cdce16dec3/volumes
Mar 31 15:27:25.959492 dv-cinder-750782-15-iscsi devstack@c-api.service[110422]: DEBUG cinder.api.openstack.wsgi [None req-370e1d1c-4060-42ef-a176-2df143c1ad61 tempest-VolumeQuotasAdminTestJSON-606954501 tempest-VolumeQuotasAdminTestJSON-606954501-project] Action: 'create', calling method: create, body: {"volume": {"size": 1, "name": "tempest-VolumeQuotasAdminTestJSON-Volume-667198970"}} {{(pid=110422) _process_stack /opt/stack/cinder/cinder/api/openstack/wsgi.py:866}}
Mar 31 15:27:25.961585 dv-cinder-750782-15-iscsi devstack@c-api.service[110422]: DEBUG cinder.api.v3.volumes [None req-370e1d1c-4060-42ef-a176-2df143c1ad61 tempest-VolumeQuotasAdminTestJSON-606954501 tempest-VolumeQuotasAdminTestJSON-606954501-project] Create volume request body: {'volume': {'size': 1, 'name': 'tempest-VolumeQuotasAdminTestJSON-Volume-667198970'}} {{(pid=110422) create /opt/stack/cinder/cinder/api/v3/volumes.py:298}}
Mar 31 15:27:25.962139 dv-cinder-750782-15-iscsi devstack@c-api.service[110422]: INFO cinder.api.v3.volumes [None req-370e1d1c-4060-42ef-a176-2df143c1ad61 tempest-VolumeQuotasAdminTestJSON-606954501 tempest-VolumeQuotasAdminTestJSON-606954501-project] Create volume of 1 GB
Mar 31 15:27:25.969705 dv-cinder-750782-15-iscsi devstack@c-api.service[110422]: INFO cinder.volume.api [None req-370e1d1c-4060-42ef-a176-2df143c1ad61 tempest-VolumeQuotasAdminTestJSON-606954501 tempest-VolumeQuotasAdminTestJSON-606954501-project] Availability Zones retrieved successfully.
Mar 31 15:27:25.974939 dv-cinder-750782-15-iscsi devstack@c-api.service[110421]: INFO cinder.api.openstack.wsgi [None req-fcf2b052-95a9-42e1-b6ea-2409c47b895e tempest-VolumesServicesTestJSON-28360109 tempest-VolumesServicesTestJSON-28360109-project-admin] GET http://10.222.0.11/volume/v3/62ffc726edd140bcb7e0011f365dafbb/os-services
Mar 31 15:27:25.975490 dv-cinder-750782-15-iscsi devstack@c-api.service[110421]: DEBUG cinder.api.openstack.wsgi [None req-fcf2b052-95a9-42e1-b6ea-2409c47b895e tempest-VolumesServicesTestJSON-28360109 tempest-VolumesServicesTestJSON-28360109-project-admin] Empty body provided in request {{(pid=110421) get_body /opt/stack/cinder/cinder/api/openstack/wsgi.py:715}}
Mar 31 15:27:25.975883 dv-cinder-750782-15-iscsi devstack@c-api.service[110421]: DEBUG cinder.api.openstack.wsgi [None req-fcf2b052-95a9-42e1-b6ea-2409c47b895e tempest-VolumesServicesTestJSON-28360109 tempest-VolumesServicesTestJSON-28360109-project-admin] Calling method 'index' {{(pid=110421) _process_stack /opt/stack/cinder/cinder/api/openstack/wsgi.py:868}}
Mar 31 15:27:25.976561 dv-cinder-750782-15-iscsi devstack@c-api.service[110421]: /usr/local/lib/python3.8/dist-packages/oslo_context/context.py:100: DeprecationWarning: Policy enforcement is depending on the value of is_admin. This key is deprecated. Please update your policy file to use the standard policy values.
Mar 31 15:27:25.976561 dv-cinder-750782-15-iscsi devstack@c-api.service[110421]: warnings.warn('Policy enforcement is depending on the value of '
Mar 31 15:27:25.985034 dv-cinder-750782-15-iscsi devstack@c-api.service[110421]: INFO cinder.api.openstack.wsgi [None req-fcf2b052-95a9-42e1-b6ea-2409c47b895e tempest-VolumesServicesTestJSON-28360109 tempest-VolumesServicesTestJSON-28360109-project-admin] http://10.222.0.11/volume/v3/62ffc726edd140bcb7e0011f365dafbb/os-services returned with HTTP 200
Mar 31 15:27:25.986216 dv-cinder-750782-15-iscsi devstack@c-api.service[110421]: [pid: 110421|app: 0|req: 192/393] 10.222.0.11 () {58 vars in 1225 bytes} [Thu Mar 31 15:27:25 2022] GET /volume/v3/62ffc726edd140bcb7e0011f365dafbb/os-services => generated 643 bytes in 90 msecs (HTTP/1.1 200) 7 headers in 285 bytes (1 switches on core 0)
Mar 31 15:27:25.987742 dv-cinder-750782-15-iscsi devstack@c-api.service[110421]: DEBUG cinder.api.middleware.request_id [None req-d70ad175-2b64-4779-8825-57bf36e5125d None None] RequestId filter calling following filter/app {{(pid=110421) _context_setter /opt/stack/cinder/cinder/api/middleware/request_id.py:62}}
Mar 31 15:27:25.988487 dv-cinder-750782-15-iscsi devstack@c-api.service[110422]: DEBUG cinder.volume.api [None req-370e1d1c-4060-42ef-a176-2df143c1ad61 tempest-VolumeQuotasAdminTestJSON-606954501 tempest-VolumeQuotasAdminTestJSON-606954501-project] Flow 'volume_create_api' (24f9b479-8526-4fe2-9c90-0dee61e2e461) transitioned into state 'RUNNING' from state 'PENDING' {{(pid=110422) _flow_receiver /usr/local/lib/python3.8/dist-packages/taskflow/listeners/logging.py:141}}
Mar 31 15:27:25.991282 dv-cinder-750782-15-iscsi devstack@c-api.service[110422]: DEBUG cinder.volume.api [None req-370e1d1c-4060-42ef-a176-2df143c1ad61 tempest-VolumeQuotasAdminTestJSON-606954501 tempest-VolumeQuotasAdminTestJSON-606954501-project] Task 'cinder.volume.flows.api.create_volume.ExtractVolumeRequestTask;volume:create' (129315d7-67fd-4397-ada8-c9edff6532b5) transitioned into state 'RUNNING' from state 'PENDING' {{(pid=110422) _task_receiver /usr/local/lib/python3.8/dist-packages/taskflow/listeners/logging.py:190}}
Mar 31 15:27:25.993882 dv-cinder-750782-15-iscsi devstack@c-api.service[110421]: INFO cinder.api.openstack.wsgi [None req-d70ad175-2b64-4779-8825-57bf36e5125d tempest-VolumesActionsTest-1744225757 tempest-VolumesActionsTest-1744225757-project] GET http://10.222.0.11/volume/v3/e298c246593e4bb8b86c52a86cd3edb5/volumes/4a11f7af-7df8-4b7b-9075-be22344fbc2e
Mar 31 15:27:25.994737 dv-cinder-750782-15-iscsi devstack@c-api.service[110421]: DEBUG cinder.api.openstack.wsgi [None req-d70ad175-2b64-4779-8825-57bf36e5125d tempest-VolumesActionsTest-1744225757 tempest-VolumesActionsTest-1744225757-project] Empty body provided in request {{(pid=110421) get_body /opt/stack/cinder/cinder/api/openstack/wsgi.py:715}}
Mar 31 15:27:25.995273 dv-cinder-750782-15-iscsi devstack@c-api.service[110421]: DEBUG cinder.api.openstack.wsgi [None req-d70ad175-2b64-4779-8825-57bf36e5125d tempest-VolumesActionsTest-1744225757 tempest-VolumesActionsTest-1744225757-project] Calling method 'show' {{(pid=110421) _process_stack /opt/stack/cinder/cinder/api/openstack/wsgi.py:868}}
Mar 31 15:27:25.995477 dv-cinder-750782-15-iscsi devstack@c-api.service[110422]: DEBUG cinder.volume.flows.api.create_volume [None req-370e1d1c-4060-42ef-a176-2df143c1ad61 tempest-VolumeQuotasAdminTestJSON-606954501 tempest-VolumeQuotasAdminTestJSON-606954501-project] Validating volume size '1' using validate_int {{(pid=110422) _extract_size /opt/stack/cinder/cinder/volume/flows/api/create_volume.py:225}}
Mar 31 15:27:26.012883 dv-cinder-750782-15-iscsi devstack@c-api.service[110421]: /usr/local/lib/python3.8/dist-packages/oslo_context/context.py:100: DeprecationWarning: Policy enforcement is depending on the value of is_admin. This key is deprecated. Please update your policy file to use the standard policy values.
Mar 31 15:27:26.012883 dv-cinder-750782-15-iscsi devstack@c-api.service[110421]: warnings.warn('Policy enforcement is depending on the value of '
Mar 31 15:27:26.045424 dv-cinder-750782-15-iscsi devstack@c-api.service[110421]: INFO cinder.volume.api [None req-d70ad175-2b64-4779-8825-57bf36e5125d tempest-VolumesActionsTest-1744225757 tempest-VolumesActionsTest-1744225757-project] Volume info retrieved successfully.
Mar 31 15:27:26.060367 dv-cinder-750782-15-iscsi devstack@c-api.service[110421]: INFO cinder.api.openstack.wsgi [None req-d70ad175-2b64-4779-8825-57bf36e5125d tempest-VolumesActionsTest-1744225757 tempest-VolumesActionsTest-1744225757-project] http://10.222.0.11/volume/v3/e298c246593e4bb8b86c52a86cd3edb5/volumes/4a11f7af-7df8-4b7b-9075-be22344fbc2e returned with HTTP 200
Mar 31 15:27:26.061409 dv-cinder-750782-15-iscsi devstack@c-api.service[110421]: [pid: 110421|app: 0|req: 193/394] 10.222.0.11 () {58 vars in 1324 bytes} [Thu Mar 31 15:27:25 2022] GET /volume/v3/e298c246593e4bb8b86c52a86cd3edb5/volumes/4a11f7af-7df8-4b7b-9075-be22344fbc2e => generated 911 bytes in 75 msecs (HTTP/1.1 200) 7 headers in 285 bytes (1 switches on core 0)
Mar 31 15:27:26.063193 dv-cinder-750782-15-iscsi devstack@c-api.service[110421]: DEBUG cinder.api.middleware.request_id [None req-80c9ede2-af8a-4a4e-9133-8a80ba2685b5 None None] RequestId filter calling following filter/app {{(pid=110421) _context_setter /opt/stack/cinder/cinder/api/middleware/request_id.py:62}}
Mar 31 15:27:26.066599 dv-cinder-750782-15-iscsi devstack@c-api.service[110422]: DEBUG cinder.volume.api [None req-370e1d1c-4060-42ef-a176-2df143c1ad61 tempest-VolumeQuotasAdminTestJSON-606954501 tempest-VolumeQuotasAdminTestJSON-606954501-project] Task 'cinder.volume.flows.api.create_volume.ExtractVolumeRequestTask;volume:create' (129315d7-67fd-4397-ada8-c9edff6532b5) transitioned into state 'SUCCESS' from state 'RUNNING' with result '{'size': 1, 'snapshot_id': None, 'source_volid': None, 'volume_type': VolumeType(created_at=2022-03-31T15:16:20Z,deleted=False,deleted_at=None,description='Default Volume Type',extra_specs={},id=50747fcc-9fae-4990-977a-7c4d06ba2565,is_public=True,name='__DEFAULT__',projects=[],qos_specs=,qos_specs_id=None,updated_at=2022-03-31T15:16:20Z), 'volume_type_id': '50747fcc-9fae-4990-977a-7c4d06ba2565', 'encryption_key_id': None, 'qos_specs': None, 'consistencygroup_id': None, 'cgsnapshot_id': None, 'group_id': None, 'replication_status': 'disabled', 'refresh_az': False, 'backup_id': None, 'multiattach': False, 'availability_zones': ['nova']}' {{(pid=110422) _task_receiver /usr/local/lib/python3.8/dist-packages/taskflow/listeners/logging.py:178}}
Mar 31 15:27:26.068965 dv-cinder-750782-15-iscsi devstack@c-api.service[110421]: INFO cinder.api.openstack.wsgi [None req-80c9ede2-af8a-4a4e-9133-8a80ba2685b5 tempest-VolumesServicesTestJSON-28360109 tempest-VolumesServicesTestJSON-28360109-project-admin] GET http://10.222.0.11/volume/v3/62ffc726edd140bcb7e0011f365dafbb/os-services?host=dv-cinder-750782-15-iscsi
Mar 31 15:27:26.069448 dv-cinder-750782-15-iscsi devstack@c-api.service[110422]: DEBUG cinder.volume.api [None req-370e1d1c-4060-42ef-a176-2df143c1ad61 tempest-VolumeQuotasAdminTestJSON-606954501 tempest-VolumeQuotasAdminTestJSON-606954501-project] Task 'cinder.volume.flows.api.create_volume.QuotaReserveTask;volume:create' (dd34d50b-b711-4c4e-8815-bff6a1155439) transitioned into state 'RUNNING' from state 'PENDING' {{(pid=110422) _task_receiver /usr/local/lib/python3.8/dist-packages/taskflow/listeners/logging.py:190}}
Mar 31 15:27:26.069693 dv-cinder-750782-15-iscsi devstack@c-api.service[110421]: DEBUG cinder.api.openstack.wsgi [None req-80c9ede2-af8a-4a4e-9133-8a80ba2685b5 tempest-VolumesServicesTestJSON-28360109 tempest-VolumesServicesTestJSON-28360109-project-admin] Empty body provided in request {{(pid=110421) get_body /opt/stack/cinder/cinder/api/openstack/wsgi.py:715}}
Mar 31 15:27:26.070030 dv-cinder-750782-15-iscsi devstack@c-api.service[110421]: DEBUG cinder.api.openstack.wsgi [None req-80c9ede2-af8a-4a4e-9133-8a80ba2685b5 tempest-VolumesServicesTestJSON-28360109 tempest-VolumesServicesTestJSON-28360109-project-admin] Calling method 'index' {{(pid=110421) _process_stack /opt/stack/cinder/cinder/api/openstack/wsgi.py:868}}
Mar 31 15:27:26.081312 dv-cinder-750782-15-iscsi devstack@c-api.service[110421]: INFO cinder.api.openstack.wsgi [None req-80c9ede2-af8a-4a4e-9133-8a80ba2685b5 tempest-VolumesServicesTestJSON-28360109 tempest-VolumesServicesTestJSON-28360109-project-admin] http://10.222.0.11/volume/v3/62ffc726edd140bcb7e0011f365dafbb/os-services?host=dv-cinder-750782-15-iscsi returned with HTTP 200
Mar 31 15:27:26.082077 dv-cinder-750782-15-iscsi devstack@c-api.service[110421]: [pid: 110421|app: 0|req: 194/395] 10.222.0.11 () {58 vars in 1286 bytes} [Thu Mar 31 15:27:26 2022] GET /volume/v3/62ffc726edd140bcb7e0011f365dafbb/os-services?host=dv-cinder-750782-15-iscsi => generated 204 bytes in 20 msecs (HTTP/1.1 200) 7 headers in 285 bytes (1 switches on core 0)
Mar 31 15:27:26.089107 dv-cinder-750782-15-iscsi devstack@c-api.service[110421]: DEBUG cinder.api.middleware.request_id [None req-6aac8616-877d-4d44-aa77-9ce0f5a23ff9 None None] RequestId filter calling following filter/app {{(pid=110421) _context_setter /opt/stack/cinder/cinder/api/middleware/request_id.py:62}}
Mar 31 15:27:26.089107 dv-cinder-750782-15-iscsi devstack@c-api.service[110421]: INFO cinder.api.openstack.wsgi [None req-6aac8616-877d-4d44-aa77-9ce0f5a23ff9 tempest-VolumesImageMetadata-248014292 tempest-VolumesImageMetadata-248014292-project] GET http://10.222.0.11/volume/v3/ed5ed2a75bde4a79956109696328ecc1/volumes/ce01377c-c837-4d01-aa06-54304cedd7e2
Mar 31 15:27:26.089107 dv-cinder-750782-15-iscsi devstack@c-api.service[110421]: DEBUG cinder.api.openstack.wsgi [None req-6aac8616-877d-4d44-aa77-9ce0f5a23ff9 tempest-VolumesImageMetadata-248014292 tempest-VolumesImageMetadata-248014292-project] Empty body provided in request {{(pid=110421) get_body /opt/stack/cinder/cinder/api/openstack/wsgi.py:715}}
Mar 31 15:27:26.089107 dv-cinder-750782-15-iscsi devstack@c-api.service[110421]: DEBUG cinder.api.openstack.wsgi [None req-6aac8616-877d-4d44-aa77-9ce0f5a23ff9 tempest-VolumesImageMetadata-248014292 tempest-VolumesImageMetadata-248014292-project] Calling method 'show' {{(pid=110421) _process_stack /opt/stack/cinder/cinder/api/openstack/wsgi.py:868}}
Mar 31 15:27:26.108419 dv-cinder-750782-15-iscsi devstack@c-api.service[110421]: /usr/local/lib/python3.8/dist-packages/oslo_context/context.py:100: DeprecationWarning: Policy enforcement is depending on the value of is_admin. This key is deprecated. Please update your policy file to use the standard policy values.
Mar 31 15:27:26.108419 dv-cinder-750782-15-iscsi devstack@c-api.service[110421]: warnings.warn('Policy enforcement is depending on the value of '
Mar 31 15:27:26.118065 dv-cinder-750782-15-iscsi devstack@c-api.service[110421]: INFO cinder.volume.api [None req-6aac8616-877d-4d44-aa77-9ce0f5a23ff9 tempest-VolumesImageMetadata-248014292 tempest-VolumesImageMetadata-248014292-project] Volume info retrieved successfully.
Mar 31 15:27:26.128244 dv-cinder-750782-15-iscsi devstack@c-api.service[110421]: INFO cinder.api.openstack.wsgi [None req-6aac8616-877d-4d44-aa77-9ce0f5a23ff9 tempest-VolumesImageMetadata-248014292 tempest-VolumesImageMetadata-248014292-project] http://10.222.0.11/volume/v3/ed5ed2a75bde4a79956109696328ecc1/volumes/ce01377c-c837-4d01-aa06-54304cedd7e2 returned with HTTP 200
Mar 31 15:27:26.128983 dv-cinder-750782-15-iscsi devstack@c-api.service[110421]: [pid: 110421|app: 0|req: 195/396] 10.222.0.11 () {58 vars in 1324 bytes} [Thu Mar 31 15:27:26 2022] GET /volume/v3/ed5ed2a75bde4a79956109696328ecc1/volumes/ce01377c-c837-4d01-aa06-54304cedd7e2 => generated 912 bytes in 46 msecs (HTTP/1.1 200) 7 headers in 285 bytes (1 switches on core 0)
Mar 31 15:27:26.130223 dv-cinder-750782-15-iscsi devstack@c-api.service[110421]: DEBUG cinder.api.middleware.request_id [None req-60bae371-9cbb-4191-a27d-58784180a73e None None] RequestId filter calling following filter/app {{(pid=110421) _context_setter /opt/stack/cinder/cinder/api/middleware/request_id.py:62}}
Mar 31 15:27:26.136247 dv-cinder-750782-15-iscsi devstack@c-api.service[110421]: INFO cinder.api.openstack.wsgi [None req-60bae371-9cbb-4191-a27d-58784180a73e tempest-VolumesActionsTest-1470737580 tempest-VolumesActionsTest-1470737580-project-admin] POST http://10.222.0.11/volume/v3/a750918eaae44561baba2e40f2cb7283/volumes/4a11f7af-7df8-4b7b-9075-be22344fbc2e/action
Mar 31 15:27:26.137812 dv-cinder-750782-15-iscsi devstack@c-api.service[110421]: DEBUG cinder.api.openstack.wsgi [None req-60bae371-9cbb-4191-a27d-58784180a73e tempest-VolumesActionsTest-1470737580 tempest-VolumesActionsTest-1470737580-project-admin] Action body: b'{"os-reset_status": {"status": "maintenance"}}' {{(pid=110421) get_method /opt/stack/cinder/cinder/api/openstack/wsgi.py:983}}
Mar 31 15:27:26.138333 dv-cinder-750782-15-iscsi devstack@c-api.service[110421]: DEBUG cinder.api.openstack.wsgi [None req-60bae371-9cbb-4191-a27d-58784180a73e tempest-VolumesActionsTest-1470737580 tempest-VolumesActionsTest-1470737580-project-admin] Action: 'action', calling method: _reset_status, body: {"os-reset_status": {"status": "maintenance"}} {{(pid=110421) _process_stack /opt/stack/cinder/cinder/api/openstack/wsgi.py:866}}
Mar 31 15:27:26.155014 dv-cinder-750782-15-iscsi devstack@c-api.service[110421]: /usr/local/lib/python3.8/dist-packages/oslo_context/context.py:100: DeprecationWarning: Policy enforcement is depending on the value of is_admin. This key is deprecated. Please update your policy file to use the standard policy values.
Mar 31 15:27:26.155014 dv-cinder-750782-15-iscsi devstack@c-api.service[110421]: warnings.warn('Policy enforcement is depending on the value of '
Mar 31 15:27:26.155831 dv-cinder-750782-15-iscsi devstack@c-api.service[110421]: DEBUG cinder.api.contrib.admin_actions [None req-60bae371-9cbb-4191-a27d-58784180a73e tempest-VolumesActionsTest-1470737580 tempest-VolumesActionsTest-1470737580-project-admin] Updating volume '4a11f7af-7df8-4b7b-9075-be22344fbc2e' with '{'status': 'maintenance'}' {{(pid=110421) _reset_status /opt/stack/cinder/cinder/api/contrib/admin_actions.py:200}}
Mar 31 15:27:26.191685 dv-cinder-750782-15-iscsi devstack@c-api.service[110422]: DEBUG cinder.quota [None req-370e1d1c-4060-42ef-a176-2df143c1ad61 tempest-VolumeQuotasAdminTestJSON-606954501 tempest-VolumeQuotasAdminTestJSON-606954501-project] Created reservations ['5db52923-d8e4-4fa7-afec-dbb5cd30c8bc', '0729006c-503f-4203-9352-a0e64d652a16', '7a0a5645-8eac-4be4-984e-ca71b7b60221', '3fec13de-8c40-41f6-b042-d327cc47393e'] {{(pid=110422) reserve /opt/stack/cinder/cinder/quota.py:755}}
Mar 31 15:27:26.194159 dv-cinder-750782-15-iscsi devstack@c-api.service[110422]: DEBUG cinder.volume.api [None req-370e1d1c-4060-42ef-a176-2df143c1ad61 tempest-VolumeQuotasAdminTestJSON-606954501 tempest-VolumeQuotasAdminTestJSON-606954501-project] Task 'cinder.volume.flows.api.create_volume.QuotaReserveTask;volume:create' (dd34d50b-b711-4c4e-8815-bff6a1155439) transitioned into state 'SUCCESS' from state 'RUNNING' with result '{'reservations': ['5db52923-d8e4-4fa7-afec-dbb5cd30c8bc', '0729006c-503f-4203-9352-a0e64d652a16', '7a0a5645-8eac-4be4-984e-ca71b7b60221', '3fec13de-8c40-41f6-b042-d327cc47393e']}' {{(pid=110422) _task_receiver /usr/local/lib/python3.8/dist-packages/taskflow/listeners/logging.py:178}}
Mar 31 15:27:26.196294 dv-cinder-750782-15-iscsi devstack@c-api.service[110422]: DEBUG cinder.volume.api [None req-370e1d1c-4060-42ef-a176-2df143c1ad61 tempest-VolumeQuotasAdminTestJSON-606954501 tempest-VolumeQuotasAdminTestJSON-606954501-project] Task 'cinder.volume.flows.api.create_volume.EntryCreateTask;volume:create' (d08ef7fd-85cf-451f-92fd-83fdaef534d7) transitioned into state 'RUNNING' from state 'PENDING' {{(pid=110422) _task_receiver /usr/local/lib/python3.8/dist-packages/taskflow/listeners/logging.py:190}}
Mar 31 15:27:26.199305 dv-cinder-750782-15-iscsi devstack@c-api.service[110421]: INFO cinder.api.openstack.wsgi [None req-60bae371-9cbb-4191-a27d-58784180a73e tempest-VolumesActionsTest-1470737580 tempest-VolumesActionsTest-1470737580-project-admin] http://10.222.0.11/volume/v3/a750918eaae44561baba2e40f2cb7283/volumes/4a11f7af-7df8-4b7b-9075-be22344fbc2e/action returned with HTTP 202
Mar 31 15:27:26.200248 dv-cinder-750782-15-iscsi devstack@c-api.service[110421]: [pid: 110421|app: 0|req: 196/397] 10.222.0.11 () {60 vars in 1366 bytes} [Thu Mar 31 15:27:26 2022] POST /volume/v3/a750918eaae44561baba2e40f2cb7283/volumes/4a11f7af-7df8-4b7b-9075-be22344fbc2e/action => generated 0 bytes in 71 msecs (HTTP/1.1 202) 7 headers in 289 bytes (1 switches on core 0)
Mar 31 15:27:26.201422 dv-cinder-750782-15-iscsi devstack@c-api.service[110421]: DEBUG cinder.api.middleware.request_id [None req-a758d703-3ee0-46dd-8c8e-6ada235e1f1e None None] RequestId filter calling following filter/app {{(pid=110421) _context_setter /opt/stack/cinder/cinder/api/middleware/request_id.py:62}}
Mar 31 15:27:26.206281 dv-cinder-750782-15-iscsi devstack@c-api.service[110421]: INFO cinder.api.openstack.wsgi [None req-a758d703-3ee0-46dd-8c8e-6ada235e1f1e tempest-VolumesServicesTestJSON-28360109 tempest-VolumesServicesTestJSON-28360109-project-admin] GET http://10.222.0.11/volume/v3/62ffc726edd140bcb7e0011f365dafbb/os-services?host=dv-cinder-750782-15-iscsi&binary=cinder-scheduler
Mar 31 15:27:26.206746 dv-cinder-750782-15-iscsi devstack@c-api.service[110421]: DEBUG cinder.api.openstack.wsgi [None req-a758d703-3ee0-46dd-8c8e-6ada235e1f1e tempest-VolumesServicesTestJSON-28360109 tempest-VolumesServicesTestJSON-28360109-project-admin] Empty body provided in request {{(pid=110421) get_body /opt/stack/cinder/cinder/api/openstack/wsgi.py:715}}
Mar 31 15:27:26.207211 dv-cinder-750782-15-iscsi devstack@c-api.service[110421]: DEBUG cinder.api.openstack.wsgi [None req-a758d703-3ee0-46dd-8c8e-6ada235e1f1e tempest-VolumesServicesTestJSON-28360109 tempest-VolumesServicesTestJSON-28360109-project-admin] Calling method 'index' {{(pid=110421) _process_stack /opt/stack/cinder/cinder/api/openstack/wsgi.py:868}}
Mar 31 15:27:26.207898 dv-cinder-750782-15-iscsi devstack@c-api.service[110421]: /usr/local/lib/python3.8/dist-packages/oslo_context/context.py:100: DeprecationWarning: Policy enforcement is depending on the value of is_admin. This key is deprecated. Please update your policy file to use the standard policy values.
Mar 31 15:27:26.207898 dv-cinder-750782-15-iscsi devstack@c-api.service[110421]: warnings.warn('Policy enforcement is depending on the value of '
Mar 31 15:27:26.217490 dv-cinder-750782-15-iscsi devstack@c-api.service[110421]: INFO cinder.api.openstack.wsgi [None req-a758d703-3ee0-46dd-8c8e-6ada235e1f1e tempest-VolumesServicesTestJSON-28360109 tempest-VolumesServicesTestJSON-28360109-project-admin] http://10.222.0.11/volume/v3/62ffc726edd140bcb7e0011f365dafbb/os-services?host=dv-cinder-750782-15-iscsi&binary=cinder-scheduler returned with HTTP 200
Mar 31 15:27:26.218436 dv-cinder-750782-15-iscsi devstack@c-api.service[110421]: [pid: 110421|app: 0|req: 197/398] 10.222.0.11 () {58 vars in 1334 bytes} [Thu Mar 31 15:27:26 2022] GET /volume/v3/62ffc726edd140bcb7e0011f365dafbb/os-services?host=dv-cinder-750782-15-iscsi&binary=cinder-scheduler => generated 204 bytes in 18 msecs (HTTP/1.1 200) 7 headers in 285 bytes (1 switches on core 0)
Mar 31 15:27:26.219568 dv-cinder-750782-15-iscsi devstack@c-api.service[110421]: DEBUG cinder.api.middleware.request_id [None req-0ab17a1e-81d7-4e22-9ab3-b8dd66fd9143 None None] RequestId filter calling following filter/app {{(pid=110421) _context_setter /opt/stack/cinder/cinder/api/middleware/request_id.py:62}}
Mar 31 15:27:26.223224 dv-cinder-750782-15-iscsi devstack@c-api.service[110421]: INFO cinder.api.openstack.wsgi [None req-0ab17a1e-81d7-4e22-9ab3-b8dd66fd9143 tempest-VolumesActionsTest-1744225757 tempest-VolumesActionsTest-1744225757-project] GET http://10.222.0.11/volume/v3/e298c246593e4bb8b86c52a86cd3edb5/volumes/4a11f7af-7df8-4b7b-9075-be22344fbc2e
Mar 31 15:27:26.223666 dv-cinder-750782-15-iscsi devstack@c-api.service[110421]: DEBUG cinder.api.openstack.wsgi [None req-0ab17a1e-81d7-4e22-9ab3-b8dd66fd9143 tempest-VolumesActionsTest-1744225757 tempest-VolumesActionsTest-1744225757-project] Empty body provided in request {{(pid=110421) get_body /opt/stack/cinder/cinder/api/openstack/wsgi.py:715}}
Mar 31 15:27:26.224133 dv-cinder-750782-15-iscsi devstack@c-api.service[110421]: DEBUG cinder.api.openstack.wsgi [None req-0ab17a1e-81d7-4e22-9ab3-b8dd66fd9143 tempest-VolumesActionsTest-1744225757 tempest-VolumesActionsTest-1744225757-project] Calling method 'show' {{(pid=110421) _process_stack /opt/stack/cinder/cinder/api/openstack/wsgi.py:868}}
Mar 31 15:27:26.227034 dv-cinder-750782-15-iscsi devstack@c-api.service[110422]: DEBUG cinder.volume.api [None req-370e1d1c-4060-42ef-a176-2df143c1ad61 tempest-VolumeQuotasAdminTestJSON-606954501 tempest-VolumeQuotasAdminTestJSON-606954501-project] Task 'cinder.volume.flows.api.create_volume.EntryCreateTask;volume:create' (d08ef7fd-85cf-451f-92fd-83fdaef534d7) transitioned into state 'SUCCESS' from state 'RUNNING' with result '{'volume_id': '83ba4181-6e65-431b-a361-cdb127d2e890', 'volume_properties': VolumeProperties(attach_status='detached',availability_zone='nova',cgsnapshot_id=None,consistencygroup_id=None,display_description=None,display_name='tempest-VolumeQuotasAdminTestJSON-Volume-667198970',encryption_key_id=None,group_id=None,group_type_id=,metadata={},multiattach=False,project_id='50f6f43652bd4cbfaba992cdce16dec3',qos_specs=None,replication_status=,reservations=['5db52923-d8e4-4fa7-afec-dbb5cd30c8bc','0729006c-503f-4203-9352-a0e64d652a16','7a0a5645-8eac-4be4-984e-ca71b7b60221','3fec13de-8c40-41f6-b042-d327cc47393e'],size=1,snapshot_id=None,source_replicaid=,source_volid=None,status='creating',user_id='03d02e67e57a48a7a78d69c6a50326c1',volume_type_id=50747fcc-9fae-4990-977a-7c4d06ba2565), 'volume': Volume(_name_id=None,admin_metadata=,attach_status='detached',availability_zone='nova',bootable=False,cluster=,cluster_name=None,consistencygroup=,consistencygroup_id=None,created_at=2022-03-31T15:27:26Z,deleted=False,deleted_at=None,display_description=None,display_name='tempest-VolumeQuotasAdminTestJSON-Volume-667198970',ec2_id=None,encryption_key_id=None,glance_metadata=,group=,group_id=None,host=None,id=83ba4181-6e65-431b-a361-cdb127d2e890,launched_at=None,metadata={},migration_status=None,multiattach=False,previous_status=None,project_id='50f6f43652bd4cbfaba992cdce16dec3',provider_auth=None,provider_geometry=None,provider_id=None,provider_location=None,replication_driver_data=None,replication_extended_status=None,replication_status=None,scheduled_at=None,service_uuid=None,shared_targets=True,size=1,snapshot_id=None,snapshots=,source_volid=None,status='creating',terminated_at=None,updated_at=None,use_quota=True,user_id='03d02e67e57a48a7a78d69c6a50326c1',volume_attachment=VolumeAttachmentList,volume_type=VolumeType(50747fcc-9fae-4990-977a-7c4d06ba2565),volume_type_id=50747fcc-9fae-4990-977a-7c4d06ba2565)}' {{(pid=110422) _task_receiver /usr/local/lib/python3.8/dist-packages/taskflow/listeners/logging.py:178}}
Mar 31 15:27:26.229248 dv-cinder-750782-15-iscsi devstack@c-api.service[110422]: DEBUG cinder.volume.api [None req-370e1d1c-4060-42ef-a176-2df143c1ad61 tempest-VolumeQuotasAdminTestJSON-606954501 tempest-VolumeQuotasAdminTestJSON-606954501-project] Task 'cinder.volume.flows.api.create_volume.QuotaCommitTask;volume:create' (6231e45c-0b4a-4cbb-bc13-9224707e125c) transitioned into state 'RUNNING' from state 'PENDING' {{(pid=110422) _task_receiver /usr/local/lib/python3.8/dist-packages/taskflow/listeners/logging.py:190}}
Mar 31 15:27:26.238343 dv-cinder-750782-15-iscsi devstack@c-api.service[110421]: /usr/local/lib/python3.8/dist-packages/oslo_context/context.py:100: DeprecationWarning: Policy enforcement is depending on the value of is_admin. This key is deprecated. Please update your policy file to use the standard policy values.
