Mar 31 15:26:30.178346 dv-cinder-750782-15-iscsi devstack@c-api.service[110421]: warnings.warn('Policy enforcement is depending on the value of '
Mar 31 15:26:30.239696 dv-cinder-750782-15-iscsi devstack@c-api.service[110422]: DEBUG cinder.volume.api [req-c0c1a8d9-b38f-4c41-b87e-563295df8682 req-cd23b517-d354-47a2-a912-e20313548e83 tempest-VolumesGetTestJSON-977959314 tempest-VolumesGetTestJSON-977959314-project] Task 'cinder.volume.flows.api.create_volume.EntryCreateTask;volume:create' (d1135c31-3bdb-4a21-9d2e-8f8972bb85de) transitioned into state 'SUCCESS' from state 'RUNNING' with result '{'volume_id': '02b9c6b2-0556-42a5-9004-fc759dbb12b9', 'volume_properties': VolumeProperties(attach_status='detached',availability_zone='nova',cgsnapshot_id=None,consistencygroup_id=None,display_description=None,display_name='tempest-VolumesGetTestJSON-Volume-641510625',encryption_key_id=None,group_id=None,group_type_id=,metadata={Type='work'},multiattach=False,project_id='6647109dd45e41119ca1652249dbe079',qos_specs=None,replication_status=,reservations=['932ab9c3-88a0-4475-8594-c2df7b0e9137','db257d3e-08b5-4d2a-85ac-01e8e115e202','bc334b28-225d-46b2-955a-d5c2e6b0db12','fa9f3613-ddc5-4d32-97cf-b669dd57a178'],size=1,snapshot_id=None,source_replicaid=,source_volid=None,status='creating',user_id='958fd31e22414b65bf98cee30dc23685',volume_type_id=50747fcc-9fae-4990-977a-7c4d06ba2565), 'volume': Volume(_name_id=None,admin_metadata=,attach_status='detached',availability_zone='nova',bootable=False,cluster=,cluster_name=None,consistencygroup=,consistencygroup_id=None,created_at=2022-03-31T15:26:30Z,deleted=False,deleted_at=None,display_description=None,display_name='tempest-VolumesGetTestJSON-Volume-641510625',ec2_id=None,encryption_key_id=None,glance_metadata=,group=,group_id=None,host=None,id=02b9c6b2-0556-42a5-9004-fc759dbb12b9,launched_at=None,metadata={Type='work'},migration_status=None,multiattach=False,previous_status=None,project_id='6647109dd45e41119ca1652249dbe079',provider_auth=None,provider_geometry=None,provider_id=None,provider_location=None,replication_driver_data=None,replication_extended_status=None,replication_status=None,scheduled_at=None,service_uuid=None,shared_targets=True,size=1,snapshot_id=None,snapshots=,source_volid=None,status='creating',terminated_at=None,updated_at=None,use_quota=True,user_id='958fd31e22414b65bf98cee30dc23685',volume_attachment=VolumeAttachmentList,volume_type=VolumeType(50747fcc-9fae-4990-977a-7c4d06ba2565),volume_type_id=50747fcc-9fae-4990-977a-7c4d06ba2565)}' {{(pid=110422) _task_receiver /usr/local/lib/python3.8/dist-packages/taskflow/listeners/logging.py:178}}
Mar 31 15:26:30.242232 dv-cinder-750782-15-iscsi devstack@c-api.service[110422]: DEBUG cinder.volume.api [req-c0c1a8d9-b38f-4c41-b87e-563295df8682 req-cd23b517-d354-47a2-a912-e20313548e83 tempest-VolumesGetTestJSON-977959314 tempest-VolumesGetTestJSON-977959314-project] Task 'cinder.volume.flows.api.create_volume.QuotaCommitTask;volume:create' (66577584-b8e1-4bcb-8c84-2ef9cd638106) transitioned into state 'RUNNING' from state 'PENDING' {{(pid=110422) _task_receiver /usr/local/lib/python3.8/dist-packages/taskflow/listeners/logging.py:190}}
Mar 31 15:26:30.243621 dv-cinder-750782-15-iscsi devstack@c-api.service[110421]: INFO cinder.api.openstack.wsgi [None req-7da88684-66f3-445b-8719-7695a734ccc0 tempest-QosSpecsTestJSON-868098403 tempest-QosSpecsTestJSON-868098403-project-admin] http://10.222.0.11/volume/v3/d8579e5e793e4ef5b281fadb72334c6e/types returned with HTTP 200
Mar 31 15:26:30.252611 dv-cinder-750782-15-iscsi devstack@c-api.service[110421]: [pid: 110421|app: 0|req: 7/11] 10.222.0.11 () {60 vars in 1228 bytes} [Thu Mar 31 15:26:30 2022] POST /volume/v3/d8579e5e793e4ef5b281fadb72334c6e/types => generated 222 bytes in 75 msecs (HTTP/1.1 200) 7 headers in 285 bytes (2 switches on core 0)
Mar 31 15:26:30.254453 dv-cinder-750782-15-iscsi devstack@c-api.service[110421]: DEBUG cinder.api.middleware.request_id [None req-88f7073e-471e-4937-9196-eb70633b3d0b None None] RequestId filter calling following filter/app {{(pid=110421) _context_setter /opt/stack/cinder/cinder/api/middleware/request_id.py:62}}
Mar 31 15:26:30.278060 dv-cinder-750782-15-iscsi devstack@c-api.service[110421]: INFO cinder.api.openstack.wsgi [None req-88f7073e-471e-4937-9196-eb70633b3d0b tempest-QosSpecsTestJSON-868098403 tempest-QosSpecsTestJSON-868098403-project-admin] POST http://10.222.0.11/volume/v3/d8579e5e793e4ef5b281fadb72334c6e/types
Mar 31 15:26:30.279074 dv-cinder-750782-15-iscsi devstack@c-api.service[110421]: DEBUG cinder.api.openstack.wsgi [None req-88f7073e-471e-4937-9196-eb70633b3d0b tempest-QosSpecsTestJSON-868098403 tempest-QosSpecsTestJSON-868098403-project-admin] Action: 'create', calling method: _create, body: {"volume_type": {"name": "tempest-QosSpecsTestJSON-volume-type-906464549"}} {{(pid=110421) _process_stack /opt/stack/cinder/cinder/api/openstack/wsgi.py:866}}
Mar 31 15:26:30.330670 dv-cinder-750782-15-iscsi devstack@c-api.service[110421]: INFO cinder.api.openstack.wsgi [None req-88f7073e-471e-4937-9196-eb70633b3d0b tempest-QosSpecsTestJSON-868098403 tempest-QosSpecsTestJSON-868098403-project-admin] http://10.222.0.11/volume/v3/d8579e5e793e4ef5b281fadb72334c6e/types returned with HTTP 200
Mar 31 15:26:30.331400 dv-cinder-750782-15-iscsi devstack@c-api.service[110421]: [pid: 110421|app: 0|req: 8/12] 10.222.0.11 () {60 vars in 1228 bytes} [Thu Mar 31 15:26:30 2022] POST /volume/v3/d8579e5e793e4ef5b281fadb72334c6e/types => generated 221 bytes in 78 msecs (HTTP/1.1 200) 7 headers in 285 bytes (2 switches on core 0)
Mar 31 15:26:30.341522 dv-cinder-750782-15-iscsi devstack@c-api.service[110421]: DEBUG cinder.api.middleware.request_id [None req-c0009b3d-4923-42d8-89bf-3a76357610f6 None None] RequestId filter calling following filter/app {{(pid=110421) _context_setter /opt/stack/cinder/cinder/api/middleware/request_id.py:62}}
Mar 31 15:26:30.345889 dv-cinder-750782-15-iscsi devstack@c-api.service[110421]: INFO cinder.api.openstack.wsgi [None req-c0009b3d-4923-42d8-89bf-3a76357610f6 tempest-QosSpecsTestJSON-868098403 tempest-QosSpecsTestJSON-868098403-project-admin] POST http://10.222.0.11/volume/v3/d8579e5e793e4ef5b281fadb72334c6e/types
Mar 31 15:26:30.349622 dv-cinder-750782-15-iscsi devstack@c-api.service[110421]: DEBUG cinder.api.openstack.wsgi [None req-c0009b3d-4923-42d8-89bf-3a76357610f6 tempest-QosSpecsTestJSON-868098403 tempest-QosSpecsTestJSON-868098403-project-admin] Action: 'create', calling method: _create, body: {"volume_type": {"name": "tempest-QosSpecsTestJSON-volume-type-1452595692"}} {{(pid=110421) _process_stack /opt/stack/cinder/cinder/api/openstack/wsgi.py:866}}
Mar 31 15:26:30.353003 dv-cinder-750782-15-iscsi devstack@c-api.service[110422]: DEBUG cinder.volume.api [req-c0c1a8d9-b38f-4c41-b87e-563295df8682 req-cd23b517-d354-47a2-a912-e20313548e83 tempest-VolumesGetTestJSON-977959314 tempest-VolumesGetTestJSON-977959314-project] Task 'cinder.volume.flows.api.create_volume.QuotaCommitTask;volume:create' (66577584-b8e1-4bcb-8c84-2ef9cd638106) transitioned into state 'SUCCESS' from state 'RUNNING' with result '{'volume_properties': VolumeProperties(attach_status='detached',availability_zone='nova',cgsnapshot_id=None,consistencygroup_id=None,display_description=None,display_name='tempest-VolumesGetTestJSON-Volume-641510625',encryption_key_id=None,group_id=None,group_type_id=,metadata={Type='work'},multiattach=False,project_id='6647109dd45e41119ca1652249dbe079',qos_specs=None,replication_status=,reservations=['932ab9c3-88a0-4475-8594-c2df7b0e9137','db257d3e-08b5-4d2a-85ac-01e8e115e202','bc334b28-225d-46b2-955a-d5c2e6b0db12','fa9f3613-ddc5-4d32-97cf-b669dd57a178'],size=1,snapshot_id=None,source_replicaid=,source_volid=None,status='creating',user_id='958fd31e22414b65bf98cee30dc23685',volume_type_id=50747fcc-9fae-4990-977a-7c4d06ba2565)}' {{(pid=110422) _task_receiver /usr/local/lib/python3.8/dist-packages/taskflow/listeners/logging.py:178}}
Mar 31 15:26:30.358851 dv-cinder-750782-15-iscsi devstack@c-api.service[110422]: DEBUG cinder.volume.api [req-c0c1a8d9-b38f-4c41-b87e-563295df8682 req-cd23b517-d354-47a2-a912-e20313548e83 tempest-VolumesGetTestJSON-977959314 tempest-VolumesGetTestJSON-977959314-project] Task 'cinder.volume.flows.api.create_volume.VolumeCastTask;volume:create' (a67c0f9c-d5a2-4e95-b5c6-2f99696bda4c) transitioned into state 'RUNNING' from state 'PENDING' {{(pid=110422) _task_receiver /usr/local/lib/python3.8/dist-packages/taskflow/listeners/logging.py:190}}
Mar 31 15:26:30.414237 dv-cinder-750782-15-iscsi devstack@c-api.service[110421]: INFO cinder.api.openstack.wsgi [None req-c0009b3d-4923-42d8-89bf-3a76357610f6 tempest-QosSpecsTestJSON-868098403 tempest-QosSpecsTestJSON-868098403-project-admin] http://10.222.0.11/volume/v3/d8579e5e793e4ef5b281fadb72334c6e/types returned with HTTP 200
Mar 31 15:26:30.420851 dv-cinder-750782-15-iscsi devstack@c-api.service[110421]: [pid: 110421|app: 0|req: 9/13] 10.222.0.11 () {60 vars in 1228 bytes} [Thu Mar 31 15:26:30 2022] POST /volume/v3/d8579e5e793e4ef5b281fadb72334c6e/types => generated 222 bytes in 80 msecs (HTTP/1.1 200) 7 headers in 285 bytes (2 switches on core 0)
Mar 31 15:26:30.430945 dv-cinder-750782-15-iscsi devstack@c-api.service[110421]: DEBUG cinder.api.middleware.request_id [None req-9c09449f-a892-43bf-8044-be278c6ef743 None None] RequestId filter calling following filter/app {{(pid=110421) _context_setter /opt/stack/cinder/cinder/api/middleware/request_id.py:62}}
Mar 31 15:26:30.454244 dv-cinder-750782-15-iscsi devstack@c-api.service[110422]: DEBUG cinder.volume.api [req-c0c1a8d9-b38f-4c41-b87e-563295df8682 req-cd23b517-d354-47a2-a912-e20313548e83 tempest-VolumesGetTestJSON-977959314 tempest-VolumesGetTestJSON-977959314-project] Task 'cinder.volume.flows.api.create_volume.VolumeCastTask;volume:create' (a67c0f9c-d5a2-4e95-b5c6-2f99696bda4c) transitioned into state 'SUCCESS' from state 'RUNNING' with result 'None' {{(pid=110422) _task_receiver /usr/local/lib/python3.8/dist-packages/taskflow/listeners/logging.py:178}}
Mar 31 15:26:30.456686 dv-cinder-750782-15-iscsi devstack@c-api.service[110422]: DEBUG cinder.volume.api [req-c0c1a8d9-b38f-4c41-b87e-563295df8682 req-cd23b517-d354-47a2-a912-e20313548e83 tempest-VolumesGetTestJSON-977959314 tempest-VolumesGetTestJSON-977959314-project] Flow 'volume_create_api' (c47f5bce-9e67-4b90-82e3-687338c02933) transitioned into state 'SUCCESS' from state 'RUNNING' {{(pid=110422) _flow_receiver /usr/local/lib/python3.8/dist-packages/taskflow/listeners/logging.py:141}}
Mar 31 15:26:30.457503 dv-cinder-750782-15-iscsi devstack@c-api.service[110422]: INFO cinder.volume.api [req-c0c1a8d9-b38f-4c41-b87e-563295df8682 req-cd23b517-d354-47a2-a912-e20313548e83 tempest-VolumesGetTestJSON-977959314 tempest-VolumesGetTestJSON-977959314-project] Create volume request issued successfully.
Mar 31 15:26:30.459609 dv-cinder-750782-15-iscsi devstack@c-api.service[110422]: INFO cinder.api.openstack.wsgi [req-c0c1a8d9-b38f-4c41-b87e-563295df8682 req-cd23b517-d354-47a2-a912-e20313548e83 tempest-VolumesGetTestJSON-977959314 tempest-VolumesGetTestJSON-977959314-project] http://10.222.0.11/volume/v3/6647109dd45e41119ca1652249dbe079/volumes returned with HTTP 202
Mar 31 15:26:30.460922 dv-cinder-750782-15-iscsi devstack@c-api.service[110422]: [pid: 110422|app: 0|req: 5/14] 10.222.0.11 () {64 vars in 1521 bytes} [Thu Mar 31 15:26:28 2022] POST /volume/v3/6647109dd45e41119ca1652249dbe079/volumes => generated 831 bytes in 1894 msecs (HTTP/1.1 202) 7 headers in 291 bytes (1 switches on core 0)
Mar 31 15:26:30.461607 dv-cinder-750782-15-iscsi devstack@c-api.service[110421]: INFO cinder.api.openstack.wsgi [None req-9c09449f-a892-43bf-8044-be278c6ef743 tempest-QosSpecsTestJSON-868098403 tempest-QosSpecsTestJSON-868098403-project-admin] GET http://10.222.0.11/volume/v3/d8579e5e793e4ef5b281fadb72334c6e/qos-specs/c721887f-00ed-44e3-8883-be48a8e83dff/associate?vol_type_id=d143307b-d88a-4464-b792-1daa30551b63
Mar 31 15:26:30.462225 dv-cinder-750782-15-iscsi devstack@c-api.service[110421]: DEBUG cinder.api.openstack.wsgi [None req-9c09449f-a892-43bf-8044-be278c6ef743 tempest-QosSpecsTestJSON-868098403 tempest-QosSpecsTestJSON-868098403-project-admin] Empty body provided in request {{(pid=110421) get_body /opt/stack/cinder/cinder/api/openstack/wsgi.py:715}}
Mar 31 15:26:30.462770 dv-cinder-750782-15-iscsi devstack@c-api.service[110421]: DEBUG cinder.api.openstack.wsgi [None req-9c09449f-a892-43bf-8044-be278c6ef743 tempest-QosSpecsTestJSON-868098403 tempest-QosSpecsTestJSON-868098403-project-admin] Calling method 'associate' {{(pid=110421) _process_stack /opt/stack/cinder/cinder/api/openstack/wsgi.py:868}}
Mar 31 15:26:30.464273 dv-cinder-750782-15-iscsi devstack@c-api.service[110421]: DEBUG cinder.api.contrib.qos_specs_manage [None req-9c09449f-a892-43bf-8044-be278c6ef743 tempest-QosSpecsTestJSON-868098403 tempest-QosSpecsTestJSON-868098403-project-admin] Associate qos_spec: c721887f-00ed-44e3-8883-be48a8e83dff with type: d143307b-d88a-4464-b792-1daa30551b63 {{(pid=110421) associate /opt/stack/cinder/cinder/api/contrib/qos_specs_manage.py:275}}
Mar 31 15:26:30.472692 dv-cinder-750782-15-iscsi devstack@c-api.service[110422]: DEBUG cinder.api.middleware.request_id [req-c0c1a8d9-b38f-4c41-b87e-563295df8682 req-f019bfe8-b46d-46f6-a2bd-7d3e58f0e386 None None] RequestId filter calling following filter/app {{(pid=110422) _context_setter /opt/stack/cinder/cinder/api/middleware/request_id.py:62}}
Mar 31 15:26:30.481673 dv-cinder-750782-15-iscsi devstack@c-api.service[110422]: INFO cinder.api.openstack.wsgi [req-c0c1a8d9-b38f-4c41-b87e-563295df8682 req-f019bfe8-b46d-46f6-a2bd-7d3e58f0e386 tempest-VolumesGetTestJSON-977959314 tempest-VolumesGetTestJSON-977959314-project] GET http://10.222.0.11/volume/v3/6647109dd45e41119ca1652249dbe079/volumes/02b9c6b2-0556-42a5-9004-fc759dbb12b9
Mar 31 15:26:30.482326 dv-cinder-750782-15-iscsi devstack@c-api.service[110422]: DEBUG cinder.api.openstack.wsgi [req-c0c1a8d9-b38f-4c41-b87e-563295df8682 req-f019bfe8-b46d-46f6-a2bd-7d3e58f0e386 tempest-VolumesGetTestJSON-977959314 tempest-VolumesGetTestJSON-977959314-project] Empty body provided in request {{(pid=110422) get_body /opt/stack/cinder/cinder/api/openstack/wsgi.py:715}}
Mar 31 15:26:30.482806 dv-cinder-750782-15-iscsi devstack@c-api.service[110422]: DEBUG cinder.api.openstack.wsgi [req-c0c1a8d9-b38f-4c41-b87e-563295df8682 req-f019bfe8-b46d-46f6-a2bd-7d3e58f0e386 tempest-VolumesGetTestJSON-977959314 tempest-VolumesGetTestJSON-977959314-project] Calling method 'show' {{(pid=110422) _process_stack /opt/stack/cinder/cinder/api/openstack/wsgi.py:868}}
Mar 31 15:26:30.528514 dv-cinder-750782-15-iscsi devstack@c-api.service[110421]: INFO cinder.api.openstack.wsgi [None req-9c09449f-a892-43bf-8044-be278c6ef743 tempest-QosSpecsTestJSON-868098403 tempest-QosSpecsTestJSON-868098403-project-admin] http://10.222.0.11/volume/v3/d8579e5e793e4ef5b281fadb72334c6e/qos-specs/c721887f-00ed-44e3-8883-be48a8e83dff/associate?vol_type_id=d143307b-d88a-4464-b792-1daa30551b63 returned with HTTP 202
Mar 31 15:26:30.536633 dv-cinder-750782-15-iscsi devstack@c-api.service[110421]: [pid: 110421|app: 0|req: 10/15] 10.222.0.11 () {58 vars in 1457 bytes} [Thu Mar 31 15:26:30 2022] GET /volume/v3/d8579e5e793e4ef5b281fadb72334c6e/qos-specs/c721887f-00ed-44e3-8883-be48a8e83dff/associate?vol_type_id=d143307b-d88a-4464-b792-1daa30551b63 => generated 0 bytes in 104 msecs (HTTP/1.1 202) 6 headers in 233 bytes (2 switches on core 0)
Mar 31 15:26:30.539462 dv-cinder-750782-15-iscsi devstack@c-api.service[110421]: DEBUG cinder.api.middleware.request_id [None req-8774581d-4d53-45f9-a8e2-5330268d6e09 None None] RequestId filter calling following filter/app {{(pid=110421) _context_setter /opt/stack/cinder/cinder/api/middleware/request_id.py:62}}
Mar 31 15:26:30.547135 dv-cinder-750782-15-iscsi devstack@c-api.service[110421]: INFO cinder.api.openstack.wsgi [None req-8774581d-4d53-45f9-a8e2-5330268d6e09 tempest-QosSpecsTestJSON-868098403 tempest-QosSpecsTestJSON-868098403-project-admin] GET http://10.222.0.11/volume/v3/d8579e5e793e4ef5b281fadb72334c6e/qos-specs/c721887f-00ed-44e3-8883-be48a8e83dff/associate?vol_type_id=6565ddba-0cab-431e-a594-e28a96ff26f7
Mar 31 15:26:30.554292 dv-cinder-750782-15-iscsi devstack@c-api.service[110421]: DEBUG cinder.api.openstack.wsgi [None req-8774581d-4d53-45f9-a8e2-5330268d6e09 tempest-QosSpecsTestJSON-868098403 tempest-QosSpecsTestJSON-868098403-project-admin] Empty body provided in request {{(pid=110421) get_body /opt/stack/cinder/cinder/api/openstack/wsgi.py:715}}
Mar 31 15:26:30.557065 dv-cinder-750782-15-iscsi devstack@c-api.service[110421]: DEBUG cinder.api.openstack.wsgi [None req-8774581d-4d53-45f9-a8e2-5330268d6e09 tempest-QosSpecsTestJSON-868098403 tempest-QosSpecsTestJSON-868098403-project-admin] Calling method 'associate' {{(pid=110421) _process_stack /opt/stack/cinder/cinder/api/openstack/wsgi.py:868}}
Mar 31 15:26:30.557849 dv-cinder-750782-15-iscsi devstack@c-api.service[110421]: /usr/local/lib/python3.8/dist-packages/oslo_context/context.py:100: DeprecationWarning: Policy enforcement is depending on the value of is_admin. This key is deprecated. Please update your policy file to use the standard policy values.
Mar 31 15:26:30.557849 dv-cinder-750782-15-iscsi devstack@c-api.service[110421]: warnings.warn('Policy enforcement is depending on the value of '
Mar 31 15:26:30.558647 dv-cinder-750782-15-iscsi devstack@c-api.service[110421]: DEBUG cinder.api.contrib.qos_specs_manage [None req-8774581d-4d53-45f9-a8e2-5330268d6e09 tempest-QosSpecsTestJSON-868098403 tempest-QosSpecsTestJSON-868098403-project-admin] Associate qos_spec: c721887f-00ed-44e3-8883-be48a8e83dff with type: 6565ddba-0cab-431e-a594-e28a96ff26f7 {{(pid=110421) associate /opt/stack/cinder/cinder/api/contrib/qos_specs_manage.py:275}}
Mar 31 15:26:30.574018 dv-cinder-750782-15-iscsi devstack@c-api.service[110422]: /usr/local/lib/python3.8/dist-packages/oslo_context/context.py:100: DeprecationWarning: Policy enforcement is depending on the value of is_admin. This key is deprecated. Please update your policy file to use the standard policy values.
Mar 31 15:26:30.574018 dv-cinder-750782-15-iscsi devstack@c-api.service[110422]: warnings.warn('Policy enforcement is depending on the value of '
Mar 31 15:26:30.612903 dv-cinder-750782-15-iscsi devstack@c-api.service[110422]: INFO cinder.volume.api [req-c0c1a8d9-b38f-4c41-b87e-563295df8682 req-f019bfe8-b46d-46f6-a2bd-7d3e58f0e386 tempest-VolumesGetTestJSON-977959314 tempest-VolumesGetTestJSON-977959314-project] Volume info retrieved successfully.
Mar 31 15:26:30.638670 dv-cinder-750782-15-iscsi devstack@c-api.service[110421]: INFO cinder.api.openstack.wsgi [None req-8774581d-4d53-45f9-a8e2-5330268d6e09 tempest-QosSpecsTestJSON-868098403 tempest-QosSpecsTestJSON-868098403-project-admin] http://10.222.0.11/volume/v3/d8579e5e793e4ef5b281fadb72334c6e/qos-specs/c721887f-00ed-44e3-8883-be48a8e83dff/associate?vol_type_id=6565ddba-0cab-431e-a594-e28a96ff26f7 returned with HTTP 202
Mar 31 15:26:30.641011 dv-cinder-750782-15-iscsi devstack@c-api.service[110421]: [pid: 110421|app: 0|req: 11/16] 10.222.0.11 () {58 vars in 1457 bytes} [Thu Mar 31 15:26:30 2022] GET /volume/v3/d8579e5e793e4ef5b281fadb72334c6e/qos-specs/c721887f-00ed-44e3-8883-be48a8e83dff/associate?vol_type_id=6565ddba-0cab-431e-a594-e28a96ff26f7 => generated 0 bytes in 104 msecs (HTTP/1.1 202) 6 headers in 233 bytes (2 switches on core 0)
Mar 31 15:26:30.651039 dv-cinder-750782-15-iscsi devstack@c-api.service[110421]: DEBUG cinder.api.middleware.request_id [None req-422a613d-d50c-4fad-bf33-b98140c181b8 None None] RequestId filter calling following filter/app {{(pid=110421) _context_setter /opt/stack/cinder/cinder/api/middleware/request_id.py:62}}
Mar 31 15:26:30.665886 dv-cinder-750782-15-iscsi devstack@c-api.service[110421]: INFO cinder.api.openstack.wsgi [None req-422a613d-d50c-4fad-bf33-b98140c181b8 tempest-QosSpecsTestJSON-868098403 tempest-QosSpecsTestJSON-868098403-project-admin] GET http://10.222.0.11/volume/v3/d8579e5e793e4ef5b281fadb72334c6e/qos-specs/c721887f-00ed-44e3-8883-be48a8e83dff/associate?vol_type_id=2194357d-4aa5-44fa-982a-a947319a6d4b
Mar 31 15:26:30.668457 dv-cinder-750782-15-iscsi devstack@c-api.service[110421]: DEBUG cinder.api.openstack.wsgi [None req-422a613d-d50c-4fad-bf33-b98140c181b8 tempest-QosSpecsTestJSON-868098403 tempest-QosSpecsTestJSON-868098403-project-admin] Empty body provided in request {{(pid=110421) get_body /opt/stack/cinder/cinder/api/openstack/wsgi.py:715}}
Mar 31 15:26:30.669339 dv-cinder-750782-15-iscsi devstack@c-api.service[110421]: DEBUG cinder.api.openstack.wsgi [None req-422a613d-d50c-4fad-bf33-b98140c181b8 tempest-QosSpecsTestJSON-868098403 tempest-QosSpecsTestJSON-868098403-project-admin] Calling method 'associate' {{(pid=110421) _process_stack /opt/stack/cinder/cinder/api/openstack/wsgi.py:868}}
Mar 31 15:26:30.672204 dv-cinder-750782-15-iscsi devstack@c-api.service[110421]: /usr/local/lib/python3.8/dist-packages/oslo_context/context.py:100: DeprecationWarning: Policy enforcement is depending on the value of is_admin. This key is deprecated. Please update your policy file to use the standard policy values.
Mar 31 15:26:30.672204 dv-cinder-750782-15-iscsi devstack@c-api.service[110421]: warnings.warn('Policy enforcement is depending on the value of '
Mar 31 15:26:30.674701 dv-cinder-750782-15-iscsi devstack@c-api.service[110421]: DEBUG cinder.api.contrib.qos_specs_manage [None req-422a613d-d50c-4fad-bf33-b98140c181b8 tempest-QosSpecsTestJSON-868098403 tempest-QosSpecsTestJSON-868098403-project-admin] Associate qos_spec: c721887f-00ed-44e3-8883-be48a8e83dff with type: 2194357d-4aa5-44fa-982a-a947319a6d4b {{(pid=110421) associate /opt/stack/cinder/cinder/api/contrib/qos_specs_manage.py:275}}
Mar 31 15:26:30.683918 dv-cinder-750782-15-iscsi devstack@c-api.service[110422]: INFO cinder.api.openstack.wsgi [req-c0c1a8d9-b38f-4c41-b87e-563295df8682 req-f019bfe8-b46d-46f6-a2bd-7d3e58f0e386 tempest-VolumesGetTestJSON-977959314 tempest-VolumesGetTestJSON-977959314-project] http://10.222.0.11/volume/v3/6647109dd45e41119ca1652249dbe079/volumes/02b9c6b2-0556-42a5-9004-fc759dbb12b9 returned with HTTP 200
Mar 31 15:26:30.687309 dv-cinder-750782-15-iscsi devstack@c-api.service[110422]: [pid: 110422|app: 0|req: 6/17] 10.222.0.11 () {60 vars in 1578 bytes} [Thu Mar 31 15:26:30 2022] GET /volume/v3/6647109dd45e41119ca1652249dbe079/volumes/02b9c6b2-0556-42a5-9004-fc759dbb12b9 => generated 899 bytes in 216 msecs (HTTP/1.1 200) 7 headers in 285 bytes (2 switches on core 0)
Mar 31 15:26:30.722810 dv-cinder-750782-15-iscsi devstack@c-api.service[110421]: INFO cinder.api.openstack.wsgi [None req-422a613d-d50c-4fad-bf33-b98140c181b8 tempest-QosSpecsTestJSON-868098403 tempest-QosSpecsTestJSON-868098403-project-admin] http://10.222.0.11/volume/v3/d8579e5e793e4ef5b281fadb72334c6e/qos-specs/c721887f-00ed-44e3-8883-be48a8e83dff/associate?vol_type_id=2194357d-4aa5-44fa-982a-a947319a6d4b returned with HTTP 202
Mar 31 15:26:30.724910 dv-cinder-750782-15-iscsi devstack@c-api.service[110421]: [pid: 110421|app: 0|req: 12/18] 10.222.0.11 () {58 vars in 1457 bytes} [Thu Mar 31 15:26:30 2022] GET /volume/v3/d8579e5e793e4ef5b281fadb72334c6e/qos-specs/c721887f-00ed-44e3-8883-be48a8e83dff/associate?vol_type_id=2194357d-4aa5-44fa-982a-a947319a6d4b => generated 0 bytes in 75 msecs (HTTP/1.1 202) 6 headers in 233 bytes (2 switches on core 0)
Mar 31 15:26:30.732096 dv-cinder-750782-15-iscsi devstack@c-api.service[110422]: DEBUG cinder.api.middleware.request_id [None req-c04756c0-0117-4712-acab-c8e64d38f8f0 None None] RequestId filter calling following filter/app {{(pid=110422) _context_setter /opt/stack/cinder/cinder/api/middleware/request_id.py:62}}
Mar 31 15:26:30.757919 dv-cinder-750782-15-iscsi devstack@c-api.service[110422]: INFO cinder.api.openstack.wsgi [None req-c04756c0-0117-4712-acab-c8e64d38f8f0 tempest-QosSpecsTestJSON-868098403 tempest-QosSpecsTestJSON-868098403-project-admin] GET http://10.222.0.11/volume/v3/d8579e5e793e4ef5b281fadb72334c6e/qos-specs/c721887f-00ed-44e3-8883-be48a8e83dff/associations
Mar 31 15:26:30.760083 dv-cinder-750782-15-iscsi devstack@c-api.service[110422]: DEBUG cinder.api.openstack.wsgi [None req-c04756c0-0117-4712-acab-c8e64d38f8f0 tempest-QosSpecsTestJSON-868098403 tempest-QosSpecsTestJSON-868098403-project-admin] Empty body provided in request {{(pid=110422) get_body /opt/stack/cinder/cinder/api/openstack/wsgi.py:715}}
Mar 31 15:26:30.761304 dv-cinder-750782-15-iscsi devstack@c-api.service[110422]: DEBUG cinder.api.openstack.wsgi [None req-c04756c0-0117-4712-acab-c8e64d38f8f0 tempest-QosSpecsTestJSON-868098403 tempest-QosSpecsTestJSON-868098403-project-admin] Calling method 'associations' {{(pid=110422) _process_stack /opt/stack/cinder/cinder/api/openstack/wsgi.py:868}}
Mar 31 15:26:30.764326 dv-cinder-750782-15-iscsi devstack@c-api.service[110422]: DEBUG cinder.api.contrib.qos_specs_manage [None req-c04756c0-0117-4712-acab-c8e64d38f8f0 tempest-QosSpecsTestJSON-868098403 tempest-QosSpecsTestJSON-868098403-project-admin] Get associations for qos_spec id: c721887f-00ed-44e3-8883-be48a8e83dff {{(pid=110422) associations /opt/stack/cinder/cinder/api/contrib/qos_specs_manage.py:233}}
Mar 31 15:26:30.768335 dv-cinder-750782-15-iscsi devstack@c-api.service[110421]: DEBUG cinder.api.middleware.request_id [req-b1e1ce60-494e-4c60-9fd7-f26e6d5b4ba1 req-4ce0d325-bd55-46ff-85f0-333b6936a5fb None None] RequestId filter calling following filter/app {{(pid=110421) _context_setter /opt/stack/cinder/cinder/api/middleware/request_id.py:62}}
Mar 31 15:26:30.775840 dv-cinder-750782-15-iscsi devstack@c-api.service[110421]: INFO cinder.api.openstack.wsgi [req-b1e1ce60-494e-4c60-9fd7-f26e6d5b4ba1 req-4ce0d325-bd55-46ff-85f0-333b6936a5fb tempest-VolumesSnapshotsTestJSON-106828298 tempest-VolumesSnapshotsTestJSON-106828298-project] GET http://10.222.0.11/volume/v3/9ab7f283fd004f37bd6317dad95fb359/volumes/cbfaa8fe-e307-4c6e-9c46-5c4d65a3a308
Mar 31 15:26:30.776674 dv-cinder-750782-15-iscsi devstack@c-api.service[110421]: DEBUG cinder.api.openstack.wsgi [req-b1e1ce60-494e-4c60-9fd7-f26e6d5b4ba1 req-4ce0d325-bd55-46ff-85f0-333b6936a5fb tempest-VolumesSnapshotsTestJSON-106828298 tempest-VolumesSnapshotsTestJSON-106828298-project] Empty body provided in request {{(pid=110421) get_body /opt/stack/cinder/cinder/api/openstack/wsgi.py:715}}
Mar 31 15:26:30.777184 dv-cinder-750782-15-iscsi devstack@c-api.service[110421]: DEBUG cinder.api.openstack.wsgi [req-b1e1ce60-494e-4c60-9fd7-f26e6d5b4ba1 req-4ce0d325-bd55-46ff-85f0-333b6936a5fb tempest-VolumesSnapshotsTestJSON-106828298 tempest-VolumesSnapshotsTestJSON-106828298-project] Calling method 'show' {{(pid=110421) _process_stack /opt/stack/cinder/cinder/api/openstack/wsgi.py:868}}
Mar 31 15:26:30.842324 dv-cinder-750782-15-iscsi devstack@c-api.service[110421]: /usr/local/lib/python3.8/dist-packages/oslo_context/context.py:100: DeprecationWarning: Policy enforcement is depending on the value of is_admin. This key is deprecated. Please update your policy file to use the standard policy values.
Mar 31 15:26:30.842324 dv-cinder-750782-15-iscsi devstack@c-api.service[110421]: warnings.warn('Policy enforcement is depending on the value of '
Mar 31 15:26:30.859456 dv-cinder-750782-15-iscsi devstack@c-api.service[110421]: INFO cinder.volume.api [req-b1e1ce60-494e-4c60-9fd7-f26e6d5b4ba1 req-4ce0d325-bd55-46ff-85f0-333b6936a5fb tempest-VolumesSnapshotsTestJSON-106828298 tempest-VolumesSnapshotsTestJSON-106828298-project] Volume info retrieved successfully.
Mar 31 15:26:30.891878 dv-cinder-750782-15-iscsi devstack@c-api.service[110421]: INFO cinder.api.openstack.wsgi [req-b1e1ce60-494e-4c60-9fd7-f26e6d5b4ba1 req-4ce0d325-bd55-46ff-85f0-333b6936a5fb tempest-VolumesSnapshotsTestJSON-106828298 tempest-VolumesSnapshotsTestJSON-106828298-project] http://10.222.0.11/volume/v3/9ab7f283fd004f37bd6317dad95fb359/volumes/cbfaa8fe-e307-4c6e-9c46-5c4d65a3a308 returned with HTTP 200
Mar 31 15:26:30.893733 dv-cinder-750782-15-iscsi devstack@c-api.service[110421]: [pid: 110421|app: 0|req: 13/19] 10.222.0.11 () {60 vars in 1578 bytes} [Thu Mar 31 15:26:30 2022] GET /volume/v3/9ab7f283fd004f37bd6317dad95fb359/volumes/cbfaa8fe-e307-4c6e-9c46-5c4d65a3a308 => generated 913 bytes in 128 msecs (HTTP/1.1 200) 7 headers in 285 bytes (1 switches on core 0)
Mar 31 15:26:30.907935 dv-cinder-750782-15-iscsi devstack@c-api.service[110422]: INFO cinder.api.openstack.wsgi [None req-c04756c0-0117-4712-acab-c8e64d38f8f0 tempest-QosSpecsTestJSON-868098403 tempest-QosSpecsTestJSON-868098403-project-admin] http://10.222.0.11/volume/v3/d8579e5e793e4ef5b281fadb72334c6e/qos-specs/c721887f-00ed-44e3-8883-be48a8e83dff/associations returned with HTTP 200
Mar 31 15:26:30.911865 dv-cinder-750782-15-iscsi devstack@c-api.service[110422]: [pid: 110422|app: 0|req: 7/20] 10.222.0.11 () {58 vars in 1369 bytes} [Thu Mar 31 15:26:30 2022] GET /volume/v3/d8579e5e793e4ef5b281fadb72334c6e/qos-specs/c721887f-00ed-44e3-8883-be48a8e83dff/associations => generated 447 bytes in 182 msecs (HTTP/1.1 200) 7 headers in 285 bytes (1 switches on core 0)
Mar 31 15:26:30.926444 dv-cinder-750782-15-iscsi devstack@c-api.service[110421]: DEBUG cinder.api.middleware.request_id [None req-3bc2d295-f57b-4ac3-9fc7-180ddc0a390d None None] RequestId filter calling following filter/app {{(pid=110421) _context_setter /opt/stack/cinder/cinder/api/middleware/request_id.py:62}}
Mar 31 15:26:30.937554 dv-cinder-750782-15-iscsi devstack@c-api.service[110421]: INFO cinder.api.openstack.wsgi [None req-3bc2d295-f57b-4ac3-9fc7-180ddc0a390d tempest-QosSpecsTestJSON-868098403 tempest-QosSpecsTestJSON-868098403-project-admin] GET http://10.222.0.11/volume/v3/d8579e5e793e4ef5b281fadb72334c6e/qos-specs/c721887f-00ed-44e3-8883-be48a8e83dff/disassociate?vol_type_id=d143307b-d88a-4464-b792-1daa30551b63
Mar 31 15:26:30.938396 dv-cinder-750782-15-iscsi devstack@c-api.service[110421]: DEBUG cinder.api.openstack.wsgi [None req-3bc2d295-f57b-4ac3-9fc7-180ddc0a390d tempest-QosSpecsTestJSON-868098403 tempest-QosSpecsTestJSON-868098403-project-admin] Empty body provided in request {{(pid=110421) get_body /opt/stack/cinder/cinder/api/openstack/wsgi.py:715}}
Mar 31 15:26:30.939235 dv-cinder-750782-15-iscsi devstack@c-api.service[110421]: DEBUG cinder.api.openstack.wsgi [None req-3bc2d295-f57b-4ac3-9fc7-180ddc0a390d tempest-QosSpecsTestJSON-868098403 tempest-QosSpecsTestJSON-868098403-project-admin] Calling method 'disassociate' {{(pid=110421) _process_stack /opt/stack/cinder/cinder/api/openstack/wsgi.py:868}}
Mar 31 15:26:30.963349 dv-cinder-750782-15-iscsi devstack@c-api.service[110421]: DEBUG cinder.api.contrib.qos_specs_manage [None req-3bc2d295-f57b-4ac3-9fc7-180ddc0a390d tempest-QosSpecsTestJSON-868098403 tempest-QosSpecsTestJSON-868098403-project-admin] Disassociate qos_spec: c721887f-00ed-44e3-8883-be48a8e83dff from type: d143307b-d88a-4464-b792-1daa30551b63 {{(pid=110421) disassociate /opt/stack/cinder/cinder/api/contrib/qos_specs_manage.py:327}}
Mar 31 15:26:30.993700 dv-cinder-750782-15-iscsi devstack@c-api.service[110422]: DEBUG cinder.api.middleware.request_id [req-6138b981-5dde-4ac2-976a-62f222ece562 req-faf81bb7-f80d-46ab-b3d7-14c78e3754d6 None None] RequestId filter calling following filter/app {{(pid=110422) _context_setter /opt/stack/cinder/cinder/api/middleware/request_id.py:62}}
Mar 31 15:26:30.998954 dv-cinder-750782-15-iscsi devstack@c-api.service[110422]: INFO cinder.api.openstack.wsgi [req-6138b981-5dde-4ac2-976a-62f222ece562 req-faf81bb7-f80d-46ab-b3d7-14c78e3754d6 tempest-VolumesGetTestJSON-977959314 tempest-VolumesGetTestJSON-977959314-project] GET http://10.222.0.11/volume/v3/6647109dd45e41119ca1652249dbe079/volumes/02b9c6b2-0556-42a5-9004-fc759dbb12b9
Mar 31 15:26:30.999680 dv-cinder-750782-15-iscsi devstack@c-api.service[110422]: DEBUG cinder.api.openstack.wsgi [req-6138b981-5dde-4ac2-976a-62f222ece562 req-faf81bb7-f80d-46ab-b3d7-14c78e3754d6 tempest-VolumesGetTestJSON-977959314 tempest-VolumesGetTestJSON-977959314-project] Empty body provided in request {{(pid=110422) get_body /opt/stack/cinder/cinder/api/openstack/wsgi.py:715}}
Mar 31 15:26:31.000258 dv-cinder-750782-15-iscsi devstack@c-api.service[110422]: DEBUG cinder.api.openstack.wsgi [req-6138b981-5dde-4ac2-976a-62f222ece562 req-faf81bb7-f80d-46ab-b3d7-14c78e3754d6 tempest-VolumesGetTestJSON-977959314 tempest-VolumesGetTestJSON-977959314-project] Calling method 'show' {{(pid=110422) _process_stack /opt/stack/cinder/cinder/api/openstack/wsgi.py:868}}
Mar 31 15:26:31.023269 dv-cinder-750782-15-iscsi devstack@c-api.service[110422]: /usr/local/lib/python3.8/dist-packages/oslo_context/context.py:100: DeprecationWarning: Policy enforcement is depending on the value of is_admin. This key is deprecated. Please update your policy file to use the standard policy values.
Mar 31 15:26:31.023269 dv-cinder-750782-15-iscsi devstack@c-api.service[110422]: warnings.warn('Policy enforcement is depending on the value of '
Mar 31 15:26:31.064482 dv-cinder-750782-15-iscsi devstack@c-api.service[110421]: INFO cinder.api.openstack.wsgi [None req-3bc2d295-f57b-4ac3-9fc7-180ddc0a390d tempest-QosSpecsTestJSON-868098403 tempest-QosSpecsTestJSON-868098403-project-admin] http://10.222.0.11/volume/v3/d8579e5e793e4ef5b281fadb72334c6e/qos-specs/c721887f-00ed-44e3-8883-be48a8e83dff/disassociate?vol_type_id=d143307b-d88a-4464-b792-1daa30551b63 returned with HTTP 202
Mar 31 15:26:31.064945 dv-cinder-750782-15-iscsi devstack@c-api.service[110422]: INFO cinder.volume.api [req-6138b981-5dde-4ac2-976a-62f222ece562 req-faf81bb7-f80d-46ab-b3d7-14c78e3754d6 tempest-VolumesGetTestJSON-977959314 tempest-VolumesGetTestJSON-977959314-project] Volume info retrieved successfully.
Mar 31 15:26:31.066049 dv-cinder-750782-15-iscsi devstack@c-api.service[110421]: [pid: 110421|app: 0|req: 14/21] 10.222.0.11 () {58 vars in 1466 bytes} [Thu Mar 31 15:26:30 2022] GET /volume/v3/d8579e5e793e4ef5b281fadb72334c6e/qos-specs/c721887f-00ed-44e3-8883-be48a8e83dff/disassociate?vol_type_id=d143307b-d88a-4464-b792-1daa30551b63 => generated 0 bytes in 142 msecs (HTTP/1.1 202) 6 headers in 233 bytes (1 switches on core 0)
Mar 31 15:26:31.074291 dv-cinder-750782-15-iscsi devstack@c-api.service[110421]: DEBUG cinder.api.middleware.request_id [None req-dd1da9a1-3dd7-44c0-ba86-6775c866557c None None] RequestId filter calling following filter/app {{(pid=110421) _context_setter /opt/stack/cinder/cinder/api/middleware/request_id.py:62}}
Mar 31 15:26:31.083130 dv-cinder-750782-15-iscsi devstack@c-api.service[110421]: INFO cinder.api.openstack.wsgi [None req-dd1da9a1-3dd7-44c0-ba86-6775c866557c tempest-QosSpecsTestJSON-868098403 tempest-QosSpecsTestJSON-868098403-project-admin] GET http://10.222.0.11/volume/v3/d8579e5e793e4ef5b281fadb72334c6e/qos-specs/c721887f-00ed-44e3-8883-be48a8e83dff/associations
Mar 31 15:26:31.084124 dv-cinder-750782-15-iscsi devstack@c-api.service[110421]: DEBUG cinder.api.openstack.wsgi [None req-dd1da9a1-3dd7-44c0-ba86-6775c866557c tempest-QosSpecsTestJSON-868098403 tempest-QosSpecsTestJSON-868098403-project-admin] Empty body provided in request {{(pid=110421) get_body /opt/stack/cinder/cinder/api/openstack/wsgi.py:715}}
Mar 31 15:26:31.084803 dv-cinder-750782-15-iscsi devstack@c-api.service[110421]: DEBUG cinder.api.openstack.wsgi [None req-dd1da9a1-3dd7-44c0-ba86-6775c866557c tempest-QosSpecsTestJSON-868098403 tempest-QosSpecsTestJSON-868098403-project-admin] Calling method 'associations' {{(pid=110421) _process_stack /opt/stack/cinder/cinder/api/openstack/wsgi.py:868}}
Mar 31 15:26:31.085728 dv-cinder-750782-15-iscsi devstack@c-api.service[110421]: /usr/local/lib/python3.8/dist-packages/oslo_context/context.py:100: DeprecationWarning: Policy enforcement is depending on the value of is_admin. This key is deprecated. Please update your policy file to use the standard policy values.
Mar 31 15:26:31.085728 dv-cinder-750782-15-iscsi devstack@c-api.service[110421]: warnings.warn('Policy enforcement is depending on the value of '
Mar 31 15:26:31.087262 dv-cinder-750782-15-iscsi devstack@c-api.service[110421]: DEBUG cinder.api.contrib.qos_specs_manage [None req-dd1da9a1-3dd7-44c0-ba86-6775c866557c tempest-QosSpecsTestJSON-868098403 tempest-QosSpecsTestJSON-868098403-project-admin] Get associations for qos_spec id: c721887f-00ed-44e3-8883-be48a8e83dff {{(pid=110421) associations /opt/stack/cinder/cinder/api/contrib/qos_specs_manage.py:233}}
Mar 31 15:26:31.134684 dv-cinder-750782-15-iscsi devstack@c-api.service[110422]: INFO cinder.api.openstack.wsgi [req-6138b981-5dde-4ac2-976a-62f222ece562 req-faf81bb7-f80d-46ab-b3d7-14c78e3754d6 tempest-VolumesGetTestJSON-977959314 tempest-VolumesGetTestJSON-977959314-project] http://10.222.0.11/volume/v3/6647109dd45e41119ca1652249dbe079/volumes/02b9c6b2-0556-42a5-9004-fc759dbb12b9 returned with HTTP 200
Mar 31 15:26:31.137996 dv-cinder-750782-15-iscsi devstack@c-api.service[110421]: INFO cinder.api.openstack.wsgi [None req-dd1da9a1-3dd7-44c0-ba86-6775c866557c tempest-QosSpecsTestJSON-868098403 tempest-QosSpecsTestJSON-868098403-project-admin] http://10.222.0.11/volume/v3/d8579e5e793e4ef5b281fadb72334c6e/qos-specs/c721887f-00ed-44e3-8883-be48a8e83dff/associations returned with HTTP 200
Mar 31 15:26:31.139404 dv-cinder-750782-15-iscsi devstack@c-api.service[110421]: [pid: 110421|app: 0|req: 15/22] 10.222.0.11 () {58 vars in 1369 bytes} [Thu Mar 31 15:26:31 2022] GET /volume/v3/d8579e5e793e4ef5b281fadb72334c6e/qos-specs/c721887f-00ed-44e3-8883-be48a8e83dff/associations => generated 305 bytes in 67 msecs (HTTP/1.1 200) 7 headers in 285 bytes (1 switches on core 0)
Mar 31 15:26:31.154923 dv-cinder-750782-15-iscsi devstack@c-api.service[110422]: [pid: 110422|app: 0|req: 8/23] 10.222.0.11 () {60 vars in 1578 bytes} [Thu Mar 31 15:26:30 2022] GET /volume/v3/6647109dd45e41119ca1652249dbe079/volumes/02b9c6b2-0556-42a5-9004-fc759dbb12b9 => generated 923 bytes in 148 msecs (HTTP/1.1 200) 7 headers in 285 bytes (1 switches on core 0)
Mar 31 15:26:31.156970 dv-cinder-750782-15-iscsi devstack@c-api.service[110421]: DEBUG cinder.api.middleware.request_id [None req-f9241f37-ea08-4244-9184-a219f99e897d None None] RequestId filter calling following filter/app {{(pid=110421) _context_setter /opt/stack/cinder/cinder/api/middleware/request_id.py:62}}
Mar 31 15:26:31.163622 dv-cinder-750782-15-iscsi devstack@c-api.service[110421]: INFO cinder.api.openstack.wsgi [None req-f9241f37-ea08-4244-9184-a219f99e897d tempest-QosSpecsTestJSON-868098403 tempest-QosSpecsTestJSON-868098403-project-admin] GET http://10.222.0.11/volume/v3/d8579e5e793e4ef5b281fadb72334c6e/qos-specs/c721887f-00ed-44e3-8883-be48a8e83dff/disassociate_all
Mar 31 15:26:31.163622 dv-cinder-750782-15-iscsi devstack@c-api.service[110421]: DEBUG cinder.api.openstack.wsgi [None req-f9241f37-ea08-4244-9184-a219f99e897d tempest-QosSpecsTestJSON-868098403 tempest-QosSpecsTestJSON-868098403-project-admin] Empty body provided in request {{(pid=110421) get_body /opt/stack/cinder/cinder/api/openstack/wsgi.py:715}}
Mar 31 15:26:31.164122 dv-cinder-750782-15-iscsi devstack@c-api.service[110421]: DEBUG cinder.api.openstack.wsgi [None req-f9241f37-ea08-4244-9184-a219f99e897d tempest-QosSpecsTestJSON-868098403 tempest-QosSpecsTestJSON-868098403-project-admin] Calling method 'disassociate_all' {{(pid=110421) _process_stack /opt/stack/cinder/cinder/api/openstack/wsgi.py:868}}
Mar 31 15:26:31.170330 dv-cinder-750782-15-iscsi devstack@c-api.service[110422]: DEBUG cinder.api.middleware.request_id [req-2348fba7-d4da-4d50-84f0-c248f3df97de req-e1a61c59-33b6-48af-b9d2-cc6e43cbce8d None None] RequestId filter calling following filter/app {{(pid=110422) _context_setter /opt/stack/cinder/cinder/api/middleware/request_id.py:62}}
Mar 31 15:26:31.170714 dv-cinder-750782-15-iscsi devstack@c-api.service[110421]: /usr/local/lib/python3.8/dist-packages/oslo_context/context.py:100: DeprecationWarning: Policy enforcement is depending on the value of is_admin. This key is deprecated. Please update your policy file to use the standard policy values.
Mar 31 15:26:31.170714 dv-cinder-750782-15-iscsi devstack@c-api.service[110421]: warnings.warn('Policy enforcement is depending on the value of '
Mar 31 15:26:31.172016 dv-cinder-750782-15-iscsi devstack@c-api.service[110421]: DEBUG cinder.api.contrib.qos_specs_manage [None req-f9241f37-ea08-4244-9184-a219f99e897d tempest-QosSpecsTestJSON-868098403 tempest-QosSpecsTestJSON-868098403-project-admin] Disassociate qos_spec: c721887f-00ed-44e3-8883-be48a8e83dff from all. {{(pid=110421) disassociate_all /opt/stack/cinder/cinder/api/contrib/qos_specs_manage.py:361}}
Mar 31 15:26:31.178554 dv-cinder-750782-15-iscsi devstack@c-api.service[110422]: INFO cinder.api.openstack.wsgi [req-2348fba7-d4da-4d50-84f0-c248f3df97de req-e1a61c59-33b6-48af-b9d2-cc6e43cbce8d tempest-VolumesNegativeTest-1014021619 tempest-VolumesNegativeTest-1014021619-project] DELETE http://10.222.0.11/volume/v3/1525df462d594445ba8b5bb38ae598a1/volumes/tempest-invalid-2072339620
Mar 31 15:26:31.182902 dv-cinder-750782-15-iscsi devstack@c-api.service[110422]: DEBUG cinder.api.openstack.wsgi [req-2348fba7-d4da-4d50-84f0-c248f3df97de req-e1a61c59-33b6-48af-b9d2-cc6e43cbce8d tempest-VolumesNegativeTest-1014021619 tempest-VolumesNegativeTest-1014021619-project] Empty body provided in request {{(pid=110422) get_body /opt/stack/cinder/cinder/api/openstack/wsgi.py:715}}
Mar 31 15:26:31.186732 dv-cinder-750782-15-iscsi devstack@c-api.service[110422]: DEBUG cinder.api.openstack.wsgi [req-2348fba7-d4da-4d50-84f0-c248f3df97de req-e1a61c59-33b6-48af-b9d2-cc6e43cbce8d tempest-VolumesNegativeTest-1014021619 tempest-VolumesNegativeTest-1014021619-project] Calling method 'delete' {{(pid=110422) _process_stack /opt/stack/cinder/cinder/api/openstack/wsgi.py:868}}
Mar 31 15:26:31.187383 dv-cinder-750782-15-iscsi devstack@c-api.service[110422]: INFO cinder.api.v3.volumes [req-2348fba7-d4da-4d50-84f0-c248f3df97de req-e1a61c59-33b6-48af-b9d2-cc6e43cbce8d tempest-VolumesNegativeTest-1014021619 tempest-VolumesNegativeTest-1014021619-project] Delete volume with id: tempest-invalid-2072339620
Mar 31 15:26:31.212786 dv-cinder-750782-15-iscsi devstack@c-api.service[110422]: INFO cinder.api.openstack.wsgi [req-2348fba7-d4da-4d50-84f0-c248f3df97de req-e1a61c59-33b6-48af-b9d2-cc6e43cbce8d tempest-VolumesNegativeTest-1014021619 tempest-VolumesNegativeTest-1014021619-project] http://10.222.0.11/volume/v3/1525df462d594445ba8b5bb38ae598a1/volumes/tempest-invalid-2072339620 returned with HTTP 404
Mar 31 15:26:31.214488 dv-cinder-750782-15-iscsi devstack@c-api.service[110422]: [pid: 110422|app: 0|req: 9/24] 10.222.0.11 () {62 vars in 1570 bytes} [Thu Mar 31 15:26:31 2022] DELETE /volume/v3/1525df462d594445ba8b5bb38ae598a1/volumes/tempest-invalid-2072339620 => generated 99 bytes in 45 msecs (HTTP/1.1 404) 7 headers in 291 bytes (1 switches on core 0)
Mar 31 15:26:31.217811 dv-cinder-750782-15-iscsi devstack@c-api.service[110421]: INFO cinder.api.openstack.wsgi [None req-f9241f37-ea08-4244-9184-a219f99e897d tempest-QosSpecsTestJSON-868098403 tempest-QosSpecsTestJSON-868098403-project-admin] http://10.222.0.11/volume/v3/d8579e5e793e4ef5b281fadb72334c6e/qos-specs/c721887f-00ed-44e3-8883-be48a8e83dff/disassociate_all returned with HTTP 202
Mar 31 15:26:31.219268 dv-cinder-750782-15-iscsi devstack@c-api.service[110421]: [pid: 110421|app: 0|req: 16/25] 10.222.0.11 () {58 vars in 1381 bytes} [Thu Mar 31 15:26:31 2022] GET /volume/v3/d8579e5e793e4ef5b281fadb72334c6e/qos-specs/c721887f-00ed-44e3-8883-be48a8e83dff/disassociate_all => generated 0 bytes in 63 msecs (HTTP/1.1 202) 6 headers in 233 bytes (1 switches on core 0)
Mar 31 15:26:31.224800 dv-cinder-750782-15-iscsi devstack@c-api.service[110422]: DEBUG cinder.api.middleware.request_id [None req-4e12fb71-313d-43cf-919a-975f562e01db None None] RequestId filter calling following filter/app {{(pid=110422) _context_setter /opt/stack/cinder/cinder/api/middleware/request_id.py:62}}
Mar 31 15:26:31.236617 dv-cinder-750782-15-iscsi devstack@c-api.service[110422]: INFO cinder.api.openstack.wsgi [None req-4e12fb71-313d-43cf-919a-975f562e01db tempest-QosSpecsTestJSON-868098403 tempest-QosSpecsTestJSON-868098403-project-admin] GET http://10.222.0.11/volume/v3/d8579e5e793e4ef5b281fadb72334c6e/qos-specs/c721887f-00ed-44e3-8883-be48a8e83dff/associations
Mar 31 15:26:31.237753 dv-cinder-750782-15-iscsi devstack@c-api.service[110422]: DEBUG cinder.api.openstack.wsgi [None req-4e12fb71-313d-43cf-919a-975f562e01db tempest-QosSpecsTestJSON-868098403 tempest-QosSpecsTestJSON-868098403-project-admin] Empty body provided in request {{(pid=110422) get_body /opt/stack/cinder/cinder/api/openstack/wsgi.py:715}}
Mar 31 15:26:31.238474 dv-cinder-750782-15-iscsi devstack@c-api.service[110422]: DEBUG cinder.api.openstack.wsgi [None req-4e12fb71-313d-43cf-919a-975f562e01db tempest-QosSpecsTestJSON-868098403 tempest-QosSpecsTestJSON-868098403-project-admin] Calling method 'associations' {{(pid=110422) _process_stack /opt/stack/cinder/cinder/api/openstack/wsgi.py:868}}
Mar 31 15:26:31.240632 dv-cinder-750782-15-iscsi devstack@c-api.service[110422]: DEBUG cinder.api.contrib.qos_specs_manage [None req-4e12fb71-313d-43cf-919a-975f562e01db tempest-QosSpecsTestJSON-868098403 tempest-QosSpecsTestJSON-868098403-project-admin] Get associations for qos_spec id: c721887f-00ed-44e3-8883-be48a8e83dff {{(pid=110422) associations /opt/stack/cinder/cinder/api/contrib/qos_specs_manage.py:233}}
Mar 31 15:26:31.270747 dv-cinder-750782-15-iscsi devstack@c-api.service[110422]: INFO cinder.api.openstack.wsgi [None req-4e12fb71-313d-43cf-919a-975f562e01db tempest-QosSpecsTestJSON-868098403 tempest-QosSpecsTestJSON-868098403-project-admin] http://10.222.0.11/volume/v3/d8579e5e793e4ef5b281fadb72334c6e/qos-specs/c721887f-00ed-44e3-8883-be48a8e83dff/associations returned with HTTP 200
Mar 31 15:26:31.284347 dv-cinder-750782-15-iscsi devstack@c-api.service[110421]: DEBUG cinder.api.middleware.request_id [None req-11834d49-7d0b-479d-a96f-a9d371e0d4db None None] RequestId filter calling following filter/app {{(pid=110421) _context_setter /opt/stack/cinder/cinder/api/middleware/request_id.py:62}}
Mar 31 15:26:31.284633 dv-cinder-750782-15-iscsi devstack@c-api.service[110422]: [pid: 110422|app: 0|req: 10/26] 10.222.0.11 () {58 vars in 1369 bytes} [Thu Mar 31 15:26:31 2022] GET /volume/v3/d8579e5e793e4ef5b281fadb72334c6e/qos-specs/c721887f-00ed-44e3-8883-be48a8e83dff/associations => generated 24 bytes in 59 msecs (HTTP/1.1 200) 7 headers in 284 bytes (1 switches on core 0)
Mar 31 15:26:31.288804 dv-cinder-750782-15-iscsi devstack@c-api.service[110421]: INFO cinder.api.openstack.wsgi [None req-11834d49-7d0b-479d-a96f-a9d371e0d4db tempest-QosSpecsTestJSON-868098403 tempest-QosSpecsTestJSON-868098403-project-admin] POST http://10.222.0.11/volume/v3/d8579e5e793e4ef5b281fadb72334c6e/qos-specs
Mar 31 15:26:31.290974 dv-cinder-750782-15-iscsi devstack@c-api.service[110421]: DEBUG cinder.api.openstack.wsgi [None req-11834d49-7d0b-479d-a96f-a9d371e0d4db tempest-QosSpecsTestJSON-868098403 tempest-QosSpecsTestJSON-868098403-project-admin] Action: 'create', calling method: create, body: {"qos_specs": {"name": "tempest-QosSpecsTestJSON-qos-534165716", "consumer": "back-end"}} {{(pid=110421) _process_stack /opt/stack/cinder/cinder/api/openstack/wsgi.py:866}}
Mar 31 15:26:31.292652 dv-cinder-750782-15-iscsi devstack@c-api.service[110421]: /usr/local/lib/python3.8/dist-packages/oslo_context/context.py:100: DeprecationWarning: Policy enforcement is depending on the value of is_admin. This key is deprecated. Please update your policy file to use the standard policy values.
Mar 31 15:26:31.292652 dv-cinder-750782-15-iscsi devstack@c-api.service[110421]: warnings.warn('Policy enforcement is depending on the value of '
Mar 31 15:26:31.293715 dv-cinder-750782-15-iscsi devstack@c-api.service[110421]: DEBUG cinder.volume.qos_specs [None req-11834d49-7d0b-479d-a96f-a9d371e0d4db tempest-QosSpecsTestJSON-868098403 tempest-QosSpecsTestJSON-868098403-project-admin] Dict for qos_specs: {'name': 'tempest-QosSpecsTestJSON-qos-534165716', 'consumer': 'back-end', 'specs': {}} {{(pid=110421) create /opt/stack/cinder/cinder/volume/qos_specs.py:64}}
Mar 31 15:26:31.300168 dv-cinder-750782-15-iscsi devstack@c-api.service[110421]: DEBUG cinder.db.sqlalchemy.api [None req-11834d49-7d0b-479d-a96f-a9d371e0d4db tempest-QosSpecsTestJSON-868098403 tempest-QosSpecsTestJSON-868098403-project-admin] DB qos_specs_create(): root {'id': '795ba315-679b-4c5d-a8fe-f64955eb7f40', 'key': 'QoS_Specs_Name', 'value': 'tempest-QosSpecsTestJSON-qos-534165716'} {{(pid=110421) qos_specs_create /opt/stack/cinder/cinder/db/sqlalchemy/api.py:4852}}
Mar 31 15:26:31.311987 dv-cinder-750782-15-iscsi devstack@c-api.service[110421]: INFO cinder.api.openstack.wsgi [None req-11834d49-7d0b-479d-a96f-a9d371e0d4db tempest-QosSpecsTestJSON-868098403 tempest-QosSpecsTestJSON-868098403-project-admin] http://10.222.0.11/volume/v3/d8579e5e793e4ef5b281fadb72334c6e/qos-specs returned with HTTP 200
Mar 31 15:26:31.320514 dv-cinder-750782-15-iscsi devstack@c-api.service[110422]: DEBUG cinder.api.middleware.request_id [None req-6c9326ac-64b8-4c16-9608-b6f1e1d2f37b None None] RequestId filter calling following filter/app {{(pid=110422) _context_setter /opt/stack/cinder/cinder/api/middleware/request_id.py:62}}
Mar 31 15:26:31.326914 dv-cinder-750782-15-iscsi devstack@c-api.service[110422]: INFO cinder.api.openstack.wsgi [None req-6c9326ac-64b8-4c16-9608-b6f1e1d2f37b tempest-QosSpecsTestJSON-868098403 tempest-QosSpecsTestJSON-868098403-project-admin] DELETE http://10.222.0.11/volume/v3/d8579e5e793e4ef5b281fadb72334c6e/qos-specs/795ba315-679b-4c5d-a8fe-f64955eb7f40?force=False
