Jul 19 20:48:38.576674 dv-cinder-749155-8-smb devstack@placement-api.service[116372]: DEBUG placement.objects.allocation_candidate [req-624dc651-0ae6-4e3c-a159-0585cab33198 req-062ce3d9-038b-47c0-a4f4-54f60033b0e2 service placement] Merging candidates yields 1 allocation requests and 1 provider summaries {{(pid=116372) _merge_candidates /opt/stack/placement/placement/objects/allocation_candidate.py:809}}
Jul 19 20:48:38.578976 dv-cinder-749155-8-smb devstack@placement-api.service[116372]: INFO placement.requestlog [req-624dc651-0ae6-4e3c-a159-0585cab33198 req-062ce3d9-038b-47c0-a4f4-54f60033b0e2 service placement] 10.222.0.77 "GET /placement/allocation_candidates?limit=1000&resources=DISK_GB%3A1%2CMEMORY_MB%3A1024%2CVCPU%3A1&root_required=%21COMPUTE_STATUS_DISABLED" status: 200 len: 767 microversion: 1.36
Jul 19 20:48:38.579974 dv-cinder-749155-8-smb devstack@placement-api.service[116372]: [pid: 116372|app: 0|req: 10/21] 10.222.0.77 () {60 vars in 1506 bytes} [Tue Jul 19 20:48:38 2022] GET /placement/allocation_candidates?limit=1000&resources=DISK_GB%3A1%2CMEMORY_MB%3A1024%2CVCPU%3A1&root_required=%21COMPUTE_STATUS_DISABLED => generated 767 bytes in 173 msecs (HTTP/1.1 200) 8 headers in 296 bytes (1 switches on core 0)
Jul 19 20:48:39.090188 dv-cinder-749155-8-smb devstack@placement-api.service[116373]: DEBUG placement.requestlog [req-624dc651-0ae6-4e3c-a159-0585cab33198 req-8b04b5dc-535e-4ea5-83f2-ed79fc57d2f7 None None] Starting request: 10.222.0.77 "GET /placement/allocations/2e169aa4-b656-4d54-82eb-e89a15de7db7" {{(pid=116373) __call__ /opt/stack/placement/placement/requestlog.py:55}}
Jul 19 20:48:39.126204 dv-cinder-749155-8-smb devstack@placement-api.service[116373]: INFO placement.requestlog [req-624dc651-0ae6-4e3c-a159-0585cab33198 req-8b04b5dc-535e-4ea5-83f2-ed79fc57d2f7 service placement] 10.222.0.77 "GET /placement/allocations/2e169aa4-b656-4d54-82eb-e89a15de7db7" status: 200 len: 19 microversion: 1.28
Jul 19 20:48:39.126908 dv-cinder-749155-8-smb devstack@placement-api.service[116373]: [pid: 116373|app: 0|req: 12/22] 10.222.0.77 () {60 vars in 1380 bytes} [Tue Jul 19 20:48:39 2022] GET /placement/allocations/2e169aa4-b656-4d54-82eb-e89a15de7db7 => generated 19 bytes in 37 msecs (HTTP/1.1 200) 8 headers in 295 bytes (1 switches on core 0)
Jul 19 20:48:39.135517 dv-cinder-749155-8-smb devstack@placement-api.service[116372]: DEBUG placement.requestlog [req-624dc651-0ae6-4e3c-a159-0585cab33198 req-09caeda1-9d80-4395-9da6-2ac0434e6008 None None] Starting request: 10.222.0.77 "PUT /placement/allocations/2e169aa4-b656-4d54-82eb-e89a15de7db7" {{(pid=116372) __call__ /opt/stack/placement/placement/requestlog.py:55}}
Jul 19 20:48:39.212066 dv-cinder-749155-8-smb devstack@placement-api.service[116373]: DEBUG placement.requestlog [req-029a4ac1-0330-4e58-83ba-1021fa4a0d23 req-db2a989e-d1d7-4dc1-862a-aab00b491514 None None] Starting request: 10.222.0.81 "GET /placement/allocations/d6906364-a8e5-44c6-93f2-d9989c3ceb0e" {{(pid=116373) __call__ /opt/stack/placement/placement/requestlog.py:55}}
Jul 19 20:48:39.259930 dv-cinder-749155-8-smb devstack@placement-api.service[116373]: INFO placement.requestlog [req-029a4ac1-0330-4e58-83ba-1021fa4a0d23 req-db2a989e-d1d7-4dc1-862a-aab00b491514 service placement] 10.222.0.81 "GET /placement/allocations/d6906364-a8e5-44c6-93f2-d9989c3ceb0e" status: 200 len: 258 microversion: 1.28
Jul 19 20:48:39.260359 dv-cinder-749155-8-smb devstack@placement-api.service[116373]: [pid: 116373|app: 0|req: 13/23] 10.222.0.81 () {60 vars in 1377 bytes} [Tue Jul 19 20:48:39 2022] GET /placement/allocations/d6906364-a8e5-44c6-93f2-d9989c3ceb0e => generated 258 bytes in 49 msecs (HTTP/1.1 200) 8 headers in 296 bytes (2 switches on core 0)
Jul 19 20:48:39.265575 dv-cinder-749155-8-smb devstack@placement-api.service[116372]: DEBUG placement.handlers.allocation [req-624dc651-0ae6-4e3c-a159-0585cab33198 req-09caeda1-9d80-4395-9da6-2ac0434e6008 service placement] Successfully wrote allocations [, , ] {{(pid=116372) _update_consumers_and_create_allocations /opt/stack/placement/placement/handlers/allocation.py:462}}
Jul 19 20:48:39.275027 dv-cinder-749155-8-smb devstack@placement-api.service[116372]: INFO placement.requestlog [req-624dc651-0ae6-4e3c-a159-0585cab33198 req-09caeda1-9d80-4395-9da6-2ac0434e6008 service placement] 10.222.0.77 "PUT /placement/allocations/2e169aa4-b656-4d54-82eb-e89a15de7db7" status: 204 len: 0 microversion: 1.36
Jul 19 20:48:39.285894 dv-cinder-749155-8-smb devstack@placement-api.service[116372]: [pid: 116372|app: 0|req: 11/24] 10.222.0.77 () {64 vars in 1433 bytes} [Tue Jul 19 20:48:39 2022] PUT /placement/allocations/2e169aa4-b656-4d54-82eb-e89a15de7db7 => generated 0 bytes in 141 msecs (HTTP/1.1 204) 5 headers in 199 bytes (1 switches on core 0)
Jul 19 20:48:39.511977 dv-cinder-749155-8-smb devstack@placement-api.service[116373]: DEBUG placement.requestlog [req-90796f6a-2ff2-4351-8f47-d8b4913576bd req-28a245c2-29de-415c-a407-2d56c3ac6b93 None None] Starting request: 10.222.0.77 "GET /placement/allocation_candidates?limit=1000&resources=DISK_GB%3A1%2CMEMORY_MB%3A1024%2CVCPU%3A1&root_required=%21COMPUTE_STATUS_DISABLED" {{(pid=116373) __call__ /opt/stack/placement/placement/requestlog.py:55}}
Jul 19 20:48:39.640977 dv-cinder-749155-8-smb devstack@placement-api.service[116373]: DEBUG placement.objects.research_context [req-90796f6a-2ff2-4351-8f47-d8b4913576bd req-28a245c2-29de-415c-a407-2d56c3ac6b93 service placement] getting providers with 1 DISK_GB {{(pid=116373) __init__ /opt/stack/placement/placement/objects/research_context.py:136}}
Jul 19 20:48:39.669317 dv-cinder-749155-8-smb devstack@placement-api.service[116373]: DEBUG placement.objects.research_context [req-90796f6a-2ff2-4351-8f47-d8b4913576bd req-28a245c2-29de-415c-a407-2d56c3ac6b93 service placement] getting providers with 1024 MEMORY_MB {{(pid=116373) __init__ /opt/stack/placement/placement/objects/research_context.py:136}}
Jul 19 20:48:39.694598 dv-cinder-749155-8-smb devstack@placement-api.service[116373]: DEBUG placement.objects.research_context [req-90796f6a-2ff2-4351-8f47-d8b4913576bd req-28a245c2-29de-415c-a407-2d56c3ac6b93 service placement] getting providers with 1 VCPU {{(pid=116373) __init__ /opt/stack/placement/placement/objects/research_context.py:136}}
Jul 19 20:48:39.709574 dv-cinder-749155-8-smb devstack@placement-api.service[116373]: DEBUG placement.objects.research_context [req-90796f6a-2ff2-4351-8f47-d8b4913576bd req-28a245c2-29de-415c-a407-2d56c3ac6b93 service placement] found 1 providers with available 1 DISK_GB {{(pid=116373) get_provider_ids_matching /opt/stack/placement/placement/objects/research_context.py:563}}
Jul 19 20:48:39.711308 dv-cinder-749155-8-smb devstack@placement-api.service[116373]: DEBUG placement.objects.research_context [req-90796f6a-2ff2-4351-8f47-d8b4913576bd req-28a245c2-29de-415c-a407-2d56c3ac6b93 service placement] found 1 providers with available 1024 MEMORY_MB {{(pid=116373) get_provider_ids_matching /opt/stack/placement/placement/objects/research_context.py:563}}
Jul 19 20:48:39.711896 dv-cinder-749155-8-smb devstack@placement-api.service[116373]: DEBUG placement.objects.research_context [req-90796f6a-2ff2-4351-8f47-d8b4913576bd req-28a245c2-29de-415c-a407-2d56c3ac6b93 service placement] found 1 providers after filtering by previous result {{(pid=116373) get_provider_ids_matching /opt/stack/placement/placement/objects/research_context.py:594}}
Jul 19 20:48:39.713835 dv-cinder-749155-8-smb devstack@placement-api.service[116373]: DEBUG placement.objects.research_context [req-90796f6a-2ff2-4351-8f47-d8b4913576bd req-28a245c2-29de-415c-a407-2d56c3ac6b93 service placement] found 1 providers with available 1 VCPU {{(pid=116373) get_provider_ids_matching /opt/stack/placement/placement/objects/research_context.py:563}}
Jul 19 20:48:39.714236 dv-cinder-749155-8-smb devstack@placement-api.service[116373]: DEBUG placement.objects.research_context [req-90796f6a-2ff2-4351-8f47-d8b4913576bd req-28a245c2-29de-415c-a407-2d56c3ac6b93 service placement] found 1 providers after filtering by previous result {{(pid=116373) get_provider_ids_matching /opt/stack/placement/placement/objects/research_context.py:594}}
Jul 19 20:48:39.746314 dv-cinder-749155-8-smb devstack@placement-api.service[116373]: DEBUG placement.objects.allocation_candidate [req-90796f6a-2ff2-4351-8f47-d8b4913576bd req-28a245c2-29de-415c-a407-2d56c3ac6b93 service placement] RequestGroup(use_same_provider=False, resources={DISK_GB:1, MEMORY_MB:1024, VCPU:1}, traits=(), aggregates=[]) (suffix '') returned 1 matches {{(pid=116373) _get_by_requests /opt/stack/placement/placement/objects/allocation_candidate.py:156}}
Jul 19 20:48:39.746653 dv-cinder-749155-8-smb devstack@placement-api.service[116373]: DEBUG placement.objects.allocation_candidate [req-90796f6a-2ff2-4351-8f47-d8b4913576bd req-28a245c2-29de-415c-a407-2d56c3ac6b93 service placement] Merging candidates yields 1 allocation requests and 1 provider summaries {{(pid=116373) _merge_candidates /opt/stack/placement/placement/objects/allocation_candidate.py:809}}
Jul 19 20:48:39.755415 dv-cinder-749155-8-smb devstack@placement-api.service[116373]: INFO placement.requestlog [req-90796f6a-2ff2-4351-8f47-d8b4913576bd req-28a245c2-29de-415c-a407-2d56c3ac6b93 service placement] 10.222.0.77 "GET /placement/allocation_candidates?limit=1000&resources=DISK_GB%3A1%2CMEMORY_MB%3A1024%2CVCPU%3A1&root_required=%21COMPUTE_STATUS_DISABLED" status: 200 len: 767 microversion: 1.36
Jul 19 20:48:39.756401 dv-cinder-749155-8-smb devstack@placement-api.service[116373]: [pid: 116373|app: 0|req: 14/25] 10.222.0.77 () {60 vars in 1506 bytes} [Tue Jul 19 20:48:39 2022] GET /placement/allocation_candidates?limit=1000&resources=DISK_GB%3A1%2CMEMORY_MB%3A1024%2CVCPU%3A1&root_required=%21COMPUTE_STATUS_DISABLED => generated 767 bytes in 245 msecs (HTTP/1.1 200) 8 headers in 296 bytes (1 switches on core 0)
Jul 19 20:48:39.886628 dv-cinder-749155-8-smb devstack@placement-api.service[116372]: DEBUG placement.requestlog [req-90796f6a-2ff2-4351-8f47-d8b4913576bd req-485dea80-15ca-4672-8c8d-97be99a90dd8 None None] Starting request: 10.222.0.77 "GET /placement/allocations/97d7b638-9463-4863-a6b5-9c8b64145dbc" {{(pid=116372) __call__ /opt/stack/placement/placement/requestlog.py:55}}
Jul 19 20:48:39.917128 dv-cinder-749155-8-smb devstack@placement-api.service[116372]: INFO placement.requestlog [req-90796f6a-2ff2-4351-8f47-d8b4913576bd req-485dea80-15ca-4672-8c8d-97be99a90dd8 service placement] 10.222.0.77 "GET /placement/allocations/97d7b638-9463-4863-a6b5-9c8b64145dbc" status: 200 len: 19 microversion: 1.28
Jul 19 20:48:39.922101 dv-cinder-749155-8-smb devstack@placement-api.service[116372]: [pid: 116372|app: 0|req: 12/26] 10.222.0.77 () {60 vars in 1380 bytes} [Tue Jul 19 20:48:39 2022] GET /placement/allocations/97d7b638-9463-4863-a6b5-9c8b64145dbc => generated 19 bytes in 36 msecs (HTTP/1.1 200) 8 headers in 295 bytes (2 switches on core 0)
Jul 19 20:48:39.928562 dv-cinder-749155-8-smb devstack@placement-api.service[116373]: DEBUG placement.requestlog [req-90796f6a-2ff2-4351-8f47-d8b4913576bd req-d1851685-e936-4f4e-9bb1-ab27e99b3888 None None] Starting request: 10.222.0.77 "PUT /placement/allocations/97d7b638-9463-4863-a6b5-9c8b64145dbc" {{(pid=116373) __call__ /opt/stack/placement/placement/requestlog.py:55}}
Jul 19 20:48:40.086296 dv-cinder-749155-8-smb devstack@placement-api.service[116373]: DEBUG placement.handlers.allocation [req-90796f6a-2ff2-4351-8f47-d8b4913576bd req-d1851685-e936-4f4e-9bb1-ab27e99b3888 service placement] Successfully wrote allocations [, , ] {{(pid=116373) _update_consumers_and_create_allocations /opt/stack/placement/placement/handlers/allocation.py:462}}
Jul 19 20:48:40.095817 dv-cinder-749155-8-smb devstack@placement-api.service[116373]: INFO placement.requestlog [req-90796f6a-2ff2-4351-8f47-d8b4913576bd req-d1851685-e936-4f4e-9bb1-ab27e99b3888 service placement] 10.222.0.77 "PUT /placement/allocations/97d7b638-9463-4863-a6b5-9c8b64145dbc" status: 204 len: 0 microversion: 1.36
Jul 19 20:48:40.096735 dv-cinder-749155-8-smb devstack@placement-api.service[116373]: [pid: 116373|app: 0|req: 15/27] 10.222.0.77 () {64 vars in 1433 bytes} [Tue Jul 19 20:48:39 2022] PUT /placement/allocations/97d7b638-9463-4863-a6b5-9c8b64145dbc => generated 0 bytes in 168 msecs (HTTP/1.1 204) 5 headers in 199 bytes (2 switches on core 0)
Jul 19 20:48:40.621550 dv-cinder-749155-8-smb devstack@placement-api.service[116372]: DEBUG placement.requestlog [req-624dc651-0ae6-4e3c-a159-0585cab33198 req-fafa9f4c-456f-480a-b40a-f9966452218e None None] Starting request: 10.222.0.81 "GET /placement/allocations/2e169aa4-b656-4d54-82eb-e89a15de7db7" {{(pid=116372) __call__ /opt/stack/placement/placement/requestlog.py:55}}
Jul 19 20:48:40.664880 dv-cinder-749155-8-smb devstack@placement-api.service[116372]: INFO placement.requestlog [req-624dc651-0ae6-4e3c-a159-0585cab33198 req-fafa9f4c-456f-480a-b40a-f9966452218e service placement] 10.222.0.81 "GET /placement/allocations/2e169aa4-b656-4d54-82eb-e89a15de7db7" status: 200 len: 258 microversion: 1.28
Jul 19 20:48:40.683665 dv-cinder-749155-8-smb devstack@placement-api.service[116372]: [pid: 116372|app: 0|req: 13/28] 10.222.0.81 () {60 vars in 1377 bytes} [Tue Jul 19 20:48:40 2022] GET /placement/allocations/2e169aa4-b656-4d54-82eb-e89a15de7db7 => generated 258 bytes in 62 msecs (HTTP/1.1 200) 8 headers in 296 bytes (1 switches on core 0)
Jul 19 20:48:40.919190 dv-cinder-749155-8-smb devstack@placement-api.service[116373]: DEBUG placement.requestlog [req-90796f6a-2ff2-4351-8f47-d8b4913576bd req-87da2e9e-fb06-478d-b68f-a363f3e2e0e0 None None] Starting request: 10.222.0.81 "GET /placement/allocations/97d7b638-9463-4863-a6b5-9c8b64145dbc" {{(pid=116373) __call__ /opt/stack/placement/placement/requestlog.py:55}}
Jul 19 20:48:40.944711 dv-cinder-749155-8-smb devstack@placement-api.service[116373]: INFO placement.requestlog [req-90796f6a-2ff2-4351-8f47-d8b4913576bd req-87da2e9e-fb06-478d-b68f-a363f3e2e0e0 service placement] 10.222.0.81 "GET /placement/allocations/97d7b638-9463-4863-a6b5-9c8b64145dbc" status: 200 len: 258 microversion: 1.28
Jul 19 20:48:40.945099 dv-cinder-749155-8-smb devstack@placement-api.service[116373]: [pid: 116373|app: 0|req: 16/29] 10.222.0.81 () {60 vars in 1377 bytes} [Tue Jul 19 20:48:40 2022] GET /placement/allocations/97d7b638-9463-4863-a6b5-9c8b64145dbc => generated 258 bytes in 26 msecs (HTTP/1.1 200) 8 headers in 296 bytes (1 switches on core 0)
Jul 19 20:48:45.217970 dv-cinder-749155-8-smb devstack@placement-api.service[116372]: DEBUG placement.requestlog [req-4884f93b-6e25-4eef-9434-5c4e42e9e1e2 req-92f8b84e-acd8-49b1-be93-0db47240abd5 None None] Starting request: 10.222.0.77 "GET /placement/allocation_candidates?limit=1000&resources=DISK_GB%3A1%2CMEMORY_MB%3A1024%2CVCPU%3A1&root_required=%21COMPUTE_STATUS_DISABLED" {{(pid=116372) __call__ /opt/stack/placement/placement/requestlog.py:55}}
Jul 19 20:48:45.328464 dv-cinder-749155-8-smb devstack@placement-api.service[116372]: DEBUG placement.objects.research_context [req-4884f93b-6e25-4eef-9434-5c4e42e9e1e2 req-92f8b84e-acd8-49b1-be93-0db47240abd5 service placement] getting providers with 1 DISK_GB {{(pid=116372) __init__ /opt/stack/placement/placement/objects/research_context.py:136}}
Jul 19 20:48:45.348290 dv-cinder-749155-8-smb devstack@placement-api.service[116372]: DEBUG placement.objects.research_context [req-4884f93b-6e25-4eef-9434-5c4e42e9e1e2 req-92f8b84e-acd8-49b1-be93-0db47240abd5 service placement] getting providers with 1024 MEMORY_MB {{(pid=116372) __init__ /opt/stack/placement/placement/objects/research_context.py:136}}
Jul 19 20:48:45.368970 dv-cinder-749155-8-smb devstack@placement-api.service[116372]: DEBUG placement.objects.research_context [req-4884f93b-6e25-4eef-9434-5c4e42e9e1e2 req-92f8b84e-acd8-49b1-be93-0db47240abd5 service placement] getting providers with 1 VCPU {{(pid=116372) __init__ /opt/stack/placement/placement/objects/research_context.py:136}}
Jul 19 20:48:45.384485 dv-cinder-749155-8-smb devstack@placement-api.service[116372]: DEBUG placement.objects.research_context [req-4884f93b-6e25-4eef-9434-5c4e42e9e1e2 req-92f8b84e-acd8-49b1-be93-0db47240abd5 service placement] found 1 providers with available 1 DISK_GB {{(pid=116372) get_provider_ids_matching /opt/stack/placement/placement/objects/research_context.py:563}}
Jul 19 20:48:45.385036 dv-cinder-749155-8-smb devstack@placement-api.service[116372]: DEBUG placement.objects.research_context [req-4884f93b-6e25-4eef-9434-5c4e42e9e1e2 req-92f8b84e-acd8-49b1-be93-0db47240abd5 service placement] found 1 providers with available 1024 MEMORY_MB {{(pid=116372) get_provider_ids_matching /opt/stack/placement/placement/objects/research_context.py:563}}
Jul 19 20:48:45.387034 dv-cinder-749155-8-smb devstack@placement-api.service[116372]: DEBUG placement.objects.research_context [req-4884f93b-6e25-4eef-9434-5c4e42e9e1e2 req-92f8b84e-acd8-49b1-be93-0db47240abd5 service placement] found 1 providers after filtering by previous result {{(pid=116372) get_provider_ids_matching /opt/stack/placement/placement/objects/research_context.py:594}}
Jul 19 20:48:45.387790 dv-cinder-749155-8-smb devstack@placement-api.service[116372]: DEBUG placement.objects.research_context [req-4884f93b-6e25-4eef-9434-5c4e42e9e1e2 req-92f8b84e-acd8-49b1-be93-0db47240abd5 service placement] found 1 providers with available 1 VCPU {{(pid=116372) get_provider_ids_matching /opt/stack/placement/placement/objects/research_context.py:563}}
Jul 19 20:48:45.388347 dv-cinder-749155-8-smb devstack@placement-api.service[116372]: DEBUG placement.objects.research_context [req-4884f93b-6e25-4eef-9434-5c4e42e9e1e2 req-92f8b84e-acd8-49b1-be93-0db47240abd5 service placement] found 1 providers after filtering by previous result {{(pid=116372) get_provider_ids_matching /opt/stack/placement/placement/objects/research_context.py:594}}
Jul 19 20:48:45.431024 dv-cinder-749155-8-smb devstack@placement-api.service[116372]: DEBUG placement.objects.allocation_candidate [req-4884f93b-6e25-4eef-9434-5c4e42e9e1e2 req-92f8b84e-acd8-49b1-be93-0db47240abd5 service placement] RequestGroup(use_same_provider=False, resources={DISK_GB:1, MEMORY_MB:1024, VCPU:1}, traits=(), aggregates=[]) (suffix '') returned 1 matches {{(pid=116372) _get_by_requests /opt/stack/placement/placement/objects/allocation_candidate.py:156}}
Jul 19 20:48:45.432228 dv-cinder-749155-8-smb devstack@placement-api.service[116372]: DEBUG placement.objects.allocation_candidate [req-4884f93b-6e25-4eef-9434-5c4e42e9e1e2 req-92f8b84e-acd8-49b1-be93-0db47240abd5 service placement] Merging candidates yields 1 allocation requests and 1 provider summaries {{(pid=116372) _merge_candidates /opt/stack/placement/placement/objects/allocation_candidate.py:809}}
Jul 19 20:48:45.450164 dv-cinder-749155-8-smb devstack@placement-api.service[116372]: INFO placement.requestlog [req-4884f93b-6e25-4eef-9434-5c4e42e9e1e2 req-92f8b84e-acd8-49b1-be93-0db47240abd5 service placement] 10.222.0.77 "GET /placement/allocation_candidates?limit=1000&resources=DISK_GB%3A1%2CMEMORY_MB%3A1024%2CVCPU%3A1&root_required=%21COMPUTE_STATUS_DISABLED" status: 200 len: 767 microversion: 1.36
Jul 19 20:48:45.463975 dv-cinder-749155-8-smb devstack@placement-api.service[116372]: [pid: 116372|app: 0|req: 14/30] 10.222.0.77 () {60 vars in 1506 bytes} [Tue Jul 19 20:48:45 2022] GET /placement/allocation_candidates?limit=1000&resources=DISK_GB%3A1%2CMEMORY_MB%3A1024%2CVCPU%3A1&root_required=%21COMPUTE_STATUS_DISABLED => generated 767 bytes in 240 msecs (HTTP/1.1 200) 8 headers in 296 bytes (1 switches on core 0)
Jul 19 20:48:45.676140 dv-cinder-749155-8-smb devstack@placement-api.service[116373]: DEBUG placement.requestlog [req-4884f93b-6e25-4eef-9434-5c4e42e9e1e2 req-ee3a4624-244a-4c50-ba0f-81248f7a1271 None None] Starting request: 10.222.0.77 "GET /placement/allocations/6ddf0b0b-42cb-49ec-94be-179e9dcfe300" {{(pid=116373) __call__ /opt/stack/placement/placement/requestlog.py:55}}
Jul 19 20:48:45.739886 dv-cinder-749155-8-smb devstack@placement-api.service[116373]: INFO placement.requestlog [req-4884f93b-6e25-4eef-9434-5c4e42e9e1e2 req-ee3a4624-244a-4c50-ba0f-81248f7a1271 service placement] 10.222.0.77 "GET /placement/allocations/6ddf0b0b-42cb-49ec-94be-179e9dcfe300" status: 200 len: 19 microversion: 1.28
Jul 19 20:48:45.746624 dv-cinder-749155-8-smb devstack@placement-api.service[116373]: [pid: 116373|app: 0|req: 17/31] 10.222.0.77 () {60 vars in 1380 bytes} [Tue Jul 19 20:48:45 2022] GET /placement/allocations/6ddf0b0b-42cb-49ec-94be-179e9dcfe300 => generated 19 bytes in 69 msecs (HTTP/1.1 200) 8 headers in 295 bytes (1 switches on core 0)
Jul 19 20:48:45.748300 dv-cinder-749155-8-smb devstack@placement-api.service[116372]: DEBUG placement.requestlog [req-4884f93b-6e25-4eef-9434-5c4e42e9e1e2 req-deb0029a-12a1-4811-95a9-eddb19c16341 None None] Starting request: 10.222.0.77 "PUT /placement/allocations/6ddf0b0b-42cb-49ec-94be-179e9dcfe300" {{(pid=116372) __call__ /opt/stack/placement/placement/requestlog.py:55}}
Jul 19 20:48:45.909082 dv-cinder-749155-8-smb devstack@placement-api.service[116372]: DEBUG placement.handlers.allocation [req-4884f93b-6e25-4eef-9434-5c4e42e9e1e2 req-deb0029a-12a1-4811-95a9-eddb19c16341 service placement] Successfully wrote allocations [, , ] {{(pid=116372) _update_consumers_and_create_allocations /opt/stack/placement/placement/handlers/allocation.py:462}}
Jul 19 20:48:45.916089 dv-cinder-749155-8-smb devstack@placement-api.service[116372]: INFO placement.requestlog [req-4884f93b-6e25-4eef-9434-5c4e42e9e1e2 req-deb0029a-12a1-4811-95a9-eddb19c16341 service placement] 10.222.0.77 "PUT /placement/allocations/6ddf0b0b-42cb-49ec-94be-179e9dcfe300" status: 204 len: 0 microversion: 1.36
Jul 19 20:48:45.925307 dv-cinder-749155-8-smb devstack@placement-api.service[116372]: [pid: 116372|app: 0|req: 15/32] 10.222.0.77 () {64 vars in 1433 bytes} [Tue Jul 19 20:48:45 2022] PUT /placement/allocations/6ddf0b0b-42cb-49ec-94be-179e9dcfe300 => generated 0 bytes in 169 msecs (HTTP/1.1 204) 5 headers in 199 bytes (2 switches on core 0)
Jul 19 20:48:47.189987 dv-cinder-749155-8-smb devstack@placement-api.service[116373]: DEBUG placement.requestlog [req-4884f93b-6e25-4eef-9434-5c4e42e9e1e2 req-140b91cd-3117-41ae-a6b7-f74bd806221b None None] Starting request: 10.222.0.81 "GET /placement/allocations/6ddf0b0b-42cb-49ec-94be-179e9dcfe300" {{(pid=116373) __call__ /opt/stack/placement/placement/requestlog.py:55}}
Jul 19 20:48:47.292919 dv-cinder-749155-8-smb devstack@placement-api.service[116373]: INFO placement.requestlog [req-4884f93b-6e25-4eef-9434-5c4e42e9e1e2 req-140b91cd-3117-41ae-a6b7-f74bd806221b service placement] 10.222.0.81 "GET /placement/allocations/6ddf0b0b-42cb-49ec-94be-179e9dcfe300" status: 200 len: 258 microversion: 1.28
Jul 19 20:48:47.306012 dv-cinder-749155-8-smb devstack@placement-api.service[116373]: [pid: 116373|app: 0|req: 18/33] 10.222.0.81 () {60 vars in 1377 bytes} [Tue Jul 19 20:48:47 2022] GET /placement/allocations/6ddf0b0b-42cb-49ec-94be-179e9dcfe300 => generated 258 bytes in 117 msecs (HTTP/1.1 200) 8 headers in 296 bytes (1 switches on core 0)
Jul 19 20:48:55.908822 dv-cinder-749155-8-smb devstack@placement-api.service[116372]: DEBUG dbcounter [-] [116372] Writing DB stats placement:SELECT=64,placement:INSERT=10,placement:DELETE=4,placement:UPDATE=4 {{(pid=116372) stat_writer /usr/local/lib/python3.8/dist-packages/dbcounter.py:114}}
Jul 19 20:48:57.280785 dv-cinder-749155-8-smb devstack@placement-api.service[116373]: DEBUG dbcounter [-] [116373] Writing DB stats placement:SELECT=74,placement:INSERT=12,placement:DELETE=4,placement:UPDATE=4 {{(pid=116373) stat_writer /usr/local/lib/python3.8/dist-packages/dbcounter.py:114}}
Jul 19 20:49:03.587407 dv-cinder-749155-8-smb devstack@placement-api.service[116372]: DEBUG placement.requestlog [req-77bb72fe-8c50-4ae2-8090-084c1a2a2bea req-0f94bc45-6a77-445b-9b06-61479bddbba1 None None] Starting request: 10.222.0.81 "GET /placement/resource_providers/ba6e6832-9afa-4c1f-a830-319e6673b50d/allocations" {{(pid=116372) __call__ /opt/stack/placement/placement/requestlog.py:55}}
Jul 19 20:49:03.658661 dv-cinder-749155-8-smb devstack@placement-api.service[116372]: INFO placement.requestlog [req-77bb72fe-8c50-4ae2-8090-084c1a2a2bea req-0f94bc45-6a77-445b-9b06-61479bddbba1 service placement] 10.222.0.81 "GET /placement/resource_providers/ba6e6832-9afa-4c1f-a830-319e6673b50d/allocations" status: 200 len: 456 microversion: 1.0
Jul 19 20:49:03.661454 dv-cinder-749155-8-smb devstack@placement-api.service[116372]: [pid: 116372|app: 0|req: 16/34] 10.222.0.81 () {58 vars in 1390 bytes} [Tue Jul 19 20:49:03 2022] GET /placement/resource_providers/ba6e6832-9afa-4c1f-a830-319e6673b50d/allocations => generated 456 bytes in 75 msecs (HTTP/1.1 200) 6 headers in 224 bytes (1 switches on core 0)
Jul 19 20:49:13.647867 dv-cinder-749155-8-smb devstack@placement-api.service[116372]: DEBUG dbcounter [-] [116372] Writing DB stats placement:SELECT=6 {{(pid=116372) stat_writer /usr/local/lib/python3.8/dist-packages/dbcounter.py:114}}
Jul 19 20:49:20.483579 dv-cinder-749155-8-smb devstack@placement-api.service[116373]: DEBUG placement.requestlog [req-90fc8f6b-19e9-4ce5-9cbe-7ab70ad8d77c req-a5834dc7-77a9-4828-9b43-adf46b0acc7d None None] Starting request: 10.222.0.77 "GET /placement/allocation_candidates?limit=1000&resources=DISK_GB%3A1%2CMEMORY_MB%3A1024%2CVCPU%3A1&root_required=%21COMPUTE_STATUS_DISABLED" {{(pid=116373) __call__ /opt/stack/placement/placement/requestlog.py:55}}
Jul 19 20:49:20.542054 dv-cinder-749155-8-smb devstack@placement-api.service[116373]: DEBUG placement.objects.research_context [req-90fc8f6b-19e9-4ce5-9cbe-7ab70ad8d77c req-a5834dc7-77a9-4828-9b43-adf46b0acc7d service placement] getting providers with 1 DISK_GB {{(pid=116373) __init__ /opt/stack/placement/placement/objects/research_context.py:136}}
Jul 19 20:49:20.558836 dv-cinder-749155-8-smb devstack@placement-api.service[116373]: DEBUG placement.objects.research_context [req-90fc8f6b-19e9-4ce5-9cbe-7ab70ad8d77c req-a5834dc7-77a9-4828-9b43-adf46b0acc7d service placement] getting providers with 1024 MEMORY_MB {{(pid=116373) __init__ /opt/stack/placement/placement/objects/research_context.py:136}}
Jul 19 20:49:20.568715 dv-cinder-749155-8-smb devstack@placement-api.service[116373]: DEBUG placement.objects.research_context [req-90fc8f6b-19e9-4ce5-9cbe-7ab70ad8d77c req-a5834dc7-77a9-4828-9b43-adf46b0acc7d service placement] getting providers with 1 VCPU {{(pid=116373) __init__ /opt/stack/placement/placement/objects/research_context.py:136}}
Jul 19 20:49:20.577778 dv-cinder-749155-8-smb devstack@placement-api.service[116373]: DEBUG placement.objects.research_context [req-90fc8f6b-19e9-4ce5-9cbe-7ab70ad8d77c req-a5834dc7-77a9-4828-9b43-adf46b0acc7d service placement] found 1 providers with available 1 DISK_GB {{(pid=116373) get_provider_ids_matching /opt/stack/placement/placement/objects/research_context.py:563}}
Jul 19 20:49:20.578315 dv-cinder-749155-8-smb devstack@placement-api.service[116373]: DEBUG placement.objects.research_context [req-90fc8f6b-19e9-4ce5-9cbe-7ab70ad8d77c req-a5834dc7-77a9-4828-9b43-adf46b0acc7d service placement] found 1 providers with available 1024 MEMORY_MB {{(pid=116373) get_provider_ids_matching /opt/stack/placement/placement/objects/research_context.py:563}}
Jul 19 20:49:20.582555 dv-cinder-749155-8-smb devstack@placement-api.service[116373]: DEBUG placement.objects.research_context [req-90fc8f6b-19e9-4ce5-9cbe-7ab70ad8d77c req-a5834dc7-77a9-4828-9b43-adf46b0acc7d service placement] found 1 providers after filtering by previous result {{(pid=116373) get_provider_ids_matching /opt/stack/placement/placement/objects/research_context.py:594}}
Jul 19 20:49:20.583013 dv-cinder-749155-8-smb devstack@placement-api.service[116373]: DEBUG placement.objects.research_context [req-90fc8f6b-19e9-4ce5-9cbe-7ab70ad8d77c req-a5834dc7-77a9-4828-9b43-adf46b0acc7d service placement] found 1 providers with available 1 VCPU {{(pid=116373) get_provider_ids_matching /opt/stack/placement/placement/objects/research_context.py:563}}
Jul 19 20:49:20.584172 dv-cinder-749155-8-smb devstack@placement-api.service[116373]: DEBUG placement.objects.research_context [req-90fc8f6b-19e9-4ce5-9cbe-7ab70ad8d77c req-a5834dc7-77a9-4828-9b43-adf46b0acc7d service placement] found 1 providers after filtering by previous result {{(pid=116373) get_provider_ids_matching /opt/stack/placement/placement/objects/research_context.py:594}}
Jul 19 20:49:20.608073 dv-cinder-749155-8-smb devstack@placement-api.service[116373]: DEBUG placement.objects.allocation_candidate [req-90fc8f6b-19e9-4ce5-9cbe-7ab70ad8d77c req-a5834dc7-77a9-4828-9b43-adf46b0acc7d service placement] RequestGroup(use_same_provider=False, resources={DISK_GB:1, MEMORY_MB:1024, VCPU:1}, traits=(), aggregates=[]) (suffix '') returned 1 matches {{(pid=116373) _get_by_requests /opt/stack/placement/placement/objects/allocation_candidate.py:156}}
Jul 19 20:49:20.609194 dv-cinder-749155-8-smb devstack@placement-api.service[116373]: DEBUG placement.objects.allocation_candidate [req-90fc8f6b-19e9-4ce5-9cbe-7ab70ad8d77c req-a5834dc7-77a9-4828-9b43-adf46b0acc7d service placement] Merging candidates yields 1 allocation requests and 1 provider summaries {{(pid=116373) _merge_candidates /opt/stack/placement/placement/objects/allocation_candidate.py:809}}
Jul 19 20:49:20.612064 dv-cinder-749155-8-smb devstack@placement-api.service[116373]: INFO placement.requestlog [req-90fc8f6b-19e9-4ce5-9cbe-7ab70ad8d77c req-a5834dc7-77a9-4828-9b43-adf46b0acc7d service placement] 10.222.0.77 "GET /placement/allocation_candidates?limit=1000&resources=DISK_GB%3A1%2CMEMORY_MB%3A1024%2CVCPU%3A1&root_required=%21COMPUTE_STATUS_DISABLED" status: 200 len: 767 microversion: 1.36
Jul 19 20:49:20.613273 dv-cinder-749155-8-smb devstack@placement-api.service[116373]: [pid: 116373|app: 0|req: 19/35] 10.222.0.77 () {60 vars in 1506 bytes} [Tue Jul 19 20:49:20 2022] GET /placement/allocation_candidates?limit=1000&resources=DISK_GB%3A1%2CMEMORY_MB%3A1024%2CVCPU%3A1&root_required=%21COMPUTE_STATUS_DISABLED => generated 767 bytes in 130 msecs (HTTP/1.1 200) 8 headers in 296 bytes (2 switches on core 0)
Jul 19 20:49:20.667533 dv-cinder-749155-8-smb devstack@placement-api.service[116372]: DEBUG placement.requestlog [req-90fc8f6b-19e9-4ce5-9cbe-7ab70ad8d77c req-f68215a4-994d-4da3-9317-4f61173c3344 None None] Starting request: 10.222.0.77 "GET /placement/allocations/e5831754-8d2a-4c05-ae93-eb327fb680f8" {{(pid=116372) __call__ /opt/stack/placement/placement/requestlog.py:55}}
Jul 19 20:49:20.683854 dv-cinder-749155-8-smb devstack@placement-api.service[116372]: INFO placement.requestlog [req-90fc8f6b-19e9-4ce5-9cbe-7ab70ad8d77c req-f68215a4-994d-4da3-9317-4f61173c3344 service placement] 10.222.0.77 "GET /placement/allocations/e5831754-8d2a-4c05-ae93-eb327fb680f8" status: 200 len: 19 microversion: 1.28
Jul 19 20:49:20.684426 dv-cinder-749155-8-smb devstack@placement-api.service[116372]: [pid: 116372|app: 0|req: 17/36] 10.222.0.77 () {60 vars in 1380 bytes} [Tue Jul 19 20:49:20 2022] GET /placement/allocations/e5831754-8d2a-4c05-ae93-eb327fb680f8 => generated 19 bytes in 17 msecs (HTTP/1.1 200) 8 headers in 295 bytes (1 switches on core 0)
Jul 19 20:49:20.691829 dv-cinder-749155-8-smb devstack@placement-api.service[116373]: DEBUG placement.requestlog [req-90fc8f6b-19e9-4ce5-9cbe-7ab70ad8d77c req-2fd6dee4-ec2d-435b-a716-fcfe24dc8d55 None None] Starting request: 10.222.0.77 "PUT /placement/allocations/e5831754-8d2a-4c05-ae93-eb327fb680f8" {{(pid=116373) __call__ /opt/stack/placement/placement/requestlog.py:55}}
Jul 19 20:49:20.812022 dv-cinder-749155-8-smb devstack@placement-api.service[116373]: DEBUG placement.handlers.allocation [req-90fc8f6b-19e9-4ce5-9cbe-7ab70ad8d77c req-2fd6dee4-ec2d-435b-a716-fcfe24dc8d55 service placement] Successfully wrote allocations [, , ] {{(pid=116373) _update_consumers_and_create_allocations /opt/stack/placement/placement/handlers/allocation.py:462}}
Jul 19 20:49:20.815945 dv-cinder-749155-8-smb devstack@placement-api.service[116373]: INFO placement.requestlog [req-90fc8f6b-19e9-4ce5-9cbe-7ab70ad8d77c req-2fd6dee4-ec2d-435b-a716-fcfe24dc8d55 service placement] 10.222.0.77 "PUT /placement/allocations/e5831754-8d2a-4c05-ae93-eb327fb680f8" status: 204 len: 0 microversion: 1.36
Jul 19 20:49:20.816661 dv-cinder-749155-8-smb devstack@placement-api.service[116373]: [pid: 116373|app: 0|req: 20/37] 10.222.0.77 () {64 vars in 1433 bytes} [Tue Jul 19 20:49:20 2022] PUT /placement/allocations/e5831754-8d2a-4c05-ae93-eb327fb680f8 => generated 0 bytes in 125 msecs (HTTP/1.1 204) 5 headers in 199 bytes (2 switches on core 0)
Jul 19 20:49:21.227461 dv-cinder-749155-8-smb devstack@placement-api.service[116372]: DEBUG placement.requestlog [req-90fc8f6b-19e9-4ce5-9cbe-7ab70ad8d77c req-d1feefad-eeb1-47a7-81a4-f8a9b8eb153f None None] Starting request: 10.222.0.81 "GET /placement/allocations/e5831754-8d2a-4c05-ae93-eb327fb680f8" {{(pid=116372) __call__ /opt/stack/placement/placement/requestlog.py:55}}
Jul 19 20:49:21.248728 dv-cinder-749155-8-smb devstack@placement-api.service[116372]: INFO placement.requestlog [req-90fc8f6b-19e9-4ce5-9cbe-7ab70ad8d77c req-d1feefad-eeb1-47a7-81a4-f8a9b8eb153f service placement] 10.222.0.81 "GET /placement/allocations/e5831754-8d2a-4c05-ae93-eb327fb680f8" status: 200 len: 258 microversion: 1.28
Jul 19 20:49:21.251491 dv-cinder-749155-8-smb devstack@placement-api.service[116372]: [pid: 116372|app: 0|req: 18/38] 10.222.0.81 () {60 vars in 1377 bytes} [Tue Jul 19 20:49:21 2022] GET /placement/allocations/e5831754-8d2a-4c05-ae93-eb327fb680f8 => generated 258 bytes in 25 msecs (HTTP/1.1 200) 8 headers in 296 bytes (1 switches on core 0)
Jul 19 20:49:30.812791 dv-cinder-749155-8-smb devstack@placement-api.service[116373]: DEBUG dbcounter [-] [116373] Writing DB stats placement:SELECT=27,placement:INSERT=6,placement:DELETE=2,placement:UPDATE=2 {{(pid=116373) stat_writer /usr/local/lib/python3.8/dist-packages/dbcounter.py:114}}
Jul 19 20:49:31.245131 dv-cinder-749155-8-smb devstack@placement-api.service[116372]: DEBUG dbcounter [-] [116372] Writing DB stats placement:SELECT=6 {{(pid=116372) stat_writer /usr/local/lib/python3.8/dist-packages/dbcounter.py:114}}
Jul 19 20:49:32.386464 dv-cinder-749155-8-smb devstack@placement-api.service[116373]: DEBUG placement.requestlog [req-ce3af0dc-3a48-453e-83af-38a1e7810047 req-fea2ff32-200c-4e72-99fa-258141217e08 None None] Starting request: 10.222.0.81 "DELETE /placement/allocations/97d7b638-9463-4863-a6b5-9c8b64145dbc" {{(pid=116373) __call__ /opt/stack/placement/placement/requestlog.py:55}}
Jul 19 20:49:32.426940 dv-cinder-749155-8-smb devstack@placement-api.service[116373]: DEBUG placement.handlers.allocation [req-ce3af0dc-3a48-453e-83af-38a1e7810047 req-fea2ff32-200c-4e72-99fa-258141217e08 service placement] Successfully deleted allocations [, , ] {{(pid=116373) delete_allocations /opt/stack/placement/placement/handlers/allocation.py:627}}
Jul 19 20:49:32.427512 dv-cinder-749155-8-smb devstack@placement-api.service[116373]: INFO placement.requestlog [req-ce3af0dc-3a48-453e-83af-38a1e7810047 req-fea2ff32-200c-4e72-99fa-258141217e08 service placement] 10.222.0.81 "DELETE /placement/allocations/97d7b638-9463-4863-a6b5-9c8b64145dbc" status: 204 len: 0 microversion: 1.0
Jul 19 20:49:32.427889 dv-cinder-749155-8-smb devstack@placement-api.service[116373]: [pid: 116373|app: 0|req: 21/39] 10.222.0.81 () {60 vars in 1355 bytes} [Tue Jul 19 20:49:32 2022] DELETE /placement/allocations/97d7b638-9463-4863-a6b5-9c8b64145dbc => generated 0 bytes in 42 msecs (HTTP/1.1 204) 5 headers in 198 bytes (1 switches on core 0)
Jul 19 20:49:37.684502 dv-cinder-749155-8-smb devstack@placement-api.service[116372]: DEBUG placement.requestlog [req-74ad7a6d-ac79-4442-9f4c-95934a8c619b req-751462bc-602e-4a1a-a4aa-d3d7ba588679 None None] Starting request: 10.222.0.77 "GET /placement/allocation_candidates?limit=1000&resources=DISK_GB%3A1%2CMEMORY_MB%3A1024%2CVCPU%3A1&root_required=%21COMPUTE_STATUS_DISABLED" {{(pid=116372) __call__ /opt/stack/placement/placement/requestlog.py:55}}
Jul 19 20:49:37.721249 dv-cinder-749155-8-smb devstack@placement-api.service[116372]: DEBUG placement.objects.research_context [req-74ad7a6d-ac79-4442-9f4c-95934a8c619b req-751462bc-602e-4a1a-a4aa-d3d7ba588679 service placement] getting providers with 1 DISK_GB {{(pid=116372) __init__ /opt/stack/placement/placement/objects/research_context.py:136}}
Jul 19 20:49:37.735652 dv-cinder-749155-8-smb devstack@placement-api.service[116372]: DEBUG placement.objects.research_context [req-74ad7a6d-ac79-4442-9f4c-95934a8c619b req-751462bc-602e-4a1a-a4aa-d3d7ba588679 service placement] getting providers with 1024 MEMORY_MB {{(pid=116372) __init__ /opt/stack/placement/placement/objects/research_context.py:136}}
Jul 19 20:49:37.741880 dv-cinder-749155-8-smb devstack@placement-api.service[116372]: DEBUG placement.objects.research_context [req-74ad7a6d-ac79-4442-9f4c-95934a8c619b req-751462bc-602e-4a1a-a4aa-d3d7ba588679 service placement] getting providers with 1 VCPU {{(pid=116372) __init__ /opt/stack/placement/placement/objects/research_context.py:136}}
Jul 19 20:49:37.747456 dv-cinder-749155-8-smb devstack@placement-api.service[116372]: DEBUG placement.objects.research_context [req-74ad7a6d-ac79-4442-9f4c-95934a8c619b req-751462bc-602e-4a1a-a4aa-d3d7ba588679 service placement] found 1 providers with available 1 DISK_GB {{(pid=116372) get_provider_ids_matching /opt/stack/placement/placement/objects/research_context.py:563}}
Jul 19 20:49:37.747805 dv-cinder-749155-8-smb devstack@placement-api.service[116372]: DEBUG placement.objects.research_context [req-74ad7a6d-ac79-4442-9f4c-95934a8c619b req-751462bc-602e-4a1a-a4aa-d3d7ba588679 service placement] found 1 providers with available 1024 MEMORY_MB {{(pid=116372) get_provider_ids_matching /opt/stack/placement/placement/objects/research_context.py:563}}
Jul 19 20:49:37.748148 dv-cinder-749155-8-smb devstack@placement-api.service[116372]: DEBUG placement.objects.research_context [req-74ad7a6d-ac79-4442-9f4c-95934a8c619b req-751462bc-602e-4a1a-a4aa-d3d7ba588679 service placement] found 1 providers after filtering by previous result {{(pid=116372) get_provider_ids_matching /opt/stack/placement/placement/objects/research_context.py:594}}
Jul 19 20:49:37.748474 dv-cinder-749155-8-smb devstack@placement-api.service[116372]: DEBUG placement.objects.research_context [req-74ad7a6d-ac79-4442-9f4c-95934a8c619b req-751462bc-602e-4a1a-a4aa-d3d7ba588679 service placement] found 1 providers with available 1 VCPU {{(pid=116372) get_provider_ids_matching /opt/stack/placement/placement/objects/research_context.py:563}}
Jul 19 20:49:37.748805 dv-cinder-749155-8-smb devstack@placement-api.service[116372]: DEBUG placement.objects.research_context [req-74ad7a6d-ac79-4442-9f4c-95934a8c619b req-751462bc-602e-4a1a-a4aa-d3d7ba588679 service placement] found 1 providers after filtering by previous result {{(pid=116372) get_provider_ids_matching /opt/stack/placement/placement/objects/research_context.py:594}}
Jul 19 20:49:37.760453 dv-cinder-749155-8-smb devstack@placement-api.service[116372]: DEBUG placement.objects.allocation_candidate [req-74ad7a6d-ac79-4442-9f4c-95934a8c619b req-751462bc-602e-4a1a-a4aa-d3d7ba588679 service placement] RequestGroup(use_same_provider=False, resources={DISK_GB:1, MEMORY_MB:1024, VCPU:1}, traits=(), aggregates=[]) (suffix '') returned 1 matches {{(pid=116372) _get_by_requests /opt/stack/placement/placement/objects/allocation_candidate.py:156}}
Jul 19 20:49:37.760993 dv-cinder-749155-8-smb devstack@placement-api.service[116372]: DEBUG placement.objects.allocation_candidate [req-74ad7a6d-ac79-4442-9f4c-95934a8c619b req-751462bc-602e-4a1a-a4aa-d3d7ba588679 service placement] Merging candidates yields 1 allocation requests and 1 provider summaries {{(pid=116372) _merge_candidates /opt/stack/placement/placement/objects/allocation_candidate.py:809}}
Jul 19 20:49:37.762475 dv-cinder-749155-8-smb devstack@placement-api.service[116372]: INFO placement.requestlog [req-74ad7a6d-ac79-4442-9f4c-95934a8c619b req-751462bc-602e-4a1a-a4aa-d3d7ba588679 service placement] 10.222.0.77 "GET /placement/allocation_candidates?limit=1000&resources=DISK_GB%3A1%2CMEMORY_MB%3A1024%2CVCPU%3A1&root_required=%21COMPUTE_STATUS_DISABLED" status: 200 len: 767 microversion: 1.36
Jul 19 20:49:37.762807 dv-cinder-749155-8-smb devstack@placement-api.service[116372]: [pid: 116372|app: 0|req: 19/40] 10.222.0.77 () {60 vars in 1506 bytes} [Tue Jul 19 20:49:37 2022] GET /placement/allocation_candidates?limit=1000&resources=DISK_GB%3A1%2CMEMORY_MB%3A1024%2CVCPU%3A1&root_required=%21COMPUTE_STATUS_DISABLED => generated 767 bytes in 79 msecs (HTTP/1.1 200) 8 headers in 296 bytes (1 switches on core 0)
Jul 19 20:49:37.800186 dv-cinder-749155-8-smb devstack@placement-api.service[116373]: DEBUG placement.requestlog [req-74ad7a6d-ac79-4442-9f4c-95934a8c619b req-289e7fe0-bbc2-4ca1-b55d-f7f27580793b None None] Starting request: 10.222.0.77 "GET /placement/allocations/329ceccb-4c24-4616-b29f-a39bdbd7858f" {{(pid=116373) __call__ /opt/stack/placement/placement/requestlog.py:55}}
Jul 19 20:49:37.811822 dv-cinder-749155-8-smb devstack@placement-api.service[116373]: INFO placement.requestlog [req-74ad7a6d-ac79-4442-9f4c-95934a8c619b req-289e7fe0-bbc2-4ca1-b55d-f7f27580793b service placement] 10.222.0.77 "GET /placement/allocations/329ceccb-4c24-4616-b29f-a39bdbd7858f" status: 200 len: 19 microversion: 1.28
Jul 19 20:49:37.812626 dv-cinder-749155-8-smb devstack@placement-api.service[116373]: [pid: 116373|app: 0|req: 22/41] 10.222.0.77 () {60 vars in 1380 bytes} [Tue Jul 19 20:49:37 2022] GET /placement/allocations/329ceccb-4c24-4616-b29f-a39bdbd7858f => generated 19 bytes in 13 msecs (HTTP/1.1 200) 8 headers in 295 bytes (1 switches on core 0)
Jul 19 20:49:37.818569 dv-cinder-749155-8-smb devstack@placement-api.service[116372]: DEBUG placement.requestlog [req-74ad7a6d-ac79-4442-9f4c-95934a8c619b req-b432abaf-bcae-4eaf-a165-63310143544d None None] Starting request: 10.222.0.77 "PUT /placement/allocations/329ceccb-4c24-4616-b29f-a39bdbd7858f" {{(pid=116372) __call__ /opt/stack/placement/placement/requestlog.py:55}}
Jul 19 20:49:37.888286 dv-cinder-749155-8-smb devstack@placement-api.service[116372]: DEBUG placement.handlers.allocation [req-74ad7a6d-ac79-4442-9f4c-95934a8c619b req-b432abaf-bcae-4eaf-a165-63310143544d service placement] Successfully wrote allocations [, , ] {{(pid=116372) _update_consumers_and_create_allocations /opt/stack/placement/placement/handlers/allocation.py:462}}
Jul 19 20:49:37.893424 dv-cinder-749155-8-smb devstack@placement-api.service[116372]: INFO placement.requestlog [req-74ad7a6d-ac79-4442-9f4c-95934a8c619b req-b432abaf-bcae-4eaf-a165-63310143544d service placement] 10.222.0.77 "PUT /placement/allocations/329ceccb-4c24-4616-b29f-a39bdbd7858f" status: 204 len: 0 microversion: 1.36
Jul 19 20:49:37.894769 dv-cinder-749155-8-smb devstack@placement-api.service[116372]: [pid: 116372|app: 0|req: 20/42] 10.222.0.77 () {64 vars in 1433 bytes} [Tue Jul 19 20:49:37 2022] PUT /placement/allocations/329ceccb-4c24-4616-b29f-a39bdbd7858f => generated 0 bytes in 76 msecs (HTTP/1.1 204) 5 headers in 199 bytes (2 switches on core 0)
Jul 19 20:49:38.713253 dv-cinder-749155-8-smb devstack@placement-api.service[116373]: DEBUG placement.requestlog [req-74ad7a6d-ac79-4442-9f4c-95934a8c619b req-c2d3413a-8dcd-40f5-a9fb-e7ee2ec72c58 None None] Starting request: 10.222.0.81 "GET /placement/allocations/329ceccb-4c24-4616-b29f-a39bdbd7858f" {{(pid=116373) __call__ /opt/stack/placement/placement/requestlog.py:55}}
Jul 19 20:49:38.732393 dv-cinder-749155-8-smb devstack@placement-api.service[116373]: INFO placement.requestlog [req-74ad7a6d-ac79-4442-9f4c-95934a8c619b req-c2d3413a-8dcd-40f5-a9fb-e7ee2ec72c58 service placement] 10.222.0.81 "GET /placement/allocations/329ceccb-4c24-4616-b29f-a39bdbd7858f" status: 200 len: 258 microversion: 1.28
Jul 19 20:49:38.733172 dv-cinder-749155-8-smb devstack@placement-api.service[116373]: [pid: 116373|app: 0|req: 23/43] 10.222.0.81 () {60 vars in 1377 bytes} [Tue Jul 19 20:49:38 2022] GET /placement/allocations/329ceccb-4c24-4616-b29f-a39bdbd7858f => generated 258 bytes in 21 msecs (HTTP/1.1 200) 8 headers in 296 bytes (1 switches on core 0)
Jul 19 20:49:41.629771 dv-cinder-749155-8-smb devstack@placement-api.service[116372]: DEBUG placement.requestlog [None req-e357a6d3-a3ca-42b5-a6e9-fb95413dfd26 None None] Starting request: 10.222.0.77 "GET /placement/resource_providers/b9f0dded-b37e-48cf-984f-ae42719c99eb/aggregates" {{(pid=116372) __call__ /opt/stack/placement/placement/requestlog.py:55}}
Jul 19 20:49:41.644470 dv-cinder-749155-8-smb devstack@placement-api.service[116372]: INFO placement.requestlog [None req-e357a6d3-a3ca-42b5-a6e9-fb95413dfd26 service placement] 10.222.0.77 "GET /placement/resource_providers/b9f0dded-b37e-48cf-984f-ae42719c99eb/aggregates" status: 404 len: 235 microversion: 1.1
Jul 19 20:49:41.645554 dv-cinder-749155-8-smb devstack@placement-api.service[116372]: [pid: 116372|app: 0|req: 21/44] 10.222.0.77 () {58 vars in 1362 bytes} [Tue Jul 19 20:49:41 2022] GET /placement/resource_providers/b9f0dded-b37e-48cf-984f-ae42719c99eb/aggregates => generated 235 bytes in 16 msecs (HTTP/1.1 404) 5 headers in 202 bytes (1 switches on core 0)
Jul 19 20:49:41.672004 dv-cinder-749155-8-smb devstack@placement-api.service[116373]: DEBUG placement.requestlog [None req-faff010a-e969-4997-ac2f-02e1da820025 None None] Starting request: 10.222.0.77 "DELETE /placement/resource_providers/b9f0dded-b37e-48cf-984f-ae42719c99eb" {{(pid=116373) __call__ /opt/stack/placement/placement/requestlog.py:55}}
Jul 19 20:49:41.692870 dv-cinder-749155-8-smb devstack@placement-api.service[116373]: DEBUG placement.wsgi_wrapper [None req-faff010a-e969-4997-ac2f-02e1da820025 service placement] Placement API returning an error response: No resource provider with uuid b9f0dded-b37e-48cf-984f-ae42719c99eb found for delete {{(pid=116373) call_func /opt/stack/placement/placement/wsgi_wrapper.py:31}}
Jul 19 20:49:41.697072 dv-cinder-749155-8-smb devstack@placement-api.service[116373]: INFO placement.requestlog [None req-faff010a-e969-4997-ac2f-02e1da820025 service placement] 10.222.0.77 "DELETE /placement/resource_providers/b9f0dded-b37e-48cf-984f-ae42719c99eb" status: 404 len: 246 microversion: 1.1
Jul 19 20:49:41.700388 dv-cinder-749155-8-smb devstack@placement-api.service[116373]: [pid: 116373|app: 0|req: 24/45] 10.222.0.77 () {60 vars in 1351 bytes} [Tue Jul 19 20:49:41 2022] DELETE /placement/resource_providers/b9f0dded-b37e-48cf-984f-ae42719c99eb => generated 246 bytes in 29 msecs (HTTP/1.1 404) 6 headers in 231 bytes (1 switches on core 0)
Jul 19 20:49:48.215964 dv-cinder-749155-8-smb devstack@placement-api.service[116372]: DEBUG placement.requestlog [req-571ed4a9-f43a-47e1-979b-60adf282fd2a req-b5bd71f5-fe5f-4504-8975-2eeb8d51a89d None None] Starting request: 10.222.0.81 "DELETE /placement/allocations/e5831754-8d2a-4c05-ae93-eb327fb680f8" {{(pid=116372) __call__ /opt/stack/placement/placement/requestlog.py:55}}
Jul 19 20:49:48.282903 dv-cinder-749155-8-smb devstack@placement-api.service[116372]: DEBUG placement.handlers.allocation [req-571ed4a9-f43a-47e1-979b-60adf282fd2a req-b5bd71f5-fe5f-4504-8975-2eeb8d51a89d service placement] Successfully deleted allocations [, , ] {{(pid=116372) delete_allocations /opt/stack/placement/placement/handlers/allocation.py:627}}
Jul 19 20:49:48.283837 dv-cinder-749155-8-smb devstack@placement-api.service[116372]: INFO placement.requestlog [req-571ed4a9-f43a-47e1-979b-60adf282fd2a req-b5bd71f5-fe5f-4504-8975-2eeb8d51a89d service placement] 10.222.0.81 "DELETE /placement/allocations/e5831754-8d2a-4c05-ae93-eb327fb680f8" status: 204 len: 0 microversion: 1.0
Jul 19 20:49:48.284615 dv-cinder-749155-8-smb devstack@placement-api.service[116372]: [pid: 116372|app: 0|req: 22/46] 10.222.0.81 () {60 vars in 1355 bytes} [Tue Jul 19 20:49:48 2022] DELETE /placement/allocations/e5831754-8d2a-4c05-ae93-eb327fb680f8 => generated 0 bytes in 70 msecs (HTTP/1.1 204) 5 headers in 198 bytes (1 switches on core 0)
Jul 19 20:49:51.690641 dv-cinder-749155-8-smb devstack@placement-api.service[116373]: DEBUG dbcounter [-] [116373] Writing DB stats placement:SELECT=15,placement:DELETE=2 {{(pid=116373) stat_writer /usr/local/lib/python3.8/dist-packages/dbcounter.py:114}}
Jul 19 20:49:52.299045 dv-cinder-749155-8-smb devstack@placement-api.service[116373]: DEBUG placement.requestlog [req-97e26149-3bdc-46a1-8541-9b0d2f8afd5b req-b7841917-2b82-4c47-9bea-67924580901e None None] Starting request: 10.222.0.77 "GET /placement/allocation_candidates?limit=1000&resources=DISK_GB%3A1%2CMEMORY_MB%3A1024%2CVCPU%3A1&root_required=%21COMPUTE_STATUS_DISABLED" {{(pid=116373) __call__ /opt/stack/placement/placement/requestlog.py:55}}
Jul 19 20:49:52.373442 dv-cinder-749155-8-smb devstack@placement-api.service[116373]: DEBUG placement.objects.research_context [req-97e26149-3bdc-46a1-8541-9b0d2f8afd5b req-b7841917-2b82-4c47-9bea-67924580901e service placement] getting providers with 1 DISK_GB {{(pid=116373) __init__ /opt/stack/placement/placement/objects/research_context.py:136}}
Jul 19 20:49:52.381453 dv-cinder-749155-8-smb devstack@placement-api.service[116373]: DEBUG placement.objects.research_context [req-97e26149-3bdc-46a1-8541-9b0d2f8afd5b req-b7841917-2b82-4c47-9bea-67924580901e service placement] getting providers with 1024 MEMORY_MB {{(pid=116373) __init__ /opt/stack/placement/placement/objects/research_context.py:136}}
Jul 19 20:49:52.411845 dv-cinder-749155-8-smb devstack@placement-api.service[116373]: DEBUG placement.objects.research_context [req-97e26149-3bdc-46a1-8541-9b0d2f8afd5b req-b7841917-2b82-4c47-9bea-67924580901e service placement] getting providers with 1 VCPU {{(pid=116373) __init__ /opt/stack/placement/placement/objects/research_context.py:136}}
