Jul 19 20:33:33.578136 dv-cinder-749155-8-smb devstack@keystone.service[92087]: DEBUG keystone.auth.core [None req-c2d4bdaa-6c30-41f8-8dfb-b5634062984b None None] MFA Rules not processed for user `70a97f9c967d4ba3819e7f4712b48b9e`. Rule list: `[]` (Enabled: `True`). {{(pid=92087) check_auth_methods_against_rules /opt/stack/keystone/keystone/auth/core.py:438}}
Jul 19 20:33:33.580939 dv-cinder-749155-8-smb devstack@keystone.service[92087]: DEBUG keystone.common.fernet_utils [None req-c2d4bdaa-6c30-41f8-8dfb-b5634062984b None None] Loaded 2 Fernet keys from /etc/keystone/fernet-keys/, but `[fernet_tokens] max_active_keys = 3`; perhaps there have not been enough key rotations to reach `max_active_keys` yet? {{(pid=92087) load_keys /opt/stack/keystone/keystone/common/fernet_utils.py:286}}
Jul 19 20:33:33.630376 dv-cinder-749155-8-smb devstack@keystone.service[92088]: [pid: 92088|app: 0|req: 18/41] 10.222.0.77 () {60 vars in 1131 bytes} [Tue Jul 19 20:33:33 2022] POST /identity/v3/roles => generated 225 bytes in 316 msecs (HTTP/1.1 201) 5 headers in 182 bytes (1 switches on core 0)
Jul 19 20:33:33.632014 dv-cinder-749155-8-smb devstack@keystone.service[92088]: DEBUG keystone.server.flask.request_processing.req_logging [None req-a1644292-9ab2-434e-a860-34a8ce781e73 None None] REQUEST_METHOD: `POST` {{(pid=92088) log_request_info /opt/stack/keystone/keystone/server/flask/request_processing/req_logging.py:27}}
Jul 19 20:33:33.632315 dv-cinder-749155-8-smb devstack@keystone.service[92088]: DEBUG keystone.server.flask.request_processing.req_logging [None req-a1644292-9ab2-434e-a860-34a8ce781e73 None None] SCRIPT_NAME: `/identity` {{(pid=92088) log_request_info /opt/stack/keystone/keystone/server/flask/request_processing/req_logging.py:28}}
Jul 19 20:33:33.632603 dv-cinder-749155-8-smb devstack@keystone.service[92088]: DEBUG keystone.server.flask.request_processing.req_logging [None req-a1644292-9ab2-434e-a860-34a8ce781e73 None None] PATH_INFO: `/v3/auth/tokens` {{(pid=92088) log_request_info /opt/stack/keystone/keystone/server/flask/request_processing/req_logging.py:29}}
Jul 19 20:33:33.659440 dv-cinder-749155-8-smb devstack@keystone.service[92088]: DEBUG keystone.auth.core [None req-a1644292-9ab2-434e-a860-34a8ce781e73 None None] MFA Rules not processed for user `70a97f9c967d4ba3819e7f4712b48b9e`. Rule list: `[]` (Enabled: `True`). {{(pid=92088) check_auth_methods_against_rules /opt/stack/keystone/keystone/auth/core.py:438}}
Jul 19 20:33:33.661484 dv-cinder-749155-8-smb devstack@keystone.service[92088]: DEBUG keystone.common.fernet_utils [None req-a1644292-9ab2-434e-a860-34a8ce781e73 None None] Loaded 2 Fernet keys from /etc/keystone/fernet-keys/, but `[fernet_tokens] max_active_keys = 3`; perhaps there have not been enough key rotations to reach `max_active_keys` yet? {{(pid=92088) load_keys /opt/stack/keystone/keystone/common/fernet_utils.py:286}}
Jul 19 20:33:33.678065 dv-cinder-749155-8-smb devstack@keystone.service[92088]: DEBUG dbcounter [-] [92088] Writing DB stats keystone:SELECT=99,keystone:INSERT=1 {{(pid=92088) stat_writer /usr/local/lib/python3.8/dist-packages/dbcounter.py:114}}
Jul 19 20:33:33.759577 dv-cinder-749155-8-smb devstack@keystone.service[92088]: [pid: 92088|app: 0|req: 19/42] 10.222.0.77 () {58 vars in 1023 bytes} [Tue Jul 19 20:33:33 2022] POST /identity/v3/auth/tokens => generated 799 bytes in 129 msecs (HTTP/1.1 201) 6 headers in 363 bytes (1 switches on core 0)
Jul 19 20:33:33.785365 dv-cinder-749155-8-smb devstack@keystone.service[92088]: DEBUG keystone.server.flask.request_processing.middleware.auth_context [None req-a1644292-9ab2-434e-a860-34a8ce781e73 None None] Authenticating user token {{(pid=92088) process_request /usr/local/lib/python3.8/dist-packages/keystonemiddleware/auth_token/__init__.py:407}}
Jul 19 20:33:33.805042 dv-cinder-749155-8-smb devstack@keystone.service[92087]: [pid: 92087|app: 0|req: 24/43] 10.222.0.77 () {58 vars in 1023 bytes} [Tue Jul 19 20:33:33 2022] POST /identity/v3/auth/tokens => generated 799 bytes in 248 msecs (HTTP/1.1 201) 6 headers in 363 bytes (1 switches on core 0)
Jul 19 20:33:33.827631 dv-cinder-749155-8-smb devstack@keystone.service[92087]: DEBUG keystone.server.flask.request_processing.middleware.auth_context [None req-c2d4bdaa-6c30-41f8-8dfb-b5634062984b None None] Authenticating user token {{(pid=92087) process_request /usr/local/lib/python3.8/dist-packages/keystonemiddleware/auth_token/__init__.py:407}}
Jul 19 20:33:33.915971 dv-cinder-749155-8-smb devstack@keystone.service[92088]: DEBUG keystone.server.flask.request_processing.middleware.auth_context [None req-a1644292-9ab2-434e-a860-34a8ce781e73 None None] Validating token access rules against request {{(pid=92088) validate_allowed_request /usr/local/lib/python3.8/dist-packages/keystonemiddleware/auth_token/__init__.py:545}}
Jul 19 20:33:33.950269 dv-cinder-749155-8-smb devstack@keystone.service[92087]: DEBUG dbcounter [-] [92087] Writing DB stats keystone:SELECT=99,keystone:INSERT=1 {{(pid=92087) stat_writer /usr/local/lib/python3.8/dist-packages/dbcounter.py:114}}
Jul 19 20:33:33.956498 dv-cinder-749155-8-smb devstack@keystone.service[92088]: DEBUG keystone.server.flask.request_processing.middleware.auth_context [None req-3d9fc4d3-21fc-4e82-990a-cbf9deaf0ac2 None admin] RBAC: auth_context: {'token': , 'domain_id': None, 'trust_id': None, 'trustor_id': None, 'trustee_id': None, 'domain_name': None, 'group_ids': [], 'user_id': '70a97f9c967d4ba3819e7f4712b48b9e', 'user_domain_id': 'default', 'system_scope': 'all', 'project_id': None, 'project_domain_id': None, 'roles': ['admin', 'member', 'reader'], 'is_admin_project': True, 'service_user_id': None, 'service_user_domain_id': None, 'service_project_id': None, 'service_project_domain_id': None, 'service_roles': []} {{(pid=92088) fill_context /opt/stack/keystone/keystone/server/flask/request_processing/middleware/auth_context.py:478}}
Jul 19 20:33:33.957418 dv-cinder-749155-8-smb devstack@keystone.service[92088]: DEBUG keystone.server.flask.request_processing.req_logging [None req-3d9fc4d3-21fc-4e82-990a-cbf9deaf0ac2 None admin] REQUEST_METHOD: `GET` {{(pid=92088) log_request_info /opt/stack/keystone/keystone/server/flask/request_processing/req_logging.py:27}}
Jul 19 20:33:33.957522 dv-cinder-749155-8-smb devstack@keystone.service[92087]: DEBUG keystone.server.flask.request_processing.middleware.auth_context [None req-c2d4bdaa-6c30-41f8-8dfb-b5634062984b None None] Validating token access rules against request {{(pid=92087) validate_allowed_request /usr/local/lib/python3.8/dist-packages/keystonemiddleware/auth_token/__init__.py:545}}
Jul 19 20:33:33.957708 dv-cinder-749155-8-smb devstack@keystone.service[92088]: DEBUG keystone.server.flask.request_processing.req_logging [None req-3d9fc4d3-21fc-4e82-990a-cbf9deaf0ac2 None admin] SCRIPT_NAME: `/identity` {{(pid=92088) log_request_info /opt/stack/keystone/keystone/server/flask/request_processing/req_logging.py:28}}
Jul 19 20:33:33.957986 dv-cinder-749155-8-smb devstack@keystone.service[92088]: DEBUG keystone.server.flask.request_processing.req_logging [None req-3d9fc4d3-21fc-4e82-990a-cbf9deaf0ac2 None admin] PATH_INFO: `/v3/domains/default` {{(pid=92088) log_request_info /opt/stack/keystone/keystone/server/flask/request_processing/req_logging.py:29}}
Jul 19 20:33:33.959213 dv-cinder-749155-8-smb devstack@keystone.service[92088]: DEBUG keystone.common.rbac_enforcer.enforcer [None req-3d9fc4d3-21fc-4e82-990a-cbf9deaf0ac2 None admin] RBAC: Authorizing `identity:get_domain(domain_id=default)` {{(pid=92088) enforce_call /opt/stack/keystone/keystone/common/rbac_enforcer/enforcer.py:449}}
Jul 19 20:33:33.960816 dv-cinder-749155-8-smb devstack@keystone.service[92088]: DEBUG keystone.common.rbac_enforcer.enforcer [None req-3d9fc4d3-21fc-4e82-990a-cbf9deaf0ac2 None admin] RBAC: Authorization granted {{(pid=92088) enforce_call /opt/stack/keystone/keystone/common/rbac_enforcer/enforcer.py:457}}
Jul 19 20:33:33.962593 dv-cinder-749155-8-smb devstack@keystone.service[92088]: [pid: 92088|app: 0|req: 20/44] 10.222.0.77 () {56 vars in 1108 bytes} [Tue Jul 19 20:33:33 2022] GET /identity/v3/domains/default => generated 199 bytes in 179 msecs (HTTP/1.1 200) 5 headers in 177 bytes (2 switches on core 0)
Jul 19 20:33:33.968173 dv-cinder-749155-8-smb devstack@keystone.service[92088]: DEBUG keystone.server.flask.request_processing.middleware.auth_context [None req-3d9fc4d3-21fc-4e82-990a-cbf9deaf0ac2 None admin] Authenticating user token {{(pid=92088) process_request /usr/local/lib/python3.8/dist-packages/keystonemiddleware/auth_token/__init__.py:407}}
Jul 19 20:33:33.984739 dv-cinder-749155-8-smb devstack@keystone.service[92088]: DEBUG dbcounter [-] [92088] Writing DB stats keystone:SELECT=100 {{(pid=92088) stat_writer /usr/local/lib/python3.8/dist-packages/dbcounter.py:114}}
Jul 19 20:33:33.996585 dv-cinder-749155-8-smb devstack@keystone.service[92087]: DEBUG keystone.server.flask.request_processing.middleware.auth_context [None req-ed27c824-af46-4aad-a2d8-26bd01540c82 None admin] RBAC: auth_context: {'token': , 'domain_id': None, 'trust_id': None, 'trustor_id': None, 'trustee_id': None, 'domain_name': None, 'group_ids': [], 'user_id': '70a97f9c967d4ba3819e7f4712b48b9e', 'user_domain_id': 'default', 'system_scope': 'all', 'project_id': None, 'project_domain_id': None, 'roles': ['admin', 'member', 'reader'], 'is_admin_project': True, 'service_user_id': None, 'service_user_domain_id': None, 'service_project_id': None, 'service_project_domain_id': None, 'service_roles': []} {{(pid=92087) fill_context /opt/stack/keystone/keystone/server/flask/request_processing/middleware/auth_context.py:478}}
Jul 19 20:33:33.997588 dv-cinder-749155-8-smb devstack@keystone.service[92087]: DEBUG keystone.server.flask.request_processing.req_logging [None req-ed27c824-af46-4aad-a2d8-26bd01540c82 None admin] REQUEST_METHOD: `POST` {{(pid=92087) log_request_info /opt/stack/keystone/keystone/server/flask/request_processing/req_logging.py:27}}
Jul 19 20:33:33.997884 dv-cinder-749155-8-smb devstack@keystone.service[92087]: DEBUG keystone.server.flask.request_processing.req_logging [None req-ed27c824-af46-4aad-a2d8-26bd01540c82 None admin] SCRIPT_NAME: `/identity` {{(pid=92087) log_request_info /opt/stack/keystone/keystone/server/flask/request_processing/req_logging.py:28}}
Jul 19 20:33:33.998358 dv-cinder-749155-8-smb devstack@keystone.service[92087]: DEBUG keystone.server.flask.request_processing.req_logging [None req-ed27c824-af46-4aad-a2d8-26bd01540c82 None admin] PATH_INFO: `/v3/roles` {{(pid=92087) log_request_info /opt/stack/keystone/keystone/server/flask/request_processing/req_logging.py:29}}
Jul 19 20:33:33.999477 dv-cinder-749155-8-smb devstack@keystone.service[92087]: DEBUG keystone.common.rbac_enforcer.enforcer [None req-ed27c824-af46-4aad-a2d8-26bd01540c82 None admin] RBAC: Authorizing `identity:create_role()` {{(pid=92087) enforce_call /opt/stack/keystone/keystone/common/rbac_enforcer/enforcer.py:449}}
Jul 19 20:33:34.001398 dv-cinder-749155-8-smb devstack@keystone.service[92087]: DEBUG keystone.common.rbac_enforcer.enforcer [None req-ed27c824-af46-4aad-a2d8-26bd01540c82 None admin] RBAC: Authorization granted {{(pid=92087) enforce_call /opt/stack/keystone/keystone/common/rbac_enforcer/enforcer.py:457}}
Jul 19 20:33:34.017009 dv-cinder-749155-8-smb devstack@keystone.service[92087]: [pid: 92087|app: 0|req: 25/45] 10.222.0.77 () {60 vars in 1131 bytes} [Tue Jul 19 20:33:33 2022] POST /identity/v3/roles => generated 223 bytes in 190 msecs (HTTP/1.1 201) 5 headers in 182 bytes (2 switches on core 0)
Jul 19 20:33:34.086813 dv-cinder-749155-8-smb devstack@keystone.service[92088]: DEBUG keystone.server.flask.request_processing.middleware.auth_context [None req-3d9fc4d3-21fc-4e82-990a-cbf9deaf0ac2 None admin] Validating token access rules against request {{(pid=92088) validate_allowed_request /usr/local/lib/python3.8/dist-packages/keystonemiddleware/auth_token/__init__.py:545}}
Jul 19 20:33:34.124814 dv-cinder-749155-8-smb devstack@keystone.service[92088]: DEBUG keystone.server.flask.request_processing.middleware.auth_context [None req-41eea04e-af68-449c-8480-2b1a86ea1ba8 None admin] RBAC: auth_context: {'token': , 'domain_id': None, 'trust_id': None, 'trustor_id': None, 'trustee_id': None, 'domain_name': None, 'group_ids': [], 'user_id': '70a97f9c967d4ba3819e7f4712b48b9e', 'user_domain_id': 'default', 'system_scope': 'all', 'project_id': None, 'project_domain_id': None, 'roles': ['admin', 'member', 'reader'], 'is_admin_project': True, 'service_user_id': None, 'service_user_domain_id': None, 'service_project_id': None, 'service_project_domain_id': None, 'service_roles': []} {{(pid=92088) fill_context /opt/stack/keystone/keystone/server/flask/request_processing/middleware/auth_context.py:478}}
Jul 19 20:33:34.125576 dv-cinder-749155-8-smb devstack@keystone.service[92088]: DEBUG keystone.server.flask.request_processing.req_logging [None req-41eea04e-af68-449c-8480-2b1a86ea1ba8 None admin] REQUEST_METHOD: `POST` {{(pid=92088) log_request_info /opt/stack/keystone/keystone/server/flask/request_processing/req_logging.py:27}}
Jul 19 20:33:34.126481 dv-cinder-749155-8-smb devstack@keystone.service[92088]: DEBUG keystone.server.flask.request_processing.req_logging [None req-41eea04e-af68-449c-8480-2b1a86ea1ba8 None admin] SCRIPT_NAME: `/identity` {{(pid=92088) log_request_info /opt/stack/keystone/keystone/server/flask/request_processing/req_logging.py:28}}
Jul 19 20:33:34.126707 dv-cinder-749155-8-smb devstack@keystone.service[92088]: DEBUG keystone.server.flask.request_processing.req_logging [None req-41eea04e-af68-449c-8480-2b1a86ea1ba8 None admin] PATH_INFO: `/v3/projects` {{(pid=92088) log_request_info /opt/stack/keystone/keystone/server/flask/request_processing/req_logging.py:29}}
Jul 19 20:33:34.127481 dv-cinder-749155-8-smb devstack@keystone.service[92088]: DEBUG keystone.common.rbac_enforcer.enforcer [None req-41eea04e-af68-449c-8480-2b1a86ea1ba8 None admin] RBAC: Authorizing `identity:create_project()` {{(pid=92088) enforce_call /opt/stack/keystone/keystone/common/rbac_enforcer/enforcer.py:449}}
Jul 19 20:33:34.128981 dv-cinder-749155-8-smb devstack@keystone.service[92088]: DEBUG keystone.common.rbac_enforcer.enforcer [None req-41eea04e-af68-449c-8480-2b1a86ea1ba8 None admin] RBAC: Authorization granted {{(pid=92088) enforce_call /opt/stack/keystone/keystone/common/rbac_enforcer/enforcer.py:457}}
Jul 19 20:33:34.167298 dv-cinder-749155-8-smb devstack@keystone.service[92088]: [pid: 92088|app: 0|req: 21/46] 10.222.0.77 () {60 vars in 1141 bytes} [Tue Jul 19 20:33:33 2022] POST /identity/v3/projects => generated 312 bytes in 191 msecs (HTTP/1.1 201) 5 headers in 182 bytes (2 switches on core 0)
Jul 19 20:33:35.714032 dv-cinder-749155-8-smb devstack@keystone.service[92087]: DEBUG keystone.server.flask.request_processing.req_logging [None req-e17d4287-d964-4cd9-b9ea-a805f7ef46a9 None None] REQUEST_METHOD: `GET` {{(pid=92087) log_request_info /opt/stack/keystone/keystone/server/flask/request_processing/req_logging.py:27}}
Jul 19 20:33:35.714577 dv-cinder-749155-8-smb devstack@keystone.service[92087]: DEBUG keystone.server.flask.request_processing.req_logging [None req-e17d4287-d964-4cd9-b9ea-a805f7ef46a9 None None] SCRIPT_NAME: `/identity` {{(pid=92087) log_request_info /opt/stack/keystone/keystone/server/flask/request_processing/req_logging.py:28}}
Jul 19 20:33:35.714577 dv-cinder-749155-8-smb devstack@keystone.service[92087]: DEBUG keystone.server.flask.request_processing.req_logging [None req-e17d4287-d964-4cd9-b9ea-a805f7ef46a9 None None] PATH_INFO: `/` {{(pid=92087) log_request_info /opt/stack/keystone/keystone/server/flask/request_processing/req_logging.py:29}}
Jul 19 20:33:35.716021 dv-cinder-749155-8-smb devstack@keystone.service[92087]: [pid: 92087|app: 0|req: 26/47] 10.222.0.77 () {54 vars in 926 bytes} [Tue Jul 19 20:33:35 2022] GET /identity => generated 270 bytes in 3 msecs (HTTP/1.1 300) 6 headers in 234 bytes (1 switches on core 0)
Jul 19 20:33:35.722274 dv-cinder-749155-8-smb devstack@keystone.service[92088]: DEBUG keystone.server.flask.request_processing.req_logging [None req-38bd2432-8476-4f11-987d-f4d17ee66f02 None None] REQUEST_METHOD: `POST` {{(pid=92088) log_request_info /opt/stack/keystone/keystone/server/flask/request_processing/req_logging.py:27}}
Jul 19 20:33:35.722662 dv-cinder-749155-8-smb devstack@keystone.service[92088]: DEBUG keystone.server.flask.request_processing.req_logging [None req-38bd2432-8476-4f11-987d-f4d17ee66f02 None None] SCRIPT_NAME: `/identity` {{(pid=92088) log_request_info /opt/stack/keystone/keystone/server/flask/request_processing/req_logging.py:28}}
Jul 19 20:33:35.722841 dv-cinder-749155-8-smb devstack@keystone.service[92088]: DEBUG keystone.server.flask.request_processing.req_logging [None req-38bd2432-8476-4f11-987d-f4d17ee66f02 None None] PATH_INFO: `/v3/auth/tokens` {{(pid=92088) log_request_info /opt/stack/keystone/keystone/server/flask/request_processing/req_logging.py:29}}
Jul 19 20:33:35.739348 dv-cinder-749155-8-smb devstack@keystone.service[92088]: DEBUG keystone.auth.core [None req-38bd2432-8476-4f11-987d-f4d17ee66f02 None None] MFA Rules not processed for user `70a97f9c967d4ba3819e7f4712b48b9e`. Rule list: `[]` (Enabled: `True`). {{(pid=92088) check_auth_methods_against_rules /opt/stack/keystone/keystone/auth/core.py:438}}
Jul 19 20:33:35.740554 dv-cinder-749155-8-smb devstack@keystone.service[92088]: DEBUG keystone.common.fernet_utils [None req-38bd2432-8476-4f11-987d-f4d17ee66f02 None None] Loaded 2 Fernet keys from /etc/keystone/fernet-keys/, but `[fernet_tokens] max_active_keys = 3`; perhaps there have not been enough key rotations to reach `max_active_keys` yet? {{(pid=92088) load_keys /opt/stack/keystone/keystone/common/fernet_utils.py:286}}
Jul 19 20:33:35.800023 dv-cinder-749155-8-smb devstack@keystone.service[92088]: DEBUG dbcounter [-] [92088] Writing DB stats keystone:SELECT=99,keystone:INSERT=1 {{(pid=92088) stat_writer /usr/local/lib/python3.8/dist-packages/dbcounter.py:114}}
Jul 19 20:33:35.811289 dv-cinder-749155-8-smb devstack@keystone.service[92088]: [pid: 92088|app: 0|req: 22/48] 10.222.0.77 () {58 vars in 1023 bytes} [Tue Jul 19 20:33:35 2022] POST /identity/v3/auth/tokens => generated 799 bytes in 87 msecs (HTTP/1.1 201) 6 headers in 363 bytes (1 switches on core 0)
Jul 19 20:33:35.831369 dv-cinder-749155-8-smb devstack@keystone.service[92087]: DEBUG keystone.server.flask.request_processing.middleware.auth_context [None req-e17d4287-d964-4cd9-b9ea-a805f7ef46a9 None None] Authenticating user token {{(pid=92087) process_request /usr/local/lib/python3.8/dist-packages/keystonemiddleware/auth_token/__init__.py:407}}
Jul 19 20:33:35.937609 dv-cinder-749155-8-smb devstack@keystone.service[92087]: DEBUG keystone.server.flask.request_processing.middleware.auth_context [None req-e17d4287-d964-4cd9-b9ea-a805f7ef46a9 None None] Validating token access rules against request {{(pid=92087) validate_allowed_request /usr/local/lib/python3.8/dist-packages/keystonemiddleware/auth_token/__init__.py:545}}
Jul 19 20:33:35.970915 dv-cinder-749155-8-smb devstack@keystone.service[92087]: DEBUG keystone.server.flask.request_processing.middleware.auth_context [None req-d32fe393-6615-4518-b272-1b62f5f22c98 None admin] RBAC: auth_context: {'token': , 'domain_id': None, 'trust_id': None, 'trustor_id': None, 'trustee_id': None, 'domain_name': None, 'group_ids': [], 'user_id': '70a97f9c967d4ba3819e7f4712b48b9e', 'user_domain_id': 'default', 'system_scope': 'all', 'project_id': None, 'project_domain_id': None, 'roles': ['admin', 'member', 'reader'], 'is_admin_project': True, 'service_user_id': None, 'service_user_domain_id': None, 'service_project_id': None, 'service_project_domain_id': None, 'service_roles': []} {{(pid=92087) fill_context /opt/stack/keystone/keystone/server/flask/request_processing/middleware/auth_context.py:478}}
Jul 19 20:33:35.971676 dv-cinder-749155-8-smb devstack@keystone.service[92087]: DEBUG keystone.server.flask.request_processing.req_logging [None req-d32fe393-6615-4518-b272-1b62f5f22c98 None admin] REQUEST_METHOD: `GET` {{(pid=92087) log_request_info /opt/stack/keystone/keystone/server/flask/request_processing/req_logging.py:27}}
Jul 19 20:33:35.971968 dv-cinder-749155-8-smb devstack@keystone.service[92087]: DEBUG keystone.server.flask.request_processing.req_logging [None req-d32fe393-6615-4518-b272-1b62f5f22c98 None admin] SCRIPT_NAME: `/identity` {{(pid=92087) log_request_info /opt/stack/keystone/keystone/server/flask/request_processing/req_logging.py:28}}
Jul 19 20:33:35.972250 dv-cinder-749155-8-smb devstack@keystone.service[92087]: DEBUG keystone.server.flask.request_processing.req_logging [None req-d32fe393-6615-4518-b272-1b62f5f22c98 None admin] PATH_INFO: `/v3/roles/admin` {{(pid=92087) log_request_info /opt/stack/keystone/keystone/server/flask/request_processing/req_logging.py:29}}
Jul 19 20:33:35.982239 dv-cinder-749155-8-smb devstack@keystone.service[92087]: DEBUG keystone.common.rbac_enforcer.enforcer [None req-d32fe393-6615-4518-b272-1b62f5f22c98 None admin] Extracting inferred target data resulted in "NOT FOUND (404)". {{(pid=92087) enforce_call /opt/stack/keystone/keystone/common/rbac_enforcer/enforcer.py:409}}
Jul 19 20:33:35.990661 dv-cinder-749155-8-smb devstack@keystone.service[92087]: ERROR keystone.server.flask.application [None req-d32fe393-6615-4518-b272-1b62f5f22c98 None admin] Could not find role: admin.: keystone.exception.RoleNotFound: Could not find role: admin.
Jul 19 20:33:35.990661 dv-cinder-749155-8-smb devstack@keystone.service[92087]: ERROR keystone.server.flask.application
Traceback (most recent call last):
Jul 19 20:33:35.990661 dv-cinder-749155-8-smb devstack@keystone.service[92087]: ERROR keystone.server.flask.application
File "/usr/local/lib/python3.8/dist-packages/flask/app.py", line 1523, in full_dispatch_request
Jul 19 20:33:35.990661 dv-cinder-749155-8-smb devstack@keystone.service[92087]: ERROR keystone.server.flask.application rv = self.dispatch_request()
Jul 19 20:33:35.990661 dv-cinder-749155-8-smb devstack@keystone.service[92087]: ERROR keystone.server.flask.application
File "/usr/local/lib/python3.8/dist-packages/flask/app.py", line 1509, in dispatch_request
Jul 19 20:33:35.990661 dv-cinder-749155-8-smb devstack@keystone.service[92087]: ERROR keystone.server.flask.application return self.ensure_sync(self.view_functions[rule.endpoint])(**req.view_args)
Jul 19 20:33:35.990661 dv-cinder-749155-8-smb devstack@keystone.service[92087]: ERROR keystone.server.flask.application
File "/usr/local/lib/python3.8/dist-packages/flask_restful/__init__.py", line 467, in wrapper
Jul 19 20:33:35.990661 dv-cinder-749155-8-smb devstack@keystone.service[92087]: ERROR keystone.server.flask.application resp = resource(*args, **kwargs)
Jul 19 20:33:35.990661 dv-cinder-749155-8-smb devstack@keystone.service[92087]: ERROR keystone.server.flask.application
File "/usr/local/lib/python3.8/dist-packages/flask/views.py", line 84, in view
Jul 19 20:33:35.990661 dv-cinder-749155-8-smb devstack@keystone.service[92087]: ERROR keystone.server.flask.application return current_app.ensure_sync(self.dispatch_request)(*args, **kwargs)
Jul 19 20:33:35.990661 dv-cinder-749155-8-smb devstack@keystone.service[92087]: ERROR keystone.server.flask.application
File "/usr/local/lib/python3.8/dist-packages/flask_restful/__init__.py", line 582, in dispatch_request
Jul 19 20:33:35.990661 dv-cinder-749155-8-smb devstack@keystone.service[92087]: ERROR keystone.server.flask.application resp = meth(*args, **kwargs)
Jul 19 20:33:35.990661 dv-cinder-749155-8-smb devstack@keystone.service[92087]: ERROR keystone.server.flask.application
File "/opt/stack/keystone/keystone/api/roles.py", line 50, in get
Jul 19 20:33:35.990661 dv-cinder-749155-8-smb devstack@keystone.service[92087]: ERROR keystone.server.flask.application return self._get_role(role_id)
Jul 19 20:33:35.990661 dv-cinder-749155-8-smb devstack@keystone.service[92087]: ERROR keystone.server.flask.application
File "/opt/stack/keystone/keystone/api/roles.py", line 70, in _get_role
Jul 19 20:33:35.990661 dv-cinder-749155-8-smb devstack@keystone.service[92087]: ERROR keystone.server.flask.application ENFORCER.enforce_call(action='identity:get_role')
Jul 19 20:33:35.991536 dv-cinder-749155-8-smb devstack@keystone.service[92087]: ERROR keystone.server.flask.application
File "/opt/stack/keystone/keystone/common/rbac_enforcer/enforcer.py", line 402, in enforce_call
Jul 19 20:33:35.991536 dv-cinder-749155-8-smb devstack@keystone.service[92087]: ERROR keystone.server.flask.application policy_dict.update(cls._extract_member_target_data(
Jul 19 20:33:35.991536 dv-cinder-749155-8-smb devstack@keystone.service[92087]: ERROR keystone.server.flask.application
File "/opt/stack/keystone/keystone/common/rbac_enforcer/enforcer.py", line 234, in _extract_member_target_data
Jul 19 20:33:35.991536 dv-cinder-749155-8-smb devstack@keystone.service[92087]: ERROR keystone.server.flask.application member_name: func(flask.request.view_args[key])
Jul 19 20:33:35.991536 dv-cinder-749155-8-smb devstack@keystone.service[92087]: ERROR keystone.server.flask.application
File "/opt/stack/keystone/keystone/common/manager.py", line 115, in wrapped
Jul 19 20:33:35.991536 dv-cinder-749155-8-smb devstack@keystone.service[92087]: ERROR keystone.server.flask.application __ret_val = __f(*args, **kwargs)
Jul 19 20:33:35.991536 dv-cinder-749155-8-smb devstack@keystone.service[92087]: ERROR keystone.server.flask.application
File "/usr/local/lib/python3.8/dist-packages/decorator.py", line 232, in fun
Jul 19 20:33:35.991536 dv-cinder-749155-8-smb devstack@keystone.service[92087]: ERROR keystone.server.flask.application return caller(func, *(extras + args), **kw)
Jul 19 20:33:35.991536 dv-cinder-749155-8-smb devstack@keystone.service[92087]: ERROR keystone.server.flask.application
File "/usr/local/lib/python3.8/dist-packages/dogpile/cache/region.py", line 1577, in get_or_create_for_user_func
Jul 19 20:33:35.991536 dv-cinder-749155-8-smb devstack@keystone.service[92087]: ERROR keystone.server.flask.application return self.get_or_create(
Jul 19 20:33:35.991536 dv-cinder-749155-8-smb devstack@keystone.service[92087]: ERROR keystone.server.flask.application
File "/usr/local/lib/python3.8/dist-packages/dogpile/cache/region.py", line 1042, in get_or_create
Jul 19 20:33:35.991536 dv-cinder-749155-8-smb devstack@keystone.service[92087]: ERROR keystone.server.flask.application with Lock(
Jul 19 20:33:35.991536 dv-cinder-749155-8-smb devstack@keystone.service[92087]: ERROR keystone.server.flask.application
File "/usr/local/lib/python3.8/dist-packages/dogpile/lock.py", line 185, in __enter__
Jul 19 20:33:35.991536 dv-cinder-749155-8-smb devstack@keystone.service[92087]: ERROR keystone.server.flask.application return self._enter()
Jul 19 20:33:35.991536 dv-cinder-749155-8-smb devstack@keystone.service[92087]: ERROR keystone.server.flask.application
File "/usr/local/lib/python3.8/dist-packages/dogpile/lock.py", line 94, in _enter
Jul 19 20:33:35.991536 dv-cinder-749155-8-smb devstack@keystone.service[92087]: ERROR keystone.server.flask.application generated = self._enter_create(value, createdtime)
Jul 19 20:33:35.992383 dv-cinder-749155-8-smb devstack@keystone.service[92087]: ERROR keystone.server.flask.application
File "/usr/local/lib/python3.8/dist-packages/dogpile/lock.py", line 178, in _enter_create
Jul 19 20:33:35.992383 dv-cinder-749155-8-smb devstack@keystone.service[92087]: ERROR keystone.server.flask.application return self.creator()
Jul 19 20:33:35.992383 dv-cinder-749155-8-smb devstack@keystone.service[92087]: ERROR keystone.server.flask.application
File "/usr/local/lib/python3.8/dist-packages/dogpile/cache/region.py", line 995, in gen_value
Jul 19 20:33:35.992383 dv-cinder-749155-8-smb devstack@keystone.service[92087]: ERROR keystone.server.flask.application created_value = creator(
Jul 19 20:33:35.992383 dv-cinder-749155-8-smb devstack@keystone.service[92087]: ERROR keystone.server.flask.application
File "/opt/stack/keystone/keystone/assignment/core.py", line 1276, in get_role
Jul 19 20:33:35.992383 dv-cinder-749155-8-smb devstack@keystone.service[92087]: ERROR keystone.server.flask.application return self.driver.get_role(role_id)
Jul 19 20:33:35.992383 dv-cinder-749155-8-smb devstack@keystone.service[92087]: ERROR keystone.server.flask.application
File "/opt/stack/keystone/keystone/assignment/role_backends/sql.py", line 70, in get_role
Jul 19 20:33:35.992383 dv-cinder-749155-8-smb devstack@keystone.service[92087]: ERROR keystone.server.flask.application return self._get_role(session, role_id).to_dict()
Jul 19 20:33:35.992383 dv-cinder-749155-8-smb devstack@keystone.service[92087]: ERROR keystone.server.flask.application
File "/opt/stack/keystone/keystone/assignment/role_backends/sql.py", line 65, in _get_role
Jul 19 20:33:35.992383 dv-cinder-749155-8-smb devstack@keystone.service[92087]: ERROR keystone.server.flask.application raise exception.RoleNotFound(role_id=role_id)
Jul 19 20:33:35.992383 dv-cinder-749155-8-smb devstack@keystone.service[92087]: ERROR keystone.server.flask.application keystone.exception.RoleNotFound: Could not find role: admin.
Jul 19 20:33:35.992383 dv-cinder-749155-8-smb devstack@keystone.service[92087]: ERROR keystone.server.flask.application
Jul 19 20:33:35.992383 dv-cinder-749155-8-smb devstack@keystone.service[92087]: [pid: 92087|app: 0|req: 27/49] 10.222.0.77 () {56 vars in 1096 bytes} [Tue Jul 19 20:33:35 2022] GET /identity/v3/roles/admin => generated 83 bytes in 161 msecs (HTTP/1.1 404) 5 headers in 183 bytes (1 switches on core 0)
Jul 19 20:33:35.998012 dv-cinder-749155-8-smb devstack@keystone.service[92088]: DEBUG keystone.server.flask.request_processing.middleware.auth_context [None req-38bd2432-8476-4f11-987d-f4d17ee66f02 None None] Authenticating user token {{(pid=92088) process_request /usr/local/lib/python3.8/dist-packages/keystonemiddleware/auth_token/__init__.py:407}}
Jul 19 20:33:36.098899 dv-cinder-749155-8-smb devstack@keystone.service[92088]: DEBUG keystone.server.flask.request_processing.middleware.auth_context [None req-38bd2432-8476-4f11-987d-f4d17ee66f02 None None] Validating token access rules against request {{(pid=92088) validate_allowed_request /usr/local/lib/python3.8/dist-packages/keystonemiddleware/auth_token/__init__.py:545}}
Jul 19 20:33:36.134334 dv-cinder-749155-8-smb devstack@keystone.service[92088]: DEBUG keystone.server.flask.request_processing.middleware.auth_context [None req-0f358316-1c70-4f2d-a1ab-042935edf12b None admin] RBAC: auth_context: {'token': , 'domain_id': None, 'trust_id': None, 'trustor_id': None, 'trustee_id': None, 'domain_name': None, 'group_ids': [], 'user_id': '70a97f9c967d4ba3819e7f4712b48b9e', 'user_domain_id': 'default', 'system_scope': 'all', 'project_id': None, 'project_domain_id': None, 'roles': ['admin', 'member', 'reader'], 'is_admin_project': True, 'service_user_id': None, 'service_user_domain_id': None, 'service_project_id': None, 'service_project_domain_id': None, 'service_roles': []} {{(pid=92088) fill_context /opt/stack/keystone/keystone/server/flask/request_processing/middleware/auth_context.py:478}}
Jul 19 20:33:36.135008 dv-cinder-749155-8-smb devstack@keystone.service[92088]: DEBUG keystone.server.flask.request_processing.req_logging [None req-0f358316-1c70-4f2d-a1ab-042935edf12b None admin] REQUEST_METHOD: `GET` {{(pid=92088) log_request_info /opt/stack/keystone/keystone/server/flask/request_processing/req_logging.py:27}}
Jul 19 20:33:36.135324 dv-cinder-749155-8-smb devstack@keystone.service[92088]: DEBUG keystone.server.flask.request_processing.req_logging [None req-0f358316-1c70-4f2d-a1ab-042935edf12b None admin] SCRIPT_NAME: `/identity` {{(pid=92088) log_request_info /opt/stack/keystone/keystone/server/flask/request_processing/req_logging.py:28}}
Jul 19 20:33:36.135607 dv-cinder-749155-8-smb devstack@keystone.service[92088]: DEBUG keystone.server.flask.request_processing.req_logging [None req-0f358316-1c70-4f2d-a1ab-042935edf12b None admin] PATH_INFO: `/v3/roles` {{(pid=92088) log_request_info /opt/stack/keystone/keystone/server/flask/request_processing/req_logging.py:29}}
Jul 19 20:33:36.136366 dv-cinder-749155-8-smb devstack@keystone.service[92088]: DEBUG keystone.common.rbac_enforcer.enforcer [None req-0f358316-1c70-4f2d-a1ab-042935edf12b None admin] RBAC: Adding query filter params (name=admin) {{(pid=92088) _extract_filter_values /opt/stack/keystone/keystone/common/rbac_enforcer/enforcer.py:167}}
Jul 19 20:33:36.136679 dv-cinder-749155-8-smb devstack@keystone.service[92088]: DEBUG keystone.common.rbac_enforcer.enforcer [None req-0f358316-1c70-4f2d-a1ab-042935edf12b None admin] RBAC: Authorizing `identity:list_roles()` {{(pid=92088) enforce_call /opt/stack/keystone/keystone/common/rbac_enforcer/enforcer.py:449}}
Jul 19 20:33:36.138051 dv-cinder-749155-8-smb devstack@keystone.service[92088]: DEBUG keystone.common.rbac_enforcer.enforcer [None req-0f358316-1c70-4f2d-a1ab-042935edf12b None admin] RBAC: Authorization granted {{(pid=92088) enforce_call /opt/stack/keystone/keystone/common/rbac_enforcer/enforcer.py:457}}
Jul 19 20:33:36.147035 dv-cinder-749155-8-smb devstack@keystone.service[92088]: [pid: 92088|app: 0|req: 23/50] 10.222.0.77 () {56 vars in 1099 bytes} [Tue Jul 19 20:33:35 2022] GET /identity/v3/roles?name=admin => generated 339 bytes in 149 msecs (HTTP/1.1 200) 5 headers in 177 bytes (1 switches on core 0)
Jul 19 20:33:36.152754 dv-cinder-749155-8-smb devstack@keystone.service[92087]: DEBUG keystone.server.flask.request_processing.middleware.auth_context [None req-d32fe393-6615-4518-b272-1b62f5f22c98 None admin] Authenticating user token {{(pid=92087) process_request /usr/local/lib/python3.8/dist-packages/keystonemiddleware/auth_token/__init__.py:407}}
Jul 19 20:33:36.172060 dv-cinder-749155-8-smb devstack@keystone.service[92087]: DEBUG dbcounter [-] [92087] Writing DB stats keystone:SELECT=99,keystone:INSERT=1 {{(pid=92087) stat_writer /usr/local/lib/python3.8/dist-packages/dbcounter.py:114}}
Jul 19 20:33:36.197056 dv-cinder-749155-8-smb devstack@keystone.service[92088]: DEBUG keystone.server.flask.request_processing.req_logging [None req-86fcba78-35f2-46a1-80fb-67e42c4a416b None None] REQUEST_METHOD: `GET` {{(pid=92088) log_request_info /opt/stack/keystone/keystone/server/flask/request_processing/req_logging.py:27}}
Jul 19 20:33:36.197348 dv-cinder-749155-8-smb devstack@keystone.service[92088]: DEBUG keystone.server.flask.request_processing.req_logging [None req-86fcba78-35f2-46a1-80fb-67e42c4a416b None None] SCRIPT_NAME: `/identity` {{(pid=92088) log_request_info /opt/stack/keystone/keystone/server/flask/request_processing/req_logging.py:28}}
Jul 19 20:33:36.197696 dv-cinder-749155-8-smb devstack@keystone.service[92088]: DEBUG keystone.server.flask.request_processing.req_logging [None req-86fcba78-35f2-46a1-80fb-67e42c4a416b None None] PATH_INFO: `/` {{(pid=92088) log_request_info /opt/stack/keystone/keystone/server/flask/request_processing/req_logging.py:29}}
Jul 19 20:33:36.199208 dv-cinder-749155-8-smb devstack@keystone.service[92088]: [pid: 92088|app: 0|req: 24/51] 10.222.0.77 () {54 vars in 926 bytes} [Tue Jul 19 20:33:36 2022] GET /identity => generated 270 bytes in 3 msecs (HTTP/1.1 300) 6 headers in 234 bytes (2 switches on core 0)
Jul 19 20:33:36.204939 dv-cinder-749155-8-smb devstack@keystone.service[92088]: DEBUG keystone.server.flask.request_processing.req_logging [None req-65c5c773-3604-4826-88f1-a893b4c1b97c None None] REQUEST_METHOD: `POST` {{(pid=92088) log_request_info /opt/stack/keystone/keystone/server/flask/request_processing/req_logging.py:27}}
Jul 19 20:33:36.205232 dv-cinder-749155-8-smb devstack@keystone.service[92088]: DEBUG keystone.server.flask.request_processing.req_logging [None req-65c5c773-3604-4826-88f1-a893b4c1b97c None None] SCRIPT_NAME: `/identity` {{(pid=92088) log_request_info /opt/stack/keystone/keystone/server/flask/request_processing/req_logging.py:28}}
Jul 19 20:33:36.205514 dv-cinder-749155-8-smb devstack@keystone.service[92088]: DEBUG keystone.server.flask.request_processing.req_logging [None req-65c5c773-3604-4826-88f1-a893b4c1b97c None None] PATH_INFO: `/v3/auth/tokens` {{(pid=92088) log_request_info /opt/stack/keystone/keystone/server/flask/request_processing/req_logging.py:29}}
Jul 19 20:33:36.258906 dv-cinder-749155-8-smb devstack@keystone.service[92087]: DEBUG keystone.server.flask.request_processing.middleware.auth_context [None req-d32fe393-6615-4518-b272-1b62f5f22c98 None admin] Validating token access rules against request {{(pid=92087) validate_allowed_request /usr/local/lib/python3.8/dist-packages/keystonemiddleware/auth_token/__init__.py:545}}
Jul 19 20:33:36.295924 dv-cinder-749155-8-smb devstack@keystone.service[92087]: DEBUG keystone.server.flask.request_processing.middleware.auth_context [None req-11554bfb-3077-4313-a780-582d6031bcf5 None admin] RBAC: auth_context: {'token': , 'domain_id': None, 'trust_id': None, 'trustor_id': None, 'trustee_id': None, 'domain_name': None, 'group_ids': [], 'user_id': '70a97f9c967d4ba3819e7f4712b48b9e', 'user_domain_id': 'default', 'system_scope': 'all', 'project_id': None, 'project_domain_id': None, 'roles': ['admin', 'member', 'reader'], 'is_admin_project': True, 'service_user_id': None, 'service_user_domain_id': None, 'service_project_id': None, 'service_project_domain_id': None, 'service_roles': []} {{(pid=92087) fill_context /opt/stack/keystone/keystone/server/flask/request_processing/middleware/auth_context.py:478}}
Jul 19 20:33:36.296826 dv-cinder-749155-8-smb devstack@keystone.service[92087]: DEBUG keystone.server.flask.request_processing.req_logging [None req-11554bfb-3077-4313-a780-582d6031bcf5 None admin] REQUEST_METHOD: `GET` {{(pid=92087) log_request_info /opt/stack/keystone/keystone/server/flask/request_processing/req_logging.py:27}}
Jul 19 20:33:36.297112 dv-cinder-749155-8-smb devstack@keystone.service[92087]: DEBUG keystone.server.flask.request_processing.req_logging [None req-11554bfb-3077-4313-a780-582d6031bcf5 None admin] SCRIPT_NAME: `/identity` {{(pid=92087) log_request_info /opt/stack/keystone/keystone/server/flask/request_processing/req_logging.py:28}}
Jul 19 20:33:36.297878 dv-cinder-749155-8-smb devstack@keystone.service[92087]: DEBUG keystone.server.flask.request_processing.req_logging [None req-11554bfb-3077-4313-a780-582d6031bcf5 None admin] PATH_INFO: `/v3/users/70a97f9c967d4ba3819e7f4712b48b9e` {{(pid=92087) log_request_info /opt/stack/keystone/keystone/server/flask/request_processing/req_logging.py:29}}
Jul 19 20:33:36.299160 dv-cinder-749155-8-smb devstack@keystone.service[92087]: DEBUG keystone.common.rbac_enforcer.enforcer [None req-11554bfb-3077-4313-a780-582d6031bcf5 None admin] RBAC: Authorizing `identity:get_user(user_id=70a97f9c967d4ba3819e7f4712b48b9e)` {{(pid=92087) enforce_call /opt/stack/keystone/keystone/common/rbac_enforcer/enforcer.py:449}}
Jul 19 20:33:36.300673 dv-cinder-749155-8-smb devstack@keystone.service[92087]: DEBUG keystone.common.rbac_enforcer.enforcer [None req-11554bfb-3077-4313-a780-582d6031bcf5 None admin] RBAC: Authorization granted {{(pid=92087) enforce_call /opt/stack/keystone/keystone/common/rbac_enforcer/enforcer.py:457}}
Jul 19 20:33:36.302405 dv-cinder-749155-8-smb devstack@keystone.service[92087]: [pid: 92087|app: 0|req: 28/52] 10.222.0.77 () {56 vars in 1177 bytes} [Tue Jul 19 20:33:36 2022] GET /identity/v3/users/70a97f9c967d4ba3819e7f4712b48b9e => generated 247 bytes in 150 msecs (HTTP/1.1 200) 5 headers in 177 bytes (1 switches on core 0)
Jul 19 20:33:36.307964 dv-cinder-749155-8-smb devstack@keystone.service[92087]: DEBUG keystone.server.flask.request_processing.middleware.auth_context [None req-11554bfb-3077-4313-a780-582d6031bcf5 None admin] Authenticating user token {{(pid=92087) process_request /usr/local/lib/python3.8/dist-packages/keystonemiddleware/auth_token/__init__.py:407}}
Jul 19 20:33:36.327507 dv-cinder-749155-8-smb devstack@keystone.service[92088]: DEBUG keystone.auth.core [None req-65c5c773-3604-4826-88f1-a893b4c1b97c None None] MFA Rules not processed for user `70a97f9c967d4ba3819e7f4712b48b9e`. Rule list: `[]` (Enabled: `True`). {{(pid=92088) check_auth_methods_against_rules /opt/stack/keystone/keystone/auth/core.py:438}}
Jul 19 20:33:36.328759 dv-cinder-749155-8-smb devstack@keystone.service[92088]: DEBUG keystone.common.fernet_utils [None req-65c5c773-3604-4826-88f1-a893b4c1b97c None None] Loaded 2 Fernet keys from /etc/keystone/fernet-keys/, but `[fernet_tokens] max_active_keys = 3`; perhaps there have not been enough key rotations to reach `max_active_keys` yet? {{(pid=92088) load_keys /opt/stack/keystone/keystone/common/fernet_utils.py:286}}
Jul 19 20:33:36.381540 dv-cinder-749155-8-smb devstack@keystone.service[92088]: DEBUG dbcounter [-] [92088] Writing DB stats keystone:SELECT=100 {{(pid=92088) stat_writer /usr/local/lib/python3.8/dist-packages/dbcounter.py:114}}
Jul 19 20:33:36.393724 dv-cinder-749155-8-smb devstack@keystone.service[92087]: DEBUG dbcounter [-] [92087] Writing DB stats keystone:SELECT=100 {{(pid=92087) stat_writer /usr/local/lib/python3.8/dist-packages/dbcounter.py:114}}
Jul 19 20:33:36.396100 dv-cinder-749155-8-smb devstack@keystone.service[92088]: [pid: 92088|app: 0|req: 25/53] 10.222.0.77 () {58 vars in 1023 bytes} [Tue Jul 19 20:33:36 2022] POST /identity/v3/auth/tokens => generated 799 bytes in 192 msecs (HTTP/1.1 201) 6 headers in 363 bytes (1 switches on core 0)
Jul 19 20:33:36.410012 dv-cinder-749155-8-smb devstack@keystone.service[92087]: DEBUG keystone.server.flask.request_processing.middleware.auth_context [None req-11554bfb-3077-4313-a780-582d6031bcf5 None admin] Validating token access rules against request {{(pid=92087) validate_allowed_request /usr/local/lib/python3.8/dist-packages/keystonemiddleware/auth_token/__init__.py:545}}
Jul 19 20:33:36.419047 dv-cinder-749155-8-smb devstack@keystone.service[92088]: DEBUG keystone.server.flask.request_processing.middleware.auth_context [None req-65c5c773-3604-4826-88f1-a893b4c1b97c None None] Authenticating user token {{(pid=92088) process_request /usr/local/lib/python3.8/dist-packages/keystonemiddleware/auth_token/__init__.py:407}}
Jul 19 20:33:36.444178 dv-cinder-749155-8-smb devstack@keystone.service[92087]: DEBUG keystone.server.flask.request_processing.middleware.auth_context [None req-7bc67f7f-222b-4d80-8fb5-f0b1e6a4140b None admin] RBAC: auth_context: {'token': , 'domain_id': None, 'trust_id': None, 'trustor_id': None, 'trustee_id': None, 'domain_name': None, 'group_ids': [], 'user_id': '70a97f9c967d4ba3819e7f4712b48b9e', 'user_domain_id': 'default', 'system_scope': 'all', 'project_id': None, 'project_domain_id': None, 'roles': ['admin', 'member', 'reader'], 'is_admin_project': True, 'service_user_id': None, 'service_user_domain_id': None, 'service_project_id': None, 'service_project_domain_id': None, 'service_roles': []} {{(pid=92087) fill_context /opt/stack/keystone/keystone/server/flask/request_processing/middleware/auth_context.py:478}}
Jul 19 20:33:36.444984 dv-cinder-749155-8-smb devstack@keystone.service[92087]: DEBUG keystone.server.flask.request_processing.req_logging [None req-7bc67f7f-222b-4d80-8fb5-f0b1e6a4140b None admin] REQUEST_METHOD: `GET` {{(pid=92087) log_request_info /opt/stack/keystone/keystone/server/flask/request_processing/req_logging.py:27}}
Jul 19 20:33:36.445273 dv-cinder-749155-8-smb devstack@keystone.service[92087]: DEBUG keystone.server.flask.request_processing.req_logging [None req-7bc67f7f-222b-4d80-8fb5-f0b1e6a4140b None admin] SCRIPT_NAME: `/identity` {{(pid=92087) log_request_info /opt/stack/keystone/keystone/server/flask/request_processing/req_logging.py:28}}
Jul 19 20:33:36.445550 dv-cinder-749155-8-smb devstack@keystone.service[92087]: DEBUG keystone.server.flask.request_processing.req_logging [None req-7bc67f7f-222b-4d80-8fb5-f0b1e6a4140b None admin] PATH_INFO: `/v3/domains/default` {{(pid=92087) log_request_info /opt/stack/keystone/keystone/server/flask/request_processing/req_logging.py:29}}
Jul 19 20:33:36.446749 dv-cinder-749155-8-smb devstack@keystone.service[92087]: DEBUG keystone.common.rbac_enforcer.enforcer [None req-7bc67f7f-222b-4d80-8fb5-f0b1e6a4140b None admin] RBAC: Authorizing `identity:get_domain(domain_id=default)` {{(pid=92087) enforce_call /opt/stack/keystone/keystone/common/rbac_enforcer/enforcer.py:449}}
Jul 19 20:33:36.448238 dv-cinder-749155-8-smb devstack@keystone.service[92087]: DEBUG keystone.common.rbac_enforcer.enforcer [None req-7bc67f7f-222b-4d80-8fb5-f0b1e6a4140b None admin] RBAC: Authorization granted {{(pid=92087) enforce_call /opt/stack/keystone/keystone/common/rbac_enforcer/enforcer.py:457}}
Jul 19 20:33:36.449865 dv-cinder-749155-8-smb devstack@keystone.service[92087]: [pid: 92087|app: 0|req: 29/54] 10.222.0.77 () {56 vars in 1108 bytes} [Tue Jul 19 20:33:36 2022] GET /identity/v3/domains/default => generated 199 bytes in 142 msecs (HTTP/1.1 200) 5 headers in 177 bytes (2 switches on core 0)
Jul 19 20:33:36.456153 dv-cinder-749155-8-smb devstack@keystone.service[92087]: DEBUG keystone.server.flask.request_processing.middleware.auth_context [None req-7bc67f7f-222b-4d80-8fb5-f0b1e6a4140b None admin] Authenticating user token {{(pid=92087) process_request /usr/local/lib/python3.8/dist-packages/keystonemiddleware/auth_token/__init__.py:407}}
Jul 19 20:33:36.519754 dv-cinder-749155-8-smb devstack@keystone.service[92088]: DEBUG keystone.server.flask.request_processing.middleware.auth_context [None req-65c5c773-3604-4826-88f1-a893b4c1b97c None None] Validating token access rules against request {{(pid=92088) validate_allowed_request /usr/local/lib/python3.8/dist-packages/keystonemiddleware/auth_token/__init__.py:545}}
Jul 19 20:33:36.556640 dv-cinder-749155-8-smb devstack@keystone.service[92088]: DEBUG keystone.server.flask.request_processing.middleware.auth_context [None req-7455e22e-2eb1-4d84-a37a-61ffdb4290b1 None admin] RBAC: auth_context: {'token': , 'domain_id': None, 'trust_id': None, 'trustor_id': None, 'trustee_id': None, 'domain_name': None, 'group_ids': [], 'user_id': '70a97f9c967d4ba3819e7f4712b48b9e', 'user_domain_id': 'default', 'system_scope': 'all', 'project_id': None, 'project_domain_id': None, 'roles': ['admin', 'member', 'reader'], 'is_admin_project': True, 'service_user_id': None, 'service_user_domain_id': None, 'service_project_id': None, 'service_project_domain_id': None, 'service_roles': []} {{(pid=92088) fill_context /opt/stack/keystone/keystone/server/flask/request_processing/middleware/auth_context.py:478}}
Jul 19 20:33:36.557441 dv-cinder-749155-8-smb devstack@keystone.service[92088]: DEBUG keystone.server.flask.request_processing.req_logging [None req-7455e22e-2eb1-4d84-a37a-61ffdb4290b1 None admin] REQUEST_METHOD: `GET` {{(pid=92088) log_request_info /opt/stack/keystone/keystone/server/flask/request_processing/req_logging.py:27}}
Jul 19 20:33:36.557727 dv-cinder-749155-8-smb devstack@keystone.service[92088]: DEBUG keystone.server.flask.request_processing.req_logging [None req-7455e22e-2eb1-4d84-a37a-61ffdb4290b1 None admin] SCRIPT_NAME: `/identity` {{(pid=92088) log_request_info /opt/stack/keystone/keystone/server/flask/request_processing/req_logging.py:28}}
Jul 19 20:33:36.558011 dv-cinder-749155-8-smb devstack@keystone.service[92088]: DEBUG keystone.server.flask.request_processing.req_logging [None req-7455e22e-2eb1-4d84-a37a-61ffdb4290b1 None admin] PATH_INFO: `/v3/domains/default` {{(pid=92088) log_request_info /opt/stack/keystone/keystone/server/flask/request_processing/req_logging.py:29}}
Jul 19 20:33:36.559181 dv-cinder-749155-8-smb devstack@keystone.service[92088]: DEBUG keystone.common.rbac_enforcer.enforcer [None req-7455e22e-2eb1-4d84-a37a-61ffdb4290b1 None admin] RBAC: Authorizing `identity:get_domain(domain_id=default)` {{(pid=92088) enforce_call /opt/stack/keystone/keystone/common/rbac_enforcer/enforcer.py:449}}
Jul 19 20:33:36.560655 dv-cinder-749155-8-smb devstack@keystone.service[92088]: DEBUG keystone.common.rbac_enforcer.enforcer [None req-7455e22e-2eb1-4d84-a37a-61ffdb4290b1 None admin] RBAC: Authorization granted {{(pid=92088) enforce_call /opt/stack/keystone/keystone/common/rbac_enforcer/enforcer.py:457}}
Jul 19 20:33:36.562268 dv-cinder-749155-8-smb devstack@keystone.service[92088]: [pid: 92088|app: 0|req: 26/55] 10.222.0.77 () {56 vars in 1108 bytes} [Tue Jul 19 20:33:36 2022] GET /identity/v3/domains/default => generated 199 bytes in 144 msecs (HTTP/1.1 200) 5 headers in 177 bytes (2 switches on core 0)
Jul 19 20:33:36.563762 dv-cinder-749155-8-smb devstack@keystone.service[92087]: DEBUG keystone.server.flask.request_processing.middleware.auth_context [None req-7bc67f7f-222b-4d80-8fb5-f0b1e6a4140b None admin] Validating token access rules against request {{(pid=92087) validate_allowed_request /usr/local/lib/python3.8/dist-packages/keystonemiddleware/auth_token/__init__.py:545}}
Jul 19 20:33:36.567776 dv-cinder-749155-8-smb devstack@keystone.service[92088]: DEBUG keystone.server.flask.request_processing.middleware.auth_context [None req-7455e22e-2eb1-4d84-a37a-61ffdb4290b1 None admin] Authenticating user token {{(pid=92088) process_request /usr/local/lib/python3.8/dist-packages/keystonemiddleware/auth_token/__init__.py:407}}
