Mar 23 23:48:52.870217 dv-cinder-749155-6-iscsi devstack@c-api.service[116730]: DEBUG cinder.volume.api [None req-e82f680a-fec9-40ab-8a20-11c8ae4c444b tempest-VolumesServicesTestJSON-1766064887 tempest-VolumesServicesTestJSON-1766064887-project] Flow 'volume_create_api' (ecc610c8-4356-4db2-a63c-ebd64e85e62c) transitioned into state 'SUCCESS' from state 'RUNNING' {{(pid=116730) _flow_receiver /usr/local/lib/python3.8/dist-packages/taskflow/listeners/logging.py:141}}
Mar 23 23:48:52.871170 dv-cinder-749155-6-iscsi devstack@c-api.service[116730]: INFO cinder.volume.api [None req-e82f680a-fec9-40ab-8a20-11c8ae4c444b tempest-VolumesServicesTestJSON-1766064887 tempest-VolumesServicesTestJSON-1766064887-project] Create volume request issued successfully.
Mar 23 23:48:52.872581 dv-cinder-749155-6-iscsi devstack@c-api.service[116730]: INFO cinder.api.openstack.wsgi [None req-e82f680a-fec9-40ab-8a20-11c8ae4c444b tempest-VolumesServicesTestJSON-1766064887 tempest-VolumesServicesTestJSON-1766064887-project] http://10.222.0.31/volume/v3/d8daf66ce39a409f95852d6669999f0f/volumes returned with HTTP 202
Mar 23 23:48:52.873562 dv-cinder-749155-6-iscsi devstack@c-api.service[116730]: [pid: 116730|app: 0|req: 24/49] 10.222.0.31 () {60 vars in 1234 bytes} [Wed Mar 23 23:48:51 2022] POST /volume/v3/d8daf66ce39a409f95852d6669999f0f/volumes => generated 823 bytes in 1567 msecs (HTTP/1.1 202) 7 headers in 291 bytes (1 switches on core 0)
Mar 23 23:48:52.886949 dv-cinder-749155-6-iscsi devstack@c-api.service[116729]: DEBUG cinder.api.middleware.request_id [None req-a1fd9bfa-7064-4172-a75a-5ce5fc092f22 None None] RequestId filter calling following filter/app {{(pid=116729) _context_setter /opt/stack/cinder/cinder/api/middleware/request_id.py:62}}
Mar 23 23:48:52.890895 dv-cinder-749155-6-iscsi devstack@c-api.service[116729]: INFO cinder.api.openstack.wsgi [None req-a1fd9bfa-7064-4172-a75a-5ce5fc092f22 tempest-VolumesServicesTestJSON-1766064887 tempest-VolumesServicesTestJSON-1766064887-project] GET http://10.222.0.31/volume/v3/d8daf66ce39a409f95852d6669999f0f/volumes/4fe9b901-40e7-480f-b863-4166eb7fc528
Mar 23 23:48:52.891635 dv-cinder-749155-6-iscsi devstack@c-api.service[116729]: DEBUG cinder.api.openstack.wsgi [None req-a1fd9bfa-7064-4172-a75a-5ce5fc092f22 tempest-VolumesServicesTestJSON-1766064887 tempest-VolumesServicesTestJSON-1766064887-project] Empty body provided in request {{(pid=116729) get_body /opt/stack/cinder/cinder/api/openstack/wsgi.py:715}}
Mar 23 23:48:52.892337 dv-cinder-749155-6-iscsi devstack@c-api.service[116729]: DEBUG cinder.api.openstack.wsgi [None req-a1fd9bfa-7064-4172-a75a-5ce5fc092f22 tempest-VolumesServicesTestJSON-1766064887 tempest-VolumesServicesTestJSON-1766064887-project] Calling method 'show' {{(pid=116729) _process_stack /opt/stack/cinder/cinder/api/openstack/wsgi.py:868}}
Mar 23 23:48:52.923931 dv-cinder-749155-6-iscsi devstack@c-api.service[116729]: /usr/local/lib/python3.8/dist-packages/oslo_context/context.py:100: DeprecationWarning: Policy enforcement is depending on the value of is_admin. This key is deprecated. Please update your policy file to use the standard policy values.
Mar 23 23:48:52.923931 dv-cinder-749155-6-iscsi devstack@c-api.service[116729]: warnings.warn('Policy enforcement is depending on the value of '
Mar 23 23:48:52.943902 dv-cinder-749155-6-iscsi devstack@c-api.service[116729]: INFO cinder.volume.api [None req-a1fd9bfa-7064-4172-a75a-5ce5fc092f22 tempest-VolumesServicesTestJSON-1766064887 tempest-VolumesServicesTestJSON-1766064887-project] Volume info retrieved successfully.
Mar 23 23:48:52.980292 dv-cinder-749155-6-iscsi devstack@c-api.service[116729]: INFO cinder.api.openstack.wsgi [None req-a1fd9bfa-7064-4172-a75a-5ce5fc092f22 tempest-VolumesServicesTestJSON-1766064887 tempest-VolumesServicesTestJSON-1766064887-project] http://10.222.0.31/volume/v3/d8daf66ce39a409f95852d6669999f0f/volumes/4fe9b901-40e7-480f-b863-4166eb7fc528 returned with HTTP 200
Mar 23 23:48:52.984326 dv-cinder-749155-6-iscsi devstack@c-api.service[116729]: [pid: 116729|app: 0|req: 26/50] 10.222.0.31 () {58 vars in 1324 bytes} [Wed Mar 23 23:48:52 2022] GET /volume/v3/d8daf66ce39a409f95852d6669999f0f/volumes/4fe9b901-40e7-480f-b863-4166eb7fc528 => generated 891 bytes in 99 msecs (HTTP/1.1 200) 7 headers in 285 bytes (1 switches on core 0)
Mar 23 23:48:53.367275 dv-cinder-749155-6-iscsi devstack@c-api.service[116730]: DEBUG cinder.api.middleware.request_id [req-ad3dce38-a0d7-4b23-a87f-857d7bfe45e6 req-67ba55fc-8588-4036-9c85-feda1154474d None None] RequestId filter calling following filter/app {{(pid=116730) _context_setter /opt/stack/cinder/cinder/api/middleware/request_id.py:62}}
Mar 23 23:48:53.372589 dv-cinder-749155-6-iscsi devstack@c-api.service[116730]: INFO cinder.api.openstack.wsgi [req-ad3dce38-a0d7-4b23-a87f-857d7bfe45e6 req-67ba55fc-8588-4036-9c85-feda1154474d tempest-VolumesSnapshotsTestJSON-471937719 tempest-VolumesSnapshotsTestJSON-471937719-project] GET http://10.222.0.31/volume/v3/c8fa5e78914b4a44baa2c19b8e3cda87/volumes/3e37c639-246b-4b61-98d1-ff01f180cb9c
Mar 23 23:48:53.373138 dv-cinder-749155-6-iscsi devstack@c-api.service[116730]: DEBUG cinder.api.openstack.wsgi [req-ad3dce38-a0d7-4b23-a87f-857d7bfe45e6 req-67ba55fc-8588-4036-9c85-feda1154474d tempest-VolumesSnapshotsTestJSON-471937719 tempest-VolumesSnapshotsTestJSON-471937719-project] Empty body provided in request {{(pid=116730) get_body /opt/stack/cinder/cinder/api/openstack/wsgi.py:715}}
Mar 23 23:48:53.373823 dv-cinder-749155-6-iscsi devstack@c-api.service[116730]: DEBUG cinder.api.openstack.wsgi [req-ad3dce38-a0d7-4b23-a87f-857d7bfe45e6 req-67ba55fc-8588-4036-9c85-feda1154474d tempest-VolumesSnapshotsTestJSON-471937719 tempest-VolumesSnapshotsTestJSON-471937719-project] Calling method 'show' {{(pid=116730) _process_stack /opt/stack/cinder/cinder/api/openstack/wsgi.py:868}}
Mar 23 23:48:53.417728 dv-cinder-749155-6-iscsi devstack@c-api.service[116730]: INFO cinder.api.openstack.wsgi [req-ad3dce38-a0d7-4b23-a87f-857d7bfe45e6 req-67ba55fc-8588-4036-9c85-feda1154474d tempest-VolumesSnapshotsTestJSON-471937719 tempest-VolumesSnapshotsTestJSON-471937719-project] http://10.222.0.31/volume/v3/c8fa5e78914b4a44baa2c19b8e3cda87/volumes/3e37c639-246b-4b61-98d1-ff01f180cb9c returned with HTTP 404
Mar 23 23:48:53.425893 dv-cinder-749155-6-iscsi devstack@c-api.service[116730]: [pid: 116730|app: 0|req: 25/51] 10.222.0.31 () {60 vars in 1578 bytes} [Wed Mar 23 23:48:53 2022] GET /volume/v3/c8fa5e78914b4a44baa2c19b8e3cda87/volumes/3e37c639-246b-4b61-98d1-ff01f180cb9c => generated 109 bytes in 60 msecs (HTTP/1.1 404) 7 headers in 292 bytes (1 switches on core 0)
Mar 23 23:48:53.459538 dv-cinder-749155-6-iscsi devstack@c-api.service[116729]: DEBUG cinder.api.middleware.request_id [req-d35a903c-3380-469e-af63-ae9eee0d3ae0 req-52dd9c19-1b4b-4263-a0b6-29865cff4b11 None None] RequestId filter calling following filter/app {{(pid=116729) _context_setter /opt/stack/cinder/cinder/api/middleware/request_id.py:62}}
Mar 23 23:48:53.469451 dv-cinder-749155-6-iscsi devstack@c-api.service[116729]: INFO cinder.api.openstack.wsgi [req-d35a903c-3380-469e-af63-ae9eee0d3ae0 req-52dd9c19-1b4b-4263-a0b6-29865cff4b11 tempest-VolumesSnapshotsTestJSON-471937719 tempest-VolumesSnapshotsTestJSON-471937719-project] DELETE http://10.222.0.31/volume/v3/c8fa5e78914b4a44baa2c19b8e3cda87/volumes/3e37c639-246b-4b61-98d1-ff01f180cb9c
Mar 23 23:48:53.470047 dv-cinder-749155-6-iscsi devstack@c-api.service[116729]: DEBUG cinder.api.openstack.wsgi [req-d35a903c-3380-469e-af63-ae9eee0d3ae0 req-52dd9c19-1b4b-4263-a0b6-29865cff4b11 tempest-VolumesSnapshotsTestJSON-471937719 tempest-VolumesSnapshotsTestJSON-471937719-project] Empty body provided in request {{(pid=116729) get_body /opt/stack/cinder/cinder/api/openstack/wsgi.py:715}}
Mar 23 23:48:53.470580 dv-cinder-749155-6-iscsi devstack@c-api.service[116729]: DEBUG cinder.api.openstack.wsgi [req-d35a903c-3380-469e-af63-ae9eee0d3ae0 req-52dd9c19-1b4b-4263-a0b6-29865cff4b11 tempest-VolumesSnapshotsTestJSON-471937719 tempest-VolumesSnapshotsTestJSON-471937719-project] Calling method 'delete' {{(pid=116729) _process_stack /opt/stack/cinder/cinder/api/openstack/wsgi.py:868}}
Mar 23 23:48:53.471199 dv-cinder-749155-6-iscsi devstack@c-api.service[116729]: INFO cinder.api.v3.volumes [req-d35a903c-3380-469e-af63-ae9eee0d3ae0 req-52dd9c19-1b4b-4263-a0b6-29865cff4b11 tempest-VolumesSnapshotsTestJSON-471937719 tempest-VolumesSnapshotsTestJSON-471937719-project] Delete volume with id: 3e37c639-246b-4b61-98d1-ff01f180cb9c
Mar 23 23:48:53.512099 dv-cinder-749155-6-iscsi devstack@c-api.service[116729]: INFO cinder.api.openstack.wsgi [req-d35a903c-3380-469e-af63-ae9eee0d3ae0 req-52dd9c19-1b4b-4263-a0b6-29865cff4b11 tempest-VolumesSnapshotsTestJSON-471937719 tempest-VolumesSnapshotsTestJSON-471937719-project] http://10.222.0.31/volume/v3/c8fa5e78914b4a44baa2c19b8e3cda87/volumes/3e37c639-246b-4b61-98d1-ff01f180cb9c returned with HTTP 404
Mar 23 23:48:53.523504 dv-cinder-749155-6-iscsi devstack@c-api.service[116729]: [pid: 116729|app: 0|req: 27/52] 10.222.0.31 () {62 vars in 1600 bytes} [Wed Mar 23 23:48:53 2022] DELETE /volume/v3/c8fa5e78914b4a44baa2c19b8e3cda87/volumes/3e37c639-246b-4b61-98d1-ff01f180cb9c => generated 109 bytes in 65 msecs (HTTP/1.1 404) 7 headers in 292 bytes (1 switches on core 0)
Mar 23 23:48:53.559881 dv-cinder-749155-6-iscsi devstack@c-api.service[116730]: DEBUG cinder.api.middleware.request_id [req-3aeb1712-a33c-4657-9868-33de1916b59d req-7061adf8-98af-4d99-89ac-b78e692fbae2 None None] RequestId filter calling following filter/app {{(pid=116730) _context_setter /opt/stack/cinder/cinder/api/middleware/request_id.py:62}}
Mar 23 23:48:53.564450 dv-cinder-749155-6-iscsi devstack@c-api.service[116730]: INFO cinder.api.openstack.wsgi [req-3aeb1712-a33c-4657-9868-33de1916b59d req-7061adf8-98af-4d99-89ac-b78e692fbae2 tempest-VolumesSnapshotsTestJSON-471937719 tempest-VolumesSnapshotsTestJSON-471937719-project] GET http://10.222.0.31/volume/v3/c8fa5e78914b4a44baa2c19b8e3cda87/volumes/3e37c639-246b-4b61-98d1-ff01f180cb9c
Mar 23 23:48:53.564941 dv-cinder-749155-6-iscsi devstack@c-api.service[116730]: DEBUG cinder.api.openstack.wsgi [req-3aeb1712-a33c-4657-9868-33de1916b59d req-7061adf8-98af-4d99-89ac-b78e692fbae2 tempest-VolumesSnapshotsTestJSON-471937719 tempest-VolumesSnapshotsTestJSON-471937719-project] Empty body provided in request {{(pid=116730) get_body /opt/stack/cinder/cinder/api/openstack/wsgi.py:715}}
Mar 23 23:48:53.565526 dv-cinder-749155-6-iscsi devstack@c-api.service[116730]: DEBUG cinder.api.openstack.wsgi [req-3aeb1712-a33c-4657-9868-33de1916b59d req-7061adf8-98af-4d99-89ac-b78e692fbae2 tempest-VolumesSnapshotsTestJSON-471937719 tempest-VolumesSnapshotsTestJSON-471937719-project] Calling method 'show' {{(pid=116730) _process_stack /opt/stack/cinder/cinder/api/openstack/wsgi.py:868}}
Mar 23 23:48:53.596490 dv-cinder-749155-6-iscsi devstack@c-api.service[116730]: INFO cinder.api.openstack.wsgi [req-3aeb1712-a33c-4657-9868-33de1916b59d req-7061adf8-98af-4d99-89ac-b78e692fbae2 tempest-VolumesSnapshotsTestJSON-471937719 tempest-VolumesSnapshotsTestJSON-471937719-project] http://10.222.0.31/volume/v3/c8fa5e78914b4a44baa2c19b8e3cda87/volumes/3e37c639-246b-4b61-98d1-ff01f180cb9c returned with HTTP 404
Mar 23 23:48:53.599436 dv-cinder-749155-6-iscsi devstack@c-api.service[116730]: [pid: 116730|app: 0|req: 26/53] 10.222.0.31 () {60 vars in 1578 bytes} [Wed Mar 23 23:48:53 2022] GET /volume/v3/c8fa5e78914b4a44baa2c19b8e3cda87/volumes/3e37c639-246b-4b61-98d1-ff01f180cb9c => generated 109 bytes in 40 msecs (HTTP/1.1 404) 7 headers in 292 bytes (1 switches on core 0)
Mar 23 23:48:53.999082 dv-cinder-749155-6-iscsi devstack@c-api.service[116729]: DEBUG cinder.api.middleware.request_id [None req-4c688b4c-c520-4bce-a1fb-cb1b816f34b4 None None] RequestId filter calling following filter/app {{(pid=116729) _context_setter /opt/stack/cinder/cinder/api/middleware/request_id.py:62}}
Mar 23 23:48:54.005874 dv-cinder-749155-6-iscsi devstack@c-api.service[116729]: INFO cinder.api.openstack.wsgi [None req-4c688b4c-c520-4bce-a1fb-cb1b816f34b4 tempest-VolumesServicesTestJSON-1766064887 tempest-VolumesServicesTestJSON-1766064887-project] GET http://10.222.0.31/volume/v3/d8daf66ce39a409f95852d6669999f0f/volumes/4fe9b901-40e7-480f-b863-4166eb7fc528
Mar 23 23:48:54.006774 dv-cinder-749155-6-iscsi devstack@c-api.service[116729]: DEBUG cinder.api.openstack.wsgi [None req-4c688b4c-c520-4bce-a1fb-cb1b816f34b4 tempest-VolumesServicesTestJSON-1766064887 tempest-VolumesServicesTestJSON-1766064887-project] Empty body provided in request {{(pid=116729) get_body /opt/stack/cinder/cinder/api/openstack/wsgi.py:715}}
Mar 23 23:48:54.007240 dv-cinder-749155-6-iscsi devstack@c-api.service[116729]: DEBUG cinder.api.openstack.wsgi [None req-4c688b4c-c520-4bce-a1fb-cb1b816f34b4 tempest-VolumesServicesTestJSON-1766064887 tempest-VolumesServicesTestJSON-1766064887-project] Calling method 'show' {{(pid=116729) _process_stack /opt/stack/cinder/cinder/api/openstack/wsgi.py:868}}
Mar 23 23:48:54.048904 dv-cinder-749155-6-iscsi devstack@c-api.service[116729]: /usr/local/lib/python3.8/dist-packages/oslo_context/context.py:100: DeprecationWarning: Policy enforcement is depending on the value of is_admin. This key is deprecated. Please update your policy file to use the standard policy values.
Mar 23 23:48:54.048904 dv-cinder-749155-6-iscsi devstack@c-api.service[116729]: warnings.warn('Policy enforcement is depending on the value of '
Mar 23 23:48:54.082406 dv-cinder-749155-6-iscsi devstack@c-api.service[116729]: INFO cinder.volume.api [None req-4c688b4c-c520-4bce-a1fb-cb1b816f34b4 tempest-VolumesServicesTestJSON-1766064887 tempest-VolumesServicesTestJSON-1766064887-project] Volume info retrieved successfully.
Mar 23 23:48:54.116540 dv-cinder-749155-6-iscsi devstack@c-api.service[116729]: INFO cinder.api.openstack.wsgi [None req-4c688b4c-c520-4bce-a1fb-cb1b816f34b4 tempest-VolumesServicesTestJSON-1766064887 tempest-VolumesServicesTestJSON-1766064887-project] http://10.222.0.31/volume/v3/d8daf66ce39a409f95852d6669999f0f/volumes/4fe9b901-40e7-480f-b863-4166eb7fc528 returned with HTTP 200
Mar 23 23:48:54.119332 dv-cinder-749155-6-iscsi devstack@c-api.service[116729]: [pid: 116729|app: 0|req: 28/54] 10.222.0.31 () {58 vars in 1324 bytes} [Wed Mar 23 23:48:53 2022] GET /volume/v3/d8daf66ce39a409f95852d6669999f0f/volumes/4fe9b901-40e7-480f-b863-4166eb7fc528 => generated 916 bytes in 122 msecs (HTTP/1.1 200) 7 headers in 285 bytes (1 switches on core 0)
Mar 23 23:48:54.129967 dv-cinder-749155-6-iscsi devstack@c-api.service[116730]: DEBUG cinder.api.middleware.request_id [None req-e0359892-a4d9-4f5f-af71-2e3ba0bf2328 None None] RequestId filter calling following filter/app {{(pid=116730) _context_setter /opt/stack/cinder/cinder/api/middleware/request_id.py:62}}
Mar 23 23:48:54.134506 dv-cinder-749155-6-iscsi devstack@c-api.service[116730]: INFO cinder.api.openstack.wsgi [None req-e0359892-a4d9-4f5f-af71-2e3ba0bf2328 tempest-VolumesServicesTestJSON-923315789 tempest-VolumesServicesTestJSON-923315789-project-admin] GET http://10.222.0.31/volume/v3/a76cff0f11914e54abe1b773add6d090/volumes/4fe9b901-40e7-480f-b863-4166eb7fc528
Mar 23 23:48:54.135313 dv-cinder-749155-6-iscsi devstack@c-api.service[116730]: DEBUG cinder.api.openstack.wsgi [None req-e0359892-a4d9-4f5f-af71-2e3ba0bf2328 tempest-VolumesServicesTestJSON-923315789 tempest-VolumesServicesTestJSON-923315789-project-admin] Empty body provided in request {{(pid=116730) get_body /opt/stack/cinder/cinder/api/openstack/wsgi.py:715}}
Mar 23 23:48:54.135949 dv-cinder-749155-6-iscsi devstack@c-api.service[116730]: DEBUG cinder.api.openstack.wsgi [None req-e0359892-a4d9-4f5f-af71-2e3ba0bf2328 tempest-VolumesServicesTestJSON-923315789 tempest-VolumesServicesTestJSON-923315789-project-admin] Calling method 'show' {{(pid=116730) _process_stack /opt/stack/cinder/cinder/api/openstack/wsgi.py:868}}
Mar 23 23:48:54.274176 dv-cinder-749155-6-iscsi devstack@c-api.service[116730]: /usr/local/lib/python3.8/dist-packages/oslo_context/context.py:100: DeprecationWarning: Policy enforcement is depending on the value of is_admin. This key is deprecated. Please update your policy file to use the standard policy values.
Mar 23 23:48:54.274176 dv-cinder-749155-6-iscsi devstack@c-api.service[116730]: warnings.warn('Policy enforcement is depending on the value of '
Mar 23 23:48:54.300575 dv-cinder-749155-6-iscsi devstack@c-api.service[116730]: INFO cinder.volume.api [None req-e0359892-a4d9-4f5f-af71-2e3ba0bf2328 tempest-VolumesServicesTestJSON-923315789 tempest-VolumesServicesTestJSON-923315789-project-admin] Volume info retrieved successfully.
Mar 23 23:48:54.333310 dv-cinder-749155-6-iscsi devstack@c-api.service[116730]: INFO cinder.api.openstack.wsgi [None req-e0359892-a4d9-4f5f-af71-2e3ba0bf2328 tempest-VolumesServicesTestJSON-923315789 tempest-VolumesServicesTestJSON-923315789-project-admin] http://10.222.0.31/volume/v3/a76cff0f11914e54abe1b773add6d090/volumes/4fe9b901-40e7-480f-b863-4166eb7fc528 returned with HTTP 200
Mar 23 23:48:54.346628 dv-cinder-749155-6-iscsi devstack@c-api.service[116729]: DEBUG cinder.api.middleware.request_id [None req-b34b371a-8927-4232-9836-d2a8993b1c99 None None] RequestId filter calling following filter/app {{(pid=116729) _context_setter /opt/stack/cinder/cinder/api/middleware/request_id.py:62}}
Mar 23 23:48:54.352064 dv-cinder-749155-6-iscsi devstack@c-api.service[116729]: INFO cinder.api.openstack.wsgi [None req-b34b371a-8927-4232-9836-d2a8993b1c99 tempest-VolumesServicesTestJSON-923315789 tempest-VolumesServicesTestJSON-923315789-project-admin] GET http://10.222.0.31/volume/v3/a76cff0f11914e54abe1b773add6d090/os-services?host=hv-cinder-74915&binary=cinder-volume
Mar 23 23:48:54.352697 dv-cinder-749155-6-iscsi devstack@c-api.service[116729]: DEBUG cinder.api.openstack.wsgi [None req-b34b371a-8927-4232-9836-d2a8993b1c99 tempest-VolumesServicesTestJSON-923315789 tempest-VolumesServicesTestJSON-923315789-project-admin] Empty body provided in request {{(pid=116729) get_body /opt/stack/cinder/cinder/api/openstack/wsgi.py:715}}
Mar 23 23:48:54.356877 dv-cinder-749155-6-iscsi devstack@c-api.service[116729]: DEBUG cinder.api.openstack.wsgi [None req-b34b371a-8927-4232-9836-d2a8993b1c99 tempest-VolumesServicesTestJSON-923315789 tempest-VolumesServicesTestJSON-923315789-project-admin] Calling method 'index' {{(pid=116729) _process_stack /opt/stack/cinder/cinder/api/openstack/wsgi.py:868}}
Mar 23 23:48:54.361561 dv-cinder-749155-6-iscsi devstack@c-api.service[116730]: [pid: 116730|app: 0|req: 27/55] 10.222.0.31 () {58 vars in 1324 bytes} [Wed Mar 23 23:48:54 2022] GET /volume/v3/a76cff0f11914e54abe1b773add6d090/volumes/4fe9b901-40e7-480f-b863-4166eb7fc528 => generated 1092 bytes in 232 msecs (HTTP/1.1 200) 7 headers in 286 bytes (1 switches on core 0)
Mar 23 23:48:54.397674 dv-cinder-749155-6-iscsi devstack@c-api.service[116729]: INFO cinder.api.openstack.wsgi [None req-b34b371a-8927-4232-9836-d2a8993b1c99 tempest-VolumesServicesTestJSON-923315789 tempest-VolumesServicesTestJSON-923315789-project-admin] http://10.222.0.31/volume/v3/a76cff0f11914e54abe1b773add6d090/os-services?host=hv-cinder-74915&binary=cinder-volume returned with HTTP 200
Mar 23 23:48:54.401063 dv-cinder-749155-6-iscsi devstack@c-api.service[116729]: [pid: 116729|app: 0|req: 29/56] 10.222.0.31 () {58 vars in 1308 bytes} [Wed Mar 23 23:48:54 2022] GET /volume/v3/a76cff0f11914e54abe1b773add6d090/os-services?host=hv-cinder-74915&binary=cinder-volume => generated 276 bytes in 55 msecs (HTTP/1.1 200) 7 headers in 285 bytes (1 switches on core 0)
Mar 23 23:48:54.409873 dv-cinder-749155-6-iscsi devstack@c-api.service[116730]: DEBUG cinder.api.middleware.request_id [None req-045e75e2-6cdb-4868-bfc0-ff2e466dcd16 None None] RequestId filter calling following filter/app {{(pid=116730) _context_setter /opt/stack/cinder/cinder/api/middleware/request_id.py:62}}
Mar 23 23:48:54.415916 dv-cinder-749155-6-iscsi devstack@c-api.service[116730]: INFO cinder.api.openstack.wsgi [None req-045e75e2-6cdb-4868-bfc0-ff2e466dcd16 tempest-VolumesServicesTestJSON-923315789 tempest-VolumesServicesTestJSON-923315789-project-admin] GET http://10.222.0.31/volume/v3/a76cff0f11914e54abe1b773add6d090/os-services
Mar 23 23:48:54.416377 dv-cinder-749155-6-iscsi devstack@c-api.service[116730]: DEBUG cinder.api.openstack.wsgi [None req-045e75e2-6cdb-4868-bfc0-ff2e466dcd16 tempest-VolumesServicesTestJSON-923315789 tempest-VolumesServicesTestJSON-923315789-project-admin] Empty body provided in request {{(pid=116730) get_body /opt/stack/cinder/cinder/api/openstack/wsgi.py:715}}
Mar 23 23:48:54.416841 dv-cinder-749155-6-iscsi devstack@c-api.service[116730]: DEBUG cinder.api.openstack.wsgi [None req-045e75e2-6cdb-4868-bfc0-ff2e466dcd16 tempest-VolumesServicesTestJSON-923315789 tempest-VolumesServicesTestJSON-923315789-project-admin] Calling method 'index' {{(pid=116730) _process_stack /opt/stack/cinder/cinder/api/openstack/wsgi.py:868}}
Mar 23 23:48:54.432931 dv-cinder-749155-6-iscsi devstack@c-api.service[116730]: INFO cinder.api.openstack.wsgi [None req-045e75e2-6cdb-4868-bfc0-ff2e466dcd16 tempest-VolumesServicesTestJSON-923315789 tempest-VolumesServicesTestJSON-923315789-project-admin] http://10.222.0.31/volume/v3/a76cff0f11914e54abe1b773add6d090/os-services returned with HTTP 200
Mar 23 23:48:54.457884 dv-cinder-749155-6-iscsi devstack@c-api.service[116729]: DEBUG cinder.api.middleware.request_id [None req-d3709d97-a2f0-4a40-b033-58ffd1bd1be8 None None] RequestId filter calling following filter/app {{(pid=116729) _context_setter /opt/stack/cinder/cinder/api/middleware/request_id.py:62}}
Mar 23 23:48:54.458475 dv-cinder-749155-6-iscsi devstack@c-api.service[116730]: [pid: 116730|app: 0|req: 28/57] 10.222.0.31 () {58 vars in 1225 bytes} [Wed Mar 23 23:48:54 2022] GET /volume/v3/a76cff0f11914e54abe1b773add6d090/os-services => generated 642 bytes in 50 msecs (HTTP/1.1 200) 7 headers in 285 bytes (1 switches on core 0)
Mar 23 23:48:54.462076 dv-cinder-749155-6-iscsi devstack@c-api.service[116729]: INFO cinder.api.openstack.wsgi [None req-d3709d97-a2f0-4a40-b033-58ffd1bd1be8 tempest-VolumesServicesTestJSON-1766064887 tempest-VolumesServicesTestJSON-1766064887-project] DELETE http://10.222.0.31/volume/v3/d8daf66ce39a409f95852d6669999f0f/volumes/4fe9b901-40e7-480f-b863-4166eb7fc528
Mar 23 23:48:54.462929 dv-cinder-749155-6-iscsi devstack@c-api.service[116729]: DEBUG cinder.api.openstack.wsgi [None req-d3709d97-a2f0-4a40-b033-58ffd1bd1be8 tempest-VolumesServicesTestJSON-1766064887 tempest-VolumesServicesTestJSON-1766064887-project] Empty body provided in request {{(pid=116729) get_body /opt/stack/cinder/cinder/api/openstack/wsgi.py:715}}
Mar 23 23:48:54.463569 dv-cinder-749155-6-iscsi devstack@c-api.service[116729]: DEBUG cinder.api.openstack.wsgi [None req-d3709d97-a2f0-4a40-b033-58ffd1bd1be8 tempest-VolumesServicesTestJSON-1766064887 tempest-VolumesServicesTestJSON-1766064887-project] Calling method 'delete' {{(pid=116729) _process_stack /opt/stack/cinder/cinder/api/openstack/wsgi.py:868}}
Mar 23 23:48:54.464149 dv-cinder-749155-6-iscsi devstack@c-api.service[116729]: INFO cinder.api.v3.volumes [None req-d3709d97-a2f0-4a40-b033-58ffd1bd1be8 tempest-VolumesServicesTestJSON-1766064887 tempest-VolumesServicesTestJSON-1766064887-project] Delete volume with id: 4fe9b901-40e7-480f-b863-4166eb7fc528
Mar 23 23:48:54.496660 dv-cinder-749155-6-iscsi devstack@c-api.service[116729]: /usr/local/lib/python3.8/dist-packages/oslo_context/context.py:100: DeprecationWarning: Policy enforcement is depending on the value of is_admin. This key is deprecated. Please update your policy file to use the standard policy values.
Mar 23 23:48:54.496660 dv-cinder-749155-6-iscsi devstack@c-api.service[116729]: warnings.warn('Policy enforcement is depending on the value of '
Mar 23 23:48:54.504221 dv-cinder-749155-6-iscsi devstack@c-api.service[116729]: INFO cinder.volume.api [None req-d3709d97-a2f0-4a40-b033-58ffd1bd1be8 tempest-VolumesServicesTestJSON-1766064887 tempest-VolumesServicesTestJSON-1766064887-project] Volume info retrieved successfully.
Mar 23 23:48:54.583110 dv-cinder-749155-6-iscsi devstack@c-api.service[116729]: INFO cinder.volume.api [None req-d3709d97-a2f0-4a40-b033-58ffd1bd1be8 tempest-VolumesServicesTestJSON-1766064887 tempest-VolumesServicesTestJSON-1766064887-project] Delete volume request issued successfully.
Mar 23 23:48:54.583967 dv-cinder-749155-6-iscsi devstack@c-api.service[116729]: INFO cinder.api.openstack.wsgi [None req-d3709d97-a2f0-4a40-b033-58ffd1bd1be8 tempest-VolumesServicesTestJSON-1766064887 tempest-VolumesServicesTestJSON-1766064887-project] http://10.222.0.31/volume/v3/d8daf66ce39a409f95852d6669999f0f/volumes/4fe9b901-40e7-480f-b863-4166eb7fc528 returned with HTTP 202
Mar 23 23:48:54.590958 dv-cinder-749155-6-iscsi devstack@c-api.service[116729]: [pid: 116729|app: 0|req: 30/58] 10.222.0.31 () {58 vars in 1327 bytes} [Wed Mar 23 23:48:54 2022] DELETE /volume/v3/d8daf66ce39a409f95852d6669999f0f/volumes/4fe9b901-40e7-480f-b863-4166eb7fc528 => generated 0 bytes in 134 msecs (HTTP/1.1 202) 6 headers in 233 bytes (1 switches on core 0)
Mar 23 23:48:54.591839 dv-cinder-749155-6-iscsi devstack@c-api.service[116730]: DEBUG cinder.api.middleware.request_id [None req-25d35468-32e3-4eda-befc-4f3853338b30 None None] RequestId filter calling following filter/app {{(pid=116730) _context_setter /opt/stack/cinder/cinder/api/middleware/request_id.py:62}}
Mar 23 23:48:54.595406 dv-cinder-749155-6-iscsi devstack@c-api.service[116730]: INFO cinder.api.openstack.wsgi [None req-25d35468-32e3-4eda-befc-4f3853338b30 tempest-VolumesServicesTestJSON-1766064887 tempest-VolumesServicesTestJSON-1766064887-project] GET http://10.222.0.31/volume/v3/d8daf66ce39a409f95852d6669999f0f/volumes/4fe9b901-40e7-480f-b863-4166eb7fc528
Mar 23 23:48:54.596164 dv-cinder-749155-6-iscsi devstack@c-api.service[116730]: DEBUG cinder.api.openstack.wsgi [None req-25d35468-32e3-4eda-befc-4f3853338b30 tempest-VolumesServicesTestJSON-1766064887 tempest-VolumesServicesTestJSON-1766064887-project] Empty body provided in request {{(pid=116730) get_body /opt/stack/cinder/cinder/api/openstack/wsgi.py:715}}
Mar 23 23:48:54.596868 dv-cinder-749155-6-iscsi devstack@c-api.service[116730]: DEBUG cinder.api.openstack.wsgi [None req-25d35468-32e3-4eda-befc-4f3853338b30 tempest-VolumesServicesTestJSON-1766064887 tempest-VolumesServicesTestJSON-1766064887-project] Calling method 'show' {{(pid=116730) _process_stack /opt/stack/cinder/cinder/api/openstack/wsgi.py:868}}
Mar 23 23:48:54.643482 dv-cinder-749155-6-iscsi devstack@c-api.service[116730]: /usr/local/lib/python3.8/dist-packages/oslo_context/context.py:100: DeprecationWarning: Policy enforcement is depending on the value of is_admin. This key is deprecated. Please update your policy file to use the standard policy values.
Mar 23 23:48:54.643482 dv-cinder-749155-6-iscsi devstack@c-api.service[116730]: warnings.warn('Policy enforcement is depending on the value of '
Mar 23 23:48:54.655768 dv-cinder-749155-6-iscsi devstack@c-api.service[116729]: DEBUG cinder.api.middleware.request_id [None req-3d13a4e7-1511-44fc-b561-2a7fa3fd2865 None None] RequestId filter calling following filter/app {{(pid=116729) _context_setter /opt/stack/cinder/cinder/api/middleware/request_id.py:62}}
Mar 23 23:48:54.664852 dv-cinder-749155-6-iscsi devstack@c-api.service[116730]: INFO cinder.volume.api [None req-25d35468-32e3-4eda-befc-4f3853338b30 tempest-VolumesServicesTestJSON-1766064887 tempest-VolumesServicesTestJSON-1766064887-project] Volume info retrieved successfully.
Mar 23 23:48:54.697221 dv-cinder-749155-6-iscsi devstack@c-api.service[116730]: INFO cinder.api.openstack.wsgi [None req-25d35468-32e3-4eda-befc-4f3853338b30 tempest-VolumesServicesTestJSON-1766064887 tempest-VolumesServicesTestJSON-1766064887-project] http://10.222.0.31/volume/v3/d8daf66ce39a409f95852d6669999f0f/volumes/4fe9b901-40e7-480f-b863-4166eb7fc528 returned with HTTP 200
Mar 23 23:48:54.709232 dv-cinder-749155-6-iscsi devstack@c-api.service[116730]: [pid: 116730|app: 0|req: 29/59] 10.222.0.31 () {58 vars in 1324 bytes} [Wed Mar 23 23:48:54 2022] GET /volume/v3/d8daf66ce39a409f95852d6669999f0f/volumes/4fe9b901-40e7-480f-b863-4166eb7fc528 => generated 915 bytes in 118 msecs (HTTP/1.1 200) 7 headers in 285 bytes (1 switches on core 0)
Mar 23 23:48:55.090158 dv-cinder-749155-6-iscsi devstack@c-api.service[116730]: DEBUG cinder.api.middleware.request_id [None req-c7af539c-c82b-45a0-9434-4fa29a7806ca None None] RequestId filter calling following filter/app {{(pid=116730) _context_setter /opt/stack/cinder/cinder/api/middleware/request_id.py:62}}
Mar 23 23:48:55.306639 dv-cinder-749155-6-iscsi devstack@c-api.service[116729]: INFO cinder.api.openstack.wsgi [None req-3d13a4e7-1511-44fc-b561-2a7fa3fd2865 tempest-VolumeQuotaClassesTest-315461724 tempest-VolumeQuotaClassesTest-315461724-project-admin] GET http://10.222.0.31/volume/v3/a71ccb3da07d44c6b7c8455080067397/os-quota-class-sets/default
Mar 23 23:48:55.307380 dv-cinder-749155-6-iscsi devstack@c-api.service[116729]: DEBUG cinder.api.openstack.wsgi [None req-3d13a4e7-1511-44fc-b561-2a7fa3fd2865 tempest-VolumeQuotaClassesTest-315461724 tempest-VolumeQuotaClassesTest-315461724-project-admin] Empty body provided in request {{(pid=116729) get_body /opt/stack/cinder/cinder/api/openstack/wsgi.py:715}}
Mar 23 23:48:55.307951 dv-cinder-749155-6-iscsi devstack@c-api.service[116729]: DEBUG cinder.api.openstack.wsgi [None req-3d13a4e7-1511-44fc-b561-2a7fa3fd2865 tempest-VolumeQuotaClassesTest-315461724 tempest-VolumeQuotaClassesTest-315461724-project-admin] Calling method 'show' {{(pid=116729) _process_stack /opt/stack/cinder/cinder/api/openstack/wsgi.py:868}}
Mar 23 23:48:55.422538 dv-cinder-749155-6-iscsi devstack@c-api.service[116729]: INFO cinder.api.openstack.wsgi [None req-3d13a4e7-1511-44fc-b561-2a7fa3fd2865 tempest-VolumeQuotaClassesTest-315461724 tempest-VolumeQuotaClassesTest-315461724-project-admin] http://10.222.0.31/volume/v3/a71ccb3da07d44c6b7c8455080067397/os-quota-class-sets/default returned with HTTP 200
Mar 23 23:48:55.425880 dv-cinder-749155-6-iscsi devstack@c-api.service[116729]: [pid: 116729|app: 0|req: 31/60] 10.222.0.31 () {58 vars in 1273 bytes} [Wed Mar 23 23:48:54 2022] GET /volume/v3/a71ccb3da07d44c6b7c8455080067397/os-quota-class-sets/default => generated 342 bytes in 771 msecs (HTTP/1.1 200) 7 headers in 285 bytes (1 switches on core 0)
Mar 23 23:48:55.434306 dv-cinder-749155-6-iscsi devstack@c-api.service[116729]: DEBUG cinder.api.middleware.request_id [None req-40a6ec2f-1788-430a-bb6a-f5dddf471d60 None None] RequestId filter calling following filter/app {{(pid=116729) _context_setter /opt/stack/cinder/cinder/api/middleware/request_id.py:62}}
Mar 23 23:48:55.445500 dv-cinder-749155-6-iscsi devstack@c-api.service[116729]: INFO cinder.api.openstack.wsgi [None req-40a6ec2f-1788-430a-bb6a-f5dddf471d60 tempest-VolumeQuotaClassesTest-315461724 tempest-VolumeQuotaClassesTest-315461724-project-admin] GET http://10.222.0.31/volume/v3/a71ccb3da07d44c6b7c8455080067397/os-quota-class-sets/default
Mar 23 23:48:55.446432 dv-cinder-749155-6-iscsi devstack@c-api.service[116729]: DEBUG cinder.api.openstack.wsgi [None req-40a6ec2f-1788-430a-bb6a-f5dddf471d60 tempest-VolumeQuotaClassesTest-315461724 tempest-VolumeQuotaClassesTest-315461724-project-admin] Empty body provided in request {{(pid=116729) get_body /opt/stack/cinder/cinder/api/openstack/wsgi.py:715}}
Mar 23 23:48:55.449751 dv-cinder-749155-6-iscsi devstack@c-api.service[116729]: DEBUG cinder.api.openstack.wsgi [None req-40a6ec2f-1788-430a-bb6a-f5dddf471d60 tempest-VolumeQuotaClassesTest-315461724 tempest-VolumeQuotaClassesTest-315461724-project-admin] Calling method 'show' {{(pid=116729) _process_stack /opt/stack/cinder/cinder/api/openstack/wsgi.py:868}}
Mar 23 23:48:55.529154 dv-cinder-749155-6-iscsi devstack@c-api.service[116730]: INFO cinder.api.openstack.wsgi [None req-c7af539c-c82b-45a0-9434-4fa29a7806ca tempest-GroupTypeSpecsTest-67643066 tempest-GroupTypeSpecsTest-67643066-project-admin] POST http://10.222.0.31/volume/v3/090aa6c4cef547da94b5902dcd5b5f78/group_types
Mar 23 23:48:55.530077 dv-cinder-749155-6-iscsi devstack@c-api.service[116730]: DEBUG cinder.api.openstack.wsgi [None req-c7af539c-c82b-45a0-9434-4fa29a7806ca tempest-GroupTypeSpecsTest-67643066 tempest-GroupTypeSpecsTest-67643066-project-admin] Action: 'create', calling method: version_select, body: {"group_type": {"name": "tempest-GroupTypeSpecsTest-group-type-1493429963"}} {{(pid=116730) _process_stack /opt/stack/cinder/cinder/api/openstack/wsgi.py:866}}
Mar 23 23:48:55.533809 dv-cinder-749155-6-iscsi devstack@c-api.service[116729]: INFO cinder.api.openstack.wsgi [None req-40a6ec2f-1788-430a-bb6a-f5dddf471d60 tempest-VolumeQuotaClassesTest-315461724 tempest-VolumeQuotaClassesTest-315461724-project-admin] http://10.222.0.31/volume/v3/a71ccb3da07d44c6b7c8455080067397/os-quota-class-sets/default returned with HTTP 200
Mar 23 23:48:55.544035 dv-cinder-749155-6-iscsi devstack@c-api.service[116729]: [pid: 116729|app: 0|req: 32/61] 10.222.0.31 () {58 vars in 1273 bytes} [Wed Mar 23 23:48:55 2022] GET /volume/v3/a71ccb3da07d44c6b7c8455080067397/os-quota-class-sets/default => generated 342 bytes in 107 msecs (HTTP/1.1 200) 7 headers in 285 bytes (1 switches on core 0)
Mar 23 23:48:55.546800 dv-cinder-749155-6-iscsi devstack@c-api.service[116729]: DEBUG cinder.api.middleware.request_id [None req-719dd2aa-48b2-410c-b4f3-2a406ff612d3 None None] RequestId filter calling following filter/app {{(pid=116729) _context_setter /opt/stack/cinder/cinder/api/middleware/request_id.py:62}}
Mar 23 23:48:55.569581 dv-cinder-749155-6-iscsi devstack@c-api.service[116729]: INFO cinder.api.openstack.wsgi [None req-719dd2aa-48b2-410c-b4f3-2a406ff612d3 tempest-VolumeQuotaClassesTest-315461724 tempest-VolumeQuotaClassesTest-315461724-project-admin] POST http://10.222.0.31/volume/v3/a71ccb3da07d44c6b7c8455080067397/types
Mar 23 23:48:55.570551 dv-cinder-749155-6-iscsi devstack@c-api.service[116729]: DEBUG cinder.api.openstack.wsgi [None req-719dd2aa-48b2-410c-b4f3-2a406ff612d3 tempest-VolumeQuotaClassesTest-315461724 tempest-VolumeQuotaClassesTest-315461724-project-admin] Action: 'create', calling method: _create, body: {"volume_type": {"name": "tempest-VolumeQuotaClassesTest-volume-type-1280866117"}} {{(pid=116729) _process_stack /opt/stack/cinder/cinder/api/openstack/wsgi.py:866}}
Mar 23 23:48:55.583839 dv-cinder-749155-6-iscsi devstack@c-api.service[116730]: INFO cinder.api.openstack.wsgi [None req-c7af539c-c82b-45a0-9434-4fa29a7806ca tempest-GroupTypeSpecsTest-67643066 tempest-GroupTypeSpecsTest-67643066-project-admin] http://10.222.0.31/volume/v3/090aa6c4cef547da94b5902dcd5b5f78/group_types returned with HTTP 202
Mar 23 23:48:55.595571 dv-cinder-749155-6-iscsi devstack@c-api.service[116730]: [pid: 116730|app: 0|req: 30/62] 10.222.0.31 () {62 vars in 1287 bytes} [Wed Mar 23 23:48:55 2022] POST /volume/v3/090aa6c4cef547da94b5902dcd5b5f78/group_types => generated 181 bytes in 505 msecs (HTTP/1.1 202) 7 headers in 292 bytes (1 switches on core 0)
Mar 23 23:48:55.597684 dv-cinder-749155-6-iscsi devstack@c-api.service[116730]: DEBUG cinder.api.middleware.request_id [None req-17cdb0fc-257f-45b2-81f8-b07d17e021b2 None None] RequestId filter calling following filter/app {{(pid=116730) _context_setter /opt/stack/cinder/cinder/api/middleware/request_id.py:62}}
Mar 23 23:48:55.609203 dv-cinder-749155-6-iscsi devstack@c-api.service[116730]: INFO cinder.api.openstack.wsgi [None req-17cdb0fc-257f-45b2-81f8-b07d17e021b2 tempest-GroupTypeSpecsTest-67643066 tempest-GroupTypeSpecsTest-67643066-project-admin] POST http://10.222.0.31/volume/v3/090aa6c4cef547da94b5902dcd5b5f78/group_types/a22af73b-8d02-4e58-99fe-8a3c13f10cbc/group_specs
Mar 23 23:48:55.610557 dv-cinder-749155-6-iscsi devstack@c-api.service[116730]: DEBUG cinder.api.openstack.wsgi [None req-17cdb0fc-257f-45b2-81f8-b07d17e021b2 tempest-GroupTypeSpecsTest-67643066 tempest-GroupTypeSpecsTest-67643066-project-admin] Action: 'create', calling method: version_select, body: {"group_specs": {"key1": "value1", "key2": "value2"}} {{(pid=116730) _process_stack /opt/stack/cinder/cinder/api/openstack/wsgi.py:866}}
Mar 23 23:48:55.632131 dv-cinder-749155-6-iscsi devstack@c-api.service[116729]: INFO cinder.api.openstack.wsgi [None req-719dd2aa-48b2-410c-b4f3-2a406ff612d3 tempest-VolumeQuotaClassesTest-315461724 tempest-VolumeQuotaClassesTest-315461724-project-admin] http://10.222.0.31/volume/v3/a71ccb3da07d44c6b7c8455080067397/types returned with HTTP 200
Mar 23 23:48:55.636052 dv-cinder-749155-6-iscsi devstack@c-api.service[116729]: [pid: 116729|app: 0|req: 33/63] 10.222.0.31 () {60 vars in 1228 bytes} [Wed Mar 23 23:48:55 2022] POST /volume/v3/a71ccb3da07d44c6b7c8455080067397/types => generated 228 bytes in 91 msecs (HTTP/1.1 200) 7 headers in 285 bytes (1 switches on core 0)
Mar 23 23:48:55.643117 dv-cinder-749155-6-iscsi devstack@c-api.service[116729]: DEBUG cinder.api.middleware.request_id [None req-4cb1b531-5b69-499f-b8fc-730acbc31908 None None] RequestId filter calling following filter/app {{(pid=116729) _context_setter /opt/stack/cinder/cinder/api/middleware/request_id.py:62}}
Mar 23 23:48:55.654505 dv-cinder-749155-6-iscsi devstack@c-api.service[116729]: INFO cinder.api.openstack.wsgi [None req-4cb1b531-5b69-499f-b8fc-730acbc31908 tempest-VolumeQuotaClassesTest-315461724 tempest-VolumeQuotaClassesTest-315461724-project-admin] PUT http://10.222.0.31/volume/v3/a71ccb3da07d44c6b7c8455080067397/os-quota-class-sets/default
Mar 23 23:48:55.658250 dv-cinder-749155-6-iscsi devstack@c-api.service[116729]: DEBUG cinder.api.openstack.wsgi [None req-4cb1b531-5b69-499f-b8fc-730acbc31908 tempest-VolumeQuotaClassesTest-315461724 tempest-VolumeQuotaClassesTest-315461724-project-admin] Action: 'update', calling method: update, body: {"quota_class_set": {"volumes": 11, "per_volume_gigabytes": -1, "snapshots": 11, "gigabytes": 1001, "backups": 11, "backup_gigabytes": 1001, "volumes_tempest-VolumeQuotaClassesTest-volume-type-1280866117": 7, "snapshots_tempest-VolumeQuotaClassesTest-volume-type-1280866117": 2, "gigabytes_tempest-VolumeQuotaClassesTest-volume-type-1280866117": 1}} {{(pid=116729) _process_stack /opt/stack/cinder/cinder/api/openstack/wsgi.py:866}}
Mar 23 23:48:55.677754 dv-cinder-749155-6-iscsi devstack@c-api.service[116730]: INFO cinder.api.openstack.wsgi [None req-17cdb0fc-257f-45b2-81f8-b07d17e021b2 tempest-GroupTypeSpecsTest-67643066 tempest-GroupTypeSpecsTest-67643066-project-admin] http://10.222.0.31/volume/v3/090aa6c4cef547da94b5902dcd5b5f78/group_types/a22af73b-8d02-4e58-99fe-8a3c13f10cbc/group_specs returned with HTTP 202
Mar 23 23:48:55.683864 dv-cinder-749155-6-iscsi devstack@c-api.service[116730]: [pid: 116730|app: 0|req: 31/64] 10.222.0.31 () {62 vars in 1434 bytes} [Wed Mar 23 23:48:55 2022] POST /volume/v3/090aa6c4cef547da94b5902dcd5b5f78/group_types/a22af73b-8d02-4e58-99fe-8a3c13f10cbc/group_specs => generated 53 bytes in 87 msecs (HTTP/1.1 202) 7 headers in 291 bytes (1 switches on core 0)
Mar 23 23:48:55.687064 dv-cinder-749155-6-iscsi devstack@c-api.service[116730]: DEBUG cinder.api.middleware.request_id [None req-82e6f56c-8d02-4de0-b635-a434f5c20c75 None None] RequestId filter calling following filter/app {{(pid=116730) _context_setter /opt/stack/cinder/cinder/api/middleware/request_id.py:62}}
Mar 23 23:48:55.699043 dv-cinder-749155-6-iscsi devstack@c-api.service[116730]: INFO cinder.api.openstack.wsgi [None req-82e6f56c-8d02-4de0-b635-a434f5c20c75 tempest-GroupTypeSpecsTest-67643066 tempest-GroupTypeSpecsTest-67643066-project-admin] POST http://10.222.0.31/volume/v3/090aa6c4cef547da94b5902dcd5b5f78/group_types/a22af73b-8d02-4e58-99fe-8a3c13f10cbc/group_specs
Mar 23 23:48:55.703832 dv-cinder-749155-6-iscsi devstack@c-api.service[116730]: DEBUG cinder.api.openstack.wsgi [None req-82e6f56c-8d02-4de0-b635-a434f5c20c75 tempest-GroupTypeSpecsTest-67643066 tempest-GroupTypeSpecsTest-67643066-project-admin] Action: 'create', calling method: version_select, body: {"group_specs": {"key2": "value2-updated", "key3": "value3"}} {{(pid=116730) _process_stack /opt/stack/cinder/cinder/api/openstack/wsgi.py:866}}
Mar 23 23:48:55.764555 dv-cinder-749155-6-iscsi devstack@c-api.service[116730]: INFO cinder.api.openstack.wsgi [None req-82e6f56c-8d02-4de0-b635-a434f5c20c75 tempest-GroupTypeSpecsTest-67643066 tempest-GroupTypeSpecsTest-67643066-project-admin] http://10.222.0.31/volume/v3/090aa6c4cef547da94b5902dcd5b5f78/group_types/a22af73b-8d02-4e58-99fe-8a3c13f10cbc/group_specs returned with HTTP 202
Mar 23 23:48:55.770758 dv-cinder-749155-6-iscsi devstack@c-api.service[116730]: [pid: 116730|app: 0|req: 32/65] 10.222.0.31 () {62 vars in 1434 bytes} [Wed Mar 23 23:48:55 2022] POST /volume/v3/090aa6c4cef547da94b5902dcd5b5f78/group_types/a22af73b-8d02-4e58-99fe-8a3c13f10cbc/group_specs => generated 61 bytes in 86 msecs (HTTP/1.1 202) 7 headers in 291 bytes (1 switches on core 0)
Mar 23 23:48:55.774167 dv-cinder-749155-6-iscsi devstack@c-api.service[116730]: DEBUG cinder.api.middleware.request_id [None req-c414f5aa-e9ac-4757-8afb-0a6030373759 None None] RequestId filter calling following filter/app {{(pid=116730) _context_setter /opt/stack/cinder/cinder/api/middleware/request_id.py:62}}
Mar 23 23:48:55.787019 dv-cinder-749155-6-iscsi devstack@c-api.service[116730]: INFO cinder.api.openstack.wsgi [None req-c414f5aa-e9ac-4757-8afb-0a6030373759 tempest-VolumesServicesTestJSON-1766064887 tempest-VolumesServicesTestJSON-1766064887-project] GET http://10.222.0.31/volume/v3/d8daf66ce39a409f95852d6669999f0f/volumes/4fe9b901-40e7-480f-b863-4166eb7fc528
Mar 23 23:48:55.787872 dv-cinder-749155-6-iscsi devstack@c-api.service[116730]: DEBUG cinder.api.openstack.wsgi [None req-c414f5aa-e9ac-4757-8afb-0a6030373759 tempest-VolumesServicesTestJSON-1766064887 tempest-VolumesServicesTestJSON-1766064887-project] Empty body provided in request {{(pid=116730) get_body /opt/stack/cinder/cinder/api/openstack/wsgi.py:715}}
Mar 23 23:48:55.789807 dv-cinder-749155-6-iscsi devstack@c-api.service[116730]: DEBUG cinder.api.openstack.wsgi [None req-c414f5aa-e9ac-4757-8afb-0a6030373759 tempest-VolumesServicesTestJSON-1766064887 tempest-VolumesServicesTestJSON-1766064887-project] Calling method 'show' {{(pid=116730) _process_stack /opt/stack/cinder/cinder/api/openstack/wsgi.py:868}}
Mar 23 23:48:55.850687 dv-cinder-749155-6-iscsi devstack@c-api.service[116730]: INFO cinder.api.openstack.wsgi [None req-c414f5aa-e9ac-4757-8afb-0a6030373759 tempest-VolumesServicesTestJSON-1766064887 tempest-VolumesServicesTestJSON-1766064887-project] http://10.222.0.31/volume/v3/d8daf66ce39a409f95852d6669999f0f/volumes/4fe9b901-40e7-480f-b863-4166eb7fc528 returned with HTTP 404
Mar 23 23:48:55.870686 dv-cinder-749155-6-iscsi devstack@c-api.service[116730]: [pid: 116730|app: 0|req: 33/66] 10.222.0.31 () {58 vars in 1324 bytes} [Wed Mar 23 23:48:55 2022] GET /volume/v3/d8daf66ce39a409f95852d6669999f0f/volumes/4fe9b901-40e7-480f-b863-4166eb7fc528 => generated 109 bytes in 99 msecs (HTTP/1.1 404) 7 headers in 292 bytes (1 switches on core 0)
Mar 23 23:48:55.872233 dv-cinder-749155-6-iscsi devstack@c-api.service[116730]: DEBUG cinder.api.middleware.request_id [None req-8e93af74-0a0b-42ec-a06a-9a13932a2484 None None] RequestId filter calling following filter/app {{(pid=116730) _context_setter /opt/stack/cinder/cinder/api/middleware/request_id.py:62}}
Mar 23 23:48:55.887931 dv-cinder-749155-6-iscsi devstack@c-api.service[116730]: INFO cinder.api.openstack.wsgi [None req-8e93af74-0a0b-42ec-a06a-9a13932a2484 tempest-GroupTypeSpecsTest-67643066 tempest-GroupTypeSpecsTest-67643066-project-admin] GET http://10.222.0.31/volume/v3/090aa6c4cef547da94b5902dcd5b5f78/group_types/a22af73b-8d02-4e58-99fe-8a3c13f10cbc/group_specs/key2
Mar 23 23:48:55.889998 dv-cinder-749155-6-iscsi devstack@c-api.service[116730]: DEBUG cinder.api.openstack.wsgi [None req-8e93af74-0a0b-42ec-a06a-9a13932a2484 tempest-GroupTypeSpecsTest-67643066 tempest-GroupTypeSpecsTest-67643066-project-admin] Empty body provided in request {{(pid=116730) get_body /opt/stack/cinder/cinder/api/openstack/wsgi.py:715}}
Mar 23 23:48:55.890486 dv-cinder-749155-6-iscsi devstack@c-api.service[116730]: DEBUG cinder.api.openstack.wsgi [None req-8e93af74-0a0b-42ec-a06a-9a13932a2484 tempest-GroupTypeSpecsTest-67643066 tempest-GroupTypeSpecsTest-67643066-project-admin] Calling method 'version_select' {{(pid=116730) _process_stack /opt/stack/cinder/cinder/api/openstack/wsgi.py:868}}
Mar 23 23:48:55.943249 dv-cinder-749155-6-iscsi devstack@c-api.service[116730]: INFO cinder.api.openstack.wsgi [None req-8e93af74-0a0b-42ec-a06a-9a13932a2484 tempest-GroupTypeSpecsTest-67643066 tempest-GroupTypeSpecsTest-67643066-project-admin] http://10.222.0.31/volume/v3/090aa6c4cef547da94b5902dcd5b5f78/group_types/a22af73b-8d02-4e58-99fe-8a3c13f10cbc/group_specs/key2 returned with HTTP 200
Mar 23 23:48:55.946552 dv-cinder-749155-6-iscsi devstack@c-api.service[116730]: [pid: 116730|app: 0|req: 34/67] 10.222.0.31 () {60 vars in 1428 bytes} [Wed Mar 23 23:48:55 2022] GET /volume/v3/090aa6c4cef547da94b5902dcd5b5f78/group_types/a22af73b-8d02-4e58-99fe-8a3c13f10cbc/group_specs/key2 => generated 26 bytes in 75 msecs (HTTP/1.1 200) 7 headers in 285 bytes (1 switches on core 0)
Mar 23 23:48:55.952764 dv-cinder-749155-6-iscsi devstack@c-api.service[116730]: DEBUG cinder.api.middleware.request_id [None req-ba87ab2c-3184-49b3-8630-c24f7a3f707e None None] RequestId filter calling following filter/app {{(pid=116730) _context_setter /opt/stack/cinder/cinder/api/middleware/request_id.py:62}}
Mar 23 23:48:55.965655 dv-cinder-749155-6-iscsi devstack@c-api.service[116730]: INFO cinder.api.openstack.wsgi [None req-ba87ab2c-3184-49b3-8630-c24f7a3f707e tempest-GroupTypeSpecsTest-67643066 tempest-GroupTypeSpecsTest-67643066-project-admin] GET http://10.222.0.31/volume/v3/090aa6c4cef547da94b5902dcd5b5f78/group_types/a22af73b-8d02-4e58-99fe-8a3c13f10cbc/group_specs/key3
Mar 23 23:48:55.966401 dv-cinder-749155-6-iscsi devstack@c-api.service[116730]: DEBUG cinder.api.openstack.wsgi [None req-ba87ab2c-3184-49b3-8630-c24f7a3f707e tempest-GroupTypeSpecsTest-67643066 tempest-GroupTypeSpecsTest-67643066-project-admin] Empty body provided in request {{(pid=116730) get_body /opt/stack/cinder/cinder/api/openstack/wsgi.py:715}}
Mar 23 23:48:55.967318 dv-cinder-749155-6-iscsi devstack@c-api.service[116730]: DEBUG cinder.api.openstack.wsgi [None req-ba87ab2c-3184-49b3-8630-c24f7a3f707e tempest-GroupTypeSpecsTest-67643066 tempest-GroupTypeSpecsTest-67643066-project-admin] Calling method 'version_select' {{(pid=116730) _process_stack /opt/stack/cinder/cinder/api/openstack/wsgi.py:868}}
Mar 23 23:48:56.004307 dv-cinder-749155-6-iscsi devstack@c-api.service[116730]: INFO cinder.api.openstack.wsgi [None req-ba87ab2c-3184-49b3-8630-c24f7a3f707e tempest-GroupTypeSpecsTest-67643066 tempest-GroupTypeSpecsTest-67643066-project-admin] http://10.222.0.31/volume/v3/090aa6c4cef547da94b5902dcd5b5f78/group_types/a22af73b-8d02-4e58-99fe-8a3c13f10cbc/group_specs/key3 returned with HTTP 200
Mar 23 23:48:56.009187 dv-cinder-749155-6-iscsi devstack@c-api.service[116730]: [pid: 116730|app: 0|req: 35/68] 10.222.0.31 () {60 vars in 1428 bytes} [Wed Mar 23 23:48:55 2022] GET /volume/v3/090aa6c4cef547da94b5902dcd5b5f78/group_types/a22af73b-8d02-4e58-99fe-8a3c13f10cbc/group_specs/key3 => generated 18 bytes in 58 msecs (HTTP/1.1 200) 7 headers in 285 bytes (1 switches on core 0)
Mar 23 23:48:56.020871 dv-cinder-749155-6-iscsi devstack@c-api.service[116730]: DEBUG cinder.api.middleware.request_id [None req-cc9aa491-3d8d-4ab3-a121-9a38f9c0215c None None] RequestId filter calling following filter/app {{(pid=116730) _context_setter /opt/stack/cinder/cinder/api/middleware/request_id.py:62}}
Mar 23 23:48:56.046326 dv-cinder-749155-6-iscsi devstack@c-api.service[116730]: INFO cinder.api.openstack.wsgi [None req-cc9aa491-3d8d-4ab3-a121-9a38f9c0215c tempest-GroupTypeSpecsTest-67643066 tempest-GroupTypeSpecsTest-67643066-project-admin] PUT http://10.222.0.31/volume/v3/090aa6c4cef547da94b5902dcd5b5f78/group_types/a22af73b-8d02-4e58-99fe-8a3c13f10cbc/group_specs/key3
Mar 23 23:48:56.046929 dv-cinder-749155-6-iscsi devstack@c-api.service[116730]: DEBUG cinder.api.openstack.wsgi [None req-cc9aa491-3d8d-4ab3-a121-9a38f9c0215c tempest-GroupTypeSpecsTest-67643066 tempest-GroupTypeSpecsTest-67643066-project-admin] Action: 'update', calling method: version_select, body: {"key3": "value3-updated"} {{(pid=116730) _process_stack /opt/stack/cinder/cinder/api/openstack/wsgi.py:866}}
Mar 23 23:48:56.087349 dv-cinder-749155-6-iscsi devstack@c-api.service[116729]: INFO cinder.api.openstack.wsgi [None req-4cb1b531-5b69-499f-b8fc-730acbc31908 tempest-VolumeQuotaClassesTest-315461724 tempest-VolumeQuotaClassesTest-315461724-project-admin] http://10.222.0.31/volume/v3/a71ccb3da07d44c6b7c8455080067397/os-quota-class-sets/default returned with HTTP 200
Mar 23 23:48:56.089126 dv-cinder-749155-6-iscsi devstack@c-api.service[116729]: [pid: 116729|app: 0|req: 34/69] 10.222.0.31 () {60 vars in 1294 bytes} [Wed Mar 23 23:48:55 2022] PUT /volume/v3/a71ccb3da07d44c6b7c8455080067397/os-quota-class-sets/default => generated 533 bytes in 447 msecs (HTTP/1.1 200) 7 headers in 285 bytes (1 switches on core 0)
Mar 23 23:48:56.095492 dv-cinder-749155-6-iscsi devstack@c-api.service[116730]: INFO cinder.api.openstack.wsgi [None req-cc9aa491-3d8d-4ab3-a121-9a38f9c0215c tempest-GroupTypeSpecsTest-67643066 tempest-GroupTypeSpecsTest-67643066-project-admin] http://10.222.0.31/volume/v3/090aa6c4cef547da94b5902dcd5b5f78/group_types/a22af73b-8d02-4e58-99fe-8a3c13f10cbc/group_specs/key3 returned with HTTP 200
