Mar 23 23:49:32.447763 dv-cinder-749155-6-iscsi devstack@c-api.service[116729]: DEBUG cinder.volume.api [None req-4d858e2b-1b27-4aea-a056-508c63223ee8 tempest-VolumeRetypeWithoutMigrationTest-1038959696 tempest-VolumeRetypeWithoutMigrationTest-1038959696-project] Task 'cinder.volume.flows.api.create_volume.EntryCreateTask;volume:create' (bcec0a32-45bd-493f-b45a-54d74eb6b5c9) transitioned into state 'SUCCESS' from state 'RUNNING' with result '{'volume_id': '4620a94b-07f3-4f54-867c-3ee3c373ae38', 'volume_properties': VolumeProperties(attach_status='detached',availability_zone='nova',cgsnapshot_id=None,consistencygroup_id=None,display_description=None,display_name='tempest-VolumeRetypeWithoutMigrationTest-Volume-1394549897',encryption_key_id=None,group_id=None,group_type_id=,metadata={},multiattach=False,project_id='f89047fc2efa44d8abaf2f9a15e59245',qos_specs=None,replication_status=,reservations=['61a54225-426d-4069-b925-29239686cd71','f0d33518-e6d4-4520-8c00-250e0f2bc665','f494007a-c6f5-4e94-8485-f0260ce212ce','6790a803-1247-47dc-ae50-7fcf64667986'],size=1,snapshot_id=None,source_replicaid=,source_volid=None,status='creating',user_id='4bd63a107f4a44208d97612fa29d17eb',volume_type_id=57aa10af-4c03-4582-803f-9cfd2b200129), 'volume': Volume(_name_id=None,admin_metadata=,attach_status='detached',availability_zone='nova',bootable=False,cluster=,cluster_name=None,consistencygroup=,consistencygroup_id=None,created_at=2022-03-23T23:49:32Z,deleted=False,deleted_at=None,display_description=None,display_name='tempest-VolumeRetypeWithoutMigrationTest-Volume-1394549897',ec2_id=None,encryption_key_id=None,glance_metadata=,group=,group_id=None,host=None,id=4620a94b-07f3-4f54-867c-3ee3c373ae38,launched_at=None,metadata={},migration_status=None,multiattach=False,previous_status=None,project_id='f89047fc2efa44d8abaf2f9a15e59245',provider_auth=None,provider_geometry=None,provider_id=None,provider_location=None,replication_driver_data=None,replication_extended_status=None,replication_status=None,scheduled_at=None,service_uuid=None,shared_targets=True,size=1,snapshot_id=None,snapshots=,source_volid=None,status='creating',terminated_at=None,updated_at=None,use_quota=True,user_id='4bd63a107f4a44208d97612fa29d17eb',volume_attachment=VolumeAttachmentList,volume_type=VolumeType(57aa10af-4c03-4582-803f-9cfd2b200129),volume_type_id=57aa10af-4c03-4582-803f-9cfd2b200129)}' {{(pid=116729) _task_receiver /usr/local/lib/python3.8/dist-packages/taskflow/listeners/logging.py:178}}
Mar 23 23:49:32.449717 dv-cinder-749155-6-iscsi devstack@c-api.service[116729]: DEBUG cinder.volume.api [None req-4d858e2b-1b27-4aea-a056-508c63223ee8 tempest-VolumeRetypeWithoutMigrationTest-1038959696 tempest-VolumeRetypeWithoutMigrationTest-1038959696-project] Task 'cinder.volume.flows.api.create_volume.QuotaCommitTask;volume:create' (64f4925a-f653-4907-b1eb-763c19aef5e4) transitioned into state 'RUNNING' from state 'PENDING' {{(pid=116729) _task_receiver /usr/local/lib/python3.8/dist-packages/taskflow/listeners/logging.py:190}}
Mar 23 23:49:32.455391 dv-cinder-749155-6-iscsi devstack@c-api.service[116730]: /usr/local/lib/python3.8/dist-packages/oslo_context/context.py:100: DeprecationWarning: Policy enforcement is depending on the value of is_admin. This key is deprecated. Please update your policy file to use the standard policy values.
Mar 23 23:49:32.455391 dv-cinder-749155-6-iscsi devstack@c-api.service[116730]: warnings.warn('Policy enforcement is depending on the value of '
Mar 23 23:49:32.463822 dv-cinder-749155-6-iscsi devstack@c-api.service[116730]: INFO cinder.volume.api [None req-05c59342-b419-4ad3-acf7-f7cc129d57f6 tempest-VolumesTransfersV355Test-206640669 tempest-VolumesTransfersV355Test-206640669-project] Volume info retrieved successfully.
Mar 23 23:49:32.473588 dv-cinder-749155-6-iscsi devstack@c-api.service[116730]: INFO cinder.api.openstack.wsgi [None req-05c59342-b419-4ad3-acf7-f7cc129d57f6 tempest-VolumesTransfersV355Test-206640669 tempest-VolumesTransfersV355Test-206640669-project] http://10.222.0.31/volume/v3/3eda4f5efdbf4057beeee16eb3771b02/volumes/7ded53da-a5ea-49c7-9d58-6336917b13b1 returned with HTTP 200
Mar 23 23:49:32.474333 dv-cinder-749155-6-iscsi devstack@c-api.service[116730]: [pid: 116730|app: 0|req: 173/321] 10.222.0.31 () {60 vars in 1365 bytes} [Wed Mar 23 23:49:32 2022] GET /volume/v3/3eda4f5efdbf4057beeee16eb3771b02/volumes/7ded53da-a5ea-49c7-9d58-6336917b13b1 => generated 1015 bytes in 40 msecs (HTTP/1.1 200) 7 headers in 287 bytes (1 switches on core 0)
Mar 23 23:49:32.475488 dv-cinder-749155-6-iscsi devstack@c-api.service[116730]: DEBUG cinder.api.middleware.request_id [None req-9c552ae1-c496-42ec-b74c-0e18d346eec0 None None] RequestId filter calling following filter/app {{(pid=116730) _context_setter /opt/stack/cinder/cinder/api/middleware/request_id.py:62}}
Mar 23 23:49:32.476263 dv-cinder-749155-6-iscsi devstack@c-api.service[116729]: DEBUG cinder.volume.api [None req-4d858e2b-1b27-4aea-a056-508c63223ee8 tempest-VolumeRetypeWithoutMigrationTest-1038959696 tempest-VolumeRetypeWithoutMigrationTest-1038959696-project] Task 'cinder.volume.flows.api.create_volume.QuotaCommitTask;volume:create' (64f4925a-f653-4907-b1eb-763c19aef5e4) transitioned into state 'SUCCESS' from state 'RUNNING' with result '{'volume_properties': VolumeProperties(attach_status='detached',availability_zone='nova',cgsnapshot_id=None,consistencygroup_id=None,display_description=None,display_name='tempest-VolumeRetypeWithoutMigrationTest-Volume-1394549897',encryption_key_id=None,group_id=None,group_type_id=,metadata={},multiattach=False,project_id='f89047fc2efa44d8abaf2f9a15e59245',qos_specs=None,replication_status=,reservations=['61a54225-426d-4069-b925-29239686cd71','f0d33518-e6d4-4520-8c00-250e0f2bc665','f494007a-c6f5-4e94-8485-f0260ce212ce','6790a803-1247-47dc-ae50-7fcf64667986'],size=1,snapshot_id=None,source_replicaid=,source_volid=None,status='creating',user_id='4bd63a107f4a44208d97612fa29d17eb',volume_type_id=57aa10af-4c03-4582-803f-9cfd2b200129)}' {{(pid=116729) _task_receiver /usr/local/lib/python3.8/dist-packages/taskflow/listeners/logging.py:178}}
Mar 23 23:49:32.478213 dv-cinder-749155-6-iscsi devstack@c-api.service[116729]: DEBUG cinder.volume.api [None req-4d858e2b-1b27-4aea-a056-508c63223ee8 tempest-VolumeRetypeWithoutMigrationTest-1038959696 tempest-VolumeRetypeWithoutMigrationTest-1038959696-project] Task 'cinder.volume.flows.api.create_volume.VolumeCastTask;volume:create' (27ffbb4e-f6bc-4fea-a6c7-5ddf9fe617c9) transitioned into state 'RUNNING' from state 'PENDING' {{(pid=116729) _task_receiver /usr/local/lib/python3.8/dist-packages/taskflow/listeners/logging.py:190}}
Mar 23 23:49:32.478974 dv-cinder-749155-6-iscsi devstack@c-api.service[116730]: INFO cinder.api.openstack.wsgi [None req-9c552ae1-c496-42ec-b74c-0e18d346eec0 tempest-VolumesCloneNegativeTest-699858749 tempest-VolumesCloneNegativeTest-699858749-project] GET http://10.222.0.31/volume/v3/65673070456a4281b235a5487b7373e9/volumes/58f2b017-619f-46ef-934c-02df64f6f388
Mar 23 23:49:32.479444 dv-cinder-749155-6-iscsi devstack@c-api.service[116730]: DEBUG cinder.api.openstack.wsgi [None req-9c552ae1-c496-42ec-b74c-0e18d346eec0 tempest-VolumesCloneNegativeTest-699858749 tempest-VolumesCloneNegativeTest-699858749-project] Empty body provided in request {{(pid=116730) get_body /opt/stack/cinder/cinder/api/openstack/wsgi.py:715}}
Mar 23 23:49:32.480188 dv-cinder-749155-6-iscsi devstack@c-api.service[116730]: DEBUG cinder.api.openstack.wsgi [None req-9c552ae1-c496-42ec-b74c-0e18d346eec0 tempest-VolumesCloneNegativeTest-699858749 tempest-VolumesCloneNegativeTest-699858749-project] Calling method 'show' {{(pid=116730) _process_stack /opt/stack/cinder/cinder/api/openstack/wsgi.py:868}}
Mar 23 23:49:32.495020 dv-cinder-749155-6-iscsi devstack@c-api.service[116730]: /usr/local/lib/python3.8/dist-packages/oslo_context/context.py:100: DeprecationWarning: Policy enforcement is depending on the value of is_admin. This key is deprecated. Please update your policy file to use the standard policy values.
Mar 23 23:49:32.495020 dv-cinder-749155-6-iscsi devstack@c-api.service[116730]: warnings.warn('Policy enforcement is depending on the value of '
Mar 23 23:49:32.495912 dv-cinder-749155-6-iscsi devstack@c-api.service[116729]: DEBUG cinder.volume.api [None req-4d858e2b-1b27-4aea-a056-508c63223ee8 tempest-VolumeRetypeWithoutMigrationTest-1038959696 tempest-VolumeRetypeWithoutMigrationTest-1038959696-project] Task 'cinder.volume.flows.api.create_volume.VolumeCastTask;volume:create' (27ffbb4e-f6bc-4fea-a6c7-5ddf9fe617c9) transitioned into state 'SUCCESS' from state 'RUNNING' with result 'None' {{(pid=116729) _task_receiver /usr/local/lib/python3.8/dist-packages/taskflow/listeners/logging.py:178}}
Mar 23 23:49:32.498565 dv-cinder-749155-6-iscsi devstack@c-api.service[116729]: DEBUG cinder.volume.api [None req-4d858e2b-1b27-4aea-a056-508c63223ee8 tempest-VolumeRetypeWithoutMigrationTest-1038959696 tempest-VolumeRetypeWithoutMigrationTest-1038959696-project] Flow 'volume_create_api' (a2e9a0dd-454e-462b-98a5-ef84e87558f5) transitioned into state 'SUCCESS' from state 'RUNNING' {{(pid=116729) _flow_receiver /usr/local/lib/python3.8/dist-packages/taskflow/listeners/logging.py:141}}
Mar 23 23:49:32.499343 dv-cinder-749155-6-iscsi devstack@c-api.service[116729]: INFO cinder.volume.api [None req-4d858e2b-1b27-4aea-a056-508c63223ee8 tempest-VolumeRetypeWithoutMigrationTest-1038959696 tempest-VolumeRetypeWithoutMigrationTest-1038959696-project] Create volume request issued successfully.
Mar 23 23:49:32.500668 dv-cinder-749155-6-iscsi devstack@c-api.service[116729]: INFO cinder.api.openstack.wsgi [None req-4d858e2b-1b27-4aea-a056-508c63223ee8 tempest-VolumeRetypeWithoutMigrationTest-1038959696 tempest-VolumeRetypeWithoutMigrationTest-1038959696-project] http://10.222.0.31/volume/v3/f89047fc2efa44d8abaf2f9a15e59245/volumes returned with HTTP 202
Mar 23 23:49:32.501856 dv-cinder-749155-6-iscsi devstack@c-api.service[116729]: [pid: 116729|app: 0|req: 149/322] 10.222.0.31 () {60 vars in 1235 bytes} [Wed Mar 23 23:49:32 2022] POST /volume/v3/f89047fc2efa44d8abaf2f9a15e59245/volumes => generated 834 bytes in 369 msecs (HTTP/1.1 202) 7 headers in 291 bytes (1 switches on core 0)
Mar 23 23:49:32.503444 dv-cinder-749155-6-iscsi devstack@c-api.service[116730]: INFO cinder.volume.api [None req-9c552ae1-c496-42ec-b74c-0e18d346eec0 tempest-VolumesCloneNegativeTest-699858749 tempest-VolumesCloneNegativeTest-699858749-project] Volume info retrieved successfully.
Mar 23 23:49:32.503556 dv-cinder-749155-6-iscsi devstack@c-api.service[116729]: DEBUG cinder.api.middleware.request_id [None req-56bea35e-0060-4d97-8b93-21d0df6cb90c None None] RequestId filter calling following filter/app {{(pid=116729) _context_setter /opt/stack/cinder/cinder/api/middleware/request_id.py:62}}
Mar 23 23:49:32.507277 dv-cinder-749155-6-iscsi devstack@c-api.service[116729]: INFO cinder.api.openstack.wsgi [None req-56bea35e-0060-4d97-8b93-21d0df6cb90c tempest-UserMessagesTest-1762629822 tempest-UserMessagesTest-1762629822-project] GET http://10.222.0.31/volume/v3/ca54fb2da0314fbd964e7b91ffecd5f8/volumes/d2d002b2-0fe2-46d9-adb7-122f42c0efc2
Mar 23 23:49:32.507756 dv-cinder-749155-6-iscsi devstack@c-api.service[116729]: DEBUG cinder.api.openstack.wsgi [None req-56bea35e-0060-4d97-8b93-21d0df6cb90c tempest-UserMessagesTest-1762629822 tempest-UserMessagesTest-1762629822-project] Empty body provided in request {{(pid=116729) get_body /opt/stack/cinder/cinder/api/openstack/wsgi.py:715}}
Mar 23 23:49:32.508238 dv-cinder-749155-6-iscsi devstack@c-api.service[116729]: DEBUG cinder.api.openstack.wsgi [None req-56bea35e-0060-4d97-8b93-21d0df6cb90c tempest-UserMessagesTest-1762629822 tempest-UserMessagesTest-1762629822-project] Calling method 'show' {{(pid=116729) _process_stack /opt/stack/cinder/cinder/api/openstack/wsgi.py:868}}
Mar 23 23:49:32.512975 dv-cinder-749155-6-iscsi devstack@c-api.service[116730]: INFO cinder.api.openstack.wsgi [None req-9c552ae1-c496-42ec-b74c-0e18d346eec0 tempest-VolumesCloneNegativeTest-699858749 tempest-VolumesCloneNegativeTest-699858749-project] http://10.222.0.31/volume/v3/65673070456a4281b235a5487b7373e9/volumes/58f2b017-619f-46ef-934c-02df64f6f388 returned with HTTP 200
Mar 23 23:49:32.513835 dv-cinder-749155-6-iscsi devstack@c-api.service[116730]: [pid: 116730|app: 0|req: 174/323] 10.222.0.31 () {58 vars in 1324 bytes} [Wed Mar 23 23:49:32 2022] GET /volume/v3/65673070456a4281b235a5487b7373e9/volumes/58f2b017-619f-46ef-934c-02df64f6f388 => generated 916 bytes in 39 msecs (HTTP/1.1 200) 7 headers in 285 bytes (1 switches on core 0)
Mar 23 23:49:32.514829 dv-cinder-749155-6-iscsi devstack@c-api.service[116730]: DEBUG cinder.api.middleware.request_id [None req-0d31a833-164c-4ba7-bf9e-4e4638599ce1 None None] RequestId filter calling following filter/app {{(pid=116730) _context_setter /opt/stack/cinder/cinder/api/middleware/request_id.py:62}}
Mar 23 23:49:32.519192 dv-cinder-749155-6-iscsi devstack@c-api.service[116730]: INFO cinder.api.openstack.wsgi [None req-0d31a833-164c-4ba7-bf9e-4e4638599ce1 tempest-VolumesTransfersV355Test-206640669 tempest-VolumesTransfersV355Test-206640669-project] POST http://10.222.0.31/volume/v3/3eda4f5efdbf4057beeee16eb3771b02/volume-transfers
Mar 23 23:49:32.519673 dv-cinder-749155-6-iscsi devstack@c-api.service[116729]: INFO cinder.api.openstack.wsgi [None req-56bea35e-0060-4d97-8b93-21d0df6cb90c tempest-UserMessagesTest-1762629822 tempest-UserMessagesTest-1762629822-project] http://10.222.0.31/volume/v3/ca54fb2da0314fbd964e7b91ffecd5f8/volumes/d2d002b2-0fe2-46d9-adb7-122f42c0efc2 returned with HTTP 404
Mar 23 23:49:32.519866 dv-cinder-749155-6-iscsi devstack@c-api.service[116730]: DEBUG cinder.api.openstack.wsgi [None req-0d31a833-164c-4ba7-bf9e-4e4638599ce1 tempest-VolumesTransfersV355Test-206640669 tempest-VolumesTransfersV355Test-206640669-project] Action: 'create', calling method: create, body: {"transfer": {"volume_id": "7ded53da-a5ea-49c7-9d58-6336917b13b1"}} {{(pid=116730) _process_stack /opt/stack/cinder/cinder/api/openstack/wsgi.py:866}}
Mar 23 23:49:32.520715 dv-cinder-749155-6-iscsi devstack@c-api.service[116729]: [pid: 116729|app: 0|req: 150/324] 10.222.0.31 () {60 vars in 1364 bytes} [Wed Mar 23 23:49:32 2022] GET /volume/v3/ca54fb2da0314fbd964e7b91ffecd5f8/volumes/d2d002b2-0fe2-46d9-adb7-122f42c0efc2 => generated 109 bytes in 18 msecs (HTTP/1.1 404) 7 headers in 292 bytes (1 switches on core 0)
Mar 23 23:49:32.520836 dv-cinder-749155-6-iscsi devstack@c-api.service[116730]: DEBUG cinder.api.v3.volume_transfer [None req-0d31a833-164c-4ba7-bf9e-4e4638599ce1 tempest-VolumesTransfersV355Test-206640669 tempest-VolumesTransfersV355Test-206640669-project] Creating new volume transfer {'transfer': {'volume_id': '7ded53da-a5ea-49c7-9d58-6336917b13b1'}} {{(pid=116730) create /opt/stack/cinder/cinder/api/v3/volume_transfer.py:85}}
Mar 23 23:49:32.521015 dv-cinder-749155-6-iscsi devstack@c-api.service[116730]: INFO cinder.api.v3.volume_transfer [None req-0d31a833-164c-4ba7-bf9e-4e4638599ce1 tempest-VolumesTransfersV355Test-206640669 tempest-VolumesTransfersV355Test-206640669-project] Creating transfer of volume 7ded53da-a5ea-49c7-9d58-6336917b13b1
Mar 23 23:49:32.521286 dv-cinder-749155-6-iscsi devstack@c-api.service[116730]: INFO cinder.transfer.api [None req-0d31a833-164c-4ba7-bf9e-4e4638599ce1 tempest-VolumesTransfersV355Test-206640669 tempest-VolumesTransfersV355Test-206640669-project] Generating transfer record for volume 7ded53da-a5ea-49c7-9d58-6336917b13b1
Mar 23 23:49:32.526152 dv-cinder-749155-6-iscsi devstack@c-api.service[116729]: DEBUG cinder.api.middleware.request_id [None req-ee96228c-f2f9-4f4f-be62-20ba3e166513 None None] RequestId filter calling following filter/app {{(pid=116729) _context_setter /opt/stack/cinder/cinder/api/middleware/request_id.py:62}}
Mar 23 23:49:32.533772 dv-cinder-749155-6-iscsi devstack@c-api.service[116729]: INFO cinder.api.openstack.wsgi [None req-ee96228c-f2f9-4f4f-be62-20ba3e166513 tempest-VolumeRetypeWithoutMigrationTest-1038959696 tempest-VolumeRetypeWithoutMigrationTest-1038959696-project] GET http://10.222.0.31/volume/v3/f89047fc2efa44d8abaf2f9a15e59245/volumes/4620a94b-07f3-4f54-867c-3ee3c373ae38
Mar 23 23:49:32.534561 dv-cinder-749155-6-iscsi devstack@c-api.service[116729]: DEBUG cinder.api.openstack.wsgi [None req-ee96228c-f2f9-4f4f-be62-20ba3e166513 tempest-VolumeRetypeWithoutMigrationTest-1038959696 tempest-VolumeRetypeWithoutMigrationTest-1038959696-project] Empty body provided in request {{(pid=116729) get_body /opt/stack/cinder/cinder/api/openstack/wsgi.py:715}}
Mar 23 23:49:32.535222 dv-cinder-749155-6-iscsi devstack@c-api.service[116729]: DEBUG cinder.api.openstack.wsgi [None req-ee96228c-f2f9-4f4f-be62-20ba3e166513 tempest-VolumeRetypeWithoutMigrationTest-1038959696 tempest-VolumeRetypeWithoutMigrationTest-1038959696-project] Calling method 'show' {{(pid=116729) _process_stack /opt/stack/cinder/cinder/api/openstack/wsgi.py:868}}
Mar 23 23:49:32.536288 dv-cinder-749155-6-iscsi devstack@c-api.service[116730]: /usr/local/lib/python3.8/dist-packages/oslo_context/context.py:100: DeprecationWarning: Policy enforcement is depending on the value of is_admin. This key is deprecated. Please update your policy file to use the standard policy values.
Mar 23 23:49:32.536288 dv-cinder-749155-6-iscsi devstack@c-api.service[116730]: warnings.warn('Policy enforcement is depending on the value of '
Mar 23 23:49:32.554916 dv-cinder-749155-6-iscsi devstack@c-api.service[116729]: /usr/local/lib/python3.8/dist-packages/oslo_context/context.py:100: DeprecationWarning: Policy enforcement is depending on the value of is_admin. This key is deprecated. Please update your policy file to use the standard policy values.
Mar 23 23:49:32.554916 dv-cinder-749155-6-iscsi devstack@c-api.service[116729]: warnings.warn('Policy enforcement is depending on the value of '
Mar 23 23:49:32.557063 dv-cinder-749155-6-iscsi devstack@c-api.service[116730]: INFO cinder.api.openstack.wsgi [None req-0d31a833-164c-4ba7-bf9e-4e4638599ce1 tempest-VolumesTransfersV355Test-206640669 tempest-VolumesTransfersV355Test-206640669-project] http://10.222.0.31/volume/v3/3eda4f5efdbf4057beeee16eb3771b02/volume-transfers returned with HTTP 202
Mar 23 23:49:32.557988 dv-cinder-749155-6-iscsi devstack@c-api.service[116730]: [pid: 116730|app: 0|req: 175/325] 10.222.0.31 () {60 vars in 1261 bytes} [Wed Mar 23 23:49:32 2022] POST /volume/v3/3eda4f5efdbf4057beeee16eb3771b02/volume-transfers => generated 507 bytes in 44 msecs (HTTP/1.1 202) 7 headers in 291 bytes (1 switches on core 0)
Mar 23 23:49:32.559178 dv-cinder-749155-6-iscsi devstack@c-api.service[116730]: DEBUG cinder.api.middleware.request_id [None req-ecd3c350-d70f-4b40-8235-223c87bc6eb1 None None] RequestId filter calling following filter/app {{(pid=116730) _context_setter /opt/stack/cinder/cinder/api/middleware/request_id.py:62}}
Mar 23 23:49:32.562800 dv-cinder-749155-6-iscsi devstack@c-api.service[116730]: INFO cinder.api.openstack.wsgi [None req-ecd3c350-d70f-4b40-8235-223c87bc6eb1 tempest-UserMessagesTest-572032300 tempest-UserMessagesTest-572032300-project-admin] DELETE http://10.222.0.31/volume/v3/cc5f911e2c5649ee929ae09db448ae58/types/1b0cd3aa-40e1-4ff1-a81a-4e014a7420db
Mar 23 23:49:32.563213 dv-cinder-749155-6-iscsi devstack@c-api.service[116730]: DEBUG cinder.api.openstack.wsgi [None req-ecd3c350-d70f-4b40-8235-223c87bc6eb1 tempest-UserMessagesTest-572032300 tempest-UserMessagesTest-572032300-project-admin] Empty body provided in request {{(pid=116730) get_body /opt/stack/cinder/cinder/api/openstack/wsgi.py:715}}
Mar 23 23:49:32.563674 dv-cinder-749155-6-iscsi devstack@c-api.service[116730]: DEBUG cinder.api.openstack.wsgi [None req-ecd3c350-d70f-4b40-8235-223c87bc6eb1 tempest-UserMessagesTest-572032300 tempest-UserMessagesTest-572032300-project-admin] Calling method '_delete' {{(pid=116730) _process_stack /opt/stack/cinder/cinder/api/openstack/wsgi.py:868}}
Mar 23 23:49:32.568553 dv-cinder-749155-6-iscsi devstack@c-api.service[116729]: INFO cinder.volume.api [None req-ee96228c-f2f9-4f4f-be62-20ba3e166513 tempest-VolumeRetypeWithoutMigrationTest-1038959696 tempest-VolumeRetypeWithoutMigrationTest-1038959696-project] Volume info retrieved successfully.
Mar 23 23:49:32.579788 dv-cinder-749155-6-iscsi devstack@c-api.service[116729]: INFO cinder.api.openstack.wsgi [None req-ee96228c-f2f9-4f4f-be62-20ba3e166513 tempest-VolumeRetypeWithoutMigrationTest-1038959696 tempest-VolumeRetypeWithoutMigrationTest-1038959696-project] http://10.222.0.31/volume/v3/f89047fc2efa44d8abaf2f9a15e59245/volumes/4620a94b-07f3-4f54-867c-3ee3c373ae38 returned with HTTP 200
Mar 23 23:49:32.581288 dv-cinder-749155-6-iscsi devstack@c-api.service[116729]: [pid: 116729|app: 0|req: 151/326] 10.222.0.31 () {58 vars in 1324 bytes} [Wed Mar 23 23:49:32 2022] GET /volume/v3/f89047fc2efa44d8abaf2f9a15e59245/volumes/4620a94b-07f3-4f54-867c-3ee3c373ae38 => generated 902 bytes in 58 msecs (HTTP/1.1 200) 7 headers in 285 bytes (1 switches on core 0)
Mar 23 23:49:32.581735 dv-cinder-749155-6-iscsi devstack@c-api.service[116729]: DEBUG cinder.api.middleware.request_id [None req-44c835e0-d259-42df-819a-1ebe77dcc8f8 None None] RequestId filter calling following filter/app {{(pid=116729) _context_setter /opt/stack/cinder/cinder/api/middleware/request_id.py:62}}
Mar 23 23:49:32.585281 dv-cinder-749155-6-iscsi devstack@c-api.service[116729]: INFO cinder.api.openstack.wsgi [None req-44c835e0-d259-42df-819a-1ebe77dcc8f8 tempest-VolumesTransfersV355Test-206640669 tempest-VolumesTransfersV355Test-206640669-project] GET http://10.222.0.31/volume/v3/3eda4f5efdbf4057beeee16eb3771b02/volumes/7ded53da-a5ea-49c7-9d58-6336917b13b1
Mar 23 23:49:32.585693 dv-cinder-749155-6-iscsi devstack@c-api.service[116729]: DEBUG cinder.api.openstack.wsgi [None req-44c835e0-d259-42df-819a-1ebe77dcc8f8 tempest-VolumesTransfersV355Test-206640669 tempest-VolumesTransfersV355Test-206640669-project] Empty body provided in request {{(pid=116729) get_body /opt/stack/cinder/cinder/api/openstack/wsgi.py:715}}
Mar 23 23:49:32.586126 dv-cinder-749155-6-iscsi devstack@c-api.service[116729]: DEBUG cinder.api.openstack.wsgi [None req-44c835e0-d259-42df-819a-1ebe77dcc8f8 tempest-VolumesTransfersV355Test-206640669 tempest-VolumesTransfersV355Test-206640669-project] Calling method 'show' {{(pid=116729) _process_stack /opt/stack/cinder/cinder/api/openstack/wsgi.py:868}}
Mar 23 23:49:32.599606 dv-cinder-749155-6-iscsi devstack@c-api.service[116729]: /usr/local/lib/python3.8/dist-packages/oslo_context/context.py:100: DeprecationWarning: Policy enforcement is depending on the value of is_admin. This key is deprecated. Please update your policy file to use the standard policy values.
Mar 23 23:49:32.599606 dv-cinder-749155-6-iscsi devstack@c-api.service[116729]: warnings.warn('Policy enforcement is depending on the value of '
Mar 23 23:49:32.607908 dv-cinder-749155-6-iscsi devstack@c-api.service[116729]: INFO cinder.volume.api [None req-44c835e0-d259-42df-819a-1ebe77dcc8f8 tempest-VolumesTransfersV355Test-206640669 tempest-VolumesTransfersV355Test-206640669-project] Volume info retrieved successfully.
Mar 23 23:49:32.616621 dv-cinder-749155-6-iscsi devstack@c-api.service[116729]: INFO cinder.api.openstack.wsgi [None req-44c835e0-d259-42df-819a-1ebe77dcc8f8 tempest-VolumesTransfersV355Test-206640669 tempest-VolumesTransfersV355Test-206640669-project] http://10.222.0.31/volume/v3/3eda4f5efdbf4057beeee16eb3771b02/volumes/7ded53da-a5ea-49c7-9d58-6336917b13b1 returned with HTTP 200
Mar 23 23:49:32.627520 dv-cinder-749155-6-iscsi devstack@c-api.service[116729]: [pid: 116729|app: 0|req: 152/327] 10.222.0.31 () {60 vars in 1365 bytes} [Wed Mar 23 23:49:32 2022] GET /volume/v3/3eda4f5efdbf4057beeee16eb3771b02/volumes/7ded53da-a5ea-49c7-9d58-6336917b13b1 => generated 1023 bytes in 37 msecs (HTTP/1.1 200) 7 headers in 287 bytes (1 switches on core 0)
Mar 23 23:49:32.627792 dv-cinder-749155-6-iscsi devstack@c-api.service[116730]: INFO cinder.api.openstack.wsgi [None req-ecd3c350-d70f-4b40-8235-223c87bc6eb1 tempest-UserMessagesTest-572032300 tempest-UserMessagesTest-572032300-project-admin] http://10.222.0.31/volume/v3/cc5f911e2c5649ee929ae09db448ae58/types/1b0cd3aa-40e1-4ff1-a81a-4e014a7420db returned with HTTP 202
Mar 23 23:49:32.627792 dv-cinder-749155-6-iscsi devstack@c-api.service[116730]: [pid: 116730|app: 0|req: 176/328] 10.222.0.31 () {58 vars in 1321 bytes} [Wed Mar 23 23:49:32 2022] DELETE /volume/v3/cc5f911e2c5649ee929ae09db448ae58/types/1b0cd3aa-40e1-4ff1-a81a-4e014a7420db => generated 0 bytes in 62 msecs (HTTP/1.1 202) 6 headers in 233 bytes (1 switches on core 0)
Mar 23 23:49:32.627953 dv-cinder-749155-6-iscsi devstack@c-api.service[116729]: DEBUG cinder.api.middleware.request_id [None req-a6e89913-8671-4f9d-9f6e-b2cc2ce0aec5 None None] RequestId filter calling following filter/app {{(pid=116729) _context_setter /opt/stack/cinder/cinder/api/middleware/request_id.py:62}}
Mar 23 23:49:32.628331 dv-cinder-749155-6-iscsi devstack@c-api.service[116729]: INFO cinder.api.openstack.wsgi [None req-a6e89913-8671-4f9d-9f6e-b2cc2ce0aec5 tempest-UserMessagesTest-572032300 tempest-UserMessagesTest-572032300-project-admin] GET http://10.222.0.31/volume/v3/cc5f911e2c5649ee929ae09db448ae58/types/1b0cd3aa-40e1-4ff1-a81a-4e014a7420db
Mar 23 23:49:32.628661 dv-cinder-749155-6-iscsi devstack@c-api.service[116729]: DEBUG cinder.api.openstack.wsgi [None req-a6e89913-8671-4f9d-9f6e-b2cc2ce0aec5 tempest-UserMessagesTest-572032300 tempest-UserMessagesTest-572032300-project-admin] Empty body provided in request {{(pid=116729) get_body /opt/stack/cinder/cinder/api/openstack/wsgi.py:715}}
Mar 23 23:49:32.629227 dv-cinder-749155-6-iscsi devstack@c-api.service[116729]: DEBUG cinder.api.openstack.wsgi [None req-a6e89913-8671-4f9d-9f6e-b2cc2ce0aec5 tempest-UserMessagesTest-572032300 tempest-UserMessagesTest-572032300-project-admin] Calling method 'show' {{(pid=116729) _process_stack /opt/stack/cinder/cinder/api/openstack/wsgi.py:868}}
Mar 23 23:49:32.629666 dv-cinder-749155-6-iscsi devstack@c-api.service[116730]: DEBUG cinder.api.middleware.request_id [None req-fde03a04-18ba-494a-a788-6ee2ed59202d None None] RequestId filter calling following filter/app {{(pid=116730) _context_setter /opt/stack/cinder/cinder/api/middleware/request_id.py:62}}
Mar 23 23:49:32.634237 dv-cinder-749155-6-iscsi devstack@c-api.service[116729]: INFO cinder.api.openstack.wsgi [None req-a6e89913-8671-4f9d-9f6e-b2cc2ce0aec5 tempest-UserMessagesTest-572032300 tempest-UserMessagesTest-572032300-project-admin] http://10.222.0.31/volume/v3/cc5f911e2c5649ee929ae09db448ae58/types/1b0cd3aa-40e1-4ff1-a81a-4e014a7420db returned with HTTP 404
Mar 23 23:49:32.634626 dv-cinder-749155-6-iscsi devstack@c-api.service[116730]: INFO cinder.api.openstack.wsgi [None req-fde03a04-18ba-494a-a788-6ee2ed59202d tempest-VolumesTransfersV355Test-206640669 tempest-VolumesTransfersV355Test-206640669-project] GET http://10.222.0.31/volume/v3/3eda4f5efdbf4057beeee16eb3771b02/volume-transfers/6a4fac54-5696-4f83-8e2a-780769f35c23
Mar 23 23:49:32.635093 dv-cinder-749155-6-iscsi devstack@c-api.service[116730]: DEBUG cinder.api.openstack.wsgi [None req-fde03a04-18ba-494a-a788-6ee2ed59202d tempest-VolumesTransfersV355Test-206640669 tempest-VolumesTransfersV355Test-206640669-project] Empty body provided in request {{(pid=116730) get_body /opt/stack/cinder/cinder/api/openstack/wsgi.py:715}}
Mar 23 23:49:32.635217 dv-cinder-749155-6-iscsi devstack@c-api.service[116729]: [pid: 116729|app: 0|req: 153/329] 10.222.0.31 () {58 vars in 1318 bytes} [Wed Mar 23 23:49:32 2022] GET /volume/v3/cc5f911e2c5649ee929ae09db448ae58/types/1b0cd3aa-40e1-4ff1-a81a-4e014a7420db => generated 114 bytes in 11 msecs (HTTP/1.1 404) 7 headers in 292 bytes (2 switches on core 0)
Mar 23 23:49:32.635564 dv-cinder-749155-6-iscsi devstack@c-api.service[116730]: DEBUG cinder.api.openstack.wsgi [None req-fde03a04-18ba-494a-a788-6ee2ed59202d tempest-VolumesTransfersV355Test-206640669 tempest-VolumesTransfersV355Test-206640669-project] Calling method 'show' {{(pid=116730) _process_stack /opt/stack/cinder/cinder/api/openstack/wsgi.py:868}}
Mar 23 23:49:32.641980 dv-cinder-749155-6-iscsi devstack@c-api.service[116730]: INFO cinder.api.openstack.wsgi [None req-fde03a04-18ba-494a-a788-6ee2ed59202d tempest-VolumesTransfersV355Test-206640669 tempest-VolumesTransfersV355Test-206640669-project] http://10.222.0.31/volume/v3/3eda4f5efdbf4057beeee16eb3771b02/volume-transfers/6a4fac54-5696-4f83-8e2a-780769f35c23 returned with HTTP 200
Mar 23 23:49:32.642802 dv-cinder-749155-6-iscsi devstack@c-api.service[116730]: [pid: 116730|app: 0|req: 177/330] 10.222.0.31 () {58 vars in 1351 bytes} [Wed Mar 23 23:49:32 2022] GET /volume/v3/3eda4f5efdbf4057beeee16eb3771b02/volume-transfers/6a4fac54-5696-4f83-8e2a-780769f35c23 => generated 475 bytes in 14 msecs (HTTP/1.1 200) 7 headers in 285 bytes (2 switches on core 0)
Mar 23 23:49:32.650997 dv-cinder-749155-6-iscsi devstack@c-api.service[116729]: DEBUG cinder.api.middleware.request_id [None req-91ee5ead-e14f-4dc4-bed9-a50198ce5a55 None None] RequestId filter calling following filter/app {{(pid=116729) _context_setter /opt/stack/cinder/cinder/api/middleware/request_id.py:62}}
Mar 23 23:49:32.655821 dv-cinder-749155-6-iscsi devstack@c-api.service[116729]: INFO cinder.api.openstack.wsgi [None req-91ee5ead-e14f-4dc4-bed9-a50198ce5a55 tempest-VolumesTransfersV355Test-206640669 tempest-VolumesTransfersV355Test-206640669-project] GET http://10.222.0.31/volume/v3/3eda4f5efdbf4057beeee16eb3771b02/volume-transfers
Mar 23 23:49:32.656407 dv-cinder-749155-6-iscsi devstack@c-api.service[116729]: DEBUG cinder.api.openstack.wsgi [None req-91ee5ead-e14f-4dc4-bed9-a50198ce5a55 tempest-VolumesTransfersV355Test-206640669 tempest-VolumesTransfersV355Test-206640669-project] Empty body provided in request {{(pid=116729) get_body /opt/stack/cinder/cinder/api/openstack/wsgi.py:715}}
Mar 23 23:49:32.656743 dv-cinder-749155-6-iscsi devstack@c-api.service[116729]: DEBUG cinder.api.openstack.wsgi [None req-91ee5ead-e14f-4dc4-bed9-a50198ce5a55 tempest-VolumesTransfersV355Test-206640669 tempest-VolumesTransfersV355Test-206640669-project] Calling method 'index' {{(pid=116729) _process_stack /opt/stack/cinder/cinder/api/openstack/wsgi.py:868}}
Mar 23 23:49:32.657231 dv-cinder-749155-6-iscsi devstack@c-api.service[116729]: DEBUG cinder.api.v3.volume_transfer [None req-91ee5ead-e14f-4dc4-bed9-a50198ce5a55 tempest-VolumesTransfersV355Test-206640669 tempest-VolumesTransfersV355Test-206640669-project] Listing volume transfers {{(pid=116729) _get_transfers /opt/stack/cinder/cinder/api/v3/volume_transfer.py:51}}
Mar 23 23:49:32.664239 dv-cinder-749155-6-iscsi devstack@c-api.service[116729]: INFO cinder.api.openstack.wsgi [None req-91ee5ead-e14f-4dc4-bed9-a50198ce5a55 tempest-VolumesTransfersV355Test-206640669 tempest-VolumesTransfersV355Test-206640669-project] http://10.222.0.31/volume/v3/3eda4f5efdbf4057beeee16eb3771b02/volume-transfers returned with HTTP 200
Mar 23 23:49:32.664964 dv-cinder-749155-6-iscsi devstack@c-api.service[116729]: [pid: 116729|app: 0|req: 154/331] 10.222.0.31 () {58 vars in 1240 bytes} [Wed Mar 23 23:49:32 2022] GET /volume/v3/3eda4f5efdbf4057beeee16eb3771b02/volume-transfers => generated 434 bytes in 15 msecs (HTTP/1.1 200) 7 headers in 285 bytes (1 switches on core 0)
Mar 23 23:49:32.673055 dv-cinder-749155-6-iscsi devstack@c-api.service[116730]: DEBUG cinder.api.middleware.request_id [None req-48d7602e-fa6e-4ff0-8c45-8b6f086c68b9 None None] RequestId filter calling following filter/app {{(pid=116730) _context_setter /opt/stack/cinder/cinder/api/middleware/request_id.py:62}}
Mar 23 23:49:32.786015 dv-cinder-749155-6-iscsi devstack@c-api.service[116730]: INFO cinder.api.openstack.wsgi [None req-48d7602e-fa6e-4ff0-8c45-8b6f086c68b9 tempest-VolumesTransfersV355Test-1989062690 tempest-VolumesTransfersV355Test-1989062690-project] POST http://10.222.0.31/volume/v3/21d27e392c3547eea8e552ea609e0374/volume-transfers/6a4fac54-5696-4f83-8e2a-780769f35c23/accept
Mar 23 23:49:32.786781 dv-cinder-749155-6-iscsi devstack@c-api.service[116730]: DEBUG cinder.api.openstack.wsgi [None req-48d7602e-fa6e-4ff0-8c45-8b6f086c68b9 tempest-VolumesTransfersV355Test-1989062690 tempest-VolumesTransfersV355Test-1989062690-project] Action: 'accept', calling method: accept, body: {"accept": {"auth_key": "1b001e82c76ac0f4"}} {{(pid=116730) _process_stack /opt/stack/cinder/cinder/api/openstack/wsgi.py:866}}
Mar 23 23:49:32.787639 dv-cinder-749155-6-iscsi devstack@c-api.service[116730]: DEBUG cinder.api.contrib.volume_transfer [None req-48d7602e-fa6e-4ff0-8c45-8b6f086c68b9 tempest-VolumesTransfersV355Test-1989062690 tempest-VolumesTransfersV355Test-1989062690-project] Accepting volume transfer 6a4fac54-5696-4f83-8e2a-780769f35c23 {{(pid=116730) accept /opt/stack/cinder/cinder/api/contrib/volume_transfer.py:115}}
Mar 23 23:49:32.788436 dv-cinder-749155-6-iscsi devstack@c-api.service[116730]: INFO cinder.api.contrib.volume_transfer [None req-48d7602e-fa6e-4ff0-8c45-8b6f086c68b9 tempest-VolumesTransfersV355Test-1989062690 tempest-VolumesTransfersV355Test-1989062690-project] Accepting transfer 6a4fac54-5696-4f83-8e2a-780769f35c23
Mar 23 23:49:32.895697 dv-cinder-749155-6-iscsi devstack@c-api.service[116730]: DEBUG cinder.quota [None req-48d7602e-fa6e-4ff0-8c45-8b6f086c68b9 tempest-VolumesTransfersV355Test-1989062690 tempest-VolumesTransfersV355Test-1989062690-project] Created reservations ['df311bdc-3fd9-48a3-8cd1-1bfcc3b57d6a', '96b2a9dd-cd3a-4948-9909-64d528461d08', '1ec03069-b472-4a60-9205-9cbb2d2a01be', 'b0c615db-de8f-439c-98d7-c7f6f66c89b4'] {{(pid=116730) reserve /opt/stack/cinder/cinder/quota.py:755}}
Mar 23 23:49:32.919032 dv-cinder-749155-6-iscsi devstack@c-api.service[116729]: DEBUG cinder.api.middleware.request_id [None req-55c9052a-f88d-471f-b4ea-123cd817fde5 None None] RequestId filter calling following filter/app {{(pid=116729) _context_setter /opt/stack/cinder/cinder/api/middleware/request_id.py:62}}
Mar 23 23:49:32.923133 dv-cinder-749155-6-iscsi devstack@c-api.service[116729]: INFO cinder.api.openstack.wsgi [None req-55c9052a-f88d-471f-b4ea-123cd817fde5 tempest-VolumesListAdminTestJSON-17026280 tempest-VolumesListAdminTestJSON-17026280-project-admin] GET http://10.222.0.31/volume/v3/170cf40b16e04e91ad29b746a60d2e13/volumes/ff65a80e-5f78-4a4f-8af5-2f9f3267b925
Mar 23 23:49:32.923766 dv-cinder-749155-6-iscsi devstack@c-api.service[116729]: DEBUG cinder.api.openstack.wsgi [None req-55c9052a-f88d-471f-b4ea-123cd817fde5 tempest-VolumesListAdminTestJSON-17026280 tempest-VolumesListAdminTestJSON-17026280-project-admin] Empty body provided in request {{(pid=116729) get_body /opt/stack/cinder/cinder/api/openstack/wsgi.py:715}}
Mar 23 23:49:32.924438 dv-cinder-749155-6-iscsi devstack@c-api.service[116729]: DEBUG cinder.api.openstack.wsgi [None req-55c9052a-f88d-471f-b4ea-123cd817fde5 tempest-VolumesListAdminTestJSON-17026280 tempest-VolumesListAdminTestJSON-17026280-project-admin] Calling method 'show' {{(pid=116729) _process_stack /opt/stack/cinder/cinder/api/openstack/wsgi.py:868}}
Mar 23 23:49:32.931947 dv-cinder-749155-6-iscsi devstack@c-api.service[116730]: DEBUG cinder.quota [None req-48d7602e-fa6e-4ff0-8c45-8b6f086c68b9 tempest-VolumesTransfersV355Test-1989062690 tempest-VolumesTransfersV355Test-1989062690-project] Created reservations ['1a9a5d47-4f77-4b9b-8054-98b0791eb2b5', 'fac6b339-7e09-4cd3-8467-20493e5af344', 'e09c0c8e-6ba1-47f1-8233-3c3a7e0292eb', 'c8a2bbe6-be9b-4d2d-b549-f26d06c71750'] {{(pid=116730) reserve /opt/stack/cinder/cinder/quota.py:755}}
Mar 23 23:49:32.940085 dv-cinder-749155-6-iscsi devstack@c-api.service[116729]: /usr/local/lib/python3.8/dist-packages/oslo_context/context.py:100: DeprecationWarning: Policy enforcement is depending on the value of is_admin. This key is deprecated. Please update your policy file to use the standard policy values.
Mar 23 23:49:32.940085 dv-cinder-749155-6-iscsi devstack@c-api.service[116729]: warnings.warn('Policy enforcement is depending on the value of '
Mar 23 23:49:32.950145 dv-cinder-749155-6-iscsi devstack@c-api.service[116729]: INFO cinder.volume.api [None req-55c9052a-f88d-471f-b4ea-123cd817fde5 tempest-VolumesListAdminTestJSON-17026280 tempest-VolumesListAdminTestJSON-17026280-project-admin] Volume info retrieved successfully.
Mar 23 23:49:32.957867 dv-cinder-749155-6-iscsi devstack@c-api.service[116729]: INFO cinder.api.openstack.wsgi [None req-55c9052a-f88d-471f-b4ea-123cd817fde5 tempest-VolumesListAdminTestJSON-17026280 tempest-VolumesListAdminTestJSON-17026280-project-admin] http://10.222.0.31/volume/v3/170cf40b16e04e91ad29b746a60d2e13/volumes/ff65a80e-5f78-4a4f-8af5-2f9f3267b925 returned with HTTP 200
Mar 23 23:49:32.958780 dv-cinder-749155-6-iscsi devstack@c-api.service[116729]: [pid: 116729|app: 0|req: 155/332] 10.222.0.31 () {58 vars in 1324 bytes} [Wed Mar 23 23:49:32 2022] GET /volume/v3/170cf40b16e04e91ad29b746a60d2e13/volumes/ff65a80e-5f78-4a4f-8af5-2f9f3267b925 => generated 1045 bytes in 41 msecs (HTTP/1.1 200) 7 headers in 286 bytes (2 switches on core 0)
Mar 23 23:49:32.970955 dv-cinder-749155-6-iscsi devstack@c-api.service[116729]: DEBUG cinder.api.middleware.request_id [None req-b9061391-d0e2-42bd-892d-ccbd4f251e77 None None] RequestId filter calling following filter/app {{(pid=116729) _context_setter /opt/stack/cinder/cinder/api/middleware/request_id.py:62}}
Mar 23 23:49:32.975548 dv-cinder-749155-6-iscsi devstack@c-api.service[116729]: INFO cinder.api.openstack.wsgi [None req-b9061391-d0e2-42bd-892d-ccbd4f251e77 tempest-VolumesListAdminTestJSON-17026280 tempest-VolumesListAdminTestJSON-17026280-project-admin] GET http://10.222.0.31/volume/v3/170cf40b16e04e91ad29b746a60d2e13/volumes/detail?all_tenants=1&project_id=41894da35af940929192bc10e2e75ff9
Mar 23 23:49:32.976213 dv-cinder-749155-6-iscsi devstack@c-api.service[116729]: DEBUG cinder.api.openstack.wsgi [None req-b9061391-d0e2-42bd-892d-ccbd4f251e77 tempest-VolumesListAdminTestJSON-17026280 tempest-VolumesListAdminTestJSON-17026280-project-admin] Empty body provided in request {{(pid=116729) get_body /opt/stack/cinder/cinder/api/openstack/wsgi.py:715}}
Mar 23 23:49:32.976830 dv-cinder-749155-6-iscsi devstack@c-api.service[116729]: DEBUG cinder.api.openstack.wsgi [None req-b9061391-d0e2-42bd-892d-ccbd4f251e77 tempest-VolumesListAdminTestJSON-17026280 tempest-VolumesListAdminTestJSON-17026280-project-admin] Calling method 'detail' {{(pid=116729) _process_stack /opt/stack/cinder/cinder/api/openstack/wsgi.py:868}}
Mar 23 23:49:32.977990 dv-cinder-749155-6-iscsi devstack@c-api.service[116729]: DEBUG cinder.volume.api [None req-b9061391-d0e2-42bd-892d-ccbd4f251e77 tempest-VolumesListAdminTestJSON-17026280 tempest-VolumesListAdminTestJSON-17026280-project-admin] Could not evaluate value 41894da35af940929192bc10e2e75ff9, assuming string {{(pid=116729) check_volume_filters /opt/stack/cinder/cinder/volume/api.py:2304}}
Mar 23 23:49:32.980890 dv-cinder-749155-6-iscsi devstack@c-api.service[116729]: DEBUG cinder.volume.api [None req-b9061391-d0e2-42bd-892d-ccbd4f251e77 tempest-VolumesListAdminTestJSON-17026280 tempest-VolumesListAdminTestJSON-17026280-project-admin] Searching by: MultiDict([('project_id', '41894da35af940929192bc10e2e75ff9'), ('all_tenants', 1)]). {{(pid=116729) get_all /opt/stack/cinder/cinder/volume/api.py:662}}
Mar 23 23:49:32.990895 dv-cinder-749155-6-iscsi devstack@c-api.service[116730]: DEBUG cinder.quota [None req-48d7602e-fa6e-4ff0-8c45-8b6f086c68b9 tempest-VolumesTransfersV355Test-1989062690 tempest-VolumesTransfersV355Test-1989062690-project] Created reservations ['e9a70158-035c-4b3f-bd1f-9ec74d782732', '32cbf0c9-f9a2-488c-84a1-0846fc7a6bb9', 'bf10156f-fbf1-4edb-9fde-cbe5b90e07c3', '2f6590f7-8f80-48e3-b637-c6d19d23a3af'] {{(pid=116730) reserve /opt/stack/cinder/cinder/quota.py:755}}
Mar 23 23:49:33.034044 dv-cinder-749155-6-iscsi devstack@c-api.service[116729]: INFO cinder.volume.api [None req-b9061391-d0e2-42bd-892d-ccbd4f251e77 tempest-VolumesListAdminTestJSON-17026280 tempest-VolumesListAdminTestJSON-17026280-project-admin] Get all volumes completed successfully.
Mar 23 23:49:33.036641 dv-cinder-749155-6-iscsi devstack@c-api.service[116729]: /usr/local/lib/python3.8/dist-packages/oslo_context/context.py:100: DeprecationWarning: Policy enforcement is depending on the value of is_admin. This key is deprecated. Please update your policy file to use the standard policy values.
Mar 23 23:49:33.036641 dv-cinder-749155-6-iscsi devstack@c-api.service[116729]: warnings.warn('Policy enforcement is depending on the value of '
Mar 23 23:49:33.044715 dv-cinder-749155-6-iscsi devstack@c-api.service[116729]: INFO cinder.api.openstack.wsgi [None req-b9061391-d0e2-42bd-892d-ccbd4f251e77 tempest-VolumesListAdminTestJSON-17026280 tempest-VolumesListAdminTestJSON-17026280-project-admin] http://10.222.0.31/volume/v3/170cf40b16e04e91ad29b746a60d2e13/volumes/detail?all_tenants=1&project_id=41894da35af940929192bc10e2e75ff9 returned with HTTP 200
Mar 23 23:49:33.045607 dv-cinder-749155-6-iscsi devstack@c-api.service[116729]: [pid: 116729|app: 0|req: 156/333] 10.222.0.31 () {58 vars in 1349 bytes} [Wed Mar 23 23:49:32 2022] GET /volume/v3/170cf40b16e04e91ad29b746a60d2e13/volumes/detail?all_tenants=1&project_id=41894da35af940929192bc10e2e75ff9 => generated 3261 bytes in 76 msecs (HTTP/1.1 200) 7 headers in 286 bytes (1 switches on core 0)
Mar 23 23:49:33.046897 dv-cinder-749155-6-iscsi devstack@c-api.service[116729]: DEBUG cinder.api.middleware.request_id [None req-9a27bd85-fc7c-453e-8948-d71ef7c776c7 None None] RequestId filter calling following filter/app {{(pid=116729) _context_setter /opt/stack/cinder/cinder/api/middleware/request_id.py:62}}
Mar 23 23:49:33.048899 dv-cinder-749155-6-iscsi devstack@c-api.service[116730]: DEBUG cinder.quota [None req-48d7602e-fa6e-4ff0-8c45-8b6f086c68b9 tempest-VolumesTransfersV355Test-1989062690 tempest-VolumesTransfersV355Test-1989062690-project] Created reservations ['a8ace55b-f886-4c60-8149-76e8a709a0fd', '2448f3f8-c867-4c50-8816-82a864dbf35c', 'b79666fd-a8c2-4a80-9eab-8b82015537ef', '77eaea41-9a00-4b49-bb76-66501a3b4653'] {{(pid=116730) reserve /opt/stack/cinder/cinder/quota.py:755}}
Mar 23 23:49:33.050578 dv-cinder-749155-6-iscsi devstack@c-api.service[116729]: INFO cinder.api.openstack.wsgi [None req-9a27bd85-fc7c-453e-8948-d71ef7c776c7 tempest-DeleteServersTestJSON-457065333 tempest-DeleteServersTestJSON-457065333-project] GET http://10.222.0.31/volume/v3/3dbd1ba63a3f4a7bb2b2f14c9ebdea09/volumes/417ffddc-fe8c-4597-875a-0a545031436e
Mar 23 23:49:33.050999 dv-cinder-749155-6-iscsi devstack@c-api.service[116729]: DEBUG cinder.api.openstack.wsgi [None req-9a27bd85-fc7c-453e-8948-d71ef7c776c7 tempest-DeleteServersTestJSON-457065333 tempest-DeleteServersTestJSON-457065333-project] Empty body provided in request {{(pid=116729) get_body /opt/stack/cinder/cinder/api/openstack/wsgi.py:715}}
Mar 23 23:49:33.051454 dv-cinder-749155-6-iscsi devstack@c-api.service[116729]: DEBUG cinder.api.openstack.wsgi [None req-9a27bd85-fc7c-453e-8948-d71ef7c776c7 tempest-DeleteServersTestJSON-457065333 tempest-DeleteServersTestJSON-457065333-project] Calling method 'show' {{(pid=116729) _process_stack /opt/stack/cinder/cinder/api/openstack/wsgi.py:868}}
Mar 23 23:49:33.069463 dv-cinder-749155-6-iscsi devstack@c-api.service[116729]: /usr/local/lib/python3.8/dist-packages/oslo_context/context.py:100: DeprecationWarning: Policy enforcement is depending on the value of is_admin. This key is deprecated. Please update your policy file to use the standard policy values.
Mar 23 23:49:33.069463 dv-cinder-749155-6-iscsi devstack@c-api.service[116729]: warnings.warn('Policy enforcement is depending on the value of '
Mar 23 23:49:33.076649 dv-cinder-749155-6-iscsi devstack@c-api.service[116729]: INFO cinder.volume.api [None req-9a27bd85-fc7c-453e-8948-d71ef7c776c7 tempest-DeleteServersTestJSON-457065333 tempest-DeleteServersTestJSON-457065333-project] Volume info retrieved successfully.
Mar 23 23:49:33.084054 dv-cinder-749155-6-iscsi devstack@c-api.service[116730]: INFO cinder.volume.api [None req-48d7602e-fa6e-4ff0-8c45-8b6f086c68b9 tempest-VolumesTransfersV355Test-1989062690 tempest-VolumesTransfersV355Test-1989062690-project] Transfer volume completed successfully.
Mar 23 23:49:33.086062 dv-cinder-749155-6-iscsi devstack@c-api.service[116729]: INFO cinder.api.openstack.wsgi [None req-9a27bd85-fc7c-453e-8948-d71ef7c776c7 tempest-DeleteServersTestJSON-457065333 tempest-DeleteServersTestJSON-457065333-project] http://10.222.0.31/volume/v3/3dbd1ba63a3f4a7bb2b2f14c9ebdea09/volumes/417ffddc-fe8c-4597-875a-0a545031436e returned with HTTP 200
Mar 23 23:49:33.086832 dv-cinder-749155-6-iscsi devstack@c-api.service[116729]: [pid: 116729|app: 0|req: 157/334] 10.222.0.31 () {58 vars in 1324 bytes} [Wed Mar 23 23:49:33 2022] GET /volume/v3/3dbd1ba63a3f4a7bb2b2f14c9ebdea09/volumes/417ffddc-fe8c-4597-875a-0a545031436e => generated 914 bytes in 41 msecs (HTTP/1.1 200) 7 headers in 285 bytes (1 switches on core 0)
Mar 23 23:49:33.088071 dv-cinder-749155-6-iscsi devstack@c-api.service[116729]: DEBUG cinder.api.middleware.request_id [None req-6c631cbc-7f18-4ac9-bd90-4b57aa845073 None None] RequestId filter calling following filter/app {{(pid=116729) _context_setter /opt/stack/cinder/cinder/api/middleware/request_id.py:62}}
Mar 23 23:49:33.091441 dv-cinder-749155-6-iscsi devstack@c-api.service[116729]: INFO cinder.api.openstack.wsgi [None req-6c631cbc-7f18-4ac9-bd90-4b57aa845073 tempest-VolumesListAdminTestJSON-17026280 tempest-VolumesListAdminTestJSON-17026280-project-admin] DELETE http://10.222.0.31/volume/v3/170cf40b16e04e91ad29b746a60d2e13/volumes/ff65a80e-5f78-4a4f-8af5-2f9f3267b925
Mar 23 23:49:33.091874 dv-cinder-749155-6-iscsi devstack@c-api.service[116729]: DEBUG cinder.api.openstack.wsgi [None req-6c631cbc-7f18-4ac9-bd90-4b57aa845073 tempest-VolumesListAdminTestJSON-17026280 tempest-VolumesListAdminTestJSON-17026280-project-admin] Empty body provided in request {{(pid=116729) get_body /opt/stack/cinder/cinder/api/openstack/wsgi.py:715}}
Mar 23 23:49:33.092542 dv-cinder-749155-6-iscsi devstack@c-api.service[116729]: DEBUG cinder.api.openstack.wsgi [None req-6c631cbc-7f18-4ac9-bd90-4b57aa845073 tempest-VolumesListAdminTestJSON-17026280 tempest-VolumesListAdminTestJSON-17026280-project-admin] Calling method 'delete' {{(pid=116729) _process_stack /opt/stack/cinder/cinder/api/openstack/wsgi.py:868}}
Mar 23 23:49:33.092937 dv-cinder-749155-6-iscsi devstack@c-api.service[116729]: INFO cinder.api.v3.volumes [None req-6c631cbc-7f18-4ac9-bd90-4b57aa845073 tempest-VolumesListAdminTestJSON-17026280 tempest-VolumesListAdminTestJSON-17026280-project-admin] Delete volume with id: ff65a80e-5f78-4a4f-8af5-2f9f3267b925
Mar 23 23:49:33.109283 dv-cinder-749155-6-iscsi devstack@c-api.service[116729]: /usr/local/lib/python3.8/dist-packages/oslo_context/context.py:100: DeprecationWarning: Policy enforcement is depending on the value of is_admin. This key is deprecated. Please update your policy file to use the standard policy values.
Mar 23 23:49:33.109283 dv-cinder-749155-6-iscsi devstack@c-api.service[116729]: warnings.warn('Policy enforcement is depending on the value of '
Mar 23 23:49:33.110053 dv-cinder-749155-6-iscsi devstack@c-api.service[116729]: INFO cinder.volume.api [None req-6c631cbc-7f18-4ac9-bd90-4b57aa845073 tempest-VolumesListAdminTestJSON-17026280 tempest-VolumesListAdminTestJSON-17026280-project-admin] Volume info retrieved successfully.
Mar 23 23:49:33.141091 dv-cinder-749155-6-iscsi devstack@c-api.service[116729]: INFO cinder.volume.api [None req-6c631cbc-7f18-4ac9-bd90-4b57aa845073 tempest-VolumesListAdminTestJSON-17026280 tempest-VolumesListAdminTestJSON-17026280-project-admin] Delete volume request issued successfully.
Mar 23 23:49:33.141942 dv-cinder-749155-6-iscsi devstack@c-api.service[116729]: INFO cinder.api.openstack.wsgi [None req-6c631cbc-7f18-4ac9-bd90-4b57aa845073 tempest-VolumesListAdminTestJSON-17026280 tempest-VolumesListAdminTestJSON-17026280-project-admin] http://10.222.0.31/volume/v3/170cf40b16e04e91ad29b746a60d2e13/volumes/ff65a80e-5f78-4a4f-8af5-2f9f3267b925 returned with HTTP 202
Mar 23 23:49:33.143040 dv-cinder-749155-6-iscsi devstack@c-api.service[116729]: [pid: 116729|app: 0|req: 158/335] 10.222.0.31 () {58 vars in 1327 bytes} [Wed Mar 23 23:49:33 2022] DELETE /volume/v3/170cf40b16e04e91ad29b746a60d2e13/volumes/ff65a80e-5f78-4a4f-8af5-2f9f3267b925 => generated 0 bytes in 56 msecs (HTTP/1.1 202) 6 headers in 233 bytes (1 switches on core 0)
Mar 23 23:49:33.149214 dv-cinder-749155-6-iscsi devstack@c-api.service[116729]: DEBUG cinder.api.middleware.request_id [None req-79baa4c7-ae73-4123-96dd-0edaf4e1c824 None None] RequestId filter calling following filter/app {{(pid=116729) _context_setter /opt/stack/cinder/cinder/api/middleware/request_id.py:62}}
Mar 23 23:49:33.153053 dv-cinder-749155-6-iscsi devstack@c-api.service[116729]: INFO cinder.api.openstack.wsgi [None req-79baa4c7-ae73-4123-96dd-0edaf4e1c824 tempest-VolumesListAdminTestJSON-524702535 tempest-VolumesListAdminTestJSON-524702535-project] DELETE http://10.222.0.31/volume/v3/41894da35af940929192bc10e2e75ff9/volumes/95fa3210-d16d-41fd-b0c1-b79d4322a464
Mar 23 23:49:33.153514 dv-cinder-749155-6-iscsi devstack@c-api.service[116729]: DEBUG cinder.api.openstack.wsgi [None req-79baa4c7-ae73-4123-96dd-0edaf4e1c824 tempest-VolumesListAdminTestJSON-524702535 tempest-VolumesListAdminTestJSON-524702535-project] Empty body provided in request {{(pid=116729) get_body /opt/stack/cinder/cinder/api/openstack/wsgi.py:715}}
