Oct 04 16:18:30.815984 dv-cinder-749155-14-smb devstack@keystone.service[81561]: DEBUG keystone.server.flask.request_processing.req_logging [None req-edca9189-f2ee-4e6d-8ec4-e93d851f815e None admin] REQUEST_METHOD: `GET` {{(pid=81561) log_request_info /opt/stack/keystone/keystone/server/flask/request_processing/req_logging.py:27}}
Oct 04 16:18:30.816254 dv-cinder-749155-14-smb devstack@keystone.service[81561]: DEBUG keystone.server.flask.request_processing.req_logging [None req-edca9189-f2ee-4e6d-8ec4-e93d851f815e None admin] SCRIPT_NAME: `/identity` {{(pid=81561) log_request_info /opt/stack/keystone/keystone/server/flask/request_processing/req_logging.py:28}}
Oct 04 16:18:30.816525 dv-cinder-749155-14-smb devstack@keystone.service[81561]: DEBUG keystone.server.flask.request_processing.req_logging [None req-edca9189-f2ee-4e6d-8ec4-e93d851f815e None admin] PATH_INFO: `/v3/groups/b60d9aad19f14e4c9801b1b9be6a584f` {{(pid=81561) log_request_info /opt/stack/keystone/keystone/server/flask/request_processing/req_logging.py:29}}
Oct 04 16:18:30.822645 dv-cinder-749155-14-smb devstack@keystone.service[81562]: DEBUG keystone.server.flask.request_processing.req_logging [None req-f6425157-518b-46e7-9afc-ec2e157be81d None None] REQUEST_METHOD: `GET` {{(pid=81562) log_request_info /opt/stack/keystone/keystone/server/flask/request_processing/req_logging.py:27}}
Oct 04 16:18:30.823269 dv-cinder-749155-14-smb devstack@keystone.service[81562]: DEBUG keystone.server.flask.request_processing.req_logging [None req-f6425157-518b-46e7-9afc-ec2e157be81d None None] SCRIPT_NAME: `/identity` {{(pid=81562) log_request_info /opt/stack/keystone/keystone/server/flask/request_processing/req_logging.py:28}}
Oct 04 16:18:30.823740 dv-cinder-749155-14-smb devstack@keystone.service[81562]: DEBUG keystone.server.flask.request_processing.req_logging [None req-f6425157-518b-46e7-9afc-ec2e157be81d None None] PATH_INFO: `/` {{(pid=81562) log_request_info /opt/stack/keystone/keystone/server/flask/request_processing/req_logging.py:29}}
Oct 04 16:18:30.824722 dv-cinder-749155-14-smb devstack@keystone.service[81561]: DEBUG keystone.common.rbac_enforcer.enforcer [None req-edca9189-f2ee-4e6d-8ec4-e93d851f815e None admin] RBAC: Authorizing `identity:get_group(group_id=b60d9aad19f14e4c9801b1b9be6a584f)` {{(pid=81561) enforce_call /opt/stack/keystone/keystone/common/rbac_enforcer/enforcer.py:449}}
Oct 04 16:18:30.825943 dv-cinder-749155-14-smb devstack@keystone.service[81562]: [pid: 81562|app: 0|req: 197/379] 10.222.0.55 () {54 vars in 927 bytes} [Tue Oct 4 16:18:30 2022] GET /identity => generated 270 bytes in 4 msecs (HTTP/1.1 300) 6 headers in 234 bytes (1 switches on core 0)
Oct 04 16:18:30.828079 dv-cinder-749155-14-smb devstack@keystone.service[81561]: DEBUG keystone.common.rbac_enforcer.enforcer [None req-edca9189-f2ee-4e6d-8ec4-e93d851f815e None admin] RBAC: Authorization granted {{(pid=81561) enforce_call /opt/stack/keystone/keystone/common/rbac_enforcer/enforcer.py:457}}
Oct 04 16:18:30.828273 dv-cinder-749155-14-smb devstack@keystone.service[81561]: [pid: 81561|app: 0|req: 183/380] 10.222.0.55 () {56 vars in 1180 bytes} [Tue Oct 4 16:18:30 2022] GET /identity/v3/groups/b60d9aad19f14e4c9801b1b9be6a584f => generated 229 bytes in 217 msecs (HTTP/1.1 200) 5 headers in 177 bytes (1 switches on core 0)
Oct 04 16:18:30.834602 dv-cinder-749155-14-smb devstack@keystone.service[81562]: DEBUG keystone.server.flask.request_processing.middleware.auth_context [None req-f6425157-518b-46e7-9afc-ec2e157be81d None None] Authenticating user token {{(pid=81562) process_request /usr/local/lib/python3.8/dist-packages/keystonemiddleware/auth_token/__init__.py:407}}
Oct 04 16:18:30.853485 dv-cinder-749155-14-smb devstack@keystone.service[81561]: DEBUG keystone.server.flask.request_processing.req_logging [None req-1277cd8e-a447-4ab3-a5d9-119ae57b8f86 None None] REQUEST_METHOD: `POST` {{(pid=81561) log_request_info /opt/stack/keystone/keystone/server/flask/request_processing/req_logging.py:27}}
Oct 04 16:18:30.853834 dv-cinder-749155-14-smb devstack@keystone.service[81561]: DEBUG keystone.server.flask.request_processing.req_logging [None req-1277cd8e-a447-4ab3-a5d9-119ae57b8f86 None None] SCRIPT_NAME: `/identity` {{(pid=81561) log_request_info /opt/stack/keystone/keystone/server/flask/request_processing/req_logging.py:28}}
Oct 04 16:18:30.854173 dv-cinder-749155-14-smb devstack@keystone.service[81561]: DEBUG keystone.server.flask.request_processing.req_logging [None req-1277cd8e-a447-4ab3-a5d9-119ae57b8f86 None None] PATH_INFO: `/v3/auth/tokens` {{(pid=81561) log_request_info /opt/stack/keystone/keystone/server/flask/request_processing/req_logging.py:29}}
Oct 04 16:18:30.885017 dv-cinder-749155-14-smb devstack@keystone.service[81561]: DEBUG keystone.auth.core [None req-1277cd8e-a447-4ab3-a5d9-119ae57b8f86 None None] MFA Rules not processed for user `f4a141c4b1594c35992b7b147f7c2904`. Rule list: `[]` (Enabled: `True`). {{(pid=81561) check_auth_methods_against_rules /opt/stack/keystone/keystone/auth/core.py:438}}
Oct 04 16:18:30.887330 dv-cinder-749155-14-smb devstack@keystone.service[81561]: DEBUG keystone.common.fernet_utils [None req-1277cd8e-a447-4ab3-a5d9-119ae57b8f86 None None] Loaded 2 Fernet keys from /etc/keystone/fernet-keys/, but `[fernet_tokens] max_active_keys = 3`; perhaps there have not been enough key rotations to reach `max_active_keys` yet? {{(pid=81561) load_keys /opt/stack/keystone/keystone/common/fernet_utils.py:286}}
Oct 04 16:18:30.937750 dv-cinder-749155-14-smb devstack@keystone.service[81561]: DEBUG dbcounter [-] [81561] Writing DB stats keystone:SELECT=100 {{(pid=81561) stat_writer /usr/local/lib/python3.8/dist-packages/dbcounter.py:114}}
Oct 04 16:18:30.970851 dv-cinder-749155-14-smb devstack@keystone.service[81562]: DEBUG keystone.server.flask.request_processing.middleware.auth_context [None req-f6425157-518b-46e7-9afc-ec2e157be81d None None] Validating token access rules against request {{(pid=81562) validate_allowed_request /usr/local/lib/python3.8/dist-packages/keystonemiddleware/auth_token/__init__.py:545}}
Oct 04 16:18:30.990378 dv-cinder-749155-14-smb devstack@keystone.service[81562]: DEBUG dbcounter [-] [81562] Writing DB stats keystone:SELECT=100 {{(pid=81562) stat_writer /usr/local/lib/python3.8/dist-packages/dbcounter.py:114}}
Oct 04 16:18:31.014521 dv-cinder-749155-14-smb devstack@keystone.service[81561]: [pid: 81561|app: 0|req: 184/381] 10.222.0.55 () {58 vars in 1024 bytes} [Tue Oct 4 16:18:30 2022] POST /identity/v3/auth/tokens => generated 799 bytes in 162 msecs (HTTP/1.1 201) 6 headers in 363 bytes (2 switches on core 0)
Oct 04 16:18:31.017747 dv-cinder-749155-14-smb devstack@keystone.service[81562]: DEBUG keystone.server.flask.request_processing.middleware.auth_context [None req-b8f6cfdc-d819-4105-9358-ca9c952159ac None admin] RBAC: auth_context: {'token': , 'domain_id': None, 'trust_id': None, 'trustor_id': None, 'trustee_id': None, 'domain_name': None, 'group_ids': [], 'user_id': 'f4a141c4b1594c35992b7b147f7c2904', 'user_domain_id': 'default', 'system_scope': 'all', 'project_id': None, 'project_domain_id': None, 'roles': ['admin', 'member', 'reader'], 'is_admin_project': True, 'service_user_id': None, 'service_user_domain_id': None, 'service_project_id': None, 'service_project_domain_id': None, 'service_roles': []} {{(pid=81562) fill_context /opt/stack/keystone/keystone/server/flask/request_processing/middleware/auth_context.py:478}}
Oct 04 16:18:31.018564 dv-cinder-749155-14-smb devstack@keystone.service[81562]: DEBUG keystone.server.flask.request_processing.req_logging [None req-b8f6cfdc-d819-4105-9358-ca9c952159ac None admin] REQUEST_METHOD: `GET` {{(pid=81562) log_request_info /opt/stack/keystone/keystone/server/flask/request_processing/req_logging.py:27}}
Oct 04 16:18:31.019011 dv-cinder-749155-14-smb devstack@keystone.service[81562]: DEBUG keystone.server.flask.request_processing.req_logging [None req-b8f6cfdc-d819-4105-9358-ca9c952159ac None admin] SCRIPT_NAME: `/identity` {{(pid=81562) log_request_info /opt/stack/keystone/keystone/server/flask/request_processing/req_logging.py:28}}
Oct 04 16:18:31.019403 dv-cinder-749155-14-smb devstack@keystone.service[81562]: DEBUG keystone.server.flask.request_processing.req_logging [None req-b8f6cfdc-d819-4105-9358-ca9c952159ac None admin] PATH_INFO: `/v3/role_assignments` {{(pid=81562) log_request_info /opt/stack/keystone/keystone/server/flask/request_processing/req_logging.py:29}}
Oct 04 16:18:31.020326 dv-cinder-749155-14-smb devstack@keystone.service[81562]: DEBUG keystone.common.rbac_enforcer.enforcer [None req-b8f6cfdc-d819-4105-9358-ca9c952159ac None admin] RBAC: Adding query filter params (group.id=b60d9aad19f14e4c9801b1b9be6a584f, role.id=066f46534195417295e63a5316632eae, scope.project.id=d8da776c843c485a9ba105a4675b7ac9) {{(pid=81562) _extract_filter_values /opt/stack/keystone/keystone/common/rbac_enforcer/enforcer.py:167}}
Oct 04 16:18:31.020767 dv-cinder-749155-14-smb devstack@keystone.service[81562]: DEBUG keystone.common.rbac_enforcer.enforcer [None req-b8f6cfdc-d819-4105-9358-ca9c952159ac None admin] RBAC: Authorizing `identity:list_role_assignments()` {{(pid=81562) enforce_call /opt/stack/keystone/keystone/common/rbac_enforcer/enforcer.py:449}}
Oct 04 16:18:31.022343 dv-cinder-749155-14-smb devstack@keystone.service[81562]: DEBUG keystone.common.rbac_enforcer.enforcer [None req-b8f6cfdc-d819-4105-9358-ca9c952159ac None admin] RBAC: Authorization granted {{(pid=81562) enforce_call /opt/stack/keystone/keystone/common/rbac_enforcer/enforcer.py:457}}
Oct 04 16:18:31.030135 dv-cinder-749155-14-smb devstack@keystone.service[81562]: [pid: 81562|app: 0|req: 198/382] 10.222.0.55 () {56 vars in 1376 bytes} [Tue Oct 4 16:18:30 2022] GET /identity/v3/role_assignments?group.id=b60d9aad19f14e4c9801b1b9be6a584f&scope.project.id=d8da776c843c485a9ba105a4675b7ac9&role.id=066f46534195417295e63a5316632eae => generated 260 bytes in 196 msecs (HTTP/1.1 200) 5 headers in 177 bytes (1 switches on core 0)
Oct 04 16:18:31.296439 dv-cinder-749155-14-smb devstack@keystone.service[81561]: DEBUG keystone.server.flask.request_processing.middleware.auth_context [None req-1277cd8e-a447-4ab3-a5d9-119ae57b8f86 None None] Authenticating user token {{(pid=81561) process_request /usr/local/lib/python3.8/dist-packages/keystonemiddleware/auth_token/__init__.py:407}}
Oct 04 16:18:31.431751 dv-cinder-749155-14-smb devstack@keystone.service[81561]: DEBUG keystone.server.flask.request_processing.middleware.auth_context [None req-1277cd8e-a447-4ab3-a5d9-119ae57b8f86 None None] Validating token access rules against request {{(pid=81561) validate_allowed_request /usr/local/lib/python3.8/dist-packages/keystonemiddleware/auth_token/__init__.py:545}}
Oct 04 16:18:31.468375 dv-cinder-749155-14-smb devstack@keystone.service[81561]: DEBUG keystone.server.flask.request_processing.middleware.auth_context [None req-804460c5-596a-4229-b19b-f99299709261 None admin] RBAC: auth_context: {'token': , 'domain_id': None, 'trust_id': None, 'trustor_id': None, 'trustee_id': None, 'domain_name': None, 'group_ids': [], 'user_id': 'f4a141c4b1594c35992b7b147f7c2904', 'user_domain_id': 'default', 'system_scope': 'all', 'project_id': None, 'project_domain_id': None, 'roles': ['admin', 'member', 'reader'], 'is_admin_project': True, 'service_user_id': None, 'service_user_domain_id': None, 'service_project_id': None, 'service_project_domain_id': None, 'service_roles': []} {{(pid=81561) fill_context /opt/stack/keystone/keystone/server/flask/request_processing/middleware/auth_context.py:478}}
Oct 04 16:18:31.469715 dv-cinder-749155-14-smb devstack@keystone.service[81561]: DEBUG keystone.server.flask.request_processing.req_logging [None req-804460c5-596a-4229-b19b-f99299709261 None admin] REQUEST_METHOD: `GET` {{(pid=81561) log_request_info /opt/stack/keystone/keystone/server/flask/request_processing/req_logging.py:27}}
Oct 04 16:18:31.470139 dv-cinder-749155-14-smb devstack@keystone.service[81561]: DEBUG keystone.server.flask.request_processing.req_logging [None req-804460c5-596a-4229-b19b-f99299709261 None admin] SCRIPT_NAME: `/identity` {{(pid=81561) log_request_info /opt/stack/keystone/keystone/server/flask/request_processing/req_logging.py:28}}
Oct 04 16:18:31.470643 dv-cinder-749155-14-smb devstack@keystone.service[81561]: DEBUG keystone.server.flask.request_processing.req_logging [None req-804460c5-596a-4229-b19b-f99299709261 None admin] PATH_INFO: `/v3/roles/member` {{(pid=81561) log_request_info /opt/stack/keystone/keystone/server/flask/request_processing/req_logging.py:29}}
Oct 04 16:18:31.482697 dv-cinder-749155-14-smb devstack@keystone.service[81561]: DEBUG keystone.common.rbac_enforcer.enforcer [None req-804460c5-596a-4229-b19b-f99299709261 None admin] Extracting inferred target data resulted in "NOT FOUND (404)". {{(pid=81561) enforce_call /opt/stack/keystone/keystone/common/rbac_enforcer/enforcer.py:409}}
Oct 04 16:18:31.487781 dv-cinder-749155-14-smb devstack@keystone.service[81561]: ERROR keystone.server.flask.application [None req-804460c5-596a-4229-b19b-f99299709261 None admin] Could not find role: member.: keystone.exception.RoleNotFound: Could not find role: member.
Oct 04 16:18:31.487781 dv-cinder-749155-14-smb devstack@keystone.service[81561]: ERROR keystone.server.flask.application
Traceback (most recent call last):
Oct 04 16:18:31.487781 dv-cinder-749155-14-smb devstack@keystone.service[81561]: ERROR keystone.server.flask.application
File "/usr/local/lib/python3.8/dist-packages/flask/app.py", line 1820, in full_dispatch_request
Oct 04 16:18:31.487781 dv-cinder-749155-14-smb devstack@keystone.service[81561]: ERROR keystone.server.flask.application rv = self.dispatch_request()
Oct 04 16:18:31.487781 dv-cinder-749155-14-smb devstack@keystone.service[81561]: ERROR keystone.server.flask.application
File "/usr/local/lib/python3.8/dist-packages/flask/app.py", line 1796, in dispatch_request
Oct 04 16:18:31.487781 dv-cinder-749155-14-smb devstack@keystone.service[81561]: ERROR keystone.server.flask.application return self.ensure_sync(self.view_functions[rule.endpoint])(**view_args)
Oct 04 16:18:31.487781 dv-cinder-749155-14-smb devstack@keystone.service[81561]: ERROR keystone.server.flask.application
File "/usr/local/lib/python3.8/dist-packages/flask_restful/__init__.py", line 467, in wrapper
Oct 04 16:18:31.487781 dv-cinder-749155-14-smb devstack@keystone.service[81561]: ERROR keystone.server.flask.application resp = resource(*args, **kwargs)
Oct 04 16:18:31.487781 dv-cinder-749155-14-smb devstack@keystone.service[81561]: ERROR keystone.server.flask.application
File "/usr/local/lib/python3.8/dist-packages/flask/views.py", line 107, in view
Oct 04 16:18:31.487781 dv-cinder-749155-14-smb devstack@keystone.service[81561]: ERROR keystone.server.flask.application return current_app.ensure_sync(self.dispatch_request)(**kwargs)
Oct 04 16:18:31.487781 dv-cinder-749155-14-smb devstack@keystone.service[81561]: ERROR keystone.server.flask.application
File "/usr/local/lib/python3.8/dist-packages/flask_restful/__init__.py", line 582, in dispatch_request
Oct 04 16:18:31.487781 dv-cinder-749155-14-smb devstack@keystone.service[81561]: ERROR keystone.server.flask.application resp = meth(*args, **kwargs)
Oct 04 16:18:31.487781 dv-cinder-749155-14-smb devstack@keystone.service[81561]: ERROR keystone.server.flask.application
File "/opt/stack/keystone/keystone/api/roles.py", line 50, in get
Oct 04 16:18:31.487781 dv-cinder-749155-14-smb devstack@keystone.service[81561]: ERROR keystone.server.flask.application return self._get_role(role_id)
Oct 04 16:18:31.487781 dv-cinder-749155-14-smb devstack@keystone.service[81561]: ERROR keystone.server.flask.application
File "/opt/stack/keystone/keystone/api/roles.py", line 70, in _get_role
Oct 04 16:18:31.487781 dv-cinder-749155-14-smb devstack@keystone.service[81561]: ERROR keystone.server.flask.application ENFORCER.enforce_call(action='identity:get_role')
Oct 04 16:18:31.488914 dv-cinder-749155-14-smb devstack@keystone.service[81561]: ERROR keystone.server.flask.application
File "/opt/stack/keystone/keystone/common/rbac_enforcer/enforcer.py", line 402, in enforce_call
Oct 04 16:18:31.488914 dv-cinder-749155-14-smb devstack@keystone.service[81561]: ERROR keystone.server.flask.application policy_dict.update(cls._extract_member_target_data(
Oct 04 16:18:31.488914 dv-cinder-749155-14-smb devstack@keystone.service[81561]: ERROR keystone.server.flask.application
File "/opt/stack/keystone/keystone/common/rbac_enforcer/enforcer.py", line 234, in _extract_member_target_data
Oct 04 16:18:31.488914 dv-cinder-749155-14-smb devstack@keystone.service[81561]: ERROR keystone.server.flask.application member_name: func(flask.request.view_args[key])
Oct 04 16:18:31.488914 dv-cinder-749155-14-smb devstack@keystone.service[81561]: ERROR keystone.server.flask.application
File "/opt/stack/keystone/keystone/common/manager.py", line 115, in wrapped
Oct 04 16:18:31.488914 dv-cinder-749155-14-smb devstack@keystone.service[81561]: ERROR keystone.server.flask.application __ret_val = __f(*args, **kwargs)
Oct 04 16:18:31.488914 dv-cinder-749155-14-smb devstack@keystone.service[81561]: ERROR keystone.server.flask.application
File "/usr/local/lib/python3.8/dist-packages/decorator.py", line 232, in fun
Oct 04 16:18:31.488914 dv-cinder-749155-14-smb devstack@keystone.service[81561]: ERROR keystone.server.flask.application return caller(func, *(extras + args), **kw)
Oct 04 16:18:31.488914 dv-cinder-749155-14-smb devstack@keystone.service[81561]: ERROR keystone.server.flask.application
File "/usr/local/lib/python3.8/dist-packages/dogpile/cache/region.py", line 1577, in get_or_create_for_user_func
Oct 04 16:18:31.488914 dv-cinder-749155-14-smb devstack@keystone.service[81561]: ERROR keystone.server.flask.application return self.get_or_create(
Oct 04 16:18:31.488914 dv-cinder-749155-14-smb devstack@keystone.service[81561]: ERROR keystone.server.flask.application
File "/usr/local/lib/python3.8/dist-packages/dogpile/cache/region.py", line 1042, in get_or_create
Oct 04 16:18:31.488914 dv-cinder-749155-14-smb devstack@keystone.service[81561]: ERROR keystone.server.flask.application with Lock(
Oct 04 16:18:31.488914 dv-cinder-749155-14-smb devstack@keystone.service[81561]: ERROR keystone.server.flask.application
File "/usr/local/lib/python3.8/dist-packages/dogpile/lock.py", line 185, in __enter__
Oct 04 16:18:31.488914 dv-cinder-749155-14-smb devstack@keystone.service[81561]: ERROR keystone.server.flask.application return self._enter()
Oct 04 16:18:31.488914 dv-cinder-749155-14-smb devstack@keystone.service[81561]: ERROR keystone.server.flask.application
File "/usr/local/lib/python3.8/dist-packages/dogpile/lock.py", line 94, in _enter
Oct 04 16:18:31.488914 dv-cinder-749155-14-smb devstack@keystone.service[81561]: ERROR keystone.server.flask.application generated = self._enter_create(value, createdtime)
Oct 04 16:18:31.489883 dv-cinder-749155-14-smb devstack@keystone.service[81561]: ERROR keystone.server.flask.application
File "/usr/local/lib/python3.8/dist-packages/dogpile/lock.py", line 178, in _enter_create
Oct 04 16:18:31.489883 dv-cinder-749155-14-smb devstack@keystone.service[81561]: ERROR keystone.server.flask.application return self.creator()
Oct 04 16:18:31.489883 dv-cinder-749155-14-smb devstack@keystone.service[81561]: ERROR keystone.server.flask.application
File "/usr/local/lib/python3.8/dist-packages/dogpile/cache/region.py", line 995, in gen_value
Oct 04 16:18:31.489883 dv-cinder-749155-14-smb devstack@keystone.service[81561]: ERROR keystone.server.flask.application created_value = creator(
Oct 04 16:18:31.489883 dv-cinder-749155-14-smb devstack@keystone.service[81561]: ERROR keystone.server.flask.application
File "/opt/stack/keystone/keystone/assignment/core.py", line 1276, in get_role
Oct 04 16:18:31.489883 dv-cinder-749155-14-smb devstack@keystone.service[81561]: ERROR keystone.server.flask.application return self.driver.get_role(role_id)
Oct 04 16:18:31.489883 dv-cinder-749155-14-smb devstack@keystone.service[81561]: ERROR keystone.server.flask.application
File "/opt/stack/keystone/keystone/assignment/role_backends/sql.py", line 70, in get_role
Oct 04 16:18:31.489883 dv-cinder-749155-14-smb devstack@keystone.service[81561]: ERROR keystone.server.flask.application return self._get_role(session, role_id).to_dict()
Oct 04 16:18:31.489883 dv-cinder-749155-14-smb devstack@keystone.service[81561]: ERROR keystone.server.flask.application
File "/opt/stack/keystone/keystone/assignment/role_backends/sql.py", line 65, in _get_role
Oct 04 16:18:31.489883 dv-cinder-749155-14-smb devstack@keystone.service[81561]: ERROR keystone.server.flask.application raise exception.RoleNotFound(role_id=role_id)
Oct 04 16:18:31.489883 dv-cinder-749155-14-smb devstack@keystone.service[81561]: ERROR keystone.server.flask.application keystone.exception.RoleNotFound: Could not find role: member.
Oct 04 16:18:31.489883 dv-cinder-749155-14-smb devstack@keystone.service[81561]: ERROR keystone.server.flask.application
Oct 04 16:18:31.492149 dv-cinder-749155-14-smb devstack@keystone.service[81561]: [pid: 81561|app: 0|req: 185/383] 10.222.0.55 () {56 vars in 1099 bytes} [Tue Oct 4 16:18:31 2022] GET /identity/v3/roles/member => generated 84 bytes in 196 msecs (HTTP/1.1 404) 5 headers in 183 bytes (1 switches on core 0)
Oct 04 16:18:31.498168 dv-cinder-749155-14-smb devstack@keystone.service[81562]: DEBUG keystone.server.flask.request_processing.middleware.auth_context [None req-b8f6cfdc-d819-4105-9358-ca9c952159ac None admin] Authenticating user token {{(pid=81562) process_request /usr/local/lib/python3.8/dist-packages/keystonemiddleware/auth_token/__init__.py:407}}
Oct 04 16:18:31.614566 dv-cinder-749155-14-smb devstack@keystone.service[81562]: DEBUG keystone.server.flask.request_processing.middleware.auth_context [None req-b8f6cfdc-d819-4105-9358-ca9c952159ac None admin] Validating token access rules against request {{(pid=81562) validate_allowed_request /usr/local/lib/python3.8/dist-packages/keystonemiddleware/auth_token/__init__.py:545}}
Oct 04 16:18:31.655313 dv-cinder-749155-14-smb devstack@keystone.service[81562]: DEBUG keystone.server.flask.request_processing.middleware.auth_context [None req-dcd622c2-2fdf-4fbb-aaca-005d0bb33660 None admin] RBAC: auth_context: {'token': , 'domain_id': None, 'trust_id': None, 'trustor_id': None, 'trustee_id': None, 'domain_name': None, 'group_ids': [], 'user_id': 'f4a141c4b1594c35992b7b147f7c2904', 'user_domain_id': 'default', 'system_scope': 'all', 'project_id': None, 'project_domain_id': None, 'roles': ['admin', 'member', 'reader'], 'is_admin_project': True, 'service_user_id': None, 'service_user_domain_id': None, 'service_project_id': None, 'service_project_domain_id': None, 'service_roles': []} {{(pid=81562) fill_context /opt/stack/keystone/keystone/server/flask/request_processing/middleware/auth_context.py:478}}
Oct 04 16:18:31.655980 dv-cinder-749155-14-smb devstack@keystone.service[81562]: DEBUG keystone.server.flask.request_processing.req_logging [None req-dcd622c2-2fdf-4fbb-aaca-005d0bb33660 None admin] REQUEST_METHOD: `GET` {{(pid=81562) log_request_info /opt/stack/keystone/keystone/server/flask/request_processing/req_logging.py:27}}
Oct 04 16:18:31.656191 dv-cinder-749155-14-smb devstack@keystone.service[81562]: DEBUG keystone.server.flask.request_processing.req_logging [None req-dcd622c2-2fdf-4fbb-aaca-005d0bb33660 None admin] SCRIPT_NAME: `/identity` {{(pid=81562) log_request_info /opt/stack/keystone/keystone/server/flask/request_processing/req_logging.py:28}}
Oct 04 16:18:31.658910 dv-cinder-749155-14-smb devstack@keystone.service[81562]: DEBUG keystone.server.flask.request_processing.req_logging [None req-dcd622c2-2fdf-4fbb-aaca-005d0bb33660 None admin] PATH_INFO: `/v3/roles` {{(pid=81562) log_request_info /opt/stack/keystone/keystone/server/flask/request_processing/req_logging.py:29}}
Oct 04 16:18:31.658910 dv-cinder-749155-14-smb devstack@keystone.service[81562]: DEBUG keystone.common.rbac_enforcer.enforcer [None req-dcd622c2-2fdf-4fbb-aaca-005d0bb33660 None admin] RBAC: Adding query filter params (name=member) {{(pid=81562) _extract_filter_values /opt/stack/keystone/keystone/common/rbac_enforcer/enforcer.py:167}}
Oct 04 16:18:31.658910 dv-cinder-749155-14-smb devstack@keystone.service[81562]: DEBUG keystone.common.rbac_enforcer.enforcer [None req-dcd622c2-2fdf-4fbb-aaca-005d0bb33660 None admin] RBAC: Authorizing `identity:list_roles()` {{(pid=81562) enforce_call /opt/stack/keystone/keystone/common/rbac_enforcer/enforcer.py:449}}
Oct 04 16:18:31.658910 dv-cinder-749155-14-smb devstack@keystone.service[81562]: DEBUG keystone.common.rbac_enforcer.enforcer [None req-dcd622c2-2fdf-4fbb-aaca-005d0bb33660 None admin] RBAC: Authorization granted {{(pid=81562) enforce_call /opt/stack/keystone/keystone/common/rbac_enforcer/enforcer.py:457}}
Oct 04 16:18:31.670948 dv-cinder-749155-14-smb devstack@keystone.service[81562]: [pid: 81562|app: 0|req: 199/384] 10.222.0.55 () {56 vars in 1101 bytes} [Tue Oct 4 16:18:31 2022] GET /identity/v3/roles?name=member => generated 341 bytes in 173 msecs (HTTP/1.1 200) 5 headers in 177 bytes (1 switches on core 0)
Oct 04 16:18:31.676391 dv-cinder-749155-14-smb devstack@keystone.service[81561]: DEBUG keystone.server.flask.request_processing.middleware.auth_context [None req-804460c5-596a-4229-b19b-f99299709261 None admin] Authenticating user token {{(pid=81561) process_request /usr/local/lib/python3.8/dist-packages/keystonemiddleware/auth_token/__init__.py:407}}
Oct 04 16:18:31.708326 dv-cinder-749155-14-smb devstack@keystone.service[81561]: DEBUG dbcounter [-] [81561] Writing DB stats keystone:SELECT=100 {{(pid=81561) stat_writer /usr/local/lib/python3.8/dist-packages/dbcounter.py:114}}
Oct 04 16:18:31.800254 dv-cinder-749155-14-smb devstack@keystone.service[81561]: DEBUG keystone.server.flask.request_processing.middleware.auth_context [None req-804460c5-596a-4229-b19b-f99299709261 None admin] Validating token access rules against request {{(pid=81561) validate_allowed_request /usr/local/lib/python3.8/dist-packages/keystonemiddleware/auth_token/__init__.py:545}}
Oct 04 16:18:31.840258 dv-cinder-749155-14-smb devstack@keystone.service[81561]: DEBUG keystone.server.flask.request_processing.middleware.auth_context [None req-25c4446e-9705-4fdc-a195-7505024c9c33 None admin] RBAC: auth_context: {'token': , 'domain_id': None, 'trust_id': None, 'trustor_id': None, 'trustee_id': None, 'domain_name': None, 'group_ids': [], 'user_id': 'f4a141c4b1594c35992b7b147f7c2904', 'user_domain_id': 'default', 'system_scope': 'all', 'project_id': None, 'project_domain_id': None, 'roles': ['admin', 'member', 'reader'], 'is_admin_project': True, 'service_user_id': None, 'service_user_domain_id': None, 'service_project_id': None, 'service_project_domain_id': None, 'service_roles': []} {{(pid=81561) fill_context /opt/stack/keystone/keystone/server/flask/request_processing/middleware/auth_context.py:478}}
Oct 04 16:18:31.840816 dv-cinder-749155-14-smb devstack@keystone.service[81561]: DEBUG keystone.server.flask.request_processing.req_logging [None req-25c4446e-9705-4fdc-a195-7505024c9c33 None admin] REQUEST_METHOD: `GET` {{(pid=81561) log_request_info /opt/stack/keystone/keystone/server/flask/request_processing/req_logging.py:27}}
Oct 04 16:18:31.841087 dv-cinder-749155-14-smb devstack@keystone.service[81561]: DEBUG keystone.server.flask.request_processing.req_logging [None req-25c4446e-9705-4fdc-a195-7505024c9c33 None admin] SCRIPT_NAME: `/identity` {{(pid=81561) log_request_info /opt/stack/keystone/keystone/server/flask/request_processing/req_logging.py:28}}
Oct 04 16:18:31.841350 dv-cinder-749155-14-smb devstack@keystone.service[81561]: DEBUG keystone.server.flask.request_processing.req_logging [None req-25c4446e-9705-4fdc-a195-7505024c9c33 None admin] PATH_INFO: `/v3/groups/06e2e17186494298914cca80d561ca8d` {{(pid=81561) log_request_info /opt/stack/keystone/keystone/server/flask/request_processing/req_logging.py:29}}
Oct 04 16:18:31.842535 dv-cinder-749155-14-smb devstack@keystone.service[81561]: DEBUG keystone.common.rbac_enforcer.enforcer [None req-25c4446e-9705-4fdc-a195-7505024c9c33 None admin] RBAC: Authorizing `identity:get_group(group_id=06e2e17186494298914cca80d561ca8d)` {{(pid=81561) enforce_call /opt/stack/keystone/keystone/common/rbac_enforcer/enforcer.py:449}}
Oct 04 16:18:31.844024 dv-cinder-749155-14-smb devstack@keystone.service[81561]: DEBUG keystone.common.rbac_enforcer.enforcer [None req-25c4446e-9705-4fdc-a195-7505024c9c33 None admin] RBAC: Authorization granted {{(pid=81561) enforce_call /opt/stack/keystone/keystone/common/rbac_enforcer/enforcer.py:457}}
Oct 04 16:18:31.845908 dv-cinder-749155-14-smb devstack@keystone.service[81561]: [pid: 81561|app: 0|req: 186/385] 10.222.0.55 () {56 vars in 1180 bytes} [Tue Oct 4 16:18:31 2022] GET /identity/v3/groups/06e2e17186494298914cca80d561ca8d => generated 226 bytes in 170 msecs (HTTP/1.1 200) 5 headers in 177 bytes (1 switches on core 0)
Oct 04 16:18:31.851582 dv-cinder-749155-14-smb devstack@keystone.service[81562]: DEBUG keystone.server.flask.request_processing.middleware.auth_context [None req-dcd622c2-2fdf-4fbb-aaca-005d0bb33660 None admin] Authenticating user token {{(pid=81562) process_request /usr/local/lib/python3.8/dist-packages/keystonemiddleware/auth_token/__init__.py:407}}
Oct 04 16:18:31.909942 dv-cinder-749155-14-smb devstack@keystone.service[81562]: DEBUG dbcounter [-] [81562] Writing DB stats keystone:SELECT=100 {{(pid=81562) stat_writer /usr/local/lib/python3.8/dist-packages/dbcounter.py:114}}
Oct 04 16:18:31.980246 dv-cinder-749155-14-smb devstack@keystone.service[81562]: DEBUG keystone.server.flask.request_processing.middleware.auth_context [None req-dcd622c2-2fdf-4fbb-aaca-005d0bb33660 None admin] Validating token access rules against request {{(pid=81562) validate_allowed_request /usr/local/lib/python3.8/dist-packages/keystonemiddleware/auth_token/__init__.py:545}}
Oct 04 16:18:32.022267 dv-cinder-749155-14-smb devstack@keystone.service[81562]: DEBUG keystone.server.flask.request_processing.middleware.auth_context [None req-5ea40f46-b664-4565-8394-a88669967ca2 None admin] RBAC: auth_context: {'token': , 'domain_id': None, 'trust_id': None, 'trustor_id': None, 'trustee_id': None, 'domain_name': None, 'group_ids': [], 'user_id': 'f4a141c4b1594c35992b7b147f7c2904', 'user_domain_id': 'default', 'system_scope': 'all', 'project_id': None, 'project_domain_id': None, 'roles': ['admin', 'member', 'reader'], 'is_admin_project': True, 'service_user_id': None, 'service_user_domain_id': None, 'service_project_id': None, 'service_project_domain_id': None, 'service_roles': []} {{(pid=81562) fill_context /opt/stack/keystone/keystone/server/flask/request_processing/middleware/auth_context.py:478}}
Oct 04 16:18:32.022919 dv-cinder-749155-14-smb devstack@keystone.service[81562]: DEBUG keystone.server.flask.request_processing.req_logging [None req-5ea40f46-b664-4565-8394-a88669967ca2 None admin] REQUEST_METHOD: `GET` {{(pid=81562) log_request_info /opt/stack/keystone/keystone/server/flask/request_processing/req_logging.py:27}}
Oct 04 16:18:32.023223 dv-cinder-749155-14-smb devstack@keystone.service[81562]: DEBUG keystone.server.flask.request_processing.req_logging [None req-5ea40f46-b664-4565-8394-a88669967ca2 None admin] SCRIPT_NAME: `/identity` {{(pid=81562) log_request_info /opt/stack/keystone/keystone/server/flask/request_processing/req_logging.py:28}}
Oct 04 16:18:32.023489 dv-cinder-749155-14-smb devstack@keystone.service[81562]: DEBUG keystone.server.flask.request_processing.req_logging [None req-5ea40f46-b664-4565-8394-a88669967ca2 None admin] PATH_INFO: `/v3/projects/c68abb6013ea44fb9fad2c8141d11c05` {{(pid=81562) log_request_info /opt/stack/keystone/keystone/server/flask/request_processing/req_logging.py:29}}
Oct 04 16:18:32.024715 dv-cinder-749155-14-smb devstack@keystone.service[81562]: DEBUG keystone.common.rbac_enforcer.enforcer [None req-5ea40f46-b664-4565-8394-a88669967ca2 None admin] RBAC: Authorizing `identity:get_project(project_id=c68abb6013ea44fb9fad2c8141d11c05)` {{(pid=81562) enforce_call /opt/stack/keystone/keystone/common/rbac_enforcer/enforcer.py:449}}
Oct 04 16:18:32.026208 dv-cinder-749155-14-smb devstack@keystone.service[81562]: DEBUG keystone.common.rbac_enforcer.enforcer [None req-5ea40f46-b664-4565-8394-a88669967ca2 None admin] RBAC: Authorization granted {{(pid=81562) enforce_call /opt/stack/keystone/keystone/common/rbac_enforcer/enforcer.py:457}}
Oct 04 16:18:32.028395 dv-cinder-749155-14-smb devstack@keystone.service[81562]: [pid: 81562|app: 0|req: 200/386] 10.222.0.55 () {56 vars in 1186 bytes} [Tue Oct 4 16:18:31 2022] GET /identity/v3/projects/c68abb6013ea44fb9fad2c8141d11c05 => generated 298 bytes in 177 msecs (HTTP/1.1 200) 5 headers in 177 bytes (1 switches on core 0)
Oct 04 16:18:32.034243 dv-cinder-749155-14-smb devstack@keystone.service[81561]: DEBUG keystone.server.flask.request_processing.middleware.auth_context [None req-25c4446e-9705-4fdc-a195-7505024c9c33 None admin] Authenticating user token {{(pid=81561) process_request /usr/local/lib/python3.8/dist-packages/keystonemiddleware/auth_token/__init__.py:407}}
Oct 04 16:18:32.141031 dv-cinder-749155-14-smb devstack@keystone.service[81561]: DEBUG dbcounter [-] [81561] Writing DB stats keystone:SELECT=100 {{(pid=81561) stat_writer /usr/local/lib/python3.8/dist-packages/dbcounter.py:114}}
Oct 04 16:18:32.157093 dv-cinder-749155-14-smb devstack@keystone.service[81561]: DEBUG keystone.server.flask.request_processing.middleware.auth_context [None req-25c4446e-9705-4fdc-a195-7505024c9c33 None admin] Validating token access rules against request {{(pid=81561) validate_allowed_request /usr/local/lib/python3.8/dist-packages/keystonemiddleware/auth_token/__init__.py:545}}
Oct 04 16:18:32.198189 dv-cinder-749155-14-smb devstack@keystone.service[81561]: DEBUG keystone.server.flask.request_processing.middleware.auth_context [None req-c45cd6a4-665f-4643-9b2b-0c7c48f94eef None admin] RBAC: auth_context: {'token': , 'domain_id': None, 'trust_id': None, 'trustor_id': None, 'trustee_id': None, 'domain_name': None, 'group_ids': [], 'user_id': 'f4a141c4b1594c35992b7b147f7c2904', 'user_domain_id': 'default', 'system_scope': 'all', 'project_id': None, 'project_domain_id': None, 'roles': ['admin', 'member', 'reader'], 'is_admin_project': True, 'service_user_id': None, 'service_user_domain_id': None, 'service_project_id': None, 'service_project_domain_id': None, 'service_roles': []} {{(pid=81561) fill_context /opt/stack/keystone/keystone/server/flask/request_processing/middleware/auth_context.py:478}}
Oct 04 16:18:32.202267 dv-cinder-749155-14-smb devstack@keystone.service[81561]: DEBUG keystone.server.flask.request_processing.req_logging [None req-c45cd6a4-665f-4643-9b2b-0c7c48f94eef None admin] REQUEST_METHOD: `PUT` {{(pid=81561) log_request_info /opt/stack/keystone/keystone/server/flask/request_processing/req_logging.py:27}}
Oct 04 16:18:32.202743 dv-cinder-749155-14-smb devstack@keystone.service[81561]: DEBUG keystone.server.flask.request_processing.req_logging [None req-c45cd6a4-665f-4643-9b2b-0c7c48f94eef None admin] SCRIPT_NAME: `/identity` {{(pid=81561) log_request_info /opt/stack/keystone/keystone/server/flask/request_processing/req_logging.py:28}}
Oct 04 16:18:32.203196 dv-cinder-749155-14-smb devstack@keystone.service[81561]: DEBUG keystone.server.flask.request_processing.req_logging [None req-c45cd6a4-665f-4643-9b2b-0c7c48f94eef None admin] PATH_INFO: `/v3/projects/c68abb6013ea44fb9fad2c8141d11c05/groups/06e2e17186494298914cca80d561ca8d/roles/5cf61f379b4d49cb9e19605796d13f62` {{(pid=81561) log_request_info /opt/stack/keystone/keystone/server/flask/request_processing/req_logging.py:29}}
Oct 04 16:18:32.205544 dv-cinder-749155-14-smb devstack@keystone.service[81561]: DEBUG keystone.common.rbac_enforcer.enforcer [None req-c45cd6a4-665f-4643-9b2b-0c7c48f94eef None admin] RBAC: Authorizing `identity:create_grant(project_id=c68abb6013ea44fb9fad2c8141d11c05, group_id=06e2e17186494298914cca80d561ca8d, role_id=5cf61f379b4d49cb9e19605796d13f62)` {{(pid=81561) enforce_call /opt/stack/keystone/keystone/common/rbac_enforcer/enforcer.py:449}}
Oct 04 16:18:32.207336 dv-cinder-749155-14-smb devstack@keystone.service[81561]: DEBUG keystone.common.rbac_enforcer.enforcer [None req-c45cd6a4-665f-4643-9b2b-0c7c48f94eef None admin] RBAC: Authorization granted {{(pid=81561) enforce_call /opt/stack/keystone/keystone/common/rbac_enforcer/enforcer.py:457}}
Oct 04 16:18:32.227339 dv-cinder-749155-14-smb devstack@keystone.service[81561]: [pid: 81561|app: 0|req: 187/387] 10.222.0.55 () {58 vars in 1442 bytes} [Tue Oct 4 16:18:32 2022] PUT /identity/v3/projects/c68abb6013ea44fb9fad2c8141d11c05/groups/06e2e17186494298914cca80d561ca8d/roles/5cf61f379b4d49cb9e19605796d13f62 => generated 0 bytes in 193 msecs (HTTP/1.1 204) 3 headers in 132 bytes (0 switches on core 0)
Oct 04 16:18:32.270906 dv-cinder-749155-14-smb devstack@keystone.service[81562]: DEBUG keystone.server.flask.request_processing.req_logging [None req-aab99582-fcb8-41f0-87b8-d34eca2344f6 None None] REQUEST_METHOD: `GET` {{(pid=81562) log_request_info /opt/stack/keystone/keystone/server/flask/request_processing/req_logging.py:27}}
Oct 04 16:18:32.271223 dv-cinder-749155-14-smb devstack@keystone.service[81562]: DEBUG keystone.server.flask.request_processing.req_logging [None req-aab99582-fcb8-41f0-87b8-d34eca2344f6 None None] SCRIPT_NAME: `/identity` {{(pid=81562) log_request_info /opt/stack/keystone/keystone/server/flask/request_processing/req_logging.py:28}}
Oct 04 16:18:32.271503 dv-cinder-749155-14-smb devstack@keystone.service[81562]: DEBUG keystone.server.flask.request_processing.req_logging [None req-aab99582-fcb8-41f0-87b8-d34eca2344f6 None None] PATH_INFO: `/` {{(pid=81562) log_request_info /opt/stack/keystone/keystone/server/flask/request_processing/req_logging.py:29}}
Oct 04 16:18:32.273416 dv-cinder-749155-14-smb devstack@keystone.service[81562]: [pid: 81562|app: 0|req: 201/388] 10.222.0.55 () {54 vars in 927 bytes} [Tue Oct 4 16:18:32 2022] GET /identity => generated 270 bytes in 3 msecs (HTTP/1.1 300) 6 headers in 234 bytes (1 switches on core 0)
Oct 04 16:18:32.279852 dv-cinder-749155-14-smb devstack@keystone.service[81561]: DEBUG keystone.server.flask.request_processing.req_logging [None req-87b14313-3d27-4c79-bc0e-476bedceef67 None None] REQUEST_METHOD: `POST` {{(pid=81561) log_request_info /opt/stack/keystone/keystone/server/flask/request_processing/req_logging.py:27}}
Oct 04 16:18:32.280380 dv-cinder-749155-14-smb devstack@keystone.service[81561]: DEBUG keystone.server.flask.request_processing.req_logging [None req-87b14313-3d27-4c79-bc0e-476bedceef67 None None] SCRIPT_NAME: `/identity` {{(pid=81561) log_request_info /opt/stack/keystone/keystone/server/flask/request_processing/req_logging.py:28}}
Oct 04 16:18:32.280801 dv-cinder-749155-14-smb devstack@keystone.service[81561]: DEBUG keystone.server.flask.request_processing.req_logging [None req-87b14313-3d27-4c79-bc0e-476bedceef67 None None] PATH_INFO: `/v3/auth/tokens` {{(pid=81561) log_request_info /opt/stack/keystone/keystone/server/flask/request_processing/req_logging.py:29}}
Oct 04 16:18:32.306962 dv-cinder-749155-14-smb devstack@keystone.service[81561]: DEBUG keystone.auth.core [None req-87b14313-3d27-4c79-bc0e-476bedceef67 None None] MFA Rules not processed for user `f4a141c4b1594c35992b7b147f7c2904`. Rule list: `[]` (Enabled: `True`). {{(pid=81561) check_auth_methods_against_rules /opt/stack/keystone/keystone/auth/core.py:438}}
Oct 04 16:18:32.308789 dv-cinder-749155-14-smb devstack@keystone.service[81561]: DEBUG keystone.common.fernet_utils [None req-87b14313-3d27-4c79-bc0e-476bedceef67 None None] Loaded 2 Fernet keys from /etc/keystone/fernet-keys/, but `[fernet_tokens] max_active_keys = 3`; perhaps there have not been enough key rotations to reach `max_active_keys` yet? {{(pid=81561) load_keys /opt/stack/keystone/keystone/common/fernet_utils.py:286}}
Oct 04 16:18:32.409756 dv-cinder-749155-14-smb devstack@keystone.service[81562]: DEBUG keystone.server.flask.request_processing.req_logging [None req-63107686-ff00-4ef6-bdb4-fe12e680072e None None] REQUEST_METHOD: `GET` {{(pid=81562) log_request_info /opt/stack/keystone/keystone/server/flask/request_processing/req_logging.py:27}}
Oct 04 16:18:32.409968 dv-cinder-749155-14-smb devstack@keystone.service[81562]: DEBUG keystone.server.flask.request_processing.req_logging [None req-63107686-ff00-4ef6-bdb4-fe12e680072e None None] SCRIPT_NAME: `/identity` {{(pid=81562) log_request_info /opt/stack/keystone/keystone/server/flask/request_processing/req_logging.py:28}}
Oct 04 16:18:32.410224 dv-cinder-749155-14-smb devstack@keystone.service[81562]: DEBUG keystone.server.flask.request_processing.req_logging [None req-63107686-ff00-4ef6-bdb4-fe12e680072e None None] PATH_INFO: `/` {{(pid=81562) log_request_info /opt/stack/keystone/keystone/server/flask/request_processing/req_logging.py:29}}
Oct 04 16:18:32.411871 dv-cinder-749155-14-smb devstack@keystone.service[81562]: [pid: 81562|app: 0|req: 202/389] 10.222.0.55 () {54 vars in 927 bytes} [Tue Oct 4 16:18:32 2022] GET /identity => generated 270 bytes in 3 msecs (HTTP/1.1 300) 6 headers in 234 bytes (1 switches on core 0)
Oct 04 16:18:32.412433 dv-cinder-749155-14-smb devstack@keystone.service[81561]: [pid: 81561|app: 0|req: 188/390] 10.222.0.55 () {58 vars in 1024 bytes} [Tue Oct 4 16:18:32 2022] POST /identity/v3/auth/tokens => generated 799 bytes in 134 msecs (HTTP/1.1 201) 6 headers in 363 bytes (1 switches on core 0)
Oct 04 16:18:32.417918 dv-cinder-749155-14-smb devstack@keystone.service[81562]: DEBUG keystone.server.flask.request_processing.req_logging [None req-96af7458-b86a-450a-b8e4-9932ff5785fd None None] REQUEST_METHOD: `POST` {{(pid=81562) log_request_info /opt/stack/keystone/keystone/server/flask/request_processing/req_logging.py:27}}
Oct 04 16:18:32.418443 dv-cinder-749155-14-smb devstack@keystone.service[81562]: DEBUG keystone.server.flask.request_processing.req_logging [None req-96af7458-b86a-450a-b8e4-9932ff5785fd None None] SCRIPT_NAME: `/identity` {{(pid=81562) log_request_info /opt/stack/keystone/keystone/server/flask/request_processing/req_logging.py:28}}
Oct 04 16:18:32.418912 dv-cinder-749155-14-smb devstack@keystone.service[81562]: DEBUG keystone.server.flask.request_processing.req_logging [None req-96af7458-b86a-450a-b8e4-9932ff5785fd None None] PATH_INFO: `/v3/auth/tokens` {{(pid=81562) log_request_info /opt/stack/keystone/keystone/server/flask/request_processing/req_logging.py:29}}
Oct 04 16:18:32.441313 dv-cinder-749155-14-smb devstack@keystone.service[81562]: DEBUG keystone.auth.core [None req-96af7458-b86a-450a-b8e4-9932ff5785fd None None] MFA Rules not processed for user `f4a141c4b1594c35992b7b147f7c2904`. Rule list: `[]` (Enabled: `True`). {{(pid=81562) check_auth_methods_against_rules /opt/stack/keystone/keystone/auth/core.py:438}}
Oct 04 16:18:32.442885 dv-cinder-749155-14-smb devstack@keystone.service[81562]: DEBUG keystone.common.fernet_utils [None req-96af7458-b86a-450a-b8e4-9932ff5785fd None None] Loaded 2 Fernet keys from /etc/keystone/fernet-keys/, but `[fernet_tokens] max_active_keys = 3`; perhaps there have not been enough key rotations to reach `max_active_keys` yet? {{(pid=81562) load_keys /opt/stack/keystone/keystone/common/fernet_utils.py:286}}
Oct 04 16:18:32.525121 dv-cinder-749155-14-smb devstack@keystone.service[81562]: [pid: 81562|app: 0|req: 203/391] 10.222.0.55 () {58 vars in 1024 bytes} [Tue Oct 4 16:18:32 2022] POST /identity/v3/auth/tokens => generated 799 bytes in 106 msecs (HTTP/1.1 201) 6 headers in 363 bytes (2 switches on core 0)
Oct 04 16:18:32.799388 dv-cinder-749155-14-smb devstack@keystone.service[81561]: DEBUG keystone.server.flask.request_processing.middleware.auth_context [None req-87b14313-3d27-4c79-bc0e-476bedceef67 None None] Authenticating user token {{(pid=81561) process_request /usr/local/lib/python3.8/dist-packages/keystonemiddleware/auth_token/__init__.py:407}}
Oct 04 16:18:32.819600 dv-cinder-749155-14-smb devstack@keystone.service[81562]: DEBUG keystone.server.flask.request_processing.middleware.auth_context [None req-96af7458-b86a-450a-b8e4-9932ff5785fd None None] Authenticating user token {{(pid=81562) process_request /usr/local/lib/python3.8/dist-packages/keystonemiddleware/auth_token/__init__.py:407}}
Oct 04 16:18:32.895360 dv-cinder-749155-14-smb devstack@keystone.service[81562]: DEBUG dbcounter [-] [81562] Writing DB stats keystone:SELECT=100 {{(pid=81562) stat_writer /usr/local/lib/python3.8/dist-packages/dbcounter.py:114}}
Oct 04 16:18:32.940808 dv-cinder-749155-14-smb devstack@keystone.service[81561]: DEBUG dbcounter [-] [81561] Writing DB stats keystone:SELECT=99,keystone:INSERT=1 {{(pid=81561) stat_writer /usr/local/lib/python3.8/dist-packages/dbcounter.py:114}}
Oct 04 16:18:32.989846 dv-cinder-749155-14-smb devstack@keystone.service[81561]: DEBUG keystone.server.flask.request_processing.middleware.auth_context [None req-87b14313-3d27-4c79-bc0e-476bedceef67 None None] Validating token access rules against request {{(pid=81561) validate_allowed_request /usr/local/lib/python3.8/dist-packages/keystonemiddleware/auth_token/__init__.py:545}}
Oct 04 16:18:32.990249 dv-cinder-749155-14-smb devstack@keystone.service[81562]: DEBUG keystone.server.flask.request_processing.middleware.auth_context [None req-96af7458-b86a-450a-b8e4-9932ff5785fd None None] Validating token access rules against request {{(pid=81562) validate_allowed_request /usr/local/lib/python3.8/dist-packages/keystonemiddleware/auth_token/__init__.py:545}}
Oct 04 16:18:33.049753 dv-cinder-749155-14-smb devstack@keystone.service[81561]: DEBUG keystone.server.flask.request_processing.middleware.auth_context [None req-7d91ccf9-c8d1-4313-8179-cf274d78ab95 None admin] RBAC: auth_context: {'token': , 'domain_id': None, 'trust_id': None, 'trustor_id': None, 'trustee_id': None, 'domain_name': None, 'group_ids': [], 'user_id': 'f4a141c4b1594c35992b7b147f7c2904', 'user_domain_id': 'default', 'system_scope': 'all', 'project_id': None, 'project_domain_id': None, 'roles': ['admin', 'member', 'reader'], 'is_admin_project': True, 'service_user_id': None, 'service_user_domain_id': None, 'service_project_id': None, 'service_project_domain_id': None, 'service_roles': []} {{(pid=81561) fill_context /opt/stack/keystone/keystone/server/flask/request_processing/middleware/auth_context.py:478}}
Oct 04 16:18:33.050759 dv-cinder-749155-14-smb devstack@keystone.service[81561]: DEBUG keystone.server.flask.request_processing.req_logging [None req-7d91ccf9-c8d1-4313-8179-cf274d78ab95 None admin] REQUEST_METHOD: `GET` {{(pid=81561) log_request_info /opt/stack/keystone/keystone/server/flask/request_processing/req_logging.py:27}}
Oct 04 16:18:33.051287 dv-cinder-749155-14-smb devstack@keystone.service[81561]: DEBUG keystone.server.flask.request_processing.req_logging [None req-7d91ccf9-c8d1-4313-8179-cf274d78ab95 None admin] SCRIPT_NAME: `/identity` {{(pid=81561) log_request_info /opt/stack/keystone/keystone/server/flask/request_processing/req_logging.py:28}}
Oct 04 16:18:33.051769 dv-cinder-749155-14-smb devstack@keystone.service[81561]: DEBUG keystone.server.flask.request_processing.req_logging [None req-7d91ccf9-c8d1-4313-8179-cf274d78ab95 None admin] PATH_INFO: `/v3/roles/anotherrole` {{(pid=81561) log_request_info /opt/stack/keystone/keystone/server/flask/request_processing/req_logging.py:29}}
Oct 04 16:18:33.055738 dv-cinder-749155-14-smb devstack@keystone.service[81562]: DEBUG keystone.server.flask.request_processing.middleware.auth_context [None req-d97363be-9f00-4dbc-a5f5-8c7862e5cfa3 None admin] RBAC: auth_context: {'token': , 'domain_id': None, 'trust_id': None, 'trustor_id': None, 'trustee_id': None, 'domain_name': None, 'group_ids': [], 'user_id': 'f4a141c4b1594c35992b7b147f7c2904', 'user_domain_id': 'default', 'system_scope': 'all', 'project_id': None, 'project_domain_id': None, 'roles': ['admin', 'member', 'reader'], 'is_admin_project': True, 'service_user_id': None, 'service_user_domain_id': None, 'service_project_id': None, 'service_project_domain_id': None, 'service_roles': []} {{(pid=81562) fill_context /opt/stack/keystone/keystone/server/flask/request_processing/middleware/auth_context.py:478}}
Oct 04 16:18:33.056410 dv-cinder-749155-14-smb devstack@keystone.service[81562]: DEBUG keystone.server.flask.request_processing.req_logging [None req-d97363be-9f00-4dbc-a5f5-8c7862e5cfa3 None admin] REQUEST_METHOD: `GET` {{(pid=81562) log_request_info /opt/stack/keystone/keystone/server/flask/request_processing/req_logging.py:27}}
Oct 04 16:18:33.056689 dv-cinder-749155-14-smb devstack@keystone.service[81562]: DEBUG keystone.server.flask.request_processing.req_logging [None req-d97363be-9f00-4dbc-a5f5-8c7862e5cfa3 None admin] SCRIPT_NAME: `/identity` {{(pid=81562) log_request_info /opt/stack/keystone/keystone/server/flask/request_processing/req_logging.py:28}}
Oct 04 16:18:33.056962 dv-cinder-749155-14-smb devstack@keystone.service[81562]: DEBUG keystone.server.flask.request_processing.req_logging [None req-d97363be-9f00-4dbc-a5f5-8c7862e5cfa3 None admin] PATH_INFO: `/v3/roles/member` {{(pid=81562) log_request_info /opt/stack/keystone/keystone/server/flask/request_processing/req_logging.py:29}}
Oct 04 16:18:33.069898 dv-cinder-749155-14-smb devstack@keystone.service[81561]: DEBUG keystone.common.rbac_enforcer.enforcer [None req-7d91ccf9-c8d1-4313-8179-cf274d78ab95 None admin] Extracting inferred target data resulted in "NOT FOUND (404)". {{(pid=81561) enforce_call /opt/stack/keystone/keystone/common/rbac_enforcer/enforcer.py:409}}
