Oct 04 16:32:19.528205 dv-cinder-749155-14-smb devstack@c-api.service[113408]: DEBUG cinder.volume.api [None req-fa13b59a-87c8-4a37-ae61-01f8194393cf tempest-GroupSnapshotsTest-1317923181 tempest-GroupSnapshotsTest-1317923181-project] Task 'cinder.volume.flows.api.create_volume.EntryCreateTask;volume:create' (d362c074-fa7a-44a0-b3e5-dc22bc631715) transitioned into state 'SUCCESS' from state 'RUNNING' with result '{'volume_id': 'ada9cbf0-07a4-4a66-b994-0fdbb00992de', 'volume_properties': VolumeProperties(attach_status='detached',availability_zone='nova',cgsnapshot_id=None,consistencygroup_id=None,display_description=None,display_name='tempest-GroupSnapshotsTest-Volume-965325804',encryption_key_id=None,group_id=bba14427-f68e-4f53-a2d8-95f39c5d7dff,group_type_id=,metadata={},multiattach=False,project_id='a2aebdceb8a248c986e1122b08282506',qos_specs=None,replication_status=,reservations=['de0a3b20-6623-4c7f-8e60-18d52a6f6880','5403c4c1-1e92-4acc-805a-1bdb98edf500','c209a540-5348-4bb1-b827-bd9a087996bf','bf6b6e0a-38f3-4838-bb2f-df7db9d59dba'],size=1,snapshot_id=None,source_replicaid=,source_volid=None,status='creating',user_id='e38a93b37cef47d7af138269bec008cb',volume_type_id=f397dc5d-bff5-46b1-996f-6d3c1cbfce0f), 'volume': Volume(_name_id=None,admin_metadata=,attach_status='detached',availability_zone='nova',bootable=False,cluster=,cluster_name=None,consistencygroup=,consistencygroup_id=None,created_at=2022-10-04T16:32:19Z,deleted=False,deleted_at=None,display_description=None,display_name='tempest-GroupSnapshotsTest-Volume-965325804',ec2_id=None,encryption_key_id=None,glance_metadata=,group=,group_id=bba14427-f68e-4f53-a2d8-95f39c5d7dff,host=None,id=ada9cbf0-07a4-4a66-b994-0fdbb00992de,launched_at=None,metadata={},migration_status=None,multiattach=False,previous_status=None,project_id='a2aebdceb8a248c986e1122b08282506',provider_auth=None,provider_geometry=None,provider_id=None,provider_location=None,replication_driver_data=None,replication_extended_status=None,replication_status=None,scheduled_at=None,service_uuid=None,shared_targets=True,size=1,snapshot_id=None,snapshots=,source_volid=None,status='creating',terminated_at=None,updated_at=None,use_quota=True,user_id='e38a93b37cef47d7af138269bec008cb',volume_attachment=VolumeAttachmentList,volume_type=VolumeType(f397dc5d-bff5-46b1-996f-6d3c1cbfce0f),volume_type_id=f397dc5d-bff5-46b1-996f-6d3c1cbfce0f)}' {{(pid=113408) _task_receiver /usr/local/lib/python3.8/dist-packages/taskflow/listeners/logging.py:178}}
Oct 04 16:32:19.532033 dv-cinder-749155-14-smb devstack@c-api.service[113408]: DEBUG cinder.volume.api [None req-fa13b59a-87c8-4a37-ae61-01f8194393cf tempest-GroupSnapshotsTest-1317923181 tempest-GroupSnapshotsTest-1317923181-project] Task 'cinder.volume.flows.api.create_volume.QuotaCommitTask;volume:create' (3a4ca39f-5cc9-42a1-9580-9a2b5c564273) transitioned into state 'RUNNING' from state 'PENDING' {{(pid=113408) _task_receiver /usr/local/lib/python3.8/dist-packages/taskflow/listeners/logging.py:190}}
Oct 04 16:32:19.626324 dv-cinder-749155-14-smb devstack@c-api.service[113408]: DEBUG cinder.volume.api [None req-fa13b59a-87c8-4a37-ae61-01f8194393cf tempest-GroupSnapshotsTest-1317923181 tempest-GroupSnapshotsTest-1317923181-project] Task 'cinder.volume.flows.api.create_volume.QuotaCommitTask;volume:create' (3a4ca39f-5cc9-42a1-9580-9a2b5c564273) transitioned into state 'SUCCESS' from state 'RUNNING' with result '{'volume_properties': VolumeProperties(attach_status='detached',availability_zone='nova',cgsnapshot_id=None,consistencygroup_id=None,display_description=None,display_name='tempest-GroupSnapshotsTest-Volume-965325804',encryption_key_id=None,group_id=bba14427-f68e-4f53-a2d8-95f39c5d7dff,group_type_id=,metadata={},multiattach=False,project_id='a2aebdceb8a248c986e1122b08282506',qos_specs=None,replication_status=,reservations=['de0a3b20-6623-4c7f-8e60-18d52a6f6880','5403c4c1-1e92-4acc-805a-1bdb98edf500','c209a540-5348-4bb1-b827-bd9a087996bf','bf6b6e0a-38f3-4838-bb2f-df7db9d59dba'],size=1,snapshot_id=None,source_replicaid=,source_volid=None,status='creating',user_id='e38a93b37cef47d7af138269bec008cb',volume_type_id=f397dc5d-bff5-46b1-996f-6d3c1cbfce0f)}' {{(pid=113408) _task_receiver /usr/local/lib/python3.8/dist-packages/taskflow/listeners/logging.py:178}}
Oct 04 16:32:19.628496 dv-cinder-749155-14-smb devstack@c-api.service[113408]: DEBUG cinder.volume.api [None req-fa13b59a-87c8-4a37-ae61-01f8194393cf tempest-GroupSnapshotsTest-1317923181 tempest-GroupSnapshotsTest-1317923181-project] Task 'cinder.volume.flows.api.create_volume.VolumeCastTask;volume:create' (6df9b876-102e-4e4a-80a1-e4600340996e) transitioned into state 'RUNNING' from state 'PENDING' {{(pid=113408) _task_receiver /usr/local/lib/python3.8/dist-packages/taskflow/listeners/logging.py:190}}
Oct 04 16:32:19.707920 dv-cinder-749155-14-smb devstack@c-api.service[113408]: DEBUG cinder.volume.api [None req-fa13b59a-87c8-4a37-ae61-01f8194393cf tempest-GroupSnapshotsTest-1317923181 tempest-GroupSnapshotsTest-1317923181-project] Task 'cinder.volume.flows.api.create_volume.VolumeCastTask;volume:create' (6df9b876-102e-4e4a-80a1-e4600340996e) transitioned into state 'SUCCESS' from state 'RUNNING' with result 'None' {{(pid=113408) _task_receiver /usr/local/lib/python3.8/dist-packages/taskflow/listeners/logging.py:178}}
Oct 04 16:32:19.721276 dv-cinder-749155-14-smb devstack@c-api.service[113408]: DEBUG cinder.volume.api [None req-fa13b59a-87c8-4a37-ae61-01f8194393cf tempest-GroupSnapshotsTest-1317923181 tempest-GroupSnapshotsTest-1317923181-project] Flow 'volume_create_api' (88e6af06-97cb-4d7c-a077-ae12aca184e1) transitioned into state 'SUCCESS' from state 'RUNNING' {{(pid=113408) _flow_receiver /usr/local/lib/python3.8/dist-packages/taskflow/listeners/logging.py:141}}
Oct 04 16:32:19.724516 dv-cinder-749155-14-smb devstack@c-api.service[113408]: INFO cinder.volume.api [None req-fa13b59a-87c8-4a37-ae61-01f8194393cf tempest-GroupSnapshotsTest-1317923181 tempest-GroupSnapshotsTest-1317923181-project] Create volume request issued successfully.
Oct 04 16:32:19.730672 dv-cinder-749155-14-smb devstack@c-api.service[113408]: WARNING stevedore.named [None req-fa13b59a-87c8-4a37-ae61-01f8194393cf tempest-GroupSnapshotsTest-1317923181 tempest-GroupSnapshotsTest-1317923181-project] Could not load cinder.keymgr.conf_key_mgr.ConfKeyManager
Oct 04 16:32:19.731112 dv-cinder-749155-14-smb devstack@c-api.service[113408]: WARNING castellan.key_manager [None req-fa13b59a-87c8-4a37-ae61-01f8194393cf tempest-GroupSnapshotsTest-1317923181 tempest-GroupSnapshotsTest-1317923181-project] Deprecation Warning : cinder.keymgr.conf_key_mgr.ConfKeyManager is not a stevedore based driver, trying to load it as a class: stevedore.exception.NoMatches: No 'castellan.drivers' driver found, looking for 'cinder.keymgr.conf_key_mgr.ConfKeyManager'
Oct 04 16:32:19.770230 dv-cinder-749155-14-smb devstack@c-api.service[113408]: DEBUG oslo_db.sqlalchemy.engines [None req-fa13b59a-87c8-4a37-ae61-01f8194393cf tempest-GroupSnapshotsTest-1317923181 tempest-GroupSnapshotsTest-1317923181-project] MySQL server mode set to STRICT_TRANS_TABLES,STRICT_ALL_TABLES,NO_ZERO_IN_DATE,NO_ZERO_DATE,ERROR_FOR_DIVISION_BY_ZERO,TRADITIONAL,NO_ENGINE_SUBSTITUTION {{(pid=113408) _check_effective_sql_mode /usr/local/lib/python3.8/dist-packages/oslo_db/sqlalchemy/engines.py:314}}
Oct 04 16:32:19.810584 dv-cinder-749155-14-smb devstack@c-api.service[113408]: /usr/local/lib/python3.8/dist-packages/oslo_context/context.py:100: DeprecationWarning: Policy enforcement is depending on the value of is_admin. This key is deprecated. Please update your policy file to use the standard policy values.
Oct 04 16:32:19.810584 dv-cinder-749155-14-smb devstack@c-api.service[113408]: warnings.warn('Policy enforcement is depending on the value of '
Oct 04 16:32:19.838614 dv-cinder-749155-14-smb devstack@c-api.service[113408]: INFO cinder.api.openstack.wsgi [None req-fa13b59a-87c8-4a37-ae61-01f8194393cf tempest-GroupSnapshotsTest-1317923181 tempest-GroupSnapshotsTest-1317923181-project] http://10.222.0.55/volume/v3/a2aebdceb8a248c986e1122b08282506/volumes returned with HTTP 202
Oct 04 16:32:19.845170 dv-cinder-749155-14-smb devstack@c-api.service[113408]: [pid: 113408|app: 0|req: 43/79] 10.222.0.55 () {62 vars in 1277 bytes} [Tue Oct 4 16:32:18 2022] POST /volume/v3/a2aebdceb8a248c986e1122b08282506/volumes => generated 907 bytes in 927 msecs (HTTP/1.1 202) 7 headers in 292 bytes (2 switches on core 0)
Oct 04 16:32:19.869069 dv-cinder-749155-14-smb devstack@c-api.service[113409]: DEBUG cinder.api.middleware.request_id [None req-c5b33fcf-9913-47b5-ab92-4bf035e547c4 None None] RequestId filter calling following filter/app {{(pid=113409) _context_setter /opt/stack/cinder/cinder/api/middleware/request_id.py:62}}
Oct 04 16:32:19.873135 dv-cinder-749155-14-smb devstack@c-api.service[113409]: INFO cinder.api.openstack.wsgi [None req-c5b33fcf-9913-47b5-ab92-4bf035e547c4 tempest-GroupSnapshotsTest-1317923181 tempest-GroupSnapshotsTest-1317923181-project] GET http://10.222.0.55/volume/v3/a2aebdceb8a248c986e1122b08282506/volumes/ada9cbf0-07a4-4a66-b994-0fdbb00992de
Oct 04 16:32:19.873731 dv-cinder-749155-14-smb devstack@c-api.service[113409]: DEBUG cinder.api.openstack.wsgi [None req-c5b33fcf-9913-47b5-ab92-4bf035e547c4 tempest-GroupSnapshotsTest-1317923181 tempest-GroupSnapshotsTest-1317923181-project] Empty body provided in request {{(pid=113409) get_body /opt/stack/cinder/cinder/api/openstack/wsgi.py:715}}
Oct 04 16:32:19.874278 dv-cinder-749155-14-smb devstack@c-api.service[113409]: DEBUG cinder.api.openstack.wsgi [None req-c5b33fcf-9913-47b5-ab92-4bf035e547c4 tempest-GroupSnapshotsTest-1317923181 tempest-GroupSnapshotsTest-1317923181-project] Calling method 'show' {{(pid=113409) _process_stack /opt/stack/cinder/cinder/api/openstack/wsgi.py:868}}
Oct 04 16:32:19.909016 dv-cinder-749155-14-smb devstack@c-api.service[113409]: /usr/local/lib/python3.8/dist-packages/oslo_context/context.py:100: DeprecationWarning: Policy enforcement is depending on the value of is_admin. This key is deprecated. Please update your policy file to use the standard policy values.
Oct 04 16:32:19.909016 dv-cinder-749155-14-smb devstack@c-api.service[113409]: warnings.warn('Policy enforcement is depending on the value of '
Oct 04 16:32:19.945673 dv-cinder-749155-14-smb devstack@c-api.service[113408]: DEBUG cinder.api.middleware.request_id [None req-f92db00d-a6b6-4d6e-9192-4f0bdf1c4ecb None None] RequestId filter calling following filter/app {{(pid=113408) _context_setter /opt/stack/cinder/cinder/api/middleware/request_id.py:62}}
Oct 04 16:32:19.949968 dv-cinder-749155-14-smb devstack@c-api.service[113408]: INFO cinder.api.openstack.wsgi [None req-f92db00d-a6b6-4d6e-9192-4f0bdf1c4ecb tempest-VolumeTypesTest-544916263 tempest-VolumeTypesTest-544916263-project] GET http://10.222.0.55/volume/v3/5372806467ef43acad0775ece37d74d3/volumes/c27fb19f-61e9-430f-b550-d9b7a1957fad
Oct 04 16:32:19.950428 dv-cinder-749155-14-smb devstack@c-api.service[113408]: DEBUG cinder.api.openstack.wsgi [None req-f92db00d-a6b6-4d6e-9192-4f0bdf1c4ecb tempest-VolumeTypesTest-544916263 tempest-VolumeTypesTest-544916263-project] Empty body provided in request {{(pid=113408) get_body /opt/stack/cinder/cinder/api/openstack/wsgi.py:715}}
Oct 04 16:32:19.950897 dv-cinder-749155-14-smb devstack@c-api.service[113408]: DEBUG cinder.api.openstack.wsgi [None req-f92db00d-a6b6-4d6e-9192-4f0bdf1c4ecb tempest-VolumeTypesTest-544916263 tempest-VolumeTypesTest-544916263-project] Calling method 'show' {{(pid=113408) _process_stack /opt/stack/cinder/cinder/api/openstack/wsgi.py:868}}
Oct 04 16:32:19.965749 dv-cinder-749155-14-smb devstack@c-api.service[113409]: INFO cinder.volume.api [None req-c5b33fcf-9913-47b5-ab92-4bf035e547c4 tempest-GroupSnapshotsTest-1317923181 tempest-GroupSnapshotsTest-1317923181-project] Volume info retrieved successfully.
Oct 04 16:32:19.967502 dv-cinder-749155-14-smb devstack@c-api.service[113409]: WARNING stevedore.named [None req-c5b33fcf-9913-47b5-ab92-4bf035e547c4 tempest-GroupSnapshotsTest-1317923181 tempest-GroupSnapshotsTest-1317923181-project] Could not load cinder.keymgr.conf_key_mgr.ConfKeyManager
Oct 04 16:32:19.972508 dv-cinder-749155-14-smb devstack@c-api.service[113409]: WARNING castellan.key_manager [None req-c5b33fcf-9913-47b5-ab92-4bf035e547c4 tempest-GroupSnapshotsTest-1317923181 tempest-GroupSnapshotsTest-1317923181-project] Deprecation Warning : cinder.keymgr.conf_key_mgr.ConfKeyManager is not a stevedore based driver, trying to load it as a class: stevedore.exception.NoMatches: No 'castellan.drivers' driver found, looking for 'cinder.keymgr.conf_key_mgr.ConfKeyManager'
Oct 04 16:32:19.997395 dv-cinder-749155-14-smb devstack@c-api.service[113409]: DEBUG oslo_db.sqlalchemy.engines [None req-c5b33fcf-9913-47b5-ab92-4bf035e547c4 tempest-GroupSnapshotsTest-1317923181 tempest-GroupSnapshotsTest-1317923181-project] MySQL server mode set to STRICT_TRANS_TABLES,STRICT_ALL_TABLES,NO_ZERO_IN_DATE,NO_ZERO_DATE,ERROR_FOR_DIVISION_BY_ZERO,TRADITIONAL,NO_ENGINE_SUBSTITUTION {{(pid=113409) _check_effective_sql_mode /usr/local/lib/python3.8/dist-packages/oslo_db/sqlalchemy/engines.py:314}}
Oct 04 16:32:20.004572 dv-cinder-749155-14-smb devstack@c-api.service[113408]: /usr/local/lib/python3.8/dist-packages/oslo_context/context.py:100: DeprecationWarning: Policy enforcement is depending on the value of is_admin. This key is deprecated. Please update your policy file to use the standard policy values.
Oct 04 16:32:20.004572 dv-cinder-749155-14-smb devstack@c-api.service[113408]: warnings.warn('Policy enforcement is depending on the value of '
Oct 04 16:32:20.034806 dv-cinder-749155-14-smb devstack@c-api.service[113408]: DEBUG dbcounter [-] [113408] Writing DB stats cinder:SELECT=76,cinder:INSERT=10,cinder:UPDATE=14 {{(pid=113408) stat_writer /usr/local/lib/python3.8/dist-packages/dbcounter.py:114}}
Oct 04 16:32:20.037773 dv-cinder-749155-14-smb devstack@c-api.service[113409]: /usr/local/lib/python3.8/dist-packages/oslo_context/context.py:100: DeprecationWarning: Policy enforcement is depending on the value of is_admin. This key is deprecated. Please update your policy file to use the standard policy values.
Oct 04 16:32:20.037773 dv-cinder-749155-14-smb devstack@c-api.service[113409]: warnings.warn('Policy enforcement is depending on the value of '
Oct 04 16:32:20.046449 dv-cinder-749155-14-smb devstack@c-api.service[113408]: INFO cinder.volume.api [None req-f92db00d-a6b6-4d6e-9192-4f0bdf1c4ecb tempest-VolumeTypesTest-544916263 tempest-VolumeTypesTest-544916263-project] Volume info retrieved successfully.
Oct 04 16:32:20.086851 dv-cinder-749155-14-smb devstack@c-api.service[113408]: INFO cinder.api.openstack.wsgi [None req-f92db00d-a6b6-4d6e-9192-4f0bdf1c4ecb tempest-VolumeTypesTest-544916263 tempest-VolumeTypesTest-544916263-project] http://10.222.0.55/volume/v3/5372806467ef43acad0775ece37d74d3/volumes/c27fb19f-61e9-430f-b550-d9b7a1957fad returned with HTTP 200
Oct 04 16:32:20.087660 dv-cinder-749155-14-smb devstack@c-api.service[113409]: INFO cinder.api.openstack.wsgi [None req-c5b33fcf-9913-47b5-ab92-4bf035e547c4 tempest-GroupSnapshotsTest-1317923181 tempest-GroupSnapshotsTest-1317923181-project] http://10.222.0.55/volume/v3/a2aebdceb8a248c986e1122b08282506/volumes/ada9cbf0-07a4-4a66-b994-0fdbb00992de returned with HTTP 200
Oct 04 16:32:20.089074 dv-cinder-749155-14-smb devstack@c-api.service[113409]: [pid: 113409|app: 0|req: 37/80] 10.222.0.55 () {60 vars in 1366 bytes} [Tue Oct 4 16:32:19 2022] GET /volume/v3/a2aebdceb8a248c986e1122b08282506/volumes/ada9cbf0-07a4-4a66-b994-0fdbb00992de => generated 975 bytes in 221 msecs (HTTP/1.1 200) 7 headers in 286 bytes (1 switches on core 0)
Oct 04 16:32:20.109802 dv-cinder-749155-14-smb devstack@c-api.service[113409]: DEBUG cinder.api.middleware.request_id [None req-484f8f35-22f8-43a7-a20d-f66bf5563ca2 None None] RequestId filter calling following filter/app {{(pid=113409) _context_setter /opt/stack/cinder/cinder/api/middleware/request_id.py:62}}
Oct 04 16:32:20.110030 dv-cinder-749155-14-smb devstack@c-api.service[113408]: [pid: 113408|app: 0|req: 44/81] 10.222.0.55 () {58 vars in 1325 bytes} [Tue Oct 4 16:32:19 2022] GET /volume/v3/5372806467ef43acad0775ece37d74d3/volumes/c27fb19f-61e9-430f-b550-d9b7a1957fad => generated 942 bytes in 166 msecs (HTTP/1.1 200) 7 headers in 285 bytes (2 switches on core 0)
Oct 04 16:32:20.123344 dv-cinder-749155-14-smb devstack@c-api.service[113409]: INFO cinder.api.openstack.wsgi [None req-484f8f35-22f8-43a7-a20d-f66bf5563ca2 tempest-VolumeTypesTest-544916263 tempest-VolumeTypesTest-544916263-project] GET http://10.222.0.55/volume/v3/5372806467ef43acad0775ece37d74d3/volumes/c27fb19f-61e9-430f-b550-d9b7a1957fad
Oct 04 16:32:20.124075 dv-cinder-749155-14-smb devstack@c-api.service[113409]: DEBUG cinder.api.openstack.wsgi [None req-484f8f35-22f8-43a7-a20d-f66bf5563ca2 tempest-VolumeTypesTest-544916263 tempest-VolumeTypesTest-544916263-project] Empty body provided in request {{(pid=113409) get_body /opt/stack/cinder/cinder/api/openstack/wsgi.py:715}}
Oct 04 16:32:20.124878 dv-cinder-749155-14-smb devstack@c-api.service[113409]: DEBUG cinder.api.openstack.wsgi [None req-484f8f35-22f8-43a7-a20d-f66bf5563ca2 tempest-VolumeTypesTest-544916263 tempest-VolumeTypesTest-544916263-project] Calling method 'show' {{(pid=113409) _process_stack /opt/stack/cinder/cinder/api/openstack/wsgi.py:868}}
Oct 04 16:32:20.157394 dv-cinder-749155-14-smb devstack@c-api.service[113409]: /usr/local/lib/python3.8/dist-packages/oslo_context/context.py:100: DeprecationWarning: Policy enforcement is depending on the value of is_admin. This key is deprecated. Please update your policy file to use the standard policy values.
Oct 04 16:32:20.157394 dv-cinder-749155-14-smb devstack@c-api.service[113409]: warnings.warn('Policy enforcement is depending on the value of '
Oct 04 16:32:20.197617 dv-cinder-749155-14-smb devstack@c-api.service[113409]: INFO cinder.volume.api [None req-484f8f35-22f8-43a7-a20d-f66bf5563ca2 tempest-VolumeTypesTest-544916263 tempest-VolumeTypesTest-544916263-project] Volume info retrieved successfully.
Oct 04 16:32:20.214705 dv-cinder-749155-14-smb devstack@c-api.service[113409]: DEBUG dbcounter [-] [113409] Writing DB stats cinder:SELECT=91,cinder:UPDATE=5,cinder:INSERT=4 {{(pid=113409) stat_writer /usr/local/lib/python3.8/dist-packages/dbcounter.py:114}}
Oct 04 16:32:20.248640 dv-cinder-749155-14-smb devstack@c-api.service[113409]: INFO cinder.api.openstack.wsgi [None req-484f8f35-22f8-43a7-a20d-f66bf5563ca2 tempest-VolumeTypesTest-544916263 tempest-VolumeTypesTest-544916263-project] http://10.222.0.55/volume/v3/5372806467ef43acad0775ece37d74d3/volumes/c27fb19f-61e9-430f-b550-d9b7a1957fad returned with HTTP 200
Oct 04 16:32:20.250179 dv-cinder-749155-14-smb devstack@c-api.service[113409]: [pid: 113409|app: 0|req: 38/82] 10.222.0.55 () {58 vars in 1325 bytes} [Tue Oct 4 16:32:20 2022] GET /volume/v3/5372806467ef43acad0775ece37d74d3/volumes/c27fb19f-61e9-430f-b550-d9b7a1957fad => generated 942 bytes in 142 msecs (HTTP/1.1 200) 7 headers in 285 bytes (1 switches on core 0)
Oct 04 16:32:20.274523 dv-cinder-749155-14-smb devstack@c-api.service[113408]: DEBUG cinder.api.middleware.request_id [None req-53a504fe-5ea7-490a-b508-d4bf033bc57d None None] RequestId filter calling following filter/app {{(pid=113408) _context_setter /opt/stack/cinder/cinder/api/middleware/request_id.py:62}}
Oct 04 16:32:20.279538 dv-cinder-749155-14-smb devstack@c-api.service[113408]: INFO cinder.api.openstack.wsgi [None req-53a504fe-5ea7-490a-b508-d4bf033bc57d tempest-VolumeTypesTest-1740944214 tempest-VolumeTypesTest-1740944214-project-admin] POST http://10.222.0.55/volume/v3/9dd2fbf25e6a476daeff4d21f26e0c93/types
Oct 04 16:32:20.280526 dv-cinder-749155-14-smb devstack@c-api.service[113408]: DEBUG cinder.api.openstack.wsgi [None req-53a504fe-5ea7-490a-b508-d4bf033bc57d tempest-VolumeTypesTest-1740944214 tempest-VolumeTypesTest-1740944214-project-admin] Action: 'create', calling method: _create, body: {"volume_type": {"name": "tempest-VolumeTypesTest-volume-type-1265731501", "description": "tempest-volume-type-description-1975930679", "extra_specs": {"storage_protocol": "smbfs", "vendor_name": "Open Source"}, "os-volume-type-access:is_public": true}} {{(pid=113408) _process_stack /opt/stack/cinder/cinder/api/openstack/wsgi.py:866}}
Oct 04 16:32:20.399631 dv-cinder-749155-14-smb devstack@c-api.service[113408]: INFO cinder.api.openstack.wsgi [None req-53a504fe-5ea7-490a-b508-d4bf033bc57d tempest-VolumeTypesTest-1740944214 tempest-VolumeTypesTest-1740944214-project-admin] http://10.222.0.55/volume/v3/9dd2fbf25e6a476daeff4d21f26e0c93/types returned with HTTP 200
Oct 04 16:32:20.413262 dv-cinder-749155-14-smb devstack@c-api.service[113408]: [pid: 113408|app: 0|req: 45/83] 10.222.0.55 () {60 vars in 1230 bytes} [Tue Oct 4 16:32:20 2022] POST /volume/v3/9dd2fbf25e6a476daeff4d21f26e0c93/types => generated 318 bytes in 144 msecs (HTTP/1.1 200) 7 headers in 285 bytes (1 switches on core 0)
Oct 04 16:32:20.414059 dv-cinder-749155-14-smb devstack@c-api.service[113409]: DEBUG cinder.api.middleware.request_id [None req-b023904e-bc02-4dd8-b67c-bc5f8df02fcb None None] RequestId filter calling following filter/app {{(pid=113409) _context_setter /opt/stack/cinder/cinder/api/middleware/request_id.py:62}}
Oct 04 16:32:20.418203 dv-cinder-749155-14-smb devstack@c-api.service[113409]: INFO cinder.api.openstack.wsgi [None req-b023904e-bc02-4dd8-b67c-bc5f8df02fcb tempest-VolumeTypesTest-1740944214 tempest-VolumeTypesTest-1740944214-project-admin] GET http://10.222.0.55/volume/v3/9dd2fbf25e6a476daeff4d21f26e0c93/types/0ab788db-a43e-443d-ac06-60c75a790885
Oct 04 16:32:20.418880 dv-cinder-749155-14-smb devstack@c-api.service[113409]: DEBUG cinder.api.openstack.wsgi [None req-b023904e-bc02-4dd8-b67c-bc5f8df02fcb tempest-VolumeTypesTest-1740944214 tempest-VolumeTypesTest-1740944214-project-admin] Empty body provided in request {{(pid=113409) get_body /opt/stack/cinder/cinder/api/openstack/wsgi.py:715}}
Oct 04 16:32:20.419509 dv-cinder-749155-14-smb devstack@c-api.service[113409]: DEBUG cinder.api.openstack.wsgi [None req-b023904e-bc02-4dd8-b67c-bc5f8df02fcb tempest-VolumeTypesTest-1740944214 tempest-VolumeTypesTest-1740944214-project-admin] Calling method 'show' {{(pid=113409) _process_stack /opt/stack/cinder/cinder/api/openstack/wsgi.py:868}}
Oct 04 16:32:20.446000 dv-cinder-749155-14-smb devstack@c-api.service[113409]: INFO cinder.api.openstack.wsgi [None req-b023904e-bc02-4dd8-b67c-bc5f8df02fcb tempest-VolumeTypesTest-1740944214 tempest-VolumeTypesTest-1740944214-project-admin] http://10.222.0.55/volume/v3/9dd2fbf25e6a476daeff4d21f26e0c93/types/0ab788db-a43e-443d-ac06-60c75a790885 returned with HTTP 200
Oct 04 16:32:20.449419 dv-cinder-749155-14-smb devstack@c-api.service[113409]: [pid: 113409|app: 0|req: 39/84] 10.222.0.55 () {58 vars in 1319 bytes} [Tue Oct 4 16:32:20 2022] GET /volume/v3/9dd2fbf25e6a476daeff4d21f26e0c93/types/0ab788db-a43e-443d-ac06-60c75a790885 => generated 340 bytes in 37 msecs (HTTP/1.1 200) 7 headers in 285 bytes (2 switches on core 0)
Oct 04 16:32:20.455546 dv-cinder-749155-14-smb devstack@c-api.service[113408]: DEBUG cinder.api.middleware.request_id [None req-6ae5415d-c146-444b-b813-1288ab624d1d None None] RequestId filter calling following filter/app {{(pid=113408) _context_setter /opt/stack/cinder/cinder/api/middleware/request_id.py:62}}
Oct 04 16:32:20.464660 dv-cinder-749155-14-smb devstack@c-api.service[113408]: INFO cinder.api.openstack.wsgi [None req-6ae5415d-c146-444b-b813-1288ab624d1d tempest-VolumeTypesTest-1740944214 tempest-VolumeTypesTest-1740944214-project-admin] POST http://10.222.0.55/volume/v3/9dd2fbf25e6a476daeff4d21f26e0c93/types
Oct 04 16:32:20.466208 dv-cinder-749155-14-smb devstack@c-api.service[113408]: DEBUG cinder.api.openstack.wsgi [None req-6ae5415d-c146-444b-b813-1288ab624d1d tempest-VolumeTypesTest-1740944214 tempest-VolumeTypesTest-1740944214-project-admin] Action: 'create', calling method: _create, body: {"volume_type": {"name": "tempest-VolumeTypesTest-volume-type-977743676"}} {{(pid=113408) _process_stack /opt/stack/cinder/cinder/api/openstack/wsgi.py:866}}
Oct 04 16:32:20.513909 dv-cinder-749155-14-smb devstack@c-api.service[113408]: INFO cinder.api.openstack.wsgi [None req-6ae5415d-c146-444b-b813-1288ab624d1d tempest-VolumeTypesTest-1740944214 tempest-VolumeTypesTest-1740944214-project-admin] http://10.222.0.55/volume/v3/9dd2fbf25e6a476daeff4d21f26e0c93/types returned with HTTP 200
Oct 04 16:32:20.516011 dv-cinder-749155-14-smb devstack@c-api.service[113408]: [pid: 113408|app: 0|req: 46/85] 10.222.0.55 () {60 vars in 1229 bytes} [Tue Oct 4 16:32:20 2022] POST /volume/v3/9dd2fbf25e6a476daeff4d21f26e0c93/types => generated 220 bytes in 61 msecs (HTTP/1.1 200) 7 headers in 285 bytes (1 switches on core 0)
Oct 04 16:32:20.522798 dv-cinder-749155-14-smb devstack@c-api.service[113409]: DEBUG cinder.api.middleware.request_id [None req-89e30eb8-f354-46a0-ac8f-14417fe177cb None None] RequestId filter calling following filter/app {{(pid=113409) _context_setter /opt/stack/cinder/cinder/api/middleware/request_id.py:62}}
Oct 04 16:32:20.530089 dv-cinder-749155-14-smb devstack@c-api.service[113409]: INFO cinder.api.openstack.wsgi [None req-89e30eb8-f354-46a0-ac8f-14417fe177cb tempest-VolumeTypesTest-1740944214 tempest-VolumeTypesTest-1740944214-project-admin] POST http://10.222.0.55/volume/v3/9dd2fbf25e6a476daeff4d21f26e0c93/types/b9bb87aa-be3b-48b6-a680-e02e2b2b6dd9/encryption
Oct 04 16:32:20.530954 dv-cinder-749155-14-smb devstack@c-api.service[113409]: DEBUG cinder.api.openstack.wsgi [None req-89e30eb8-f354-46a0-ac8f-14417fe177cb tempest-VolumeTypesTest-1740944214 tempest-VolumeTypesTest-1740944214-project-admin] Action: 'create', calling method: create, body: {"encryption": {"provider": "LuksEncryptor", "key_size": 256, "cipher": "aes-xts-plain64", "control_location": "front-end"}} {{(pid=113409) _process_stack /opt/stack/cinder/cinder/api/openstack/wsgi.py:866}}
Oct 04 16:32:20.716615 dv-cinder-749155-14-smb devstack@c-api.service[113409]: INFO cinder.api.openstack.wsgi [None req-89e30eb8-f354-46a0-ac8f-14417fe177cb tempest-VolumeTypesTest-1740944214 tempest-VolumeTypesTest-1740944214-project-admin] http://10.222.0.55/volume/v3/9dd2fbf25e6a476daeff4d21f26e0c93/types/b9bb87aa-be3b-48b6-a680-e02e2b2b6dd9/encryption returned with HTTP 200
Oct 04 16:32:20.718360 dv-cinder-749155-14-smb devstack@c-api.service[113409]: [pid: 113409|app: 0|req: 40/86] 10.222.0.55 () {60 vars in 1374 bytes} [Tue Oct 4 16:32:20 2022] POST /volume/v3/9dd2fbf25e6a476daeff4d21f26e0c93/types/b9bb87aa-be3b-48b6-a680-e02e2b2b6dd9/encryption => generated 239 bytes in 197 msecs (HTTP/1.1 200) 7 headers in 285 bytes (1 switches on core 0)
Oct 04 16:32:20.726226 dv-cinder-749155-14-smb devstack@c-api.service[113408]: DEBUG cinder.api.middleware.request_id [None req-11e64e5f-9f38-4ade-97bd-3ae4991c6eeb None None] RequestId filter calling following filter/app {{(pid=113408) _context_setter /opt/stack/cinder/cinder/api/middleware/request_id.py:62}}
Oct 04 16:32:20.733670 dv-cinder-749155-14-smb devstack@c-api.service[113408]: INFO cinder.api.openstack.wsgi [None req-11e64e5f-9f38-4ade-97bd-3ae4991c6eeb tempest-VolumeTypesTest-1740944214 tempest-VolumeTypesTest-1740944214-project-admin] GET http://10.222.0.55/volume/v3/9dd2fbf25e6a476daeff4d21f26e0c93/types/b9bb87aa-be3b-48b6-a680-e02e2b2b6dd9/encryption
Oct 04 16:32:20.734305 dv-cinder-749155-14-smb devstack@c-api.service[113408]: DEBUG cinder.api.openstack.wsgi [None req-11e64e5f-9f38-4ade-97bd-3ae4991c6eeb tempest-VolumeTypesTest-1740944214 tempest-VolumeTypesTest-1740944214-project-admin] Empty body provided in request {{(pid=113408) get_body /opt/stack/cinder/cinder/api/openstack/wsgi.py:715}}
Oct 04 16:32:20.734907 dv-cinder-749155-14-smb devstack@c-api.service[113408]: DEBUG cinder.api.openstack.wsgi [None req-11e64e5f-9f38-4ade-97bd-3ae4991c6eeb tempest-VolumeTypesTest-1740944214 tempest-VolumeTypesTest-1740944214-project-admin] Calling method 'index' {{(pid=113408) _process_stack /opt/stack/cinder/cinder/api/openstack/wsgi.py:868}}
Oct 04 16:32:20.748219 dv-cinder-749155-14-smb devstack@c-api.service[113408]: INFO cinder.api.openstack.wsgi [None req-11e64e5f-9f38-4ade-97bd-3ae4991c6eeb tempest-VolumeTypesTest-1740944214 tempest-VolumeTypesTest-1740944214-project-admin] http://10.222.0.55/volume/v3/9dd2fbf25e6a476daeff4d21f26e0c93/types/b9bb87aa-be3b-48b6-a680-e02e2b2b6dd9/encryption returned with HTTP 200
Oct 04 16:32:20.756229 dv-cinder-749155-14-smb devstack@c-api.service[113408]: [pid: 113408|app: 0|req: 47/87] 10.222.0.55 () {58 vars in 1352 bytes} [Tue Oct 4 16:32:20 2022] GET /volume/v3/9dd2fbf25e6a476daeff4d21f26e0c93/types/b9bb87aa-be3b-48b6-a680-e02e2b2b6dd9/encryption => generated 325 bytes in 27 msecs (HTTP/1.1 200) 7 headers in 285 bytes (1 switches on core 0)
Oct 04 16:32:20.758378 dv-cinder-749155-14-smb devstack@c-api.service[113409]: DEBUG cinder.api.middleware.request_id [None req-086f7e56-8f9d-4abd-a4d5-b4dee5b39d0b None None] RequestId filter calling following filter/app {{(pid=113409) _context_setter /opt/stack/cinder/cinder/api/middleware/request_id.py:62}}
Oct 04 16:32:20.776366 dv-cinder-749155-14-smb devstack@c-api.service[113409]: INFO cinder.api.openstack.wsgi [None req-086f7e56-8f9d-4abd-a4d5-b4dee5b39d0b tempest-VolumeTypesTest-1740944214 tempest-VolumeTypesTest-1740944214-project-admin] PUT http://10.222.0.55/volume/v3/9dd2fbf25e6a476daeff4d21f26e0c93/types/b9bb87aa-be3b-48b6-a680-e02e2b2b6dd9/encryption/provider
Oct 04 16:32:20.779460 dv-cinder-749155-14-smb devstack@c-api.service[113409]: DEBUG cinder.api.openstack.wsgi [None req-086f7e56-8f9d-4abd-a4d5-b4dee5b39d0b tempest-VolumeTypesTest-1740944214 tempest-VolumeTypesTest-1740944214-project-admin] Action: 'update', calling method: update, body: {"encryption": {"key_size": 128, "provider": "SomeProvider", "cipher": "aes-xts-plain64", "control_location": "back-end"}} {{(pid=113409) _process_stack /opt/stack/cinder/cinder/api/openstack/wsgi.py:866}}
Oct 04 16:32:20.844306 dv-cinder-749155-14-smb devstack@c-api.service[113409]: INFO cinder.api.openstack.wsgi [None req-086f7e56-8f9d-4abd-a4d5-b4dee5b39d0b tempest-VolumeTypesTest-1740944214 tempest-VolumeTypesTest-1740944214-project-admin] http://10.222.0.55/volume/v3/9dd2fbf25e6a476daeff4d21f26e0c93/types/b9bb87aa-be3b-48b6-a680-e02e2b2b6dd9/encryption/provider returned with HTTP 200
Oct 04 16:32:20.852807 dv-cinder-749155-14-smb devstack@c-api.service[113409]: [pid: 113409|app: 0|req: 41/88] 10.222.0.55 () {60 vars in 1400 bytes} [Tue Oct 4 16:32:20 2022] PUT /volume/v3/9dd2fbf25e6a476daeff4d21f26e0c93/types/b9bb87aa-be3b-48b6-a680-e02e2b2b6dd9/encryption/provider => generated 122 bytes in 95 msecs (HTTP/1.1 200) 7 headers in 285 bytes (1 switches on core 0)
Oct 04 16:32:20.854370 dv-cinder-749155-14-smb devstack@c-api.service[113408]: DEBUG cinder.api.middleware.request_id [None req-9c2eea0a-1e81-4961-ba07-d3cc05f18d2c None None] RequestId filter calling following filter/app {{(pid=113408) _context_setter /opt/stack/cinder/cinder/api/middleware/request_id.py:62}}
Oct 04 16:32:20.859577 dv-cinder-749155-14-smb devstack@c-api.service[113408]: INFO cinder.api.openstack.wsgi [None req-9c2eea0a-1e81-4961-ba07-d3cc05f18d2c tempest-VolumeTypesTest-1740944214 tempest-VolumeTypesTest-1740944214-project-admin] GET http://10.222.0.55/volume/v3/9dd2fbf25e6a476daeff4d21f26e0c93/types/b9bb87aa-be3b-48b6-a680-e02e2b2b6dd9/encryption
Oct 04 16:32:20.860042 dv-cinder-749155-14-smb devstack@c-api.service[113408]: DEBUG cinder.api.openstack.wsgi [None req-9c2eea0a-1e81-4961-ba07-d3cc05f18d2c tempest-VolumeTypesTest-1740944214 tempest-VolumeTypesTest-1740944214-project-admin] Empty body provided in request {{(pid=113408) get_body /opt/stack/cinder/cinder/api/openstack/wsgi.py:715}}
Oct 04 16:32:20.860504 dv-cinder-749155-14-smb devstack@c-api.service[113408]: DEBUG cinder.api.openstack.wsgi [None req-9c2eea0a-1e81-4961-ba07-d3cc05f18d2c tempest-VolumeTypesTest-1740944214 tempest-VolumeTypesTest-1740944214-project-admin] Calling method 'index' {{(pid=113408) _process_stack /opt/stack/cinder/cinder/api/openstack/wsgi.py:868}}
Oct 04 16:32:20.898761 dv-cinder-749155-14-smb devstack@c-api.service[113408]: INFO cinder.api.openstack.wsgi [None req-9c2eea0a-1e81-4961-ba07-d3cc05f18d2c tempest-VolumeTypesTest-1740944214 tempest-VolumeTypesTest-1740944214-project-admin] http://10.222.0.55/volume/v3/9dd2fbf25e6a476daeff4d21f26e0c93/types/b9bb87aa-be3b-48b6-a680-e02e2b2b6dd9/encryption returned with HTTP 200
Oct 04 16:32:20.905766 dv-cinder-749155-14-smb devstack@c-api.service[113408]: [pid: 113408|app: 0|req: 48/89] 10.222.0.55 () {58 vars in 1352 bytes} [Tue Oct 4 16:32:20 2022] GET /volume/v3/9dd2fbf25e6a476daeff4d21f26e0c93/types/b9bb87aa-be3b-48b6-a680-e02e2b2b6dd9/encryption => generated 347 bytes in 53 msecs (HTTP/1.1 200) 7 headers in 285 bytes (1 switches on core 0)
Oct 04 16:32:20.913118 dv-cinder-749155-14-smb devstack@c-api.service[113409]: DEBUG cinder.api.middleware.request_id [None req-123b256b-5744-40e5-92ef-e98059c0f30d None None] RequestId filter calling following filter/app {{(pid=113409) _context_setter /opt/stack/cinder/cinder/api/middleware/request_id.py:62}}
Oct 04 16:32:20.923705 dv-cinder-749155-14-smb devstack@c-api.service[113409]: INFO cinder.api.openstack.wsgi [None req-123b256b-5744-40e5-92ef-e98059c0f30d tempest-VolumeTypesTest-1740944214 tempest-VolumeTypesTest-1740944214-project-admin] GET http://10.222.0.55/volume/v3/9dd2fbf25e6a476daeff4d21f26e0c93/types/b9bb87aa-be3b-48b6-a680-e02e2b2b6dd9/encryption/cipher
Oct 04 16:32:20.924209 dv-cinder-749155-14-smb devstack@c-api.service[113409]: DEBUG cinder.api.openstack.wsgi [None req-123b256b-5744-40e5-92ef-e98059c0f30d tempest-VolumeTypesTest-1740944214 tempest-VolumeTypesTest-1740944214-project-admin] Empty body provided in request {{(pid=113409) get_body /opt/stack/cinder/cinder/api/openstack/wsgi.py:715}}
Oct 04 16:32:20.924689 dv-cinder-749155-14-smb devstack@c-api.service[113409]: DEBUG cinder.api.openstack.wsgi [None req-123b256b-5744-40e5-92ef-e98059c0f30d tempest-VolumeTypesTest-1740944214 tempest-VolumeTypesTest-1740944214-project-admin] Calling method 'show' {{(pid=113409) _process_stack /opt/stack/cinder/cinder/api/openstack/wsgi.py:868}}
Oct 04 16:32:20.971153 dv-cinder-749155-14-smb devstack@c-api.service[113409]: INFO cinder.api.openstack.wsgi [None req-123b256b-5744-40e5-92ef-e98059c0f30d tempest-VolumeTypesTest-1740944214 tempest-VolumeTypesTest-1740944214-project-admin] http://10.222.0.55/volume/v3/9dd2fbf25e6a476daeff4d21f26e0c93/types/b9bb87aa-be3b-48b6-a680-e02e2b2b6dd9/encryption/cipher returned with HTTP 200
Oct 04 16:32:20.971947 dv-cinder-749155-14-smb devstack@c-api.service[113409]: [pid: 113409|app: 0|req: 42/90] 10.222.0.55 () {58 vars in 1373 bytes} [Tue Oct 4 16:32:20 2022] GET /volume/v3/9dd2fbf25e6a476daeff4d21f26e0c93/types/b9bb87aa-be3b-48b6-a680-e02e2b2b6dd9/encryption/cipher => generated 29 bytes in 60 msecs (HTTP/1.1 200) 7 headers in 284 bytes (1 switches on core 0)
Oct 04 16:32:20.978045 dv-cinder-749155-14-smb devstack@c-api.service[113408]: DEBUG cinder.api.middleware.request_id [None req-999bb6cd-5e36-45b1-96e0-f4692e6eefdd None None] RequestId filter calling following filter/app {{(pid=113408) _context_setter /opt/stack/cinder/cinder/api/middleware/request_id.py:62}}
Oct 04 16:32:20.983200 dv-cinder-749155-14-smb devstack@c-api.service[113408]: INFO cinder.api.openstack.wsgi [None req-999bb6cd-5e36-45b1-96e0-f4692e6eefdd tempest-VolumeTypesTest-1740944214 tempest-VolumeTypesTest-1740944214-project-admin] DELETE http://10.222.0.55/volume/v3/9dd2fbf25e6a476daeff4d21f26e0c93/types/b9bb87aa-be3b-48b6-a680-e02e2b2b6dd9/encryption/provider
Oct 04 16:32:20.983893 dv-cinder-749155-14-smb devstack@c-api.service[113408]: DEBUG cinder.api.openstack.wsgi [None req-999bb6cd-5e36-45b1-96e0-f4692e6eefdd tempest-VolumeTypesTest-1740944214 tempest-VolumeTypesTest-1740944214-project-admin] Empty body provided in request {{(pid=113408) get_body /opt/stack/cinder/cinder/api/openstack/wsgi.py:715}}
Oct 04 16:32:20.984489 dv-cinder-749155-14-smb devstack@c-api.service[113408]: DEBUG cinder.api.openstack.wsgi [None req-999bb6cd-5e36-45b1-96e0-f4692e6eefdd tempest-VolumeTypesTest-1740944214 tempest-VolumeTypesTest-1740944214-project-admin] Calling method 'delete' {{(pid=113408) _process_stack /opt/stack/cinder/cinder/api/openstack/wsgi.py:868}}
Oct 04 16:32:21.109057 dv-cinder-749155-14-smb devstack@c-api.service[113409]: DEBUG cinder.api.middleware.request_id [None req-1f9e2d32-f198-47ce-8929-a623c3acb2aa None None] RequestId filter calling following filter/app {{(pid=113409) _context_setter /opt/stack/cinder/cinder/api/middleware/request_id.py:62}}
Oct 04 16:32:21.113125 dv-cinder-749155-14-smb devstack@c-api.service[113409]: INFO cinder.api.openstack.wsgi [None req-1f9e2d32-f198-47ce-8929-a623c3acb2aa tempest-GroupSnapshotsTest-1317923181 tempest-GroupSnapshotsTest-1317923181-project] GET http://10.222.0.55/volume/v3/a2aebdceb8a248c986e1122b08282506/volumes/ada9cbf0-07a4-4a66-b994-0fdbb00992de
Oct 04 16:32:21.113790 dv-cinder-749155-14-smb devstack@c-api.service[113409]: DEBUG cinder.api.openstack.wsgi [None req-1f9e2d32-f198-47ce-8929-a623c3acb2aa tempest-GroupSnapshotsTest-1317923181 tempest-GroupSnapshotsTest-1317923181-project] Empty body provided in request {{(pid=113409) get_body /opt/stack/cinder/cinder/api/openstack/wsgi.py:715}}
Oct 04 16:32:21.114202 dv-cinder-749155-14-smb devstack@c-api.service[113409]: DEBUG cinder.api.openstack.wsgi [None req-1f9e2d32-f198-47ce-8929-a623c3acb2aa tempest-GroupSnapshotsTest-1317923181 tempest-GroupSnapshotsTest-1317923181-project] Calling method 'show' {{(pid=113409) _process_stack /opt/stack/cinder/cinder/api/openstack/wsgi.py:868}}
Oct 04 16:32:21.116323 dv-cinder-749155-14-smb devstack@c-api.service[113408]: INFO cinder.api.openstack.wsgi [None req-999bb6cd-5e36-45b1-96e0-f4692e6eefdd tempest-VolumeTypesTest-1740944214 tempest-VolumeTypesTest-1740944214-project-admin] http://10.222.0.55/volume/v3/9dd2fbf25e6a476daeff4d21f26e0c93/types/b9bb87aa-be3b-48b6-a680-e02e2b2b6dd9/encryption/provider returned with HTTP 202
Oct 04 16:32:21.117826 dv-cinder-749155-14-smb devstack@c-api.service[113408]: [pid: 113408|app: 0|req: 49/91] 10.222.0.55 () {58 vars in 1382 bytes} [Tue Oct 4 16:32:20 2022] DELETE /volume/v3/9dd2fbf25e6a476daeff4d21f26e0c93/types/b9bb87aa-be3b-48b6-a680-e02e2b2b6dd9/encryption/provider => generated 0 bytes in 141 msecs (HTTP/1.1 202) 6 headers in 233 bytes (1 switches on core 0)
Oct 04 16:32:21.122202 dv-cinder-749155-14-smb devstack@c-api.service[113408]: DEBUG cinder.api.middleware.request_id [None req-ba44990c-9769-4b5c-afe5-83e54bb7309d None None] RequestId filter calling following filter/app {{(pid=113408) _context_setter /opt/stack/cinder/cinder/api/middleware/request_id.py:62}}
Oct 04 16:32:21.129028 dv-cinder-749155-14-smb devstack@c-api.service[113408]: INFO cinder.api.openstack.wsgi [None req-ba44990c-9769-4b5c-afe5-83e54bb7309d tempest-VolumeTypesTest-1740944214 tempest-VolumeTypesTest-1740944214-project-admin] GET http://10.222.0.55/volume/v3/9dd2fbf25e6a476daeff4d21f26e0c93/types/b9bb87aa-be3b-48b6-a680-e02e2b2b6dd9/encryption
Oct 04 16:32:21.129486 dv-cinder-749155-14-smb devstack@c-api.service[113408]: DEBUG cinder.api.openstack.wsgi [None req-ba44990c-9769-4b5c-afe5-83e54bb7309d tempest-VolumeTypesTest-1740944214 tempest-VolumeTypesTest-1740944214-project-admin] Empty body provided in request {{(pid=113408) get_body /opt/stack/cinder/cinder/api/openstack/wsgi.py:715}}
Oct 04 16:32:21.129963 dv-cinder-749155-14-smb devstack@c-api.service[113408]: DEBUG cinder.api.openstack.wsgi [None req-ba44990c-9769-4b5c-afe5-83e54bb7309d tempest-VolumeTypesTest-1740944214 tempest-VolumeTypesTest-1740944214-project-admin] Calling method 'index' {{(pid=113408) _process_stack /opt/stack/cinder/cinder/api/openstack/wsgi.py:868}}
Oct 04 16:32:21.161479 dv-cinder-749155-14-smb devstack@c-api.service[113408]: INFO cinder.api.openstack.wsgi [None req-ba44990c-9769-4b5c-afe5-83e54bb7309d tempest-VolumeTypesTest-1740944214 tempest-VolumeTypesTest-1740944214-project-admin] http://10.222.0.55/volume/v3/9dd2fbf25e6a476daeff4d21f26e0c93/types/b9bb87aa-be3b-48b6-a680-e02e2b2b6dd9/encryption returned with HTTP 200
Oct 04 16:32:21.162785 dv-cinder-749155-14-smb devstack@c-api.service[113408]: [pid: 113408|app: 0|req: 50/92] 10.222.0.55 () {58 vars in 1352 bytes} [Tue Oct 4 16:32:21 2022] GET /volume/v3/9dd2fbf25e6a476daeff4d21f26e0c93/types/b9bb87aa-be3b-48b6-a680-e02e2b2b6dd9/encryption => generated 2 bytes in 41 msecs (HTTP/1.1 200) 7 headers in 283 bytes (2 switches on core 0)
Oct 04 16:32:21.170192 dv-cinder-749155-14-smb devstack@c-api.service[113408]: DEBUG cinder.api.middleware.request_id [None req-35f71237-0a1d-4958-a8ce-abf7835d87d1 None None] RequestId filter calling following filter/app {{(pid=113408) _context_setter /opt/stack/cinder/cinder/api/middleware/request_id.py:62}}
Oct 04 16:32:21.176525 dv-cinder-749155-14-smb devstack@c-api.service[113408]: INFO cinder.api.openstack.wsgi [None req-35f71237-0a1d-4958-a8ce-abf7835d87d1 tempest-VolumeTypesTest-1740944214 tempest-VolumeTypesTest-1740944214-project-admin] GET http://10.222.0.55/volume/v3/9dd2fbf25e6a476daeff4d21f26e0c93/types/b9bb87aa-be3b-48b6-a680-e02e2b2b6dd9/encryption
Oct 04 16:32:21.177145 dv-cinder-749155-14-smb devstack@c-api.service[113408]: DEBUG cinder.api.openstack.wsgi [None req-35f71237-0a1d-4958-a8ce-abf7835d87d1 tempest-VolumeTypesTest-1740944214 tempest-VolumeTypesTest-1740944214-project-admin] Empty body provided in request {{(pid=113408) get_body /opt/stack/cinder/cinder/api/openstack/wsgi.py:715}}
Oct 04 16:32:21.177765 dv-cinder-749155-14-smb devstack@c-api.service[113408]: DEBUG cinder.api.openstack.wsgi [None req-35f71237-0a1d-4958-a8ce-abf7835d87d1 tempest-VolumeTypesTest-1740944214 tempest-VolumeTypesTest-1740944214-project-admin] Calling method 'index' {{(pid=113408) _process_stack /opt/stack/cinder/cinder/api/openstack/wsgi.py:868}}
Oct 04 16:32:21.185193 dv-cinder-749155-14-smb devstack@c-api.service[113409]: /usr/local/lib/python3.8/dist-packages/oslo_context/context.py:100: DeprecationWarning: Policy enforcement is depending on the value of is_admin. This key is deprecated. Please update your policy file to use the standard policy values.
Oct 04 16:32:21.185193 dv-cinder-749155-14-smb devstack@c-api.service[113409]: warnings.warn('Policy enforcement is depending on the value of '
Oct 04 16:32:21.202433 dv-cinder-749155-14-smb devstack@c-api.service[113408]: INFO cinder.api.openstack.wsgi [None req-35f71237-0a1d-4958-a8ce-abf7835d87d1 tempest-VolumeTypesTest-1740944214 tempest-VolumeTypesTest-1740944214-project-admin] http://10.222.0.55/volume/v3/9dd2fbf25e6a476daeff4d21f26e0c93/types/b9bb87aa-be3b-48b6-a680-e02e2b2b6dd9/encryption returned with HTTP 200
Oct 04 16:32:21.203428 dv-cinder-749155-14-smb devstack@c-api.service[113408]: [pid: 113408|app: 0|req: 51/93] 10.222.0.55 () {58 vars in 1352 bytes} [Tue Oct 4 16:32:21 2022] GET /volume/v3/9dd2fbf25e6a476daeff4d21f26e0c93/types/b9bb87aa-be3b-48b6-a680-e02e2b2b6dd9/encryption => generated 2 bytes in 34 msecs (HTTP/1.1 200) 7 headers in 283 bytes (2 switches on core 0)
Oct 04 16:32:21.204920 dv-cinder-749155-14-smb devstack@c-api.service[113409]: INFO cinder.volume.api [None req-1f9e2d32-f198-47ce-8929-a623c3acb2aa tempest-GroupSnapshotsTest-1317923181 tempest-GroupSnapshotsTest-1317923181-project] Volume info retrieved successfully.
Oct 04 16:32:21.206376 dv-cinder-749155-14-smb devstack@c-api.service[113409]: WARNING stevedore.named [None req-1f9e2d32-f198-47ce-8929-a623c3acb2aa tempest-GroupSnapshotsTest-1317923181 tempest-GroupSnapshotsTest-1317923181-project] Could not load cinder.keymgr.conf_key_mgr.ConfKeyManager
Oct 04 16:32:21.206761 dv-cinder-749155-14-smb devstack@c-api.service[113409]: WARNING castellan.key_manager [None req-1f9e2d32-f198-47ce-8929-a623c3acb2aa tempest-GroupSnapshotsTest-1317923181 tempest-GroupSnapshotsTest-1317923181-project] Deprecation Warning : cinder.keymgr.conf_key_mgr.ConfKeyManager is not a stevedore based driver, trying to load it as a class: stevedore.exception.NoMatches: No 'castellan.drivers' driver found, looking for 'cinder.keymgr.conf_key_mgr.ConfKeyManager'
Oct 04 16:32:21.213016 dv-cinder-749155-14-smb devstack@c-api.service[113408]: DEBUG cinder.api.middleware.request_id [None req-a230b623-31a2-48d6-897a-900b4c9dc21c None None] RequestId filter calling following filter/app {{(pid=113408) _context_setter /opt/stack/cinder/cinder/api/middleware/request_id.py:62}}
Oct 04 16:32:21.224150 dv-cinder-749155-14-smb devstack@c-api.service[113408]: INFO cinder.api.openstack.wsgi [None req-a230b623-31a2-48d6-897a-900b4c9dc21c tempest-VolumeTypesTest-1740944214 tempest-VolumeTypesTest-1740944214-project-admin] GET http://10.222.0.55/volume/v3/9dd2fbf25e6a476daeff4d21f26e0c93/types
Oct 04 16:32:21.224799 dv-cinder-749155-14-smb devstack@c-api.service[113408]: DEBUG cinder.api.openstack.wsgi [None req-a230b623-31a2-48d6-897a-900b4c9dc21c tempest-VolumeTypesTest-1740944214 tempest-VolumeTypesTest-1740944214-project-admin] Empty body provided in request {{(pid=113408) get_body /opt/stack/cinder/cinder/api/openstack/wsgi.py:715}}
Oct 04 16:32:21.225425 dv-cinder-749155-14-smb devstack@c-api.service[113408]: DEBUG cinder.api.openstack.wsgi [None req-a230b623-31a2-48d6-897a-900b4c9dc21c tempest-VolumeTypesTest-1740944214 tempest-VolumeTypesTest-1740944214-project-admin] Calling method 'index' {{(pid=113408) _process_stack /opt/stack/cinder/cinder/api/openstack/wsgi.py:868}}
Oct 04 16:32:21.246214 dv-cinder-749155-14-smb devstack@c-api.service[113409]: DEBUG oslo_db.sqlalchemy.engines [None req-1f9e2d32-f198-47ce-8929-a623c3acb2aa tempest-GroupSnapshotsTest-1317923181 tempest-GroupSnapshotsTest-1317923181-project] MySQL server mode set to STRICT_TRANS_TABLES,STRICT_ALL_TABLES,NO_ZERO_IN_DATE,NO_ZERO_DATE,ERROR_FOR_DIVISION_BY_ZERO,TRADITIONAL,NO_ENGINE_SUBSTITUTION {{(pid=113409) _check_effective_sql_mode /usr/local/lib/python3.8/dist-packages/oslo_db/sqlalchemy/engines.py:314}}
Oct 04 16:32:21.255981 dv-cinder-749155-14-smb devstack@c-api.service[113409]: /usr/local/lib/python3.8/dist-packages/oslo_context/context.py:100: DeprecationWarning: Policy enforcement is depending on the value of is_admin. This key is deprecated. Please update your policy file to use the standard policy values.
Oct 04 16:32:21.255981 dv-cinder-749155-14-smb devstack@c-api.service[113409]: warnings.warn('Policy enforcement is depending on the value of '
Oct 04 16:32:21.310814 dv-cinder-749155-14-smb devstack@c-api.service[113409]: INFO cinder.api.openstack.wsgi [None req-1f9e2d32-f198-47ce-8929-a623c3acb2aa tempest-GroupSnapshotsTest-1317923181 tempest-GroupSnapshotsTest-1317923181-project] http://10.222.0.55/volume/v3/a2aebdceb8a248c986e1122b08282506/volumes/ada9cbf0-07a4-4a66-b994-0fdbb00992de returned with HTTP 200
Oct 04 16:32:21.327826 dv-cinder-749155-14-smb devstack@c-api.service[113408]: INFO cinder.api.openstack.wsgi [None req-a230b623-31a2-48d6-897a-900b4c9dc21c tempest-VolumeTypesTest-1740944214 tempest-VolumeTypesTest-1740944214-project-admin] http://10.222.0.55/volume/v3/9dd2fbf25e6a476daeff4d21f26e0c93/types returned with HTTP 200
Oct 04 16:32:21.329592 dv-cinder-749155-14-smb devstack@c-api.service[113409]: [pid: 113409|app: 0|req: 43/94] 10.222.0.55 () {60 vars in 1366 bytes} [Tue Oct 4 16:32:21 2022] GET /volume/v3/a2aebdceb8a248c986e1122b08282506/volumes/ada9cbf0-07a4-4a66-b994-0fdbb00992de => generated 1000 bytes in 221 msecs (HTTP/1.1 200) 7 headers in 287 bytes (2 switches on core 0)
Oct 04 16:32:21.333482 dv-cinder-749155-14-smb devstack@c-api.service[113409]: DEBUG cinder.api.middleware.request_id [None req-1899ec4e-2c64-4373-9205-d7b307909588 None None] RequestId filter calling following filter/app {{(pid=113409) _context_setter /opt/stack/cinder/cinder/api/middleware/request_id.py:62}}
Oct 04 16:32:21.343707 dv-cinder-749155-14-smb devstack@c-api.service[113409]: INFO cinder.api.openstack.wsgi [None req-1899ec4e-2c64-4373-9205-d7b307909588 tempest-GroupSnapshotsTest-1317923181 tempest-GroupSnapshotsTest-1317923181-project] POST http://10.222.0.55/volume/v3/a2aebdceb8a248c986e1122b08282506/volumes
Oct 04 16:32:21.347234 dv-cinder-749155-14-smb devstack@c-api.service[113408]: [pid: 113408|app: 0|req: 52/95] 10.222.0.55 () {58 vars in 1208 bytes} [Tue Oct 4 16:32:21 2022] GET /volume/v3/9dd2fbf25e6a476daeff4d21f26e0c93/types => generated 2040 bytes in 135 msecs (HTTP/1.1 200) 7 headers in 286 bytes (1 switches on core 0)
Oct 04 16:32:21.348969 dv-cinder-749155-14-smb devstack@c-api.service[113408]: DEBUG cinder.api.middleware.request_id [None req-f8400c70-6495-4ace-952e-e716406a5023 None None] RequestId filter calling following filter/app {{(pid=113408) _context_setter /opt/stack/cinder/cinder/api/middleware/request_id.py:62}}
Oct 04 16:32:21.351406 dv-cinder-749155-14-smb devstack@c-api.service[113409]: DEBUG cinder.api.openstack.wsgi [None req-1899ec4e-2c64-4373-9205-d7b307909588 tempest-GroupSnapshotsTest-1317923181 tempest-GroupSnapshotsTest-1317923181-project] Action: 'create', calling method: create, body: {"volume": {"volume_type": "f397dc5d-bff5-46b1-996f-6d3c1cbfce0f", "group_id": "bba14427-f68e-4f53-a2d8-95f39c5d7dff", "size": 1, "name": "tempest-GroupSnapshotsTest-Volume-493191394"}} {{(pid=113409) _process_stack /opt/stack/cinder/cinder/api/openstack/wsgi.py:866}}
