Sep 06 21:23:27.652659 dv-cinder-749155-11-smb neutron-server[106867]: INFO neutron.wsgi [req-7b725b7c-f53c-4706-bca5-fe530e2b4b2b req-5cdf40e1-190d-4023-ab8b-bbe00cf4936e service neutron] 10.222.0.75 "GET /networking/v2.0/networks/f136a65e-76fc-4fdb-af7a-3960fa159669?fields=provider%3Aphysical_network&fields=provider%3Anetwork_type HTTP/1.1" status: 200 len: 281 time: 0.1340163
Sep 06 21:23:27.775222 dv-cinder-749155-11-smb neutron-server[106867]: DEBUG neutron.pecan_wsgi.hooks.policy_enforcement [req-0f2116fa-9e53-43d7-a7a8-c81667fc088a req-a576c4fb-6839-499c-854e-f7400cc435cc tempest-VolumesActionsTest-880541261 tempest-VolumesActionsTest-880541261-project] Attributes excluded by policy engine: ['standard_attr_id', 'binding:profile', 'binding:host_id', 'binding:vif_type', 'binding:vif_details'] {{(pid=106867) _exclude_attributes_by_policy /opt/stack/neutron/neutron/pecan_wsgi/hooks/policy_enforcement.py:259}}
Sep 06 21:23:27.784277 dv-cinder-749155-11-smb neutron-server[106867]: INFO neutron.wsgi [req-0f2116fa-9e53-43d7-a7a8-c81667fc088a req-a576c4fb-6839-499c-854e-f7400cc435cc tempest-VolumesActionsTest-880541261 tempest-VolumesActionsTest-880541261-project] 10.222.0.81 "GET /networking/v2.0/ports?device_id=3de010a3-ad52-4e32-b879-c1d187f89f54 HTTP/1.1" status: 200 len: 944 time: 0.0598125
Sep 06 21:23:27.827897 dv-cinder-749155-11-smb neutron-server[106867]: INFO neutron.wsgi [req-0f2116fa-9e53-43d7-a7a8-c81667fc088a req-c442087e-2fb1-4c24-8f4f-3f9a46e1ef1e tempest-VolumesActionsTest-880541261 tempest-VolumesActionsTest-880541261-project] 10.222.0.81 "GET /networking/v2.0/security-groups?id=074ddf58-9027-4a04-83bd-3209b2cd410f&fields=id&fields=name HTTP/1.1" status: 200 len: 286 time: 0.0439456
Sep 06 21:23:27.868352 dv-cinder-749155-11-smb neutron-server[106867]: DEBUG dbcounter [-] [106867] Writing DB stats neutron:SELECT=98,neutron:INSERT=2 {{(pid=106867) stat_writer /usr/local/lib/python3.8/dist-packages/dbcounter.py:114}}
Sep 06 21:23:28.010155 dv-cinder-749155-11-smb neutron-server[106867]: DEBUG neutron.pecan_wsgi.hooks.policy_enforcement [req-dd2038a3-10aa-4c79-a26d-f3c996a84020 req-1528c49c-8c3b-4ffd-a2ac-7f383d2cc886 tempest-AttachVolumeTestJSON-656381376 tempest-AttachVolumeTestJSON-656381376-project] Attributes excluded by policy engine: ['standard_attr_id', 'binding:profile', 'binding:host_id', 'binding:vif_type', 'binding:vif_details'] {{(pid=106867) _exclude_attributes_by_policy /opt/stack/neutron/neutron/pecan_wsgi/hooks/policy_enforcement.py:259}}
Sep 06 21:23:28.011678 dv-cinder-749155-11-smb neutron-server[106867]: INFO neutron.wsgi [req-dd2038a3-10aa-4c79-a26d-f3c996a84020 req-1528c49c-8c3b-4ffd-a2ac-7f383d2cc886 tempest-AttachVolumeTestJSON-656381376 tempest-AttachVolumeTestJSON-656381376-project] 10.222.0.81 "GET /networking/v2.0/ports?device_id=b85e5165-7ddd-4942-ae51-93953a919d1c HTTP/1.1" status: 200 len: 944 time: 0.0530972
Sep 06 21:23:28.062923 dv-cinder-749155-11-smb neutron-server[106867]: INFO neutron.wsgi [req-dd2038a3-10aa-4c79-a26d-f3c996a84020 req-48e4ecc0-fb15-4d30-9fc2-6f38c2f4a11e tempest-AttachVolumeTestJSON-656381376 tempest-AttachVolumeTestJSON-656381376-project] 10.222.0.81 "GET /networking/v2.0/security-groups?id=b9ce8754-d9d8-408b-ae95-b341031e2f9c&fields=id&fields=name HTTP/1.1" status: 200 len: 312 time: 0.0423234
Sep 06 21:23:28.133992 dv-cinder-749155-11-smb neutron-server[106869]: DEBUG neutron.plugins.ml2.rpc [None req-ff11d000-26d4-4b5b-895b-db695a3f9b5a None None] Device b3f7d0ef-5184-4a5e-9bbd-5c56be3469aa details requested by agent hyperv_hv-cinder-74915 with host hv-cinder-74915 {{(pid=106869) get_device_details /opt/stack/neutron/neutron/plugins/ml2/rpc.py:102}}
Sep 06 21:23:28.229894 dv-cinder-749155-11-smb neutron-server[106867]: DEBUG neutron.pecan_wsgi.hooks.policy_enforcement [req-95cf030c-73b5-4c5e-99b6-0e1048663192 req-7b379714-4ec6-479a-97ed-5af61c6fd0b0 tempest-DeleteServersTestJSON-1757806677 tempest-DeleteServersTestJSON-1757806677-project] Attributes excluded by policy engine: ['standard_attr_id', 'binding:profile', 'binding:host_id', 'binding:vif_type', 'binding:vif_details'] {{(pid=106867) _exclude_attributes_by_policy /opt/stack/neutron/neutron/pecan_wsgi/hooks/policy_enforcement.py:259}}
Sep 06 21:23:28.231431 dv-cinder-749155-11-smb neutron-server[106867]: INFO neutron.wsgi [req-95cf030c-73b5-4c5e-99b6-0e1048663192 req-7b379714-4ec6-479a-97ed-5af61c6fd0b0 tempest-DeleteServersTestJSON-1757806677 tempest-DeleteServersTestJSON-1757806677-project] 10.222.0.81 "GET /networking/v2.0/ports?device_id=35e59850-4648-4e26-a435-6182fc688a20 HTTP/1.1" status: 200 len: 946 time: 0.0534067
Sep 06 21:23:28.242500 dv-cinder-749155-11-smb neutron-server[106869]: DEBUG neutron.plugins.ml2.db [None req-ff11d000-26d4-4b5b-895b-db695a3f9b5a None None] For port b3f7d0ef-5184-4a5e-9bbd-5c56be3469aa, host hv-cinder-74915, got binding levels [PortBindingLevel(driver='hyperv',host='hv-cinder-74915',level=0,port_id=b3f7d0ef-5184-4a5e-9bbd-5c56be3469aa,segment=NetworkSegment(ee0b672f-dc7f-4aaa-ae52-77a192b3980c),segment_id=ee0b672f-dc7f-4aaa-ae52-77a192b3980c)] {{(pid=106869) get_binding_level_objs /opt/stack/neutron/neutron/plugins/ml2/db.py:74}}
Sep 06 21:23:28.255472 dv-cinder-749155-11-smb neutron-server[106869]: DEBUG neutron.plugins.ml2.rpc [None req-ff11d000-26d4-4b5b-895b-db695a3f9b5a None None] Returning: {'device': 'b3f7d0ef-5184-4a5e-9bbd-5c56be3469aa', 'network_id': '813432d6-66b7-4688-884e-9cec963de25b', 'port_id': 'b3f7d0ef-5184-4a5e-9bbd-5c56be3469aa', 'mac_address': 'fa:16:3e:25:a0:88', 'admin_state_up': True, 'network_type': 'vlan', 'segmentation_id': 193, 'physical_network': 'physnet1', 'mtu': 1500, 'fixed_ips': [{'subnet_id': 'fb91f91f-4730-4c58-a3f4-7e1154eac970', 'ip_address': '172.20.0.13'}], 'device_owner': 'compute:nova', 'allowed_address_pairs': [], 'port_security_enabled': True, 'qos_policy_id': None, 'qos_network_policy_id': None, 'profile': {}, 'propagate_uplink_status': False} {{(pid=106869) _get_device_details /opt/stack/neutron/neutron/plugins/ml2/rpc.py:184}}
Sep 06 21:23:28.287817 dv-cinder-749155-11-smb neutron-server[106867]: INFO neutron.wsgi [req-95cf030c-73b5-4c5e-99b6-0e1048663192 req-6b13a584-2222-40ec-8fb7-04cf828acff7 tempest-DeleteServersTestJSON-1757806677 tempest-DeleteServersTestJSON-1757806677-project] 10.222.0.81 "GET /networking/v2.0/security-groups?id=ff3fab23-2d69-4a0b-ba00-6e229506590d&fields=id&fields=name HTTP/1.1" status: 200 len: 286 time: 0.0491621
Sep 06 21:23:28.290527 dv-cinder-749155-11-smb neutron-server[106869]: DEBUG neutron.plugins.ml2.plugin [None req-ff11d000-26d4-4b5b-895b-db695a3f9b5a None None] Current status of the port b3f7d0ef-5184-4a5e-9bbd-5c56be3469aa is: DOWN; New status is: BUILD {{(pid=106869) _update_individual_port_db_status /opt/stack/neutron/neutron/plugins/ml2/plugin.py:2302}}
Sep 06 21:23:28.290993 dv-cinder-749155-11-smb neutron-server[106869]: DEBUG neutron_lib.callbacks.manager [None req-ff11d000-26d4-4b5b-895b-db695a3f9b5a None None] Publish callbacks ['neutron.plugins.ml2.plugin.SecurityGroupDbMixin._ensure_default_security_group_handler-1754795'] for port (b3f7d0ef-5184-4a5e-9bbd-5c56be3469aa), before_update {{(pid=106869) _notify_loop /usr/local/lib/python3.8/dist-packages/neutron_lib/callbacks/manager.py:176}}
Sep 06 21:23:28.306143 dv-cinder-749155-11-smb neutron-server[106869]: DEBUG neutron.notifiers.nova [None req-ff11d000-26d4-4b5b-895b-db695a3f9b5a None None] Ignoring state change previous_port_status: DOWN current_port_status: BUILD port_id b3f7d0ef-5184-4a5e-9bbd-5c56be3469aa {{(pid=106869) record_port_status_changed /opt/stack/neutron/neutron/notifiers/nova.py:235}}
Sep 06 21:23:28.328993 dv-cinder-749155-11-smb neutron-server[106869]: DEBUG neutron.plugins.ml2.db [None req-ff11d000-26d4-4b5b-895b-db695a3f9b5a None None] For port b3f7d0ef-5184-4a5e-9bbd-5c56be3469aa, host hv-cinder-74915, got binding levels [PortBindingLevel(driver='hyperv',host='hv-cinder-74915',level=0,port_id=b3f7d0ef-5184-4a5e-9bbd-5c56be3469aa,segment=NetworkSegment(ee0b672f-dc7f-4aaa-ae52-77a192b3980c),segment_id=ee0b672f-dc7f-4aaa-ae52-77a192b3980c)] {{(pid=106869) get_binding_level_objs /opt/stack/neutron/neutron/plugins/ml2/db.py:74}}
Sep 06 21:23:28.369723 dv-cinder-749155-11-smb neutron-server[106869]: DEBUG neutron_lib.callbacks.manager [None req-ff11d000-26d4-4b5b-895b-db695a3f9b5a None None] Publish callbacks ['neutron.plugins.ml2.plugin.SecurityGroupServerNotifierRpcMixin._notify_sg_on_port_change-1754858', 'neutron.plugins.ml2.ovo_rpc._ObjectChangeHandler.handle_event-49461', 'neutron.api.rpc.agentnotifiers.dhcp_rpc_agent_api.DhcpAgentNotifyAPI._native_event_send_dhcp_notification-578860', 'neutron.db.l3_db.L3RpcNotifierMixin._notify_gateway_port_ip_changed-8792087922562', 'neutron.db.l3_dvrscheduler_db._notify_l3_agent_port_update-8792087479727', 'neutron.db.l3_hascheduler_db._notify_l3_agent_ha_port_update-8792087479745'] for port (b3f7d0ef-5184-4a5e-9bbd-5c56be3469aa), after_update {{(pid=106869) _notify_loop /usr/local/lib/python3.8/dist-packages/neutron_lib/callbacks/manager.py:176}}
Sep 06 21:23:28.416895 dv-cinder-749155-11-smb neutron-server[106869]: DEBUG neutron.api.rpc.handlers.resources_rpc [None req-ff11d000-26d4-4b5b-895b-db695a3f9b5a None None] Pushing event updated for resources: {'Port': ['ID=b3f7d0ef-5184-4a5e-9bbd-5c56be3469aa,revision_number=4']} {{(pid=106869) push /opt/stack/neutron/neutron/api/rpc/handlers/resources_rpc.py:237}}
Sep 06 21:23:28.529924 dv-cinder-749155-11-smb neutron-server[106869]: DEBUG dbcounter [-] [106869] Writing DB stats neutron:SELECT=95,neutron:UPDATE=4,neutron:DELETE=1 {{(pid=106869) stat_writer /usr/local/lib/python3.8/dist-packages/dbcounter.py:114}}
Sep 06 21:23:28.539674 dv-cinder-749155-11-smb neutron-server[106867]: DEBUG neutron.pecan_wsgi.hooks.policy_enforcement [req-922654bc-8d07-4516-9d27-367cffc2e334 req-a61488e5-b42d-4a68-8ca7-57d885ac0500 tempest-AttachVolumeShelveTestJSON-1728685001 tempest-AttachVolumeShelveTestJSON-1728685001-project] Attributes excluded by policy engine: ['standard_attr_id', 'binding:profile', 'binding:host_id', 'binding:vif_type', 'binding:vif_details'] {{(pid=106867) _exclude_attributes_by_policy /opt/stack/neutron/neutron/pecan_wsgi/hooks/policy_enforcement.py:259}}
Sep 06 21:23:28.541181 dv-cinder-749155-11-smb neutron-server[106867]: INFO neutron.wsgi [req-922654bc-8d07-4516-9d27-367cffc2e334 req-a61488e5-b42d-4a68-8ca7-57d885ac0500 tempest-AttachVolumeShelveTestJSON-1728685001 tempest-AttachVolumeShelveTestJSON-1728685001-project] 10.222.0.81 "GET /networking/v2.0/ports?device_id=dbc5831c-57e6-46f4-bc58-a3aee2e1c31e HTTP/1.1" status: 200 len: 946 time: 0.0510066
Sep 06 21:23:28.620872 dv-cinder-749155-11-smb neutron-server[106867]: DEBUG neutron.pecan_wsgi.hooks.policy_enforcement [req-0a825cfd-0bc5-4ede-837c-9d8974795ac1 req-e877e1db-8905-40e3-a2f8-abd4ec4bd3c0 tempest-ServerRescueNegativeTestJSON-463789485 tempest-ServerRescueNegativeTestJSON-463789485-project] Attributes excluded by policy engine: ['standard_attr_id', 'binding:profile', 'binding:host_id', 'binding:vif_type', 'binding:vif_details'] {{(pid=106867) _exclude_attributes_by_policy /opt/stack/neutron/neutron/pecan_wsgi/hooks/policy_enforcement.py:259}}
Sep 06 21:23:28.622997 dv-cinder-749155-11-smb neutron-server[106869]: DEBUG neutron.plugins.ml2.db [None req-ff11d000-26d4-4b5b-895b-db695a3f9b5a None None] get_ports_and_sgs() called for port_ids ['b3f7d0ef-5184-4a5e-9bbd-5c56be3469aa'] {{(pid=106869) get_ports_and_sgs /opt/stack/neutron/neutron/plugins/ml2/db.py:163}}
Sep 06 21:23:28.624737 dv-cinder-749155-11-smb neutron-server[106867]: INFO neutron.wsgi [req-0a825cfd-0bc5-4ede-837c-9d8974795ac1 req-e877e1db-8905-40e3-a2f8-abd4ec4bd3c0 tempest-ServerRescueNegativeTestJSON-463789485 tempest-ServerRescueNegativeTestJSON-463789485-project] 10.222.0.81 "GET /networking/v2.0/ports?device_id=72fe4dbb-7022-4109-83e6-585ab181a808 HTTP/1.1" status: 200 len: 945 time: 0.0710258
Sep 06 21:23:28.655282 dv-cinder-749155-11-smb neutron-server[106867]: INFO neutron.wsgi [req-922654bc-8d07-4516-9d27-367cffc2e334 req-bf8b72b3-effa-4db5-92c2-4211cc1ea567 tempest-AttachVolumeShelveTestJSON-1728685001 tempest-AttachVolumeShelveTestJSON-1728685001-project] 10.222.0.81 "GET /networking/v2.0/security-groups?id=bf8d9a7a-e789-4b39-a563-b719c4b57506&fields=id&fields=name HTTP/1.1" status: 200 len: 313 time: 0.1082203
Sep 06 21:23:28.690334 dv-cinder-749155-11-smb neutron-server[106867]: INFO neutron.wsgi [req-0a825cfd-0bc5-4ede-837c-9d8974795ac1 req-460f2711-1b74-4849-ba39-4617101ccd41 tempest-ServerRescueNegativeTestJSON-463789485 tempest-ServerRescueNegativeTestJSON-463789485-project] 10.222.0.81 "GET /networking/v2.0/security-groups?id=02fc19b9-c29d-40bf-940d-3d8e9eb6f65e&fields=id&fields=name HTTP/1.1" status: 200 len: 286 time: 0.0554602
Sep 06 21:23:29.003012 dv-cinder-749155-11-smb neutron-server[106868]: DEBUG neutron.pecan_wsgi.hooks.policy_enforcement [req-54c5254f-9fdc-4fd5-a3c3-cc0f98f55889 req-437d8523-cad3-485d-a9b4-1aee5bfa4c39 service neutron] Attributes excluded by policy engine: ['standard_attr_id'] {{(pid=106868) _exclude_attributes_by_policy /opt/stack/neutron/neutron/pecan_wsgi/hooks/policy_enforcement.py:259}}
Sep 06 21:23:29.004580 dv-cinder-749155-11-smb neutron-server[106868]: INFO neutron.wsgi [req-54c5254f-9fdc-4fd5-a3c3-cc0f98f55889 req-437d8523-cad3-485d-a9b4-1aee5bfa4c39 service neutron] 10.222.0.75 "GET /networking/v2.0/ports?device_id=35e59850-4648-4e26-a435-6182fc688a20 HTTP/1.1" status: 200 len: 1130 time: 0.1035814
Sep 06 21:23:29.049789 dv-cinder-749155-11-smb neutron-server[106867]: DEBUG neutron.pecan_wsgi.hooks.policy_enforcement [req-28a0ff72-b13a-4a1b-9f79-b23691911e8e req-19cb59b6-0766-4ae5-b02c-26b3e0b7f65a service neutron] Attributes excluded by policy engine: ['standard_attr_id'] {{(pid=106867) _exclude_attributes_by_policy /opt/stack/neutron/neutron/pecan_wsgi/hooks/policy_enforcement.py:259}}
Sep 06 21:23:29.051313 dv-cinder-749155-11-smb neutron-server[106867]: INFO neutron.wsgi [req-28a0ff72-b13a-4a1b-9f79-b23691911e8e req-19cb59b6-0766-4ae5-b02c-26b3e0b7f65a service neutron] 10.222.0.75 "GET /networking/v2.0/ports?tenant_id=ed9089e888aa4598916d257986dc0b70&device_id=3de010a3-ad52-4e32-b879-c1d187f89f54 HTTP/1.1" status: 200 len: 1128 time: 0.1687658
Sep 06 21:23:29.056170 dv-cinder-749155-11-smb neutron-server[106867]: DEBUG neutron.pecan_wsgi.hooks.policy_enforcement [req-b5dffebc-f8a7-46b6-a2a0-9e96c2478bb6 req-b373bbe3-58e3-41c1-ae30-7eb7636ef94d service neutron] Attributes excluded by policy engine: ['standard_attr_id'] {{(pid=106867) _exclude_attributes_by_policy /opt/stack/neutron/neutron/pecan_wsgi/hooks/policy_enforcement.py:259}}
Sep 06 21:23:29.057563 dv-cinder-749155-11-smb neutron-server[106867]: INFO neutron.wsgi [req-b5dffebc-f8a7-46b6-a2a0-9e96c2478bb6 req-b373bbe3-58e3-41c1-ae30-7eb7636ef94d service neutron] 10.222.0.75 "GET /networking/v2.0/ports?device_id=72fe4dbb-7022-4109-83e6-585ab181a808 HTTP/1.1" status: 200 len: 1129 time: 0.1166325
Sep 06 21:23:29.065436 dv-cinder-749155-11-smb neutron-server[106867]: DEBUG neutron.pecan_wsgi.hooks.policy_enforcement [req-6f1ee8d7-605f-46cf-9b87-c97672bd017c req-2bfb044d-69ea-427b-bbbc-2fffacc39176 tempest-VolumesActionsTest-880541261 tempest-VolumesActionsTest-880541261-project] Attributes excluded by policy engine: ['standard_attr_id', 'binding:profile', 'binding:host_id', 'binding:vif_type', 'binding:vif_details'] {{(pid=106867) _exclude_attributes_by_policy /opt/stack/neutron/neutron/pecan_wsgi/hooks/policy_enforcement.py:259}}
Sep 06 21:23:29.071355 dv-cinder-749155-11-smb neutron-server[106867]: INFO neutron.wsgi [req-6f1ee8d7-605f-46cf-9b87-c97672bd017c req-2bfb044d-69ea-427b-bbbc-2fffacc39176 tempest-VolumesActionsTest-880541261 tempest-VolumesActionsTest-880541261-project] 10.222.0.81 "GET /networking/v2.0/ports?device_id=3de010a3-ad52-4e32-b879-c1d187f89f54 HTTP/1.1" status: 200 len: 944 time: 0.1287310
Sep 06 21:23:29.071355 dv-cinder-749155-11-smb neutron-server[106867]: DEBUG neutron.pecan_wsgi.hooks.policy_enforcement [req-1abebfe5-b3b2-4481-a239-a21ffe5a27fc req-88d3e965-d850-480b-8f6a-78297ae74337 service neutron] Attributes excluded by policy engine: ['standard_attr_id'] {{(pid=106867) _exclude_attributes_by_policy /opt/stack/neutron/neutron/pecan_wsgi/hooks/policy_enforcement.py:259}}
Sep 06 21:23:29.071355 dv-cinder-749155-11-smb neutron-server[106867]: INFO neutron.wsgi [req-1abebfe5-b3b2-4481-a239-a21ffe5a27fc req-88d3e965-d850-480b-8f6a-78297ae74337 service neutron] 10.222.0.75 "GET /networking/v2.0/ports?device_id=dbc5831c-57e6-46f4-bc58-a3aee2e1c31e HTTP/1.1" status: 200 len: 1130 time: 0.1299713
Sep 06 21:23:29.121691 dv-cinder-749155-11-smb neutron-server[106867]: INFO neutron.wsgi [req-6f1ee8d7-605f-46cf-9b87-c97672bd017c req-19fa5ac2-7797-4226-a2fb-dadea9b9d1df tempest-VolumesActionsTest-880541261 tempest-VolumesActionsTest-880541261-project] 10.222.0.81 "GET /networking/v2.0/security-groups?id=074ddf58-9027-4a04-83bd-3209b2cd410f&fields=id&fields=name HTTP/1.1" status: 200 len: 286 time: 0.0488720
Sep 06 21:23:29.194948 dv-cinder-749155-11-smb neutron-server[106867]: DEBUG neutron.pecan_wsgi.hooks.policy_enforcement [req-42240d60-33b7-4a48-b883-eb6e30f0572a req-f34c765d-89e9-4d35-b383-33382474d532 tempest-AttachVolumeTestJSON-656381376 tempest-AttachVolumeTestJSON-656381376-project] Attributes excluded by policy engine: ['standard_attr_id', 'binding:profile', 'binding:host_id', 'binding:vif_type', 'binding:vif_details'] {{(pid=106867) _exclude_attributes_by_policy /opt/stack/neutron/neutron/pecan_wsgi/hooks/policy_enforcement.py:259}}
Sep 06 21:23:29.197298 dv-cinder-749155-11-smb neutron-server[106867]: INFO neutron.wsgi [req-42240d60-33b7-4a48-b883-eb6e30f0572a req-f34c765d-89e9-4d35-b383-33382474d532 tempest-AttachVolumeTestJSON-656381376 tempest-AttachVolumeTestJSON-656381376-project] 10.222.0.81 "GET /networking/v2.0/ports?device_id=b85e5165-7ddd-4942-ae51-93953a919d1c HTTP/1.1" status: 200 len: 945 time: 0.0554860
Sep 06 21:23:29.249510 dv-cinder-749155-11-smb neutron-server[106867]: DEBUG dbcounter [-] [106867] Writing DB stats neutron:SELECT=97,neutron:INSERT=2,neutron:UPDATE=1 {{(pid=106867) stat_writer /usr/local/lib/python3.8/dist-packages/dbcounter.py:114}}
Sep 06 21:23:29.256991 dv-cinder-749155-11-smb neutron-server[106867]: INFO neutron.wsgi [req-42240d60-33b7-4a48-b883-eb6e30f0572a req-fedfefbd-a23e-4f89-898b-898c6535d39c tempest-AttachVolumeTestJSON-656381376 tempest-AttachVolumeTestJSON-656381376-project] 10.222.0.81 "GET /networking/v2.0/security-groups?id=b9ce8754-d9d8-408b-ae95-b341031e2f9c&fields=id&fields=name HTTP/1.1" status: 200 len: 312 time: 0.0531785
Sep 06 21:23:29.408338 dv-cinder-749155-11-smb neutron-server[106867]: DEBUG dbcounter [-] [106867] Writing DB stats neutron:SELECT=90,neutron:UPDATE=5,neutron:INSERT=5 {{(pid=106867) stat_writer /usr/local/lib/python3.8/dist-packages/dbcounter.py:114}}
Sep 06 21:23:29.426493 dv-cinder-749155-11-smb neutron-server[106867]: DEBUG neutron.pecan_wsgi.hooks.policy_enforcement [req-68ee98cf-9edb-41c2-9d88-2592315e484f req-d7400e46-7c1f-460d-aff9-652ce3a9d435 tempest-DeleteServersTestJSON-1757806677 tempest-DeleteServersTestJSON-1757806677-project] Attributes excluded by policy engine: ['standard_attr_id', 'binding:profile', 'binding:host_id', 'binding:vif_type', 'binding:vif_details'] {{(pid=106867) _exclude_attributes_by_policy /opt/stack/neutron/neutron/pecan_wsgi/hooks/policy_enforcement.py:259}}
Sep 06 21:23:29.428191 dv-cinder-749155-11-smb neutron-server[106867]: INFO neutron.wsgi [req-68ee98cf-9edb-41c2-9d88-2592315e484f req-d7400e46-7c1f-460d-aff9-652ce3a9d435 tempest-DeleteServersTestJSON-1757806677 tempest-DeleteServersTestJSON-1757806677-project] 10.222.0.81 "GET /networking/v2.0/ports?device_id=35e59850-4648-4e26-a435-6182fc688a20 HTTP/1.1" status: 200 len: 946 time: 0.0575511
Sep 06 21:23:29.492220 dv-cinder-749155-11-smb neutron-server[106868]: INFO neutron.wsgi [req-54c5254f-9fdc-4fd5-a3c3-cc0f98f55889 req-f9498138-9243-49ef-a14b-5d726284f830 service neutron] 10.222.0.75 "GET /networking/v2.0/security-groups?id=ff3fab23-2d69-4a0b-ba00-6e229506590d&fields=id&fields=name HTTP/1.1" status: 200 len: 286 time: 0.0598562
Sep 06 21:23:29.590319 dv-cinder-749155-11-smb neutron-server[106867]: INFO neutron.wsgi [req-1abebfe5-b3b2-4481-a239-a21ffe5a27fc req-c58a27e6-c862-444d-a51e-f3a5d84f2a44 service neutron] 10.222.0.75 "GET /networking/v2.0/security-groups?id=bf8d9a7a-e789-4b39-a563-b719c4b57506&fields=id&fields=name HTTP/1.1" status: 200 len: 313 time: 0.1531274
Sep 06 21:23:29.600884 dv-cinder-749155-11-smb neutron-server[106867]: INFO neutron.wsgi [req-b5dffebc-f8a7-46b6-a2a0-9e96c2478bb6 req-f6041179-e898-4d79-9c63-9be51b723190 service neutron] 10.222.0.75 "GET /networking/v2.0/security-groups?id=02fc19b9-c29d-40bf-940d-3d8e9eb6f65e&fields=id&fields=name HTTP/1.1" status: 200 len: 286 time: 0.1698453
Sep 06 21:23:29.618943 dv-cinder-749155-11-smb neutron-server[106867]: INFO neutron.wsgi [req-68ee98cf-9edb-41c2-9d88-2592315e484f req-d798d9ed-ea80-4900-a431-7f14b400b5dc tempest-DeleteServersTestJSON-1757806677 tempest-DeleteServersTestJSON-1757806677-project] 10.222.0.81 "GET /networking/v2.0/security-groups?id=ff3fab23-2d69-4a0b-ba00-6e229506590d&fields=id&fields=name HTTP/1.1" status: 200 len: 286 time: 0.1473091
Sep 06 21:23:29.644265 dv-cinder-749155-11-smb neutron-server[106867]: DEBUG neutron.pecan_wsgi.hooks.policy_enforcement [req-28a0ff72-b13a-4a1b-9f79-b23691911e8e req-5a1806ff-2074-4353-8f81-2ac96c6fccf6 service neutron] Attributes excluded by policy engine: ['standard_attr_id', 'vlan_transparent'] {{(pid=106867) _exclude_attributes_by_policy /opt/stack/neutron/neutron/pecan_wsgi/hooks/policy_enforcement.py:259}}
Sep 06 21:23:29.644535 dv-cinder-749155-11-smb neutron-server[106867]: INFO neutron.wsgi [req-28a0ff72-b13a-4a1b-9f79-b23691911e8e req-5a1806ff-2074-4353-8f81-2ac96c6fccf6 service neutron] 10.222.0.75 "GET /networking/v2.0/networks?id=f136a65e-76fc-4fdb-af7a-3960fa159669 HTTP/1.1" status: 200 len: 909 time: 0.2047305
Sep 06 21:23:29.828715 dv-cinder-749155-11-smb neutron-server[106867]: DEBUG neutron.pecan_wsgi.hooks.policy_enforcement [req-55af625b-67e6-4b8e-b6ff-222560a033c3 req-de47ccba-2809-4949-8e3f-aaee5a84e449 tempest-AttachVolumeShelveTestJSON-1728685001 tempest-AttachVolumeShelveTestJSON-1728685001-project] Attributes excluded by policy engine: ['standard_attr_id', 'binding:profile', 'binding:host_id', 'binding:vif_type', 'binding:vif_details'] {{(pid=106867) _exclude_attributes_by_policy /opt/stack/neutron/neutron/pecan_wsgi/hooks/policy_enforcement.py:259}}
Sep 06 21:23:29.830171 dv-cinder-749155-11-smb neutron-server[106867]: INFO neutron.wsgi [req-55af625b-67e6-4b8e-b6ff-222560a033c3 req-de47ccba-2809-4949-8e3f-aaee5a84e449 tempest-AttachVolumeShelveTestJSON-1728685001 tempest-AttachVolumeShelveTestJSON-1728685001-project] 10.222.0.81 "GET /networking/v2.0/ports?device_id=dbc5831c-57e6-46f4-bc58-a3aee2e1c31e HTTP/1.1" status: 200 len: 946 time: 0.0780940
Sep 06 21:23:29.849680 dv-cinder-749155-11-smb neutron-server[106867]: DEBUG neutron.pecan_wsgi.hooks.policy_enforcement [req-448c4378-3c86-4cbd-bf09-11cfb7c54b52 req-b0f8499f-2c4c-4ef8-9d21-7f1efbcab9ed tempest-ServerRescueNegativeTestJSON-463789485 tempest-ServerRescueNegativeTestJSON-463789485-project] Attributes excluded by policy engine: ['standard_attr_id', 'binding:profile', 'binding:host_id', 'binding:vif_type', 'binding:vif_details'] {{(pid=106867) _exclude_attributes_by_policy /opt/stack/neutron/neutron/pecan_wsgi/hooks/policy_enforcement.py:259}}
Sep 06 21:23:29.851063 dv-cinder-749155-11-smb neutron-server[106867]: INFO neutron.wsgi [req-448c4378-3c86-4cbd-bf09-11cfb7c54b52 req-b0f8499f-2c4c-4ef8-9d21-7f1efbcab9ed tempest-ServerRescueNegativeTestJSON-463789485 tempest-ServerRescueNegativeTestJSON-463789485-project] 10.222.0.81 "GET /networking/v2.0/ports?device_id=72fe4dbb-7022-4109-83e6-585ab181a808 HTTP/1.1" status: 200 len: 945 time: 0.0664406
Sep 06 21:23:29.911908 dv-cinder-749155-11-smb neutron-server[106867]: INFO neutron.wsgi [req-55af625b-67e6-4b8e-b6ff-222560a033c3 req-3ba0ae3e-4d3b-4ae3-8577-c3e2db97101d tempest-AttachVolumeShelveTestJSON-1728685001 tempest-AttachVolumeShelveTestJSON-1728685001-project] 10.222.0.81 "GET /networking/v2.0/security-groups?id=bf8d9a7a-e789-4b39-a563-b719c4b57506&fields=id&fields=name HTTP/1.1" status: 200 len: 313 time: 0.0760021
Sep 06 21:23:29.923936 dv-cinder-749155-11-smb neutron-server[106867]: INFO neutron.wsgi [req-448c4378-3c86-4cbd-bf09-11cfb7c54b52 req-566706ac-8bf3-4cd0-b00b-f1c6b2fc9362 tempest-ServerRescueNegativeTestJSON-463789485 tempest-ServerRescueNegativeTestJSON-463789485-project] 10.222.0.81 "GET /networking/v2.0/security-groups?id=02fc19b9-c29d-40bf-940d-3d8e9eb6f65e&fields=id&fields=name HTTP/1.1" status: 200 len: 286 time: 0.0653424
Sep 06 21:23:30.104058 dv-cinder-749155-11-smb neutron-server[106868]: DEBUG neutron.wsgi [-] (106868) accepted ('10.222.0.81', 50770) {{(pid=106868) server /usr/local/lib/python3.8/dist-packages/eventlet/wsgi.py:1004}}
Sep 06 21:23:30.152140 dv-cinder-749155-11-smb neutron-server[106869]: DEBUG neutron.plugins.ml2.rpc [None req-ff11d000-26d4-4b5b-895b-db695a3f9b5a None None] Device 122157de-d4c5-46e1-bd42-818afa1eabbc details requested by agent hyperv_hv-cinder-74915 with host hv-cinder-74915 {{(pid=106869) get_device_details /opt/stack/neutron/neutron/plugins/ml2/rpc.py:102}}
Sep 06 21:23:30.159706 dv-cinder-749155-11-smb neutron-server[106869]: DEBUG neutron.plugins.ml2.rpc [None req-ff11d000-26d4-4b5b-895b-db695a3f9b5a None None] Device b3f7d0ef-5184-4a5e-9bbd-5c56be3469aa up at agent hyperv_hv-cinder-74915 {{(pid=106869) update_device_up /opt/stack/neutron/neutron/plugins/ml2/rpc.py:296}}
Sep 06 21:23:30.182745 dv-cinder-749155-11-smb neutron-server[106869]: DEBUG dbcounter [-] [106869] Writing DB stats neutron:SELECT=98,neutron:UPDATE=2 {{(pid=106869) stat_writer /usr/local/lib/python3.8/dist-packages/dbcounter.py:114}}
Sep 06 21:23:30.233832 dv-cinder-749155-11-smb neutron-server[106868]: DEBUG neutron_lib.callbacks.manager [None req-94b0b971-90b2-49f8-b035-5c441fe432e2 admin admin] Publish callbacks [] for security_group (None), before_create {{(pid=106868) _notify_loop /usr/local/lib/python3.8/dist-packages/neutron_lib/callbacks/manager.py:176}}
Sep 06 21:23:30.259865 dv-cinder-749155-11-smb neutron-server[106869]: DEBUG neutron.db.provisioning_blocks [None req-ff11d000-26d4-4b5b-895b-db695a3f9b5a None None] Provisioning for port b3f7d0ef-5184-4a5e-9bbd-5c56be3469aa completed by entity L2. {{(pid=106869) provisioning_complete /opt/stack/neutron/neutron/db/provisioning_blocks.py:136}}
Sep 06 21:23:30.269635 dv-cinder-749155-11-smb neutron-server[106867]: DEBUG neutron.pecan_wsgi.hooks.policy_enforcement [req-e0d3ca2f-c239-4f64-896d-ede3f93f21ff req-2498038e-d98c-4626-8a1c-2750b1793d6b tempest-VolumesActionsTest-880541261 tempest-VolumesActionsTest-880541261-project] Attributes excluded by policy engine: ['standard_attr_id', 'binding:profile', 'binding:host_id', 'binding:vif_type', 'binding:vif_details'] {{(pid=106867) _exclude_attributes_by_policy /opt/stack/neutron/neutron/pecan_wsgi/hooks/policy_enforcement.py:259}}
Sep 06 21:23:30.269635 dv-cinder-749155-11-smb neutron-server[106867]: INFO neutron.wsgi [req-e0d3ca2f-c239-4f64-896d-ede3f93f21ff req-2498038e-d98c-4626-8a1c-2750b1793d6b tempest-VolumesActionsTest-880541261 tempest-VolumesActionsTest-880541261-project] 10.222.0.81 "GET /networking/v2.0/ports?device_id=3de010a3-ad52-4e32-b879-c1d187f89f54 HTTP/1.1" status: 200 len: 944 time: 0.0642228
Sep 06 21:23:30.334174 dv-cinder-749155-11-smb neutron-server[106869]: DEBUG neutron.plugins.ml2.db [None req-ff11d000-26d4-4b5b-895b-db695a3f9b5a None None] For port 122157de-d4c5-46e1-bd42-818afa1eabbc, host hv-cinder-74915, got binding levels [PortBindingLevel(driver='hyperv',host='hv-cinder-74915',level=0,port_id=122157de-d4c5-46e1-bd42-818afa1eabbc,segment=NetworkSegment(0977c525-9ecd-477d-bbc3-7e26fea3f1ae),segment_id=0977c525-9ecd-477d-bbc3-7e26fea3f1ae)] {{(pid=106869) get_binding_level_objs /opt/stack/neutron/neutron/plugins/ml2/db.py:74}}
Sep 06 21:23:30.335633 dv-cinder-749155-11-smb neutron-server[106867]: INFO neutron.wsgi [req-e0d3ca2f-c239-4f64-896d-ede3f93f21ff req-f4ee9a3b-58f3-4f2b-a4b4-e6e7b64a3f4a tempest-VolumesActionsTest-880541261 tempest-VolumesActionsTest-880541261-project] 10.222.0.81 "GET /networking/v2.0/security-groups?id=074ddf58-9027-4a04-83bd-3209b2cd410f&fields=id&fields=name HTTP/1.1" status: 200 len: 286 time: 0.0581138
Sep 06 21:23:30.339525 dv-cinder-749155-11-smb neutron-server[106868]: DEBUG neutron_lib.callbacks.manager [None req-94b0b971-90b2-49f8-b035-5c441fe432e2 admin admin] Publish callbacks [] for security_group (462f7ddb-b17b-439d-8a45-3046072b2449), precommit_create {{(pid=106868) _notify_loop /usr/local/lib/python3.8/dist-packages/neutron_lib/callbacks/manager.py:176}}
Sep 06 21:23:30.357192 dv-cinder-749155-11-smb neutron-server[106869]: DEBUG neutron.db.provisioning_blocks [None req-ff11d000-26d4-4b5b-895b-db695a3f9b5a None None] Provisioning complete for port b3f7d0ef-5184-4a5e-9bbd-5c56be3469aa triggered by entity L2. {{(pid=106869) provisioning_complete /opt/stack/neutron/neutron/db/provisioning_blocks.py:144}}
Sep 06 21:23:30.357418 dv-cinder-749155-11-smb neutron-server[106869]: DEBUG neutron_lib.callbacks.manager [None req-ff11d000-26d4-4b5b-895b-db695a3f9b5a None None] Publish callbacks ['neutron.plugins.ml2.plugin.Ml2Plugin._port_provisioned-1517595'] for port (b3f7d0ef-5184-4a5e-9bbd-5c56be3469aa), provisioning_complete {{(pid=106869) _notify_loop /usr/local/lib/python3.8/dist-packages/neutron_lib/callbacks/manager.py:176}}
Sep 06 21:23:30.381739 dv-cinder-749155-11-smb neutron-server[106869]: DEBUG neutron.plugins.ml2.rpc [None req-ff11d000-26d4-4b5b-895b-db695a3f9b5a None None] Returning: {'device': '122157de-d4c5-46e1-bd42-818afa1eabbc', 'network_id': 'f136a65e-76fc-4fdb-af7a-3960fa159669', 'port_id': '122157de-d4c5-46e1-bd42-818afa1eabbc', 'mac_address': 'fa:16:3e:a3:e4:7f', 'admin_state_up': True, 'network_type': 'vlan', 'segmentation_id': 159, 'physical_network': 'physnet1', 'mtu': 1500, 'fixed_ips': [{'subnet_id': 'c87f5a60-f1a5-4906-92d6-959da3dc6285', 'ip_address': '172.20.0.12'}], 'device_owner': 'compute:nova', 'allowed_address_pairs': [], 'port_security_enabled': True, 'qos_policy_id': None, 'qos_network_policy_id': None, 'profile': {}, 'propagate_uplink_status': False} {{(pid=106869) _get_device_details /opt/stack/neutron/neutron/plugins/ml2/rpc.py:184}}
Sep 06 21:23:30.416725 dv-cinder-749155-11-smb neutron-server[106867]: DEBUG neutron.pecan_wsgi.hooks.policy_enforcement [req-03df9a16-0d7c-446e-9fec-dad0b40754c3 req-e3d1176e-8e70-401b-9236-afa3af76768b tempest-AttachVolumeTestJSON-656381376 tempest-AttachVolumeTestJSON-656381376-project] Attributes excluded by policy engine: ['standard_attr_id', 'binding:profile', 'binding:host_id', 'binding:vif_type', 'binding:vif_details'] {{(pid=106867) _exclude_attributes_by_policy /opt/stack/neutron/neutron/pecan_wsgi/hooks/policy_enforcement.py:259}}
Sep 06 21:23:30.418244 dv-cinder-749155-11-smb neutron-server[106867]: INFO neutron.wsgi [req-03df9a16-0d7c-446e-9fec-dad0b40754c3 req-e3d1176e-8e70-401b-9236-afa3af76768b tempest-AttachVolumeTestJSON-656381376 tempest-AttachVolumeTestJSON-656381376-project] 10.222.0.81 "GET /networking/v2.0/ports?device_id=b85e5165-7ddd-4942-ae51-93953a919d1c HTTP/1.1" status: 200 len: 945 time: 0.0515103
Sep 06 21:23:30.426899 dv-cinder-749155-11-smb neutron-server[106868]: DEBUG neutron_lib.callbacks.manager [None req-94b0b971-90b2-49f8-b035-5c441fe432e2 admin admin] Publish callbacks ['neutron.plugins.ml2.ovo_rpc._ObjectChangeHandler.handle_event-368337'] for security_group (462f7ddb-b17b-439d-8a45-3046072b2449), after_create {{(pid=106868) _notify_loop /usr/local/lib/python3.8/dist-packages/neutron_lib/callbacks/manager.py:176}}
Sep 06 21:23:30.435424 dv-cinder-749155-11-smb neutron-server[106869]: DEBUG neutron.plugins.ml2.plugin [None req-ff11d000-26d4-4b5b-895b-db695a3f9b5a None None] Current status of the port 122157de-d4c5-46e1-bd42-818afa1eabbc is: DOWN; New status is: BUILD {{(pid=106869) _update_individual_port_db_status /opt/stack/neutron/neutron/plugins/ml2/plugin.py:2302}}
Sep 06 21:23:30.435815 dv-cinder-749155-11-smb neutron-server[106869]: DEBUG neutron_lib.callbacks.manager [None req-ff11d000-26d4-4b5b-895b-db695a3f9b5a None None] Publish callbacks ['neutron.plugins.ml2.plugin.SecurityGroupDbMixin._ensure_default_security_group_handler-1754795'] for port (122157de-d4c5-46e1-bd42-818afa1eabbc), before_update {{(pid=106869) _notify_loop /usr/local/lib/python3.8/dist-packages/neutron_lib/callbacks/manager.py:176}}
Sep 06 21:23:30.475133 dv-cinder-749155-11-smb neutron-server[106868]: DEBUG neutron.api.rpc.handlers.resources_rpc [None req-94b0b971-90b2-49f8-b035-5c441fe432e2 admin admin] Pushing event updated for resources: {'SecurityGroup': ['ID=462f7ddb-b17b-439d-8a45-3046072b2449,revision_number=1']} {{(pid=106868) push /opt/stack/neutron/neutron/api/rpc/handlers/resources_rpc.py:237}}
Sep 06 21:23:30.486672 dv-cinder-749155-11-smb neutron-server[106868]: INFO neutron.wsgi [None req-94b0b971-90b2-49f8-b035-5c441fe432e2 admin admin] 10.222.0.81 "GET /networking/v2.0/security-groups?tenant_id=72f1b0f194b54b349a8478a763cc5d76&name=default HTTP/1.1" status: 200 len: 2996 time: 0.3789058
Sep 06 21:23:30.487290 dv-cinder-749155-11-smb neutron-server[106868]: DEBUG neutron.wsgi [-] (106868) accepted ('10.222.0.81', 50788) {{(pid=106868) server /usr/local/lib/python3.8/dist-packages/eventlet/wsgi.py:1004}}
Sep 06 21:23:30.503410 dv-cinder-749155-11-smb neutron-server[106867]: INFO neutron.wsgi [req-03df9a16-0d7c-446e-9fec-dad0b40754c3 req-569e2273-bac5-4272-a06a-e9889698c549 tempest-AttachVolumeTestJSON-656381376 tempest-AttachVolumeTestJSON-656381376-project] 10.222.0.81 "GET /networking/v2.0/security-groups?id=b9ce8754-d9d8-408b-ae95-b341031e2f9c&fields=id&fields=name HTTP/1.1" status: 200 len: 312 time: 0.0782025
Sep 06 21:23:30.542221 dv-cinder-749155-11-smb neutron-server[106868]: DEBUG neutron_lib.callbacks.manager [None req-8cf8a319-c001-4535-9744-c81a74776fe9 admin admin] Publish callbacks [] for security_group (462f7ddb-b17b-439d-8a45-3046072b2449), before_delete {{(pid=106868) _notify_loop /usr/local/lib/python3.8/dist-packages/neutron_lib/callbacks/manager.py:176}}
Sep 06 21:23:30.565856 dv-cinder-749155-11-smb neutron-server[106868]: DEBUG neutron_lib.callbacks.manager [None req-8cf8a319-c001-4535-9744-c81a74776fe9 admin admin] Publish callbacks [] for security_group (462f7ddb-b17b-439d-8a45-3046072b2449), precommit_delete {{(pid=106868) _notify_loop /usr/local/lib/python3.8/dist-packages/neutron_lib/callbacks/manager.py:176}}
Sep 06 21:23:30.607925 dv-cinder-749155-11-smb neutron-server[106869]: DEBUG neutron.notifiers.nova [None req-ff11d000-26d4-4b5b-895b-db695a3f9b5a None None] Ignoring state change previous_port_status: DOWN current_port_status: BUILD port_id 122157de-d4c5-46e1-bd42-818afa1eabbc {{(pid=106869) record_port_status_changed /opt/stack/neutron/neutron/notifiers/nova.py:235}}
Sep 06 21:23:30.631084 dv-cinder-749155-11-smb neutron-server[106869]: DEBUG neutron.plugins.ml2.plugin [None req-ff11d000-26d4-4b5b-895b-db695a3f9b5a None None] Current status of the port b3f7d0ef-5184-4a5e-9bbd-5c56be3469aa is: BUILD; New status is: ACTIVE {{(pid=106869) _update_individual_port_db_status /opt/stack/neutron/neutron/plugins/ml2/plugin.py:2302}}
Sep 06 21:23:30.631470 dv-cinder-749155-11-smb neutron-server[106869]: DEBUG neutron_lib.callbacks.manager [None req-ff11d000-26d4-4b5b-895b-db695a3f9b5a None None] Publish callbacks ['neutron.plugins.ml2.plugin.SecurityGroupDbMixin._ensure_default_security_group_handler-1754795'] for port (b3f7d0ef-5184-4a5e-9bbd-5c56be3469aa), before_update {{(pid=106869) _notify_loop /usr/local/lib/python3.8/dist-packages/neutron_lib/callbacks/manager.py:176}}
Sep 06 21:23:30.636442 dv-cinder-749155-11-smb neutron-server[106869]: DEBUG neutron.plugins.ml2.db [None req-ff11d000-26d4-4b5b-895b-db695a3f9b5a None None] For port 122157de-d4c5-46e1-bd42-818afa1eabbc, host hv-cinder-74915, got binding levels [PortBindingLevel(driver='hyperv',host='hv-cinder-74915',level=0,port_id=122157de-d4c5-46e1-bd42-818afa1eabbc,segment=NetworkSegment(0977c525-9ecd-477d-bbc3-7e26fea3f1ae),segment_id=0977c525-9ecd-477d-bbc3-7e26fea3f1ae)] {{(pid=106869) get_binding_level_objs /opt/stack/neutron/neutron/plugins/ml2/db.py:74}}
Sep 06 21:23:30.660819 dv-cinder-749155-11-smb neutron-server[106869]: DEBUG neutron.notifiers.nova [-] Sending events: [{'server_uuid': 'b85e5165-7ddd-4942-ae51-93953a919d1c', 'name': 'network-vif-plugged', 'status': 'completed', 'tag': 'b3f7d0ef-5184-4a5e-9bbd-5c56be3469aa'}] {{(pid=106869) send_events /opt/stack/neutron/neutron/notifiers/nova.py:279}}
Sep 06 21:23:30.661059 dv-cinder-749155-11-smb neutron-server[106869]: DEBUG novaclient.v2.client [-] REQ: curl -g -i --cacert "/opt/stack/data/ca-bundle.pem" -X POST http://10.222.0.81/compute/v2.1/os-server-external-events -H "Accept: application/json" -H "Content-Type: application/json" -H "User-Agent: python-novaclient" -H "X-Auth-Token: {SHA256}1240d17f39a42fba5e7dc1eeb3e4dc538b2da064abdfb05eccfbf9694fc4d93f" -H "X-OpenStack-Nova-API-Version: 2.1" -H "X-OpenStack-Request-ID: req-e9fec1fc-6985-4fc1-a8db-929e7311face" -d '{"events": [{"server_uuid": "b85e5165-7ddd-4942-ae51-93953a919d1c", "name": "network-vif-plugged", "status": "completed", "tag": "b3f7d0ef-5184-4a5e-9bbd-5c56be3469aa"}]}' {{(pid=106869) _http_log_request /usr/local/lib/python3.8/dist-packages/keystoneauth1/session.py:519}}
Sep 06 21:23:30.674776 dv-cinder-749155-11-smb neutron-server[106869]: DEBUG neutron.plugins.ml2.db [None req-ff11d000-26d4-4b5b-895b-db695a3f9b5a None None] For port b3f7d0ef-5184-4a5e-9bbd-5c56be3469aa, host hv-cinder-74915, got binding levels [PortBindingLevel(driver='hyperv',host='hv-cinder-74915',level=0,port_id=b3f7d0ef-5184-4a5e-9bbd-5c56be3469aa,segment=NetworkSegment(ee0b672f-dc7f-4aaa-ae52-77a192b3980c),segment_id=ee0b672f-dc7f-4aaa-ae52-77a192b3980c)] {{(pid=106869) get_binding_level_objs /opt/stack/neutron/neutron/plugins/ml2/db.py:74}}
Sep 06 21:23:30.701638 dv-cinder-749155-11-smb neutron-server[106869]: DEBUG novaclient.v2.client [-] RESP: [200] Connection: close Content-Length: 183 Content-Type: application/json Date: Tue, 06 Sep 2022 21:23:30 GMT OpenStack-API-Version: compute 2.1 Server: Apache/2.4.41 (Ubuntu) Vary: OpenStack-API-Version,X-OpenStack-Nova-API-Version X-OpenStack-Nova-API-Version: 2.1 x-compute-request-id: req-5bcbdc3e-e396-4566-88cb-eb46160a646d x-openstack-request-id: req-5bcbdc3e-e396-4566-88cb-eb46160a646d {{(pid=106869) _http_log_response /usr/local/lib/python3.8/dist-packages/keystoneauth1/session.py:550}}
Sep 06 21:23:30.702040 dv-cinder-749155-11-smb neutron-server[106869]: DEBUG novaclient.v2.client [-] RESP BODY: {"events": [{"server_uuid": "b85e5165-7ddd-4942-ae51-93953a919d1c", "name": "network-vif-plugged", "status": "completed", "tag": "b3f7d0ef-5184-4a5e-9bbd-5c56be3469aa", "code": 200}]} {{(pid=106869) _http_log_response /usr/local/lib/python3.8/dist-packages/keystoneauth1/session.py:582}}
Sep 06 21:23:30.702329 dv-cinder-749155-11-smb neutron-server[106869]: DEBUG novaclient.v2.client [-] POST call to compute for http://10.222.0.81/compute/v2.1/os-server-external-events used request id req-5bcbdc3e-e396-4566-88cb-eb46160a646d {{(pid=106869) request /usr/local/lib/python3.8/dist-packages/keystoneauth1/session.py:954}}
Sep 06 21:23:30.703411 dv-cinder-749155-11-smb neutron-server[106869]: INFO neutron.notifiers.nova [-] Nova event matching ['req-5bcbdc3e-e396-4566-88cb-eb46160a646d'] response: {'server_uuid': 'b85e5165-7ddd-4942-ae51-93953a919d1c', 'name': 'network-vif-plugged', 'status': 'completed', 'tag': 'b3f7d0ef-5184-4a5e-9bbd-5c56be3469aa', 'code': 200}
Sep 06 21:23:30.741385 dv-cinder-749155-11-smb neutron-server[106869]: DEBUG neutron_lib.callbacks.manager [None req-ff11d000-26d4-4b5b-895b-db695a3f9b5a None None] Publish callbacks ['neutron.plugins.ml2.plugin.SecurityGroupServerNotifierRpcMixin._notify_sg_on_port_change-1754858', 'neutron.plugins.ml2.ovo_rpc._ObjectChangeHandler.handle_event-49461', 'neutron.api.rpc.agentnotifiers.dhcp_rpc_agent_api.DhcpAgentNotifyAPI._native_event_send_dhcp_notification-578860', 'neutron.db.l3_db.L3RpcNotifierMixin._notify_gateway_port_ip_changed-8792087922562', 'neutron.db.l3_dvrscheduler_db._notify_l3_agent_port_update-8792087479727', 'neutron.db.l3_hascheduler_db._notify_l3_agent_ha_port_update-8792087479745'] for port (122157de-d4c5-46e1-bd42-818afa1eabbc), after_update {{(pid=106869) _notify_loop /usr/local/lib/python3.8/dist-packages/neutron_lib/callbacks/manager.py:176}}
Sep 06 21:23:30.742123 dv-cinder-749155-11-smb neutron-server[106868]: DEBUG neutron_lib.callbacks.manager [None req-8cf8a319-c001-4535-9744-c81a74776fe9 admin admin] Publish callbacks ['neutron.plugins.ml2.ovo_rpc._ObjectChangeHandler.handle_event-368337'] for security_group (462f7ddb-b17b-439d-8a45-3046072b2449), after_delete {{(pid=106868) _notify_loop /usr/local/lib/python3.8/dist-packages/neutron_lib/callbacks/manager.py:176}}
Sep 06 21:23:30.746047 dv-cinder-749155-11-smb neutron-server[106868]: DEBUG neutron_lib.callbacks.manager [None req-8cf8a319-c001-4535-9744-c81a74776fe9 admin admin] Publish callbacks [] for security_group (None), before_response {{(pid=106868) _notify_loop /usr/local/lib/python3.8/dist-packages/neutron_lib/callbacks/manager.py:176}}
Sep 06 21:23:30.747835 dv-cinder-749155-11-smb neutron-server[106868]: INFO neutron.wsgi [None req-8cf8a319-c001-4535-9744-c81a74776fe9 admin admin] 10.222.0.81 "DELETE /networking/v2.0/security-groups/462f7ddb-b17b-439d-8a45-3046072b2449 HTTP/1.1" status: 204 len: 168 time: 0.2599437
Sep 06 21:23:30.764549 dv-cinder-749155-11-smb neutron-server[106868]: DEBUG neutron.api.rpc.handlers.resources_rpc [None req-8cf8a319-c001-4535-9744-c81a74776fe9 admin admin] Pushing event deleted for resources: {'SecurityGroup': ['ID=462f7ddb-b17b-439d-8a45-3046072b2449,revision_number=None']} {{(pid=106868) push /opt/stack/neutron/neutron/api/rpc/handlers/resources_rpc.py:237}}
Sep 06 21:23:30.786541 dv-cinder-749155-11-smb neutron-server[106867]: DEBUG neutron.pecan_wsgi.hooks.policy_enforcement [req-8c3903d6-daef-4a03-b2c6-ef7eb559ae82 req-24b82830-499d-4356-a06e-077ceec32ab8 tempest-DeleteServersTestJSON-1757806677 tempest-DeleteServersTestJSON-1757806677-project] Attributes excluded by policy engine: ['standard_attr_id', 'binding:profile', 'binding:host_id', 'binding:vif_type', 'binding:vif_details'] {{(pid=106867) _exclude_attributes_by_policy /opt/stack/neutron/neutron/pecan_wsgi/hooks/policy_enforcement.py:259}}
Sep 06 21:23:30.788430 dv-cinder-749155-11-smb neutron-server[106867]: INFO neutron.wsgi [req-8c3903d6-daef-4a03-b2c6-ef7eb559ae82 req-24b82830-499d-4356-a06e-077ceec32ab8 tempest-DeleteServersTestJSON-1757806677 tempest-DeleteServersTestJSON-1757806677-project] 10.222.0.81 "GET /networking/v2.0/ports?device_id=35e59850-4648-4e26-a435-6182fc688a20 HTTP/1.1" status: 200 len: 946 time: 0.0775201
Sep 06 21:23:30.800026 dv-cinder-749155-11-smb neutron-server[106869]: DEBUG dbcounter [-] [106869] Writing DB stats neutron:SELECT=95,neutron:DELETE=1,neutron:UPDATE=4 {{(pid=106869) stat_writer /usr/local/lib/python3.8/dist-packages/dbcounter.py:114}}
Sep 06 21:23:30.801097 dv-cinder-749155-11-smb neutron-server[106869]: DEBUG neutron.api.rpc.handlers.resources_rpc [None req-ff11d000-26d4-4b5b-895b-db695a3f9b5a None None] Pushing event updated for resources: {'Port': ['ID=122157de-d4c5-46e1-bd42-818afa1eabbc,revision_number=4']} {{(pid=106869) push /opt/stack/neutron/neutron/api/rpc/handlers/resources_rpc.py:237}}
Sep 06 21:23:30.814281 dv-cinder-749155-11-smb neutron-server[106869]: DEBUG neutron_lib.callbacks.manager [None req-ff11d000-26d4-4b5b-895b-db695a3f9b5a None None] Publish callbacks ['neutron.plugins.ml2.plugin.SecurityGroupServerNotifierRpcMixin._notify_sg_on_port_change-1754858', 'neutron.plugins.ml2.ovo_rpc._ObjectChangeHandler.handle_event-49461', 'neutron.api.rpc.agentnotifiers.dhcp_rpc_agent_api.DhcpAgentNotifyAPI._native_event_send_dhcp_notification-578860', 'neutron.db.l3_db.L3RpcNotifierMixin._notify_gateway_port_ip_changed-8792087922562', 'neutron.db.l3_dvrscheduler_db._notify_l3_agent_port_update-8792087479727', 'neutron.db.l3_hascheduler_db._notify_l3_agent_ha_port_update-8792087479745'] for port (b3f7d0ef-5184-4a5e-9bbd-5c56be3469aa), after_update {{(pid=106869) _notify_loop /usr/local/lib/python3.8/dist-packages/neutron_lib/callbacks/manager.py:176}}
Sep 06 21:23:30.881090 dv-cinder-749155-11-smb neutron-server[106869]: DEBUG neutron.api.rpc.handlers.resources_rpc [None req-ff11d000-26d4-4b5b-895b-db695a3f9b5a None None] Pushing event updated for resources: {'Port': ['ID=b3f7d0ef-5184-4a5e-9bbd-5c56be3469aa,revision_number=5']} {{(pid=106869) push /opt/stack/neutron/neutron/api/rpc/handlers/resources_rpc.py:237}}
Sep 06 21:23:31.065816 dv-cinder-749155-11-smb neutron-server[106867]: INFO neutron.wsgi [req-28a0ff72-b13a-4a1b-9f79-b23691911e8e req-2f947e03-b3da-40df-8421-bc4cf7928b61 service neutron] 10.222.0.75 "GET /networking/v2.0/floatingips?fixed_ip_address=172.20.0.12&port_id=122157de-d4c5-46e1-bd42-818afa1eabbc HTTP/1.1" status: 200 len: 217 time: 0.2760253
Sep 06 21:23:31.102213 dv-cinder-749155-11-smb neutron-server[106867]: DEBUG dbcounter [-] [106867] Writing DB stats neutron:SELECT=99,neutron:INSERT=1 {{(pid=106867) stat_writer /usr/local/lib/python3.8/dist-packages/dbcounter.py:114}}
Sep 06 21:23:31.104530 dv-cinder-749155-11-smb neutron-server[106869]: DEBUG neutron.plugins.ml2.db [None req-ff11d000-26d4-4b5b-895b-db695a3f9b5a None None] get_ports_and_sgs() called for port_ids ['122157de-d4c5-46e1-bd42-818afa1eabbc'] {{(pid=106869) get_ports_and_sgs /opt/stack/neutron/neutron/plugins/ml2/db.py:163}}
Sep 06 21:23:31.135463 dv-cinder-749155-11-smb neutron-server[106867]: DEBUG neutron.pecan_wsgi.hooks.policy_enforcement [req-db8152a5-d1b7-4704-b162-c3f6ee61945c req-4fdd6675-1890-470d-82f4-5bf064b0418a tempest-AttachVolumeShelveTestJSON-1728685001 tempest-AttachVolumeShelveTestJSON-1728685001-project] Attributes excluded by policy engine: ['standard_attr_id', 'binding:profile', 'binding:host_id', 'binding:vif_type', 'binding:vif_details'] {{(pid=106867) _exclude_attributes_by_policy /opt/stack/neutron/neutron/pecan_wsgi/hooks/policy_enforcement.py:259}}
Sep 06 21:23:31.136609 dv-cinder-749155-11-smb neutron-server[106867]: INFO neutron.wsgi [req-db8152a5-d1b7-4704-b162-c3f6ee61945c req-4fdd6675-1890-470d-82f4-5bf064b0418a tempest-AttachVolumeShelveTestJSON-1728685001 tempest-AttachVolumeShelveTestJSON-1728685001-project] 10.222.0.81 "GET /networking/v2.0/ports?device_id=dbc5831c-57e6-46f4-bc58-a3aee2e1c31e HTTP/1.1" status: 200 len: 946 time: 0.0787787
Sep 06 21:23:31.144460 dv-cinder-749155-11-smb neutron-server[106867]: INFO neutron.wsgi [req-8c3903d6-daef-4a03-b2c6-ef7eb559ae82 req-c583fc1f-a759-47d1-aa98-a1242fecadea tempest-DeleteServersTestJSON-1757806677 tempest-DeleteServersTestJSON-1757806677-project] 10.222.0.81 "GET /networking/v2.0/security-groups?id=ff3fab23-2d69-4a0b-ba00-6e229506590d&fields=id&fields=name HTTP/1.1" status: 200 len: 286 time: 0.3443704
Sep 06 21:23:31.246785 dv-cinder-749155-11-smb neutron-server[106867]: INFO neutron.wsgi [req-db8152a5-d1b7-4704-b162-c3f6ee61945c req-18cd0309-86fb-46e9-96bc-34e66c8124a0 tempest-AttachVolumeShelveTestJSON-1728685001 tempest-AttachVolumeShelveTestJSON-1728685001-project] 10.222.0.81 "GET /networking/v2.0/security-groups?id=bf8d9a7a-e789-4b39-a563-b719c4b57506&fields=id&fields=name HTTP/1.1" status: 200 len: 313 time: 0.0995884
Sep 06 21:23:31.320315 dv-cinder-749155-11-smb neutron-server[106867]: DEBUG neutron.pecan_wsgi.hooks.policy_enforcement [req-c4836951-63c3-4a61-81b7-e674174af766 req-669ef28b-0afc-456a-9f5f-87300abfbb2a tempest-ServerRescueNegativeTestJSON-463789485 tempest-ServerRescueNegativeTestJSON-463789485-project] Attributes excluded by policy engine: ['standard_attr_id', 'binding:profile', 'binding:host_id', 'binding:vif_type', 'binding:vif_details'] {{(pid=106867) _exclude_attributes_by_policy /opt/stack/neutron/neutron/pecan_wsgi/hooks/policy_enforcement.py:259}}
Sep 06 21:23:31.321764 dv-cinder-749155-11-smb neutron-server[106867]: INFO neutron.wsgi [req-c4836951-63c3-4a61-81b7-e674174af766 req-669ef28b-0afc-456a-9f5f-87300abfbb2a tempest-ServerRescueNegativeTestJSON-463789485 tempest-ServerRescueNegativeTestJSON-463789485-project] 10.222.0.81 "GET /networking/v2.0/ports?device_id=72fe4dbb-7022-4109-83e6-585ab181a808 HTTP/1.1" status: 200 len: 945 time: 0.0490985
Sep 06 21:23:31.387413 dv-cinder-749155-11-smb neutron-server[106867]: INFO neutron.wsgi [req-c4836951-63c3-4a61-81b7-e674174af766 req-7028f1d5-418e-4507-8e29-40dd7919abe3 tempest-ServerRescueNegativeTestJSON-463789485 tempest-ServerRescueNegativeTestJSON-463789485-project] 10.222.0.81 "GET /networking/v2.0/security-groups?id=02fc19b9-c29d-40bf-940d-3d8e9eb6f65e&fields=id&fields=name HTTP/1.1" status: 200 len: 286 time: 0.0596793
Sep 06 21:23:31.455662 dv-cinder-749155-11-smb neutron-server[106867]: DEBUG neutron.pecan_wsgi.hooks.policy_enforcement [req-66acb6c2-25a6-4d1d-b693-d78b94043d15 req-795433df-ab49-40a9-a9b6-c6bbb90fd3c2 tempest-VolumesActionsTest-880541261 tempest-VolumesActionsTest-880541261-project] Attributes excluded by policy engine: ['standard_attr_id', 'binding:profile', 'binding:host_id', 'binding:vif_type', 'binding:vif_details'] {{(pid=106867) _exclude_attributes_by_policy /opt/stack/neutron/neutron/pecan_wsgi/hooks/policy_enforcement.py:259}}
