Sep 06 21:14:57.669034 dv-cinder-749155-11-iscsi neutron-server[106493]: INFO neutron.wsgi [req-4bf0001a-a0c0-4706-8e35-6d8025eb1c30 req-c4d09d63-eaa8-4e68-a186-274669d02e1f tempest-ServerRescueNegativeTestJSON-456052109 tempest-ServerRescueNegativeTestJSON-456052109-project] 10.222.0.79 "GET /networking/v2.0/security-groups?id=10c28ab8-19cd-4bae-9b8a-33150a9eb392&fields=id&fields=name HTTP/1.1" status: 200 len: 286 time: 0.0567706
Sep 06 21:14:57.792770 dv-cinder-749155-11-iscsi neutron-server[106495]: DEBUG neutron.plugins.ml2.db [None req-9ad54fb4-1e06-4930-8f9c-ca288dbb6e28 None None] get_ports_and_sgs() called for port_ids ['4bfe4568-94b9-4729-ae44-82a7f49cc312'] {{(pid=106495) get_ports_and_sgs /opt/stack/neutron/neutron/plugins/ml2/db.py:163}}
Sep 06 21:14:58.109394 dv-cinder-749155-11-iscsi neutron-server[106494]: DEBUG neutron.pecan_wsgi.hooks.policy_enforcement [req-0a47ff25-677c-44e6-aead-c5373699e086 req-f248f5af-79b1-461d-bcfc-c5f93051a81a tempest-DeleteServersTestJSON-1960647090 tempest-DeleteServersTestJSON-1960647090-project] Attributes excluded by policy engine: ['standard_attr_id', 'binding:profile', 'binding:host_id', 'binding:vif_type', 'binding:vif_details'] {{(pid=106494) _exclude_attributes_by_policy /opt/stack/neutron/neutron/pecan_wsgi/hooks/policy_enforcement.py:259}}
Sep 06 21:14:58.110937 dv-cinder-749155-11-iscsi neutron-server[106494]: INFO neutron.wsgi [req-0a47ff25-677c-44e6-aead-c5373699e086 req-f248f5af-79b1-461d-bcfc-c5f93051a81a tempest-DeleteServersTestJSON-1960647090 tempest-DeleteServersTestJSON-1960647090-project] 10.222.0.79 "GET /networking/v2.0/ports?device_id=ea7b0e8d-7840-4ed2-b9c4-03c08e4c7689 HTTP/1.1" status: 200 len: 943 time: 0.0603633
Sep 06 21:14:58.171538 dv-cinder-749155-11-iscsi neutron-server[106494]: INFO neutron.wsgi [req-0a47ff25-677c-44e6-aead-c5373699e086 req-000d55f9-972c-4c1a-8dbe-2a1f616242a7 tempest-DeleteServersTestJSON-1960647090 tempest-DeleteServersTestJSON-1960647090-project] 10.222.0.79 "GET /networking/v2.0/security-groups?id=e0710987-01e5-417d-aa8a-7a51724468d3&fields=id&fields=name HTTP/1.1" status: 200 len: 286 time: 0.0537281
Sep 06 21:14:58.250869 dv-cinder-749155-11-iscsi neutron-server[106493]: DEBUG neutron.wsgi [-] (106493) accepted ('10.222.0.79', 33622) {{(pid=106493) server /usr/local/lib/python3.8/dist-packages/eventlet/wsgi.py:1004}}
Sep 06 21:14:58.361072 dv-cinder-749155-11-iscsi neutron-server[106493]: DEBUG neutron.pecan_wsgi.hooks.policy_enforcement [req-405f95e2-fb56-4066-bfdb-079f0795d2bc req-183eb661-7ac0-49d7-bbb4-28701fad1721 tempest-AttachVolumeTestJSON-2036003716 tempest-AttachVolumeTestJSON-2036003716-project] Attributes excluded by policy engine: ['standard_attr_id', 'binding:profile', 'binding:host_id', 'binding:vif_type', 'binding:vif_details'] {{(pid=106493) _exclude_attributes_by_policy /opt/stack/neutron/neutron/pecan_wsgi/hooks/policy_enforcement.py:259}}
Sep 06 21:14:58.362658 dv-cinder-749155-11-iscsi neutron-server[106493]: INFO neutron.wsgi [req-405f95e2-fb56-4066-bfdb-079f0795d2bc req-183eb661-7ac0-49d7-bbb4-28701fad1721 tempest-AttachVolumeTestJSON-2036003716 tempest-AttachVolumeTestJSON-2036003716-project] 10.222.0.79 "GET /networking/v2.0/ports?device_id=9c787b30-603f-4b67-b10c-519b49f5e43f HTTP/1.1" status: 200 len: 944 time: 0.0486398
Sep 06 21:14:58.386154 dv-cinder-749155-11-iscsi neutron-server[106493]: DEBUG neutron_lib.callbacks.manager [None req-942874ac-22d1-47f7-a81c-daf968d78e77 admin admin] Publish callbacks [] for security_group (None), before_create {{(pid=106493) _notify_loop /usr/local/lib/python3.8/dist-packages/neutron_lib/callbacks/manager.py:176}}
Sep 06 21:14:58.444181 dv-cinder-749155-11-iscsi neutron-server[106493]: INFO neutron.wsgi [req-405f95e2-fb56-4066-bfdb-079f0795d2bc req-35d56ff6-85ee-4bc4-823e-09bf5afa76d7 tempest-AttachVolumeTestJSON-2036003716 tempest-AttachVolumeTestJSON-2036003716-project] 10.222.0.79 "GET /networking/v2.0/security-groups?id=b3d6bf13-b3f8-488a-befb-74001df4a11e&fields=id&fields=name HTTP/1.1" status: 200 len: 312 time: 0.0738156
Sep 06 21:14:58.496695 dv-cinder-749155-11-iscsi neutron-server[106493]: DEBUG neutron_lib.callbacks.manager [None req-942874ac-22d1-47f7-a81c-daf968d78e77 admin admin] Publish callbacks [] for security_group (b01ffc29-53ac-4d44-b510-d5d6530bdfdd), precommit_create {{(pid=106493) _notify_loop /usr/local/lib/python3.8/dist-packages/neutron_lib/callbacks/manager.py:176}}
Sep 06 21:14:58.501243 dv-cinder-749155-11-iscsi neutron-server[106493]: DEBUG neutron_lib.callbacks.manager [None req-942874ac-22d1-47f7-a81c-daf968d78e77 admin admin] Publish callbacks ['neutron.plugins.ml2.ovo_rpc._ObjectChangeHandler.handle_event-430545'] for security_group (b01ffc29-53ac-4d44-b510-d5d6530bdfdd), after_create {{(pid=106493) _notify_loop /usr/local/lib/python3.8/dist-packages/neutron_lib/callbacks/manager.py:176}}
Sep 06 21:14:58.542733 dv-cinder-749155-11-iscsi neutron-server[106493]: INFO neutron.wsgi [None req-942874ac-22d1-47f7-a81c-daf968d78e77 admin admin] 10.222.0.79 "GET /networking/v2.0/security-groups?tenant_id=5f6d5fe8091b4954be27a235d286089d&name=default HTTP/1.1" status: 200 len: 2996 time: 0.2906630
Sep 06 21:14:58.543797 dv-cinder-749155-11-iscsi neutron-server[106493]: DEBUG neutron.api.rpc.handlers.resources_rpc [None req-942874ac-22d1-47f7-a81c-daf968d78e77 admin admin] Pushing event updated for resources: {'SecurityGroup': ['ID=b01ffc29-53ac-4d44-b510-d5d6530bdfdd,revision_number=1']} {{(pid=106493) push /opt/stack/neutron/neutron/api/rpc/handlers/resources_rpc.py:237}}
Sep 06 21:14:58.545777 dv-cinder-749155-11-iscsi neutron-server[106494]: DEBUG neutron.wsgi [-] (106494) accepted ('10.222.0.79', 33628) {{(pid=106494) server /usr/local/lib/python3.8/dist-packages/eventlet/wsgi.py:1004}}
Sep 06 21:14:58.601429 dv-cinder-749155-11-iscsi neutron-server[106494]: DEBUG neutron_lib.callbacks.manager [None req-3da934e1-44ab-465f-969f-4584e5dcc305 admin admin] Publish callbacks [] for security_group (b01ffc29-53ac-4d44-b510-d5d6530bdfdd), before_delete {{(pid=106494) _notify_loop /usr/local/lib/python3.8/dist-packages/neutron_lib/callbacks/manager.py:176}}
Sep 06 21:14:58.625724 dv-cinder-749155-11-iscsi neutron-server[106494]: DEBUG neutron_lib.callbacks.manager [None req-3da934e1-44ab-465f-969f-4584e5dcc305 admin admin] Publish callbacks [] for security_group (b01ffc29-53ac-4d44-b510-d5d6530bdfdd), precommit_delete {{(pid=106494) _notify_loop /usr/local/lib/python3.8/dist-packages/neutron_lib/callbacks/manager.py:176}}
Sep 06 21:14:58.647440 dv-cinder-749155-11-iscsi neutron-server[106494]: DEBUG dbcounter [-] [106494] Writing DB stats neutron:SELECT=100 {{(pid=106494) stat_writer /usr/local/lib/python3.8/dist-packages/dbcounter.py:114}}
Sep 06 21:14:58.675419 dv-cinder-749155-11-iscsi neutron-server[106494]: DEBUG neutron_lib.callbacks.manager [None req-3da934e1-44ab-465f-969f-4584e5dcc305 admin admin] Publish callbacks ['neutron.plugins.ml2.ovo_rpc._ObjectChangeHandler.handle_event-430545'] for security_group (b01ffc29-53ac-4d44-b510-d5d6530bdfdd), after_delete {{(pid=106494) _notify_loop /usr/local/lib/python3.8/dist-packages/neutron_lib/callbacks/manager.py:176}}
Sep 06 21:14:58.678010 dv-cinder-749155-11-iscsi neutron-server[106494]: DEBUG neutron_lib.callbacks.manager [None req-3da934e1-44ab-465f-969f-4584e5dcc305 admin admin] Publish callbacks [] for security_group (None), before_response {{(pid=106494) _notify_loop /usr/local/lib/python3.8/dist-packages/neutron_lib/callbacks/manager.py:176}}
Sep 06 21:14:58.679226 dv-cinder-749155-11-iscsi neutron-server[106494]: INFO neutron.wsgi [None req-3da934e1-44ab-465f-969f-4584e5dcc305 admin admin] 10.222.0.79 "DELETE /networking/v2.0/security-groups/b01ffc29-53ac-4d44-b510-d5d6530bdfdd HTTP/1.1" status: 204 len: 168 time: 0.1324358
Sep 06 21:14:58.687520 dv-cinder-749155-11-iscsi neutron-server[106494]: DEBUG neutron.api.rpc.handlers.resources_rpc [None req-3da934e1-44ab-465f-969f-4584e5dcc305 admin admin] Pushing event deleted for resources: {'SecurityGroup': ['ID=b01ffc29-53ac-4d44-b510-d5d6530bdfdd,revision_number=None']} {{(pid=106494) push /opt/stack/neutron/neutron/api/rpc/handlers/resources_rpc.py:237}}
Sep 06 21:14:58.812372 dv-cinder-749155-11-iscsi neutron-server[106493]: DEBUG neutron.pecan_wsgi.hooks.policy_enforcement [req-313bd08d-de58-4085-95f5-ddf4fd83ea18 req-c270c392-31d1-42af-960e-fec3226ffe03 tempest-ServerRescueNegativeTestJSON-456052109 tempest-ServerRescueNegativeTestJSON-456052109-project] Attributes excluded by policy engine: ['standard_attr_id', 'binding:profile', 'binding:host_id', 'binding:vif_type', 'binding:vif_details'] {{(pid=106493) _exclude_attributes_by_policy /opt/stack/neutron/neutron/pecan_wsgi/hooks/policy_enforcement.py:259}}
Sep 06 21:14:58.814274 dv-cinder-749155-11-iscsi neutron-server[106493]: INFO neutron.wsgi [req-313bd08d-de58-4085-95f5-ddf4fd83ea18 req-c270c392-31d1-42af-960e-fec3226ffe03 tempest-ServerRescueNegativeTestJSON-456052109 tempest-ServerRescueNegativeTestJSON-456052109-project] 10.222.0.79 "GET /networking/v2.0/ports?device_id=e16f683b-c2c3-4514-a197-cd5d4e109487 HTTP/1.1" status: 200 len: 944 time: 0.0567100
Sep 06 21:14:58.814409 dv-cinder-749155-11-iscsi neutron-server[106494]: DEBUG neutron.pecan_wsgi.hooks.policy_enforcement [req-ba45ede9-f51f-4070-ae9c-c53ca990e9fe req-1442113c-5e85-4e1c-81bb-2a0202bb5b32 tempest-AttachVolumeShelveTestJSON-66209968 tempest-AttachVolumeShelveTestJSON-66209968-project] Attributes excluded by policy engine: ['standard_attr_id', 'binding:profile', 'binding:host_id', 'binding:vif_type', 'binding:vif_details'] {{(pid=106494) _exclude_attributes_by_policy /opt/stack/neutron/neutron/pecan_wsgi/hooks/policy_enforcement.py:259}}
Sep 06 21:14:58.816308 dv-cinder-749155-11-iscsi neutron-server[106494]: INFO neutron.wsgi [req-ba45ede9-f51f-4070-ae9c-c53ca990e9fe req-1442113c-5e85-4e1c-81bb-2a0202bb5b32 tempest-AttachVolumeShelveTestJSON-66209968 tempest-AttachVolumeShelveTestJSON-66209968-project] 10.222.0.79 "GET /networking/v2.0/ports?device_id=8fea1aa0-032e-454d-9358-98a81cd5d650 HTTP/1.1" status: 200 len: 944 time: 0.0537806
Sep 06 21:14:58.831941 dv-cinder-749155-11-iscsi neutron-server[106494]: DEBUG dbcounter [-] [106494] Writing DB stats neutron:SELECT=97,neutron:DELETE=3 {{(pid=106494) stat_writer /usr/local/lib/python3.8/dist-packages/dbcounter.py:114}}
Sep 06 21:14:58.877395 dv-cinder-749155-11-iscsi neutron-server[106494]: INFO neutron.wsgi [req-ba45ede9-f51f-4070-ae9c-c53ca990e9fe req-dca4cc69-4389-4153-9b2e-17eaf6e2998b tempest-AttachVolumeShelveTestJSON-66209968 tempest-AttachVolumeShelveTestJSON-66209968-project] 10.222.0.79 "GET /networking/v2.0/security-groups?id=154acb3d-40a9-426b-a2f9-72f3246f0327&fields=id&fields=name HTTP/1.1" status: 200 len: 312 time: 0.0546188
Sep 06 21:14:58.884345 dv-cinder-749155-11-iscsi neutron-server[106493]: INFO neutron.wsgi [req-313bd08d-de58-4085-95f5-ddf4fd83ea18 req-1c30c4de-5193-4d9f-a74f-71a9c07e3ab8 tempest-ServerRescueNegativeTestJSON-456052109 tempest-ServerRescueNegativeTestJSON-456052109-project] 10.222.0.79 "GET /networking/v2.0/security-groups?id=10c28ab8-19cd-4bae-9b8a-33150a9eb392&fields=id&fields=name HTTP/1.1" status: 200 len: 286 time: 0.0640481
Sep 06 21:14:59.027229 dv-cinder-749155-11-iscsi neutron-server[106493]: DEBUG neutron.wsgi [-] (106493) accepted ('10.222.0.79', 33642) {{(pid=106493) server /usr/local/lib/python3.8/dist-packages/eventlet/wsgi.py:1004}}
Sep 06 21:14:59.042364 dv-cinder-749155-11-iscsi neutron-server[106493]: DEBUG neutron_lib.callbacks.manager [None req-a7bb0321-b589-462f-8d28-34a097ad43c1 admin admin] Publish callbacks [] for security_group (None), before_create {{(pid=106493) _notify_loop /usr/local/lib/python3.8/dist-packages/neutron_lib/callbacks/manager.py:176}}
Sep 06 21:14:59.123115 dv-cinder-749155-11-iscsi neutron-server[106493]: DEBUG neutron_lib.callbacks.manager [None req-a7bb0321-b589-462f-8d28-34a097ad43c1 admin admin] Publish callbacks [] for security_group (8b69a772-8268-4643-9649-4417087d31e5), precommit_create {{(pid=106493) _notify_loop /usr/local/lib/python3.8/dist-packages/neutron_lib/callbacks/manager.py:176}}
Sep 06 21:14:59.127969 dv-cinder-749155-11-iscsi neutron-server[106493]: DEBUG neutron_lib.callbacks.manager [None req-a7bb0321-b589-462f-8d28-34a097ad43c1 admin admin] Publish callbacks ['neutron.plugins.ml2.ovo_rpc._ObjectChangeHandler.handle_event-430545'] for security_group (8b69a772-8268-4643-9649-4417087d31e5), after_create {{(pid=106493) _notify_loop /usr/local/lib/python3.8/dist-packages/neutron_lib/callbacks/manager.py:176}}
Sep 06 21:14:59.145072 dv-cinder-749155-11-iscsi neutron-server[106493]: DEBUG dbcounter [-] [106493] Writing DB stats neutron:SELECT=90,neutron:INSERT=9,neutron:UPDATE=1 {{(pid=106493) stat_writer /usr/local/lib/python3.8/dist-packages/dbcounter.py:114}}
Sep 06 21:14:59.170850 dv-cinder-749155-11-iscsi neutron-server[106493]: DEBUG neutron.api.rpc.handlers.resources_rpc [None req-a7bb0321-b589-462f-8d28-34a097ad43c1 admin admin] Pushing event updated for resources: {'SecurityGroup': ['ID=8b69a772-8268-4643-9649-4417087d31e5,revision_number=1']} {{(pid=106493) push /opt/stack/neutron/neutron/api/rpc/handlers/resources_rpc.py:237}}
Sep 06 21:14:59.181011 dv-cinder-749155-11-iscsi neutron-server[106493]: INFO neutron.wsgi [None req-a7bb0321-b589-462f-8d28-34a097ad43c1 admin admin] 10.222.0.79 "GET /networking/v2.0/security-groups?tenant_id=b51a2462858348c482e2423d706abd1b&name=default HTTP/1.1" status: 200 len: 2996 time: 0.1495237
Sep 06 21:14:59.181011 dv-cinder-749155-11-iscsi neutron-server[106493]: DEBUG neutron.wsgi [-] (106493) accepted ('10.222.0.79', 33646) {{(pid=106493) server /usr/local/lib/python3.8/dist-packages/eventlet/wsgi.py:1004}}
Sep 06 21:14:59.216778 dv-cinder-749155-11-iscsi neutron-server[106493]: DEBUG dbcounter [-] [106493] Writing DB stats neutron:SELECT=86,neutron:INSERT=13,neutron:UPDATE=1 {{(pid=106493) stat_writer /usr/local/lib/python3.8/dist-packages/dbcounter.py:114}}
Sep 06 21:14:59.255336 dv-cinder-749155-11-iscsi neutron-server[106493]: DEBUG neutron_lib.callbacks.manager [None req-f3a7bb3e-1a84-4916-b6b9-fcebb7bf3df8 admin admin] Publish callbacks [] for security_group (8b69a772-8268-4643-9649-4417087d31e5), before_delete {{(pid=106493) _notify_loop /usr/local/lib/python3.8/dist-packages/neutron_lib/callbacks/manager.py:176}}
Sep 06 21:14:59.308509 dv-cinder-749155-11-iscsi neutron-server[106493]: DEBUG neutron_lib.callbacks.manager [None req-f3a7bb3e-1a84-4916-b6b9-fcebb7bf3df8 admin admin] Publish callbacks [] for security_group (8b69a772-8268-4643-9649-4417087d31e5), precommit_delete {{(pid=106493) _notify_loop /usr/local/lib/python3.8/dist-packages/neutron_lib/callbacks/manager.py:176}}
Sep 06 21:14:59.322198 dv-cinder-749155-11-iscsi neutron-server[106493]: DEBUG neutron.pecan_wsgi.hooks.policy_enforcement [req-38ab67d2-b7fe-4f65-aabf-46cb9e8c67ea req-6198ed82-9c40-4368-bd7d-db649d1d5d3d tempest-DeleteServersTestJSON-1960647090 tempest-DeleteServersTestJSON-1960647090-project] Attributes excluded by policy engine: ['standard_attr_id', 'binding:profile', 'binding:host_id', 'binding:vif_type', 'binding:vif_details'] {{(pid=106493) _exclude_attributes_by_policy /opt/stack/neutron/neutron/pecan_wsgi/hooks/policy_enforcement.py:259}}
Sep 06 21:14:59.323739 dv-cinder-749155-11-iscsi neutron-server[106493]: INFO neutron.wsgi [req-38ab67d2-b7fe-4f65-aabf-46cb9e8c67ea req-6198ed82-9c40-4368-bd7d-db649d1d5d3d tempest-DeleteServersTestJSON-1960647090 tempest-DeleteServersTestJSON-1960647090-project] 10.222.0.79 "GET /networking/v2.0/ports?device_id=ea7b0e8d-7840-4ed2-b9c4-03c08e4c7689 HTTP/1.1" status: 200 len: 943 time: 0.0703988
Sep 06 21:14:59.389016 dv-cinder-749155-11-iscsi neutron-server[106493]: INFO neutron.wsgi [req-38ab67d2-b7fe-4f65-aabf-46cb9e8c67ea req-91d6ed9e-ed9a-427c-918d-47632f9057fd tempest-DeleteServersTestJSON-1960647090 tempest-DeleteServersTestJSON-1960647090-project] 10.222.0.79 "GET /networking/v2.0/security-groups?id=e0710987-01e5-417d-aa8a-7a51724468d3&fields=id&fields=name HTTP/1.1" status: 200 len: 286 time: 0.0554755
Sep 06 21:14:59.394348 dv-cinder-749155-11-iscsi neutron-server[106493]: DEBUG neutron_lib.callbacks.manager [None req-f3a7bb3e-1a84-4916-b6b9-fcebb7bf3df8 admin admin] Publish callbacks ['neutron.plugins.ml2.ovo_rpc._ObjectChangeHandler.handle_event-430545'] for security_group (8b69a772-8268-4643-9649-4417087d31e5), after_delete {{(pid=106493) _notify_loop /usr/local/lib/python3.8/dist-packages/neutron_lib/callbacks/manager.py:176}}
Sep 06 21:14:59.397114 dv-cinder-749155-11-iscsi neutron-server[106493]: DEBUG neutron_lib.callbacks.manager [None req-f3a7bb3e-1a84-4916-b6b9-fcebb7bf3df8 admin admin] Publish callbacks [] for security_group (None), before_response {{(pid=106493) _notify_loop /usr/local/lib/python3.8/dist-packages/neutron_lib/callbacks/manager.py:176}}
Sep 06 21:14:59.398271 dv-cinder-749155-11-iscsi neutron-server[106493]: INFO neutron.wsgi [None req-f3a7bb3e-1a84-4916-b6b9-fcebb7bf3df8 admin admin] 10.222.0.79 "DELETE /networking/v2.0/security-groups/8b69a772-8268-4643-9649-4417087d31e5 HTTP/1.1" status: 204 len: 168 time: 0.2166789
Sep 06 21:14:59.406728 dv-cinder-749155-11-iscsi neutron-server[106493]: DEBUG neutron.api.rpc.handlers.resources_rpc [None req-f3a7bb3e-1a84-4916-b6b9-fcebb7bf3df8 admin admin] Pushing event deleted for resources: {'SecurityGroup': ['ID=8b69a772-8268-4643-9649-4417087d31e5,revision_number=None']} {{(pid=106493) push /opt/stack/neutron/neutron/api/rpc/handlers/resources_rpc.py:237}}
Sep 06 21:14:59.572224 dv-cinder-749155-11-iscsi neutron-server[106494]: DEBUG neutron.pecan_wsgi.hooks.policy_enforcement [req-60a7c68b-013f-4f33-b670-5dcdea5f3b19 req-e939e9c4-8999-4787-8eac-20b1b006daae tempest-AttachVolumeTestJSON-2036003716 tempest-AttachVolumeTestJSON-2036003716-project] Attributes excluded by policy engine: ['standard_attr_id', 'binding:profile', 'binding:host_id', 'binding:vif_type', 'binding:vif_details'] {{(pid=106494) _exclude_attributes_by_policy /opt/stack/neutron/neutron/pecan_wsgi/hooks/policy_enforcement.py:259}}
Sep 06 21:14:59.573750 dv-cinder-749155-11-iscsi neutron-server[106494]: INFO neutron.wsgi [req-60a7c68b-013f-4f33-b670-5dcdea5f3b19 req-e939e9c4-8999-4787-8eac-20b1b006daae tempest-AttachVolumeTestJSON-2036003716 tempest-AttachVolumeTestJSON-2036003716-project] 10.222.0.79 "GET /networking/v2.0/ports?device_id=9c787b30-603f-4b67-b10c-519b49f5e43f HTTP/1.1" status: 200 len: 944 time: 0.0517020
Sep 06 21:14:59.626297 dv-cinder-749155-11-iscsi neutron-server[106494]: INFO neutron.wsgi [req-60a7c68b-013f-4f33-b670-5dcdea5f3b19 req-7de66f4f-3fd9-4e17-8209-e67b2fa99ee7 tempest-AttachVolumeTestJSON-2036003716 tempest-AttachVolumeTestJSON-2036003716-project] 10.222.0.79 "GET /networking/v2.0/security-groups?id=b3d6bf13-b3f8-488a-befb-74001df4a11e&fields=id&fields=name HTTP/1.1" status: 200 len: 312 time: 0.0460796
Sep 06 21:14:59.915291 dv-cinder-749155-11-iscsi neutron-server[106496]: DEBUG neutron.db.agents_db [None req-2b66ceb2-abe3-4ad9-8202-e53f07ece26f None None] Agent healthcheck: found 6 active agents {{(pid=106496) agent_health_check /opt/stack/neutron/neutron/db/agents_db.py:317}}
Sep 06 21:15:00.010560 dv-cinder-749155-11-iscsi neutron-server[106493]: DEBUG neutron.pecan_wsgi.hooks.policy_enforcement [req-a8366701-2294-4263-be58-2e4f354a2b23 req-dda7441d-4eaf-4f86-b98b-a956681e1d19 tempest-ServerRescueNegativeTestJSON-456052109 tempest-ServerRescueNegativeTestJSON-456052109-project] Attributes excluded by policy engine: ['standard_attr_id', 'binding:profile', 'binding:host_id', 'binding:vif_type', 'binding:vif_details'] {{(pid=106493) _exclude_attributes_by_policy /opt/stack/neutron/neutron/pecan_wsgi/hooks/policy_enforcement.py:259}}
Sep 06 21:15:00.012060 dv-cinder-749155-11-iscsi neutron-server[106493]: INFO neutron.wsgi [req-a8366701-2294-4263-be58-2e4f354a2b23 req-dda7441d-4eaf-4f86-b98b-a956681e1d19 tempest-ServerRescueNegativeTestJSON-456052109 tempest-ServerRescueNegativeTestJSON-456052109-project] 10.222.0.79 "GET /networking/v2.0/ports?device_id=e16f683b-c2c3-4514-a197-cd5d4e109487 HTTP/1.1" status: 200 len: 944 time: 0.0520651
Sep 06 21:15:00.039166 dv-cinder-749155-11-iscsi neutron-server[106494]: DEBUG neutron.pecan_wsgi.hooks.policy_enforcement [req-d14d44d0-70f4-47ca-8d08-d556d50acb38 req-a63ccd8b-54b0-4e71-b17a-e776d0dbc9ff tempest-AttachVolumeShelveTestJSON-66209968 tempest-AttachVolumeShelveTestJSON-66209968-project] Attributes excluded by policy engine: ['standard_attr_id', 'binding:profile', 'binding:host_id', 'binding:vif_type', 'binding:vif_details'] {{(pid=106494) _exclude_attributes_by_policy /opt/stack/neutron/neutron/pecan_wsgi/hooks/policy_enforcement.py:259}}
Sep 06 21:15:00.040861 dv-cinder-749155-11-iscsi neutron-server[106494]: INFO neutron.wsgi [req-d14d44d0-70f4-47ca-8d08-d556d50acb38 req-a63ccd8b-54b0-4e71-b17a-e776d0dbc9ff tempest-AttachVolumeShelveTestJSON-66209968 tempest-AttachVolumeShelveTestJSON-66209968-project] 10.222.0.79 "GET /networking/v2.0/ports?device_id=8fea1aa0-032e-454d-9358-98a81cd5d650 HTTP/1.1" status: 200 len: 944 time: 0.0675673
Sep 06 21:15:00.073828 dv-cinder-749155-11-iscsi neutron-server[106493]: INFO neutron.wsgi [req-a8366701-2294-4263-be58-2e4f354a2b23 req-81d0540b-6a87-46b2-bf28-60e7c54c24a7 tempest-ServerRescueNegativeTestJSON-456052109 tempest-ServerRescueNegativeTestJSON-456052109-project] 10.222.0.79 "GET /networking/v2.0/security-groups?id=10c28ab8-19cd-4bae-9b8a-33150a9eb392&fields=id&fields=name HTTP/1.1" status: 200 len: 286 time: 0.0528948
Sep 06 21:15:00.093650 dv-cinder-749155-11-iscsi neutron-server[106494]: INFO neutron.wsgi [req-d14d44d0-70f4-47ca-8d08-d556d50acb38 req-2c507081-6877-417c-9ef9-f22633c2ae15 tempest-AttachVolumeShelveTestJSON-66209968 tempest-AttachVolumeShelveTestJSON-66209968-project] 10.222.0.79 "GET /networking/v2.0/security-groups?id=154acb3d-40a9-426b-a2f9-72f3246f0327&fields=id&fields=name HTTP/1.1" status: 200 len: 312 time: 0.0465870
Sep 06 21:15:00.520242 dv-cinder-749155-11-iscsi neutron-server[106493]: DEBUG neutron.pecan_wsgi.hooks.policy_enforcement [req-f3a99581-9c2d-4013-b004-f0a8e958d7d2 req-b1c9b373-39bc-4cee-a118-be97391c9be5 tempest-DeleteServersTestJSON-1960647090 tempest-DeleteServersTestJSON-1960647090-project] Attributes excluded by policy engine: ['standard_attr_id', 'binding:profile', 'binding:host_id', 'binding:vif_type', 'binding:vif_details'] {{(pid=106493) _exclude_attributes_by_policy /opt/stack/neutron/neutron/pecan_wsgi/hooks/policy_enforcement.py:259}}
Sep 06 21:15:00.521743 dv-cinder-749155-11-iscsi neutron-server[106493]: INFO neutron.wsgi [req-f3a99581-9c2d-4013-b004-f0a8e958d7d2 req-b1c9b373-39bc-4cee-a118-be97391c9be5 tempest-DeleteServersTestJSON-1960647090 tempest-DeleteServersTestJSON-1960647090-project] 10.222.0.79 "GET /networking/v2.0/ports?device_id=ea7b0e8d-7840-4ed2-b9c4-03c08e4c7689 HTTP/1.1" status: 200 len: 943 time: 0.0472465
Sep 06 21:15:00.578492 dv-cinder-749155-11-iscsi neutron-server[106493]: INFO neutron.wsgi [req-f3a99581-9c2d-4013-b004-f0a8e958d7d2 req-e3fede49-246d-431e-856f-a4c06beae528 tempest-DeleteServersTestJSON-1960647090 tempest-DeleteServersTestJSON-1960647090-project] 10.222.0.79 "GET /networking/v2.0/security-groups?id=e0710987-01e5-417d-aa8a-7a51724468d3&fields=id&fields=name HTTP/1.1" status: 200 len: 286 time: 0.0469425
Sep 06 21:15:00.759089 dv-cinder-749155-11-iscsi neutron-server[106494]: DEBUG neutron.pecan_wsgi.hooks.policy_enforcement [req-06686ae7-3f3c-49b9-bec3-f08628d6c535 req-65c6ee21-d0c8-456b-bed7-ea91800ccba4 tempest-AttachVolumeTestJSON-2036003716 tempest-AttachVolumeTestJSON-2036003716-project] Attributes excluded by policy engine: ['standard_attr_id', 'binding:profile', 'binding:host_id', 'binding:vif_type', 'binding:vif_details'] {{(pid=106494) _exclude_attributes_by_policy /opt/stack/neutron/neutron/pecan_wsgi/hooks/policy_enforcement.py:259}}
Sep 06 21:15:00.760579 dv-cinder-749155-11-iscsi neutron-server[106494]: INFO neutron.wsgi [req-06686ae7-3f3c-49b9-bec3-f08628d6c535 req-65c6ee21-d0c8-456b-bed7-ea91800ccba4 tempest-AttachVolumeTestJSON-2036003716 tempest-AttachVolumeTestJSON-2036003716-project] 10.222.0.79 "GET /networking/v2.0/ports?device_id=9c787b30-603f-4b67-b10c-519b49f5e43f HTTP/1.1" status: 200 len: 944 time: 0.0495176
Sep 06 21:15:00.815107 dv-cinder-749155-11-iscsi neutron-server[106494]: INFO neutron.wsgi [req-06686ae7-3f3c-49b9-bec3-f08628d6c535 req-40365fa8-e070-4341-bdac-467214d13b41 tempest-AttachVolumeTestJSON-2036003716 tempest-AttachVolumeTestJSON-2036003716-project] 10.222.0.79 "GET /networking/v2.0/security-groups?id=b3d6bf13-b3f8-488a-befb-74001df4a11e&fields=id&fields=name HTTP/1.1" status: 200 len: 312 time: 0.0485938
Sep 06 21:15:01.223512 dv-cinder-749155-11-iscsi neutron-server[106493]: DEBUG neutron.pecan_wsgi.hooks.policy_enforcement [req-3f53d9d3-0479-498f-b5e1-3b01f62c6f58 req-13d8db39-13e3-48e6-934a-1f70c38859b6 tempest-ServerRescueNegativeTestJSON-456052109 tempest-ServerRescueNegativeTestJSON-456052109-project] Attributes excluded by policy engine: ['standard_attr_id', 'binding:profile', 'binding:host_id', 'binding:vif_type', 'binding:vif_details'] {{(pid=106493) _exclude_attributes_by_policy /opt/stack/neutron/neutron/pecan_wsgi/hooks/policy_enforcement.py:259}}
Sep 06 21:15:01.225576 dv-cinder-749155-11-iscsi neutron-server[106493]: INFO neutron.wsgi [req-3f53d9d3-0479-498f-b5e1-3b01f62c6f58 req-13d8db39-13e3-48e6-934a-1f70c38859b6 tempest-ServerRescueNegativeTestJSON-456052109 tempest-ServerRescueNegativeTestJSON-456052109-project] 10.222.0.79 "GET /networking/v2.0/ports?device_id=e16f683b-c2c3-4514-a197-cd5d4e109487 HTTP/1.1" status: 200 len: 944 time: 0.0648491
Sep 06 21:15:01.260036 dv-cinder-749155-11-iscsi neutron-server[106494]: DEBUG neutron.pecan_wsgi.hooks.policy_enforcement [req-d367870e-414b-4578-87e3-a069a9b76d24 req-4ed8d820-2643-4540-a701-33b326089e9a tempest-AttachVolumeShelveTestJSON-66209968 tempest-AttachVolumeShelveTestJSON-66209968-project] Attributes excluded by policy engine: ['standard_attr_id', 'binding:profile', 'binding:host_id', 'binding:vif_type', 'binding:vif_details'] {{(pid=106494) _exclude_attributes_by_policy /opt/stack/neutron/neutron/pecan_wsgi/hooks/policy_enforcement.py:259}}
Sep 06 21:15:01.265617 dv-cinder-749155-11-iscsi neutron-server[106494]: INFO neutron.wsgi [req-d367870e-414b-4578-87e3-a069a9b76d24 req-4ed8d820-2643-4540-a701-33b326089e9a tempest-AttachVolumeShelveTestJSON-66209968 tempest-AttachVolumeShelveTestJSON-66209968-project] 10.222.0.79 "GET /networking/v2.0/ports?device_id=8fea1aa0-032e-454d-9358-98a81cd5d650 HTTP/1.1" status: 200 len: 944 time: 0.0842924
Sep 06 21:15:01.291434 dv-cinder-749155-11-iscsi neutron-server[106493]: INFO neutron.wsgi [req-3f53d9d3-0479-498f-b5e1-3b01f62c6f58 req-2cdb8981-fdea-4523-b906-0063e133aaa5 tempest-ServerRescueNegativeTestJSON-456052109 tempest-ServerRescueNegativeTestJSON-456052109-project] 10.222.0.79 "GET /networking/v2.0/security-groups?id=10c28ab8-19cd-4bae-9b8a-33150a9eb392&fields=id&fields=name HTTP/1.1" status: 200 len: 286 time: 0.0582099
Sep 06 21:15:01.317410 dv-cinder-749155-11-iscsi neutron-server[106494]: INFO neutron.wsgi [req-d367870e-414b-4578-87e3-a069a9b76d24 req-0b4b9d2a-dd06-4cfa-87ee-c0be58a62f63 tempest-AttachVolumeShelveTestJSON-66209968 tempest-AttachVolumeShelveTestJSON-66209968-project] 10.222.0.79 "GET /networking/v2.0/security-groups?id=154acb3d-40a9-426b-a2f9-72f3246f0327&fields=id&fields=name HTTP/1.1" status: 200 len: 312 time: 0.0446370
Sep 06 21:15:01.705467 dv-cinder-749155-11-iscsi neutron-server[106493]: DEBUG neutron.pecan_wsgi.hooks.policy_enforcement [req-511c8d0c-16c8-4027-85b6-08e7b3340955 req-04dc0034-210e-424c-800f-772b5380c164 tempest-DeleteServersTestJSON-1960647090 tempest-DeleteServersTestJSON-1960647090-project] Attributes excluded by policy engine: ['standard_attr_id', 'binding:profile', 'binding:host_id', 'binding:vif_type', 'binding:vif_details'] {{(pid=106493) _exclude_attributes_by_policy /opt/stack/neutron/neutron/pecan_wsgi/hooks/policy_enforcement.py:259}}
Sep 06 21:15:01.706951 dv-cinder-749155-11-iscsi neutron-server[106493]: INFO neutron.wsgi [req-511c8d0c-16c8-4027-85b6-08e7b3340955 req-04dc0034-210e-424c-800f-772b5380c164 tempest-DeleteServersTestJSON-1960647090 tempest-DeleteServersTestJSON-1960647090-project] 10.222.0.79 "GET /networking/v2.0/ports?device_id=ea7b0e8d-7840-4ed2-b9c4-03c08e4c7689 HTTP/1.1" status: 200 len: 943 time: 0.0465391
Sep 06 21:15:01.754891 dv-cinder-749155-11-iscsi neutron-server[106493]: INFO neutron.wsgi [req-511c8d0c-16c8-4027-85b6-08e7b3340955 req-3b9ace2d-1e46-488b-bf00-f541e9261b2c tempest-DeleteServersTestJSON-1960647090 tempest-DeleteServersTestJSON-1960647090-project] 10.222.0.79 "GET /networking/v2.0/security-groups?id=e0710987-01e5-417d-aa8a-7a51724468d3&fields=id&fields=name HTTP/1.1" status: 200 len: 286 time: 0.0420492
Sep 06 21:15:01.943807 dv-cinder-749155-11-iscsi neutron-server[106494]: DEBUG neutron.pecan_wsgi.hooks.policy_enforcement [req-a6bb6ede-5185-414b-bfb5-578ea394fe0e req-df94fad8-7541-4251-877d-7782acfb4c68 tempest-AttachVolumeTestJSON-2036003716 tempest-AttachVolumeTestJSON-2036003716-project] Attributes excluded by policy engine: ['standard_attr_id', 'binding:profile', 'binding:host_id', 'binding:vif_type', 'binding:vif_details'] {{(pid=106494) _exclude_attributes_by_policy /opt/stack/neutron/neutron/pecan_wsgi/hooks/policy_enforcement.py:259}}
Sep 06 21:15:01.945391 dv-cinder-749155-11-iscsi neutron-server[106494]: INFO neutron.wsgi [req-a6bb6ede-5185-414b-bfb5-578ea394fe0e req-df94fad8-7541-4251-877d-7782acfb4c68 tempest-AttachVolumeTestJSON-2036003716 tempest-AttachVolumeTestJSON-2036003716-project] 10.222.0.79 "GET /networking/v2.0/ports?device_id=9c787b30-603f-4b67-b10c-519b49f5e43f HTTP/1.1" status: 200 len: 944 time: 0.0481994
Sep 06 21:15:01.994651 dv-cinder-749155-11-iscsi neutron-server[106494]: INFO neutron.wsgi [req-a6bb6ede-5185-414b-bfb5-578ea394fe0e req-28c35edb-0824-4d52-8a25-b734685eede7 tempest-AttachVolumeTestJSON-2036003716 tempest-AttachVolumeTestJSON-2036003716-project] 10.222.0.79 "GET /networking/v2.0/security-groups?id=b3d6bf13-b3f8-488a-befb-74001df4a11e&fields=id&fields=name HTTP/1.1" status: 200 len: 312 time: 0.0432472
Sep 06 21:15:02.420019 dv-cinder-749155-11-iscsi neutron-server[106493]: DEBUG neutron.pecan_wsgi.hooks.policy_enforcement [req-f6a6d89d-ff6d-4888-9f81-1cd3c583cf49 req-464f8638-edc2-4840-89cb-20b7440176ce tempest-ServerRescueNegativeTestJSON-456052109 tempest-ServerRescueNegativeTestJSON-456052109-project] Attributes excluded by policy engine: ['standard_attr_id', 'binding:profile', 'binding:host_id', 'binding:vif_type', 'binding:vif_details'] {{(pid=106493) _exclude_attributes_by_policy /opt/stack/neutron/neutron/pecan_wsgi/hooks/policy_enforcement.py:259}}
Sep 06 21:15:02.421613 dv-cinder-749155-11-iscsi neutron-server[106493]: INFO neutron.wsgi [req-f6a6d89d-ff6d-4888-9f81-1cd3c583cf49 req-464f8638-edc2-4840-89cb-20b7440176ce tempest-ServerRescueNegativeTestJSON-456052109 tempest-ServerRescueNegativeTestJSON-456052109-project] 10.222.0.79 "GET /networking/v2.0/ports?device_id=e16f683b-c2c3-4514-a197-cd5d4e109487 HTTP/1.1" status: 200 len: 944 time: 0.0528445
Sep 06 21:15:02.442194 dv-cinder-749155-11-iscsi neutron-server[106494]: DEBUG neutron.pecan_wsgi.hooks.policy_enforcement [req-e2a5efef-d758-4900-9490-a5f21f61f13a req-09b5831f-6f77-4be0-8134-24ee068dd08c tempest-AttachVolumeShelveTestJSON-66209968 tempest-AttachVolumeShelveTestJSON-66209968-project] Attributes excluded by policy engine: ['standard_attr_id', 'binding:profile', 'binding:host_id', 'binding:vif_type', 'binding:vif_details'] {{(pid=106494) _exclude_attributes_by_policy /opt/stack/neutron/neutron/pecan_wsgi/hooks/policy_enforcement.py:259}}
Sep 06 21:15:02.443705 dv-cinder-749155-11-iscsi neutron-server[106494]: INFO neutron.wsgi [req-e2a5efef-d758-4900-9490-a5f21f61f13a req-09b5831f-6f77-4be0-8134-24ee068dd08c tempest-AttachVolumeShelveTestJSON-66209968 tempest-AttachVolumeShelveTestJSON-66209968-project] 10.222.0.79 "GET /networking/v2.0/ports?device_id=8fea1aa0-032e-454d-9358-98a81cd5d650 HTTP/1.1" status: 200 len: 944 time: 0.0473845
Sep 06 21:15:02.470564 dv-cinder-749155-11-iscsi neutron-server[106493]: INFO neutron.wsgi [req-f6a6d89d-ff6d-4888-9f81-1cd3c583cf49 req-ba77b2f4-cdb6-4dc4-b343-d3c1c2dffb7f tempest-ServerRescueNegativeTestJSON-456052109 tempest-ServerRescueNegativeTestJSON-456052109-project] 10.222.0.79 "GET /networking/v2.0/security-groups?id=10c28ab8-19cd-4bae-9b8a-33150a9eb392&fields=id&fields=name HTTP/1.1" status: 200 len: 286 time: 0.0425777
Sep 06 21:15:02.496272 dv-cinder-749155-11-iscsi neutron-server[106494]: INFO neutron.wsgi [req-e2a5efef-d758-4900-9490-a5f21f61f13a req-87645b85-9ca5-40ba-ad20-972291995228 tempest-AttachVolumeShelveTestJSON-66209968 tempest-AttachVolumeShelveTestJSON-66209968-project] 10.222.0.79 "GET /networking/v2.0/security-groups?id=154acb3d-40a9-426b-a2f9-72f3246f0327&fields=id&fields=name HTTP/1.1" status: 200 len: 312 time: 0.0462732
Sep 06 21:15:02.876403 dv-cinder-749155-11-iscsi neutron-server[106493]: DEBUG neutron.pecan_wsgi.hooks.policy_enforcement [req-8c75df35-cc1b-48d1-a6d5-078845c12a89 req-cb116e08-43a1-407b-b067-4463c3b4ccfa tempest-DeleteServersTestJSON-1960647090 tempest-DeleteServersTestJSON-1960647090-project] Attributes excluded by policy engine: ['standard_attr_id', 'binding:profile', 'binding:host_id', 'binding:vif_type', 'binding:vif_details'] {{(pid=106493) _exclude_attributes_by_policy /opt/stack/neutron/neutron/pecan_wsgi/hooks/policy_enforcement.py:259}}
Sep 06 21:15:02.878125 dv-cinder-749155-11-iscsi neutron-server[106493]: INFO neutron.wsgi [req-8c75df35-cc1b-48d1-a6d5-078845c12a89 req-cb116e08-43a1-407b-b067-4463c3b4ccfa tempest-DeleteServersTestJSON-1960647090 tempest-DeleteServersTestJSON-1960647090-project] 10.222.0.79 "GET /networking/v2.0/ports?device_id=ea7b0e8d-7840-4ed2-b9c4-03c08e4c7689 HTTP/1.1" status: 200 len: 943 time: 0.0487547
Sep 06 21:15:02.927287 dv-cinder-749155-11-iscsi neutron-server[106493]: INFO neutron.wsgi [req-8c75df35-cc1b-48d1-a6d5-078845c12a89 req-068fca25-f47d-4380-9294-add5944cb770 tempest-DeleteServersTestJSON-1960647090 tempest-DeleteServersTestJSON-1960647090-project] 10.222.0.79 "GET /networking/v2.0/security-groups?id=e0710987-01e5-417d-aa8a-7a51724468d3&fields=id&fields=name HTTP/1.1" status: 200 len: 286 time: 0.0433860
Sep 06 21:15:03.114735 dv-cinder-749155-11-iscsi neutron-server[106494]: DEBUG neutron.pecan_wsgi.hooks.policy_enforcement [req-d10e683b-2318-4117-b152-0a874f80de07 req-dcb50317-bc1a-4b40-a036-c6d31f44951e tempest-AttachVolumeTestJSON-2036003716 tempest-AttachVolumeTestJSON-2036003716-project] Attributes excluded by policy engine: ['standard_attr_id', 'binding:profile', 'binding:host_id', 'binding:vif_type', 'binding:vif_details'] {{(pid=106494) _exclude_attributes_by_policy /opt/stack/neutron/neutron/pecan_wsgi/hooks/policy_enforcement.py:259}}
Sep 06 21:15:03.116114 dv-cinder-749155-11-iscsi neutron-server[106494]: INFO neutron.wsgi [req-d10e683b-2318-4117-b152-0a874f80de07 req-dcb50317-bc1a-4b40-a036-c6d31f44951e tempest-AttachVolumeTestJSON-2036003716 tempest-AttachVolumeTestJSON-2036003716-project] 10.222.0.79 "GET /networking/v2.0/ports?device_id=9c787b30-603f-4b67-b10c-519b49f5e43f HTTP/1.1" status: 200 len: 944 time: 0.0464945
Sep 06 21:15:03.162964 dv-cinder-749155-11-iscsi neutron-server[106494]: INFO neutron.wsgi [req-d10e683b-2318-4117-b152-0a874f80de07 req-a9585a61-123b-447c-8e50-0e95e880cc91 tempest-AttachVolumeTestJSON-2036003716 tempest-AttachVolumeTestJSON-2036003716-project] 10.222.0.79 "GET /networking/v2.0/security-groups?id=b3d6bf13-b3f8-488a-befb-74001df4a11e&fields=id&fields=name HTTP/1.1" status: 200 len: 312 time: 0.0410404
Sep 06 21:15:03.604052 dv-cinder-749155-11-iscsi neutron-server[106493]: DEBUG neutron.pecan_wsgi.hooks.policy_enforcement [req-c7c49b7e-cd2e-4f1e-82ee-80cd3bef8c72 req-62b07a1a-0346-499c-9f5a-271593f255ef tempest-ServerRescueNegativeTestJSON-456052109 tempest-ServerRescueNegativeTestJSON-456052109-project] Attributes excluded by policy engine: ['standard_attr_id', 'binding:profile', 'binding:host_id', 'binding:vif_type', 'binding:vif_details'] {{(pid=106493) _exclude_attributes_by_policy /opt/stack/neutron/neutron/pecan_wsgi/hooks/policy_enforcement.py:259}}
Sep 06 21:15:03.605683 dv-cinder-749155-11-iscsi neutron-server[106493]: INFO neutron.wsgi [req-c7c49b7e-cd2e-4f1e-82ee-80cd3bef8c72 req-62b07a1a-0346-499c-9f5a-271593f255ef tempest-ServerRescueNegativeTestJSON-456052109 tempest-ServerRescueNegativeTestJSON-456052109-project] 10.222.0.79 "GET /networking/v2.0/ports?device_id=e16f683b-c2c3-4514-a197-cd5d4e109487 HTTP/1.1" status: 200 len: 944 time: 0.0520003
Sep 06 21:15:03.628629 dv-cinder-749155-11-iscsi neutron-server[106494]: DEBUG neutron.pecan_wsgi.hooks.policy_enforcement [req-361c32cd-e693-46ed-a6ca-ddf1a6f7abe8 req-ad8e6bdb-a66d-4d26-ae9c-32c5d17ee31c tempest-AttachVolumeShelveTestJSON-66209968 tempest-AttachVolumeShelveTestJSON-66209968-project] Attributes excluded by policy engine: ['standard_attr_id', 'binding:profile', 'binding:host_id', 'binding:vif_type', 'binding:vif_details'] {{(pid=106494) _exclude_attributes_by_policy /opt/stack/neutron/neutron/pecan_wsgi/hooks/policy_enforcement.py:259}}
Sep 06 21:15:03.630374 dv-cinder-749155-11-iscsi neutron-server[106494]: INFO neutron.wsgi [req-361c32cd-e693-46ed-a6ca-ddf1a6f7abe8 req-ad8e6bdb-a66d-4d26-ae9c-32c5d17ee31c tempest-AttachVolumeShelveTestJSON-66209968 tempest-AttachVolumeShelveTestJSON-66209968-project] 10.222.0.79 "GET /networking/v2.0/ports?device_id=8fea1aa0-032e-454d-9358-98a81cd5d650 HTTP/1.1" status: 200 len: 944 time: 0.0533898
Sep 06 21:15:03.657982 dv-cinder-749155-11-iscsi neutron-server[106493]: INFO neutron.wsgi [req-c7c49b7e-cd2e-4f1e-82ee-80cd3bef8c72 req-a2999a9f-8c3d-47ac-909a-85ce77989096 tempest-ServerRescueNegativeTestJSON-456052109 tempest-ServerRescueNegativeTestJSON-456052109-project] 10.222.0.79 "GET /networking/v2.0/security-groups?id=10c28ab8-19cd-4bae-9b8a-33150a9eb392&fields=id&fields=name HTTP/1.1" status: 200 len: 286 time: 0.0462303
Sep 06 21:15:03.681983 dv-cinder-749155-11-iscsi neutron-server[106494]: INFO neutron.wsgi [req-361c32cd-e693-46ed-a6ca-ddf1a6f7abe8 req-36507908-80ef-4a17-8880-4893572221a3 tempest-AttachVolumeShelveTestJSON-66209968 tempest-AttachVolumeShelveTestJSON-66209968-project] 10.222.0.79 "GET /networking/v2.0/security-groups?id=154acb3d-40a9-426b-a2f9-72f3246f0327&fields=id&fields=name HTTP/1.1" status: 200 len: 312 time: 0.0458333
Sep 06 21:15:04.050221 dv-cinder-749155-11-iscsi neutron-server[106493]: DEBUG neutron.pecan_wsgi.hooks.policy_enforcement [req-7ec5259a-f9d4-42c6-aefc-4d7ad593e924 req-b33a2a61-f54a-48b7-be76-912e0bf93810 tempest-DeleteServersTestJSON-1960647090 tempest-DeleteServersTestJSON-1960647090-project] Attributes excluded by policy engine: ['standard_attr_id', 'binding:profile', 'binding:host_id', 'binding:vif_type', 'binding:vif_details'] {{(pid=106493) _exclude_attributes_by_policy /opt/stack/neutron/neutron/pecan_wsgi/hooks/policy_enforcement.py:259}}
Sep 06 21:15:04.051787 dv-cinder-749155-11-iscsi neutron-server[106493]: INFO neutron.wsgi [req-7ec5259a-f9d4-42c6-aefc-4d7ad593e924 req-b33a2a61-f54a-48b7-be76-912e0bf93810 tempest-DeleteServersTestJSON-1960647090 tempest-DeleteServersTestJSON-1960647090-project] 10.222.0.79 "GET /networking/v2.0/ports?device_id=ea7b0e8d-7840-4ed2-b9c4-03c08e4c7689 HTTP/1.1" status: 200 len: 943 time: 0.0486100
Sep 06 21:15:04.102833 dv-cinder-749155-11-iscsi neutron-server[106493]: INFO neutron.wsgi [req-7ec5259a-f9d4-42c6-aefc-4d7ad593e924 req-75d3473e-9f9c-474c-8abd-66875225b67e tempest-DeleteServersTestJSON-1960647090 tempest-DeleteServersTestJSON-1960647090-project] 10.222.0.79 "GET /networking/v2.0/security-groups?id=e0710987-01e5-417d-aa8a-7a51724468d3&fields=id&fields=name HTTP/1.1" status: 200 len: 286 time: 0.0450749
Sep 06 21:15:04.299731 dv-cinder-749155-11-iscsi neutron-server[106494]: DEBUG neutron.pecan_wsgi.hooks.policy_enforcement [req-c81dc4ac-a840-463d-9475-e7c995f6ea47 req-e0c2ac0b-c6df-4cb5-b769-a6759fda486a tempest-AttachVolumeTestJSON-2036003716 tempest-AttachVolumeTestJSON-2036003716-project] Attributes excluded by policy engine: ['standard_attr_id', 'binding:profile', 'binding:host_id', 'binding:vif_type', 'binding:vif_details'] {{(pid=106494) _exclude_attributes_by_policy /opt/stack/neutron/neutron/pecan_wsgi/hooks/policy_enforcement.py:259}}
Sep 06 21:15:04.301375 dv-cinder-749155-11-iscsi neutron-server[106494]: INFO neutron.wsgi [req-c81dc4ac-a840-463d-9475-e7c995f6ea47 req-e0c2ac0b-c6df-4cb5-b769-a6759fda486a tempest-AttachVolumeTestJSON-2036003716 tempest-AttachVolumeTestJSON-2036003716-project] 10.222.0.79 "GET /networking/v2.0/ports?device_id=9c787b30-603f-4b67-b10c-519b49f5e43f HTTP/1.1" status: 200 len: 944 time: 0.0594699
Sep 06 21:15:04.353652 dv-cinder-749155-11-iscsi neutron-server[106494]: INFO neutron.wsgi [req-c81dc4ac-a840-463d-9475-e7c995f6ea47 req-71864283-e5ba-4a3c-bcd2-f3c011cfdc18 tempest-AttachVolumeTestJSON-2036003716 tempest-AttachVolumeTestJSON-2036003716-project] 10.222.0.79 "GET /networking/v2.0/security-groups?id=b3d6bf13-b3f8-488a-befb-74001df4a11e&fields=id&fields=name HTTP/1.1" status: 200 len: 312 time: 0.0461349
Sep 06 21:15:04.779021 dv-cinder-749155-11-iscsi neutron-server[106493]: DEBUG dbcounter [-] [106493] Writing DB stats neutron:SELECT=98,neutron:DELETE=2 {{(pid=106493) stat_writer /usr/local/lib/python3.8/dist-packages/dbcounter.py:114}}
Sep 06 21:15:04.779999 dv-cinder-749155-11-iscsi neutron-server[106493]: DEBUG dbcounter [-] [106493] Writing DB stats neutron:SELECT=98,neutron:DELETE=2 {{(pid=106493) stat_writer /usr/local/lib/python3.8/dist-packages/dbcounter.py:114}}
Sep 06 21:15:04.788993 dv-cinder-749155-11-iscsi neutron-server[106493]: DEBUG neutron.pecan_wsgi.hooks.policy_enforcement [req-051836d0-d91d-4cbe-8922-891cf903dc5d req-327f6c5a-80de-4b22-8c1a-4642f467d0a2 tempest-ServerRescueNegativeTestJSON-456052109 tempest-ServerRescueNegativeTestJSON-456052109-project] Attributes excluded by policy engine: ['standard_attr_id', 'binding:profile', 'binding:host_id', 'binding:vif_type', 'binding:vif_details'] {{(pid=106493) _exclude_attributes_by_policy /opt/stack/neutron/neutron/pecan_wsgi/hooks/policy_enforcement.py:259}}
Sep 06 21:15:04.790496 dv-cinder-749155-11-iscsi neutron-server[106493]: INFO neutron.wsgi [req-051836d0-d91d-4cbe-8922-891cf903dc5d req-327f6c5a-80de-4b22-8c1a-4642f467d0a2 tempest-ServerRescueNegativeTestJSON-456052109 tempest-ServerRescueNegativeTestJSON-456052109-project] 10.222.0.79 "GET /networking/v2.0/ports?device_id=e16f683b-c2c3-4514-a197-cd5d4e109487 HTTP/1.1" status: 200 len: 944 time: 0.0534253
Sep 06 21:15:04.851236 dv-cinder-749155-11-iscsi neutron-server[106493]: INFO neutron.wsgi [req-051836d0-d91d-4cbe-8922-891cf903dc5d req-833a6094-6112-4b4c-a463-bd03cad55be9 tempest-ServerRescueNegativeTestJSON-456052109 tempest-ServerRescueNegativeTestJSON-456052109-project] 10.222.0.79 "GET /networking/v2.0/security-groups?id=10c28ab8-19cd-4bae-9b8a-33150a9eb392&fields=id&fields=name HTTP/1.1" status: 200 len: 286 time: 0.0538371
Sep 06 21:15:04.851755 dv-cinder-749155-11-iscsi neutron-server[106494]: DEBUG neutron.pecan_wsgi.hooks.policy_enforcement [req-42624d90-044c-45e3-adda-cf79b10761f8 req-b298f9b9-7d4f-4d4b-84a6-055f44f0d45b tempest-AttachVolumeShelveTestJSON-66209968 tempest-AttachVolumeShelveTestJSON-66209968-project] Attributes excluded by policy engine: ['standard_attr_id', 'binding:profile', 'binding:host_id', 'binding:vif_type', 'binding:vif_details'] {{(pid=106494) _exclude_attributes_by_policy /opt/stack/neutron/neutron/pecan_wsgi/hooks/policy_enforcement.py:259}}
Sep 06 21:15:04.853998 dv-cinder-749155-11-iscsi neutron-server[106494]: INFO neutron.wsgi [req-42624d90-044c-45e3-adda-cf79b10761f8 req-b298f9b9-7d4f-4d4b-84a6-055f44f0d45b tempest-AttachVolumeShelveTestJSON-66209968 tempest-AttachVolumeShelveTestJSON-66209968-project] 10.222.0.79 "GET /networking/v2.0/ports?device_id=8fea1aa0-032e-454d-9358-98a81cd5d650 HTTP/1.1" status: 200 len: 944 time: 0.0813725
Sep 06 21:15:04.885886 dv-cinder-749155-11-iscsi neutron-server[106494]: DEBUG dbcounter [-] [106494] Writing DB stats neutron:DELETE=1,neutron:SELECT=99 {{(pid=106494) stat_writer /usr/local/lib/python3.8/dist-packages/dbcounter.py:114}}
Sep 06 21:15:04.910032 dv-cinder-749155-11-iscsi neutron-server[106494]: INFO neutron.wsgi [req-42624d90-044c-45e3-adda-cf79b10761f8 req-7567d606-b70a-42be-8870-b8a9ba871306 tempest-AttachVolumeShelveTestJSON-66209968 tempest-AttachVolumeShelveTestJSON-66209968-project] 10.222.0.79 "GET /networking/v2.0/security-groups?id=154acb3d-40a9-426b-a2f9-72f3246f0327&fields=id&fields=name HTTP/1.1" status: 200 len: 312 time: 0.0492196
Sep 06 21:15:05.246912 dv-cinder-749155-11-iscsi neutron-server[106493]: DEBUG neutron.pecan_wsgi.hooks.policy_enforcement [req-72a9a546-42f4-4d73-a9c1-243248dee325 req-c086c9c6-7b36-4f2d-8290-68b340f872ed tempest-DeleteServersTestJSON-1960647090 tempest-DeleteServersTestJSON-1960647090-project] Attributes excluded by policy engine: ['standard_attr_id', 'binding:profile', 'binding:host_id', 'binding:vif_type', 'binding:vif_details'] {{(pid=106493) _exclude_attributes_by_policy /opt/stack/neutron/neutron/pecan_wsgi/hooks/policy_enforcement.py:259}}
Sep 06 21:15:05.248437 dv-cinder-749155-11-iscsi neutron-server[106493]: INFO neutron.wsgi [req-72a9a546-42f4-4d73-a9c1-243248dee325 req-c086c9c6-7b36-4f2d-8290-68b340f872ed tempest-DeleteServersTestJSON-1960647090 tempest-DeleteServersTestJSON-1960647090-project] 10.222.0.79 "GET /networking/v2.0/ports?device_id=ea7b0e8d-7840-4ed2-b9c4-03c08e4c7689 HTTP/1.1" status: 200 len: 943 time: 0.0614820
Sep 06 21:15:05.321874 dv-cinder-749155-11-iscsi neutron-server[106493]: INFO neutron.wsgi [req-72a9a546-42f4-4d73-a9c1-243248dee325 req-3d937e80-af82-437b-b29d-cdab59d46d87 tempest-DeleteServersTestJSON-1960647090 tempest-DeleteServersTestJSON-1960647090-project] 10.222.0.79 "GET /networking/v2.0/security-groups?id=e0710987-01e5-417d-aa8a-7a51724468d3&fields=id&fields=name HTTP/1.1" status: 200 len: 286 time: 0.0672007
Sep 06 21:15:05.497449 dv-cinder-749155-11-iscsi neutron-server[106494]: DEBUG neutron.pecan_wsgi.hooks.policy_enforcement [req-4e8c415e-5def-4635-98ef-a76b52c1cf9f req-8f9bb338-16e5-4aae-8099-9571ebc7ee5a tempest-AttachVolumeTestJSON-2036003716 tempest-AttachVolumeTestJSON-2036003716-project] Attributes excluded by policy engine: ['standard_attr_id', 'binding:profile', 'binding:host_id', 'binding:vif_type', 'binding:vif_details'] {{(pid=106494) _exclude_attributes_by_policy /opt/stack/neutron/neutron/pecan_wsgi/hooks/policy_enforcement.py:259}}
Sep 06 21:15:05.498806 dv-cinder-749155-11-iscsi neutron-server[106494]: INFO neutron.wsgi [req-4e8c415e-5def-4635-98ef-a76b52c1cf9f req-8f9bb338-16e5-4aae-8099-9571ebc7ee5a tempest-AttachVolumeTestJSON-2036003716 tempest-AttachVolumeTestJSON-2036003716-project] 10.222.0.79 "GET /networking/v2.0/ports?device_id=9c787b30-603f-4b67-b10c-519b49f5e43f HTTP/1.1" status: 200 len: 944 time: 0.0602591
Sep 06 21:15:05.511495 dv-cinder-749155-11-iscsi neutron-server[106494]: DEBUG dbcounter [-] [106494] Writing DB stats neutron:SELECT=100 {{(pid=106494) stat_writer /usr/local/lib/python3.8/dist-packages/dbcounter.py:114}}
Sep 06 21:15:05.553589 dv-cinder-749155-11-iscsi neutron-server[106494]: INFO neutron.wsgi [req-4e8c415e-5def-4635-98ef-a76b52c1cf9f req-14808962-cba9-423f-ab67-871d9b33c26f tempest-AttachVolumeTestJSON-2036003716 tempest-AttachVolumeTestJSON-2036003716-project] 10.222.0.79 "GET /networking/v2.0/security-groups?id=b3d6bf13-b3f8-488a-befb-74001df4a11e&fields=id&fields=name HTTP/1.1" status: 200 len: 312 time: 0.0480382
Sep 06 21:15:05.985829 dv-cinder-749155-11-iscsi neutron-server[106493]: DEBUG neutron.pecan_wsgi.hooks.policy_enforcement [req-1333b1ff-aee3-4d66-8808-a78db0790687 req-35ca5793-37f7-43b1-b0ed-0c160f19f19b tempest-ServerRescueNegativeTestJSON-456052109 tempest-ServerRescueNegativeTestJSON-456052109-project] Attributes excluded by policy engine: ['standard_attr_id', 'binding:profile', 'binding:host_id', 'binding:vif_type', 'binding:vif_details'] {{(pid=106493) _exclude_attributes_by_policy /opt/stack/neutron/neutron/pecan_wsgi/hooks/policy_enforcement.py:259}}
Sep 06 21:15:05.987419 dv-cinder-749155-11-iscsi neutron-server[106493]: INFO neutron.wsgi [req-1333b1ff-aee3-4d66-8808-a78db0790687 req-35ca5793-37f7-43b1-b0ed-0c160f19f19b tempest-ServerRescueNegativeTestJSON-456052109 tempest-ServerRescueNegativeTestJSON-456052109-project] 10.222.0.79 "GET /networking/v2.0/ports?device_id=e16f683b-c2c3-4514-a197-cd5d4e109487 HTTP/1.1" status: 200 len: 944 time: 0.0523243
Sep 06 21:15:06.059286 dv-cinder-749155-11-iscsi neutron-server[106493]: INFO neutron.wsgi [req-1333b1ff-aee3-4d66-8808-a78db0790687 req-c8908515-66e3-4854-b9b6-f0d0d9518f93 tempest-ServerRescueNegativeTestJSON-456052109 tempest-ServerRescueNegativeTestJSON-456052109-project] 10.222.0.79 "GET /networking/v2.0/security-groups?id=10c28ab8-19cd-4bae-9b8a-33150a9eb392&fields=id&fields=name HTTP/1.1" status: 200 len: 286 time: 0.0575488
Sep 06 21:15:06.063670 dv-cinder-749155-11-iscsi neutron-server[106494]: DEBUG neutron.pecan_wsgi.hooks.policy_enforcement [req-1cd84d85-a90a-4874-ab2a-3216cc0bfea8 req-8152c60d-7c80-4dbd-bf59-ab465f245278 tempest-AttachVolumeShelveTestJSON-66209968 tempest-AttachVolumeShelveTestJSON-66209968-project] Attributes excluded by policy engine: ['standard_attr_id', 'binding:profile', 'binding:host_id', 'binding:vif_type', 'binding:vif_details'] {{(pid=106494) _exclude_attributes_by_policy /opt/stack/neutron/neutron/pecan_wsgi/hooks/policy_enforcement.py:259}}
