Sep 01 17:44:39.985124 dv-cinder-749155-10-iscsi devstack@keystone.service[81703]: ERROR keystone.server.flask.application
File "/usr/local/lib/python3.8/dist-packages/flask_restful/__init__.py", line 467, in wrapper
Sep 01 17:44:39.985124 dv-cinder-749155-10-iscsi devstack@keystone.service[81703]: ERROR keystone.server.flask.application resp = resource(*args, **kwargs)
Sep 01 17:44:39.985124 dv-cinder-749155-10-iscsi devstack@keystone.service[81703]: ERROR keystone.server.flask.application
File "/usr/local/lib/python3.8/dist-packages/flask/views.py", line 107, in view
Sep 01 17:44:39.985124 dv-cinder-749155-10-iscsi devstack@keystone.service[81703]: ERROR keystone.server.flask.application return current_app.ensure_sync(self.dispatch_request)(**kwargs)
Sep 01 17:44:39.985124 dv-cinder-749155-10-iscsi devstack@keystone.service[81703]: ERROR keystone.server.flask.application
File "/usr/local/lib/python3.8/dist-packages/flask_restful/__init__.py", line 582, in dispatch_request
Sep 01 17:44:39.985124 dv-cinder-749155-10-iscsi devstack@keystone.service[81703]: ERROR keystone.server.flask.application resp = meth(*args, **kwargs)
Sep 01 17:44:39.985124 dv-cinder-749155-10-iscsi devstack@keystone.service[81703]: ERROR keystone.server.flask.application
File "/opt/stack/keystone/keystone/api/roles.py", line 50, in get
Sep 01 17:44:39.985124 dv-cinder-749155-10-iscsi devstack@keystone.service[81703]: ERROR keystone.server.flask.application return self._get_role(role_id)
Sep 01 17:44:39.985124 dv-cinder-749155-10-iscsi devstack@keystone.service[81703]: ERROR keystone.server.flask.application
File "/opt/stack/keystone/keystone/api/roles.py", line 70, in _get_role
Sep 01 17:44:39.985124 dv-cinder-749155-10-iscsi devstack@keystone.service[81703]: ERROR keystone.server.flask.application ENFORCER.enforce_call(action='identity:get_role')
Sep 01 17:44:39.986092 dv-cinder-749155-10-iscsi devstack@keystone.service[81703]: ERROR keystone.server.flask.application
File "/opt/stack/keystone/keystone/common/rbac_enforcer/enforcer.py", line 402, in enforce_call
Sep 01 17:44:39.986092 dv-cinder-749155-10-iscsi devstack@keystone.service[81703]: ERROR keystone.server.flask.application policy_dict.update(cls._extract_member_target_data(
Sep 01 17:44:39.986092 dv-cinder-749155-10-iscsi devstack@keystone.service[81703]: ERROR keystone.server.flask.application
File "/opt/stack/keystone/keystone/common/rbac_enforcer/enforcer.py", line 234, in _extract_member_target_data
Sep 01 17:44:39.986092 dv-cinder-749155-10-iscsi devstack@keystone.service[81703]: ERROR keystone.server.flask.application member_name: func(flask.request.view_args[key])
Sep 01 17:44:39.986092 dv-cinder-749155-10-iscsi devstack@keystone.service[81703]: ERROR keystone.server.flask.application
File "/opt/stack/keystone/keystone/common/manager.py", line 115, in wrapped
Sep 01 17:44:39.986092 dv-cinder-749155-10-iscsi devstack@keystone.service[81703]: ERROR keystone.server.flask.application __ret_val = __f(*args, **kwargs)
Sep 01 17:44:39.986092 dv-cinder-749155-10-iscsi devstack@keystone.service[81703]: ERROR keystone.server.flask.application
File "/usr/local/lib/python3.8/dist-packages/decorator.py", line 232, in fun
Sep 01 17:44:39.986092 dv-cinder-749155-10-iscsi devstack@keystone.service[81703]: ERROR keystone.server.flask.application return caller(func, *(extras + args), **kw)
Sep 01 17:44:39.986092 dv-cinder-749155-10-iscsi devstack@keystone.service[81703]: ERROR keystone.server.flask.application
File "/usr/local/lib/python3.8/dist-packages/dogpile/cache/region.py", line 1577, in get_or_create_for_user_func
Sep 01 17:44:39.986092 dv-cinder-749155-10-iscsi devstack@keystone.service[81703]: ERROR keystone.server.flask.application return self.get_or_create(
Sep 01 17:44:39.986092 dv-cinder-749155-10-iscsi devstack@keystone.service[81703]: ERROR keystone.server.flask.application
File "/usr/local/lib/python3.8/dist-packages/dogpile/cache/region.py", line 1042, in get_or_create
Sep 01 17:44:39.986092 dv-cinder-749155-10-iscsi devstack@keystone.service[81703]: ERROR keystone.server.flask.application with Lock(
Sep 01 17:44:39.986092 dv-cinder-749155-10-iscsi devstack@keystone.service[81703]: ERROR keystone.server.flask.application
File "/usr/local/lib/python3.8/dist-packages/dogpile/lock.py", line 185, in __enter__
Sep 01 17:44:39.986092 dv-cinder-749155-10-iscsi devstack@keystone.service[81703]: ERROR keystone.server.flask.application return self._enter()
Sep 01 17:44:39.986092 dv-cinder-749155-10-iscsi devstack@keystone.service[81703]: ERROR keystone.server.flask.application
File "/usr/local/lib/python3.8/dist-packages/dogpile/lock.py", line 94, in _enter
Sep 01 17:44:39.986092 dv-cinder-749155-10-iscsi devstack@keystone.service[81703]: ERROR keystone.server.flask.application generated = self._enter_create(value, createdtime)
Sep 01 17:44:39.986910 dv-cinder-749155-10-iscsi devstack@keystone.service[81703]: ERROR keystone.server.flask.application
File "/usr/local/lib/python3.8/dist-packages/dogpile/lock.py", line 178, in _enter_create
Sep 01 17:44:39.986910 dv-cinder-749155-10-iscsi devstack@keystone.service[81703]: ERROR keystone.server.flask.application return self.creator()
Sep 01 17:44:39.986910 dv-cinder-749155-10-iscsi devstack@keystone.service[81703]: ERROR keystone.server.flask.application
File "/usr/local/lib/python3.8/dist-packages/dogpile/cache/region.py", line 995, in gen_value
Sep 01 17:44:39.986910 dv-cinder-749155-10-iscsi devstack@keystone.service[81703]: ERROR keystone.server.flask.application created_value = creator(
Sep 01 17:44:39.986910 dv-cinder-749155-10-iscsi devstack@keystone.service[81703]: ERROR keystone.server.flask.application
File "/opt/stack/keystone/keystone/assignment/core.py", line 1276, in get_role
Sep 01 17:44:39.986910 dv-cinder-749155-10-iscsi devstack@keystone.service[81703]: ERROR keystone.server.flask.application return self.driver.get_role(role_id)
Sep 01 17:44:39.986910 dv-cinder-749155-10-iscsi devstack@keystone.service[81703]: ERROR keystone.server.flask.application
File "/opt/stack/keystone/keystone/assignment/role_backends/sql.py", line 70, in get_role
Sep 01 17:44:39.986910 dv-cinder-749155-10-iscsi devstack@keystone.service[81703]: ERROR keystone.server.flask.application return self._get_role(session, role_id).to_dict()
Sep 01 17:44:39.986910 dv-cinder-749155-10-iscsi devstack@keystone.service[81703]: ERROR keystone.server.flask.application
File "/opt/stack/keystone/keystone/assignment/role_backends/sql.py", line 65, in _get_role
Sep 01 17:44:39.986910 dv-cinder-749155-10-iscsi devstack@keystone.service[81703]: ERROR keystone.server.flask.application raise exception.RoleNotFound(role_id=role_id)
Sep 01 17:44:39.986910 dv-cinder-749155-10-iscsi devstack@keystone.service[81703]: ERROR keystone.server.flask.application keystone.exception.RoleNotFound: Could not find role: admin.
Sep 01 17:44:39.986910 dv-cinder-749155-10-iscsi devstack@keystone.service[81703]: ERROR keystone.server.flask.application
Sep 01 17:44:39.986910 dv-cinder-749155-10-iscsi devstack@keystone.service[81703]: [pid: 81703|app: 0|req: 126/259] 10.222.0.15 () {56 vars in 1096 bytes} [Thu Sep 1 17:44:39 2022] GET /identity/v3/roles/admin => generated 83 bytes in 164 msecs (HTTP/1.1 404) 5 headers in 183 bytes (1 switches on core 0)
Sep 01 17:44:39.987580 dv-cinder-749155-10-iscsi devstack@keystone.service[81703]: DEBUG keystone.server.flask.request_processing.middleware.auth_context [None req-0e8facc2-6d5f-4c2f-87ff-69d214c076e4 None admin] Authenticating user token {{(pid=81703) process_request /usr/local/lib/python3.8/dist-packages/keystonemiddleware/auth_token/__init__.py:407}}
Sep 01 17:44:40.059746 dv-cinder-749155-10-iscsi devstack@keystone.service[81703]: DEBUG dbcounter [-] [81703] Writing DB stats keystone:SELECT=100 {{(pid=81703) stat_writer /usr/local/lib/python3.8/dist-packages/dbcounter.py:114}}
Sep 01 17:44:40.094347 dv-cinder-749155-10-iscsi devstack@keystone.service[81703]: DEBUG keystone.server.flask.request_processing.middleware.auth_context [None req-0e8facc2-6d5f-4c2f-87ff-69d214c076e4 None admin] Validating token access rules against request {{(pid=81703) validate_allowed_request /usr/local/lib/python3.8/dist-packages/keystonemiddleware/auth_token/__init__.py:545}}
Sep 01 17:44:40.113010 dv-cinder-749155-10-iscsi devstack@keystone.service[81704]: DEBUG dbcounter [-] [81704] Writing DB stats keystone:SELECT=100 {{(pid=81704) stat_writer /usr/local/lib/python3.8/dist-packages/dbcounter.py:114}}
Sep 01 17:44:40.131281 dv-cinder-749155-10-iscsi devstack@keystone.service[81703]: DEBUG keystone.server.flask.request_processing.middleware.auth_context [None req-d61c8fb3-75f0-4a59-bc54-fc0c4ad2cbbe None admin] RBAC: auth_context: {'token': , 'domain_id': None, 'trust_id': None, 'trustor_id': None, 'trustee_id': None, 'domain_name': None, 'group_ids': [], 'user_id': '1369adf90e6146c298833c5db7ff437b', 'user_domain_id': 'default', 'system_scope': 'all', 'project_id': None, 'project_domain_id': None, 'roles': ['admin', 'member', 'reader'], 'is_admin_project': True, 'service_user_id': None, 'service_user_domain_id': None, 'service_project_id': None, 'service_project_domain_id': None, 'service_roles': []} {{(pid=81703) fill_context /opt/stack/keystone/keystone/server/flask/request_processing/middleware/auth_context.py:478}}
Sep 01 17:44:40.132041 dv-cinder-749155-10-iscsi devstack@keystone.service[81703]: DEBUG keystone.server.flask.request_processing.req_logging [None req-d61c8fb3-75f0-4a59-bc54-fc0c4ad2cbbe None admin] REQUEST_METHOD: `PUT` {{(pid=81703) log_request_info /opt/stack/keystone/keystone/server/flask/request_processing/req_logging.py:27}}
Sep 01 17:44:40.132450 dv-cinder-749155-10-iscsi devstack@keystone.service[81703]: DEBUG keystone.server.flask.request_processing.req_logging [None req-d61c8fb3-75f0-4a59-bc54-fc0c4ad2cbbe None admin] SCRIPT_NAME: `/identity` {{(pid=81703) log_request_info /opt/stack/keystone/keystone/server/flask/request_processing/req_logging.py:28}}
Sep 01 17:44:40.132786 dv-cinder-749155-10-iscsi devstack@keystone.service[81703]: DEBUG keystone.server.flask.request_processing.req_logging [None req-d61c8fb3-75f0-4a59-bc54-fc0c4ad2cbbe None admin] PATH_INFO: `/v3/projects/cc7140fe2ff44d7a9a15836c34f27dfc/users/97937bcb36684704a0e1c9f7952ab7d3/roles/6bc7a311754c40b2bbf21dccc998bc9b` {{(pid=81703) log_request_info /opt/stack/keystone/keystone/server/flask/request_processing/req_logging.py:29}}
Sep 01 17:44:40.133164 dv-cinder-749155-10-iscsi devstack@keystone.service[81704]: DEBUG keystone.server.flask.request_processing.middleware.auth_context [None req-16bfda24-a0cf-47c6-a4c0-d7fbf05d3232 None admin] Validating token access rules against request {{(pid=81704) validate_allowed_request /usr/local/lib/python3.8/dist-packages/keystonemiddleware/auth_token/__init__.py:545}}
Sep 01 17:44:40.134846 dv-cinder-749155-10-iscsi devstack@keystone.service[81703]: DEBUG keystone.common.rbac_enforcer.enforcer [None req-d61c8fb3-75f0-4a59-bc54-fc0c4ad2cbbe None admin] RBAC: Authorizing `identity:create_grant(project_id=cc7140fe2ff44d7a9a15836c34f27dfc, user_id=97937bcb36684704a0e1c9f7952ab7d3, role_id=6bc7a311754c40b2bbf21dccc998bc9b)` {{(pid=81703) enforce_call /opt/stack/keystone/keystone/common/rbac_enforcer/enforcer.py:449}}
Sep 01 17:44:40.136390 dv-cinder-749155-10-iscsi devstack@keystone.service[81703]: DEBUG keystone.common.rbac_enforcer.enforcer [None req-d61c8fb3-75f0-4a59-bc54-fc0c4ad2cbbe None admin] RBAC: Authorization granted {{(pid=81703) enforce_call /opt/stack/keystone/keystone/common/rbac_enforcer/enforcer.py:457}}
Sep 01 17:44:40.174401 dv-cinder-749155-10-iscsi devstack@keystone.service[81704]: DEBUG keystone.server.flask.request_processing.middleware.auth_context [None req-0fcfad0c-6bd3-4d0b-a15c-1bf0d58beffc None admin] RBAC: auth_context: {'token': , 'domain_id': None, 'trust_id': None, 'trustor_id': None, 'trustee_id': None, 'domain_name': None, 'group_ids': [], 'user_id': '1369adf90e6146c298833c5db7ff437b', 'user_domain_id': 'default', 'system_scope': 'all', 'project_id': None, 'project_domain_id': None, 'roles': ['admin', 'member', 'reader'], 'is_admin_project': True, 'service_user_id': None, 'service_user_domain_id': None, 'service_project_id': None, 'service_project_domain_id': None, 'service_roles': []} {{(pid=81704) fill_context /opt/stack/keystone/keystone/server/flask/request_processing/middleware/auth_context.py:478}}
Sep 01 17:44:40.175050 dv-cinder-749155-10-iscsi devstack@keystone.service[81704]: DEBUG keystone.server.flask.request_processing.req_logging [None req-0fcfad0c-6bd3-4d0b-a15c-1bf0d58beffc None admin] REQUEST_METHOD: `GET` {{(pid=81704) log_request_info /opt/stack/keystone/keystone/server/flask/request_processing/req_logging.py:27}}
Sep 01 17:44:40.175417 dv-cinder-749155-10-iscsi devstack@keystone.service[81704]: DEBUG keystone.server.flask.request_processing.req_logging [None req-0fcfad0c-6bd3-4d0b-a15c-1bf0d58beffc None admin] SCRIPT_NAME: `/identity` {{(pid=81704) log_request_info /opt/stack/keystone/keystone/server/flask/request_processing/req_logging.py:28}}
Sep 01 17:44:40.175694 dv-cinder-749155-10-iscsi devstack@keystone.service[81704]: DEBUG keystone.server.flask.request_processing.req_logging [None req-0fcfad0c-6bd3-4d0b-a15c-1bf0d58beffc None admin] PATH_INFO: `/v3/users/0cc71147272a472ba402d53f4b4f0503` {{(pid=81704) log_request_info /opt/stack/keystone/keystone/server/flask/request_processing/req_logging.py:29}}
Sep 01 17:44:40.177834 dv-cinder-749155-10-iscsi devstack@keystone.service[81704]: DEBUG keystone.common.rbac_enforcer.enforcer [None req-0fcfad0c-6bd3-4d0b-a15c-1bf0d58beffc None admin] RBAC: Authorizing `identity:get_user(user_id=0cc71147272a472ba402d53f4b4f0503)` {{(pid=81704) enforce_call /opt/stack/keystone/keystone/common/rbac_enforcer/enforcer.py:449}}
Sep 01 17:44:40.179540 dv-cinder-749155-10-iscsi devstack@keystone.service[81704]: DEBUG keystone.common.rbac_enforcer.enforcer [None req-0fcfad0c-6bd3-4d0b-a15c-1bf0d58beffc None admin] RBAC: Authorization granted {{(pid=81704) enforce_call /opt/stack/keystone/keystone/common/rbac_enforcer/enforcer.py:457}}
Sep 01 17:44:40.181836 dv-cinder-749155-10-iscsi devstack@keystone.service[81704]: [pid: 81704|app: 0|req: 134/260] 10.222.0.15 () {56 vars in 1177 bytes} [Thu Sep 1 17:44:39 2022] GET /identity/v3/users/0cc71147272a472ba402d53f4b4f0503 => generated 283 bytes in 247 msecs (HTTP/1.1 200) 5 headers in 177 bytes (1 switches on core 0)
Sep 01 17:44:40.182777 dv-cinder-749155-10-iscsi devstack@keystone.service[81704]: DEBUG keystone.server.flask.request_processing.middleware.auth_context [None req-0fcfad0c-6bd3-4d0b-a15c-1bf0d58beffc None admin] Authenticating user token {{(pid=81704) process_request /usr/local/lib/python3.8/dist-packages/keystonemiddleware/auth_token/__init__.py:407}}
Sep 01 17:44:40.313321 dv-cinder-749155-10-iscsi devstack@keystone.service[81704]: DEBUG keystone.server.flask.request_processing.middleware.auth_context [None req-0fcfad0c-6bd3-4d0b-a15c-1bf0d58beffc None admin] Validating token access rules against request {{(pid=81704) validate_allowed_request /usr/local/lib/python3.8/dist-packages/keystonemiddleware/auth_token/__init__.py:545}}
Sep 01 17:44:40.351475 dv-cinder-749155-10-iscsi devstack@keystone.service[81704]: DEBUG keystone.server.flask.request_processing.middleware.auth_context [None req-a9fcdba6-aa07-4890-ba61-7497390882d4 None admin] RBAC: auth_context: {'token': , 'domain_id': None, 'trust_id': None, 'trustor_id': None, 'trustee_id': None, 'domain_name': None, 'group_ids': [], 'user_id': '1369adf90e6146c298833c5db7ff437b', 'user_domain_id': 'default', 'system_scope': 'all', 'project_id': None, 'project_domain_id': None, 'roles': ['admin', 'member', 'reader'], 'is_admin_project': True, 'service_user_id': None, 'service_user_domain_id': None, 'service_project_id': None, 'service_project_domain_id': None, 'service_roles': []} {{(pid=81704) fill_context /opt/stack/keystone/keystone/server/flask/request_processing/middleware/auth_context.py:478}}
Sep 01 17:44:40.352367 dv-cinder-749155-10-iscsi devstack@keystone.service[81704]: DEBUG keystone.server.flask.request_processing.req_logging [None req-a9fcdba6-aa07-4890-ba61-7497390882d4 None admin] REQUEST_METHOD: `GET` {{(pid=81704) log_request_info /opt/stack/keystone/keystone/server/flask/request_processing/req_logging.py:27}}
Sep 01 17:44:40.352804 dv-cinder-749155-10-iscsi devstack@keystone.service[81704]: DEBUG keystone.server.flask.request_processing.req_logging [None req-a9fcdba6-aa07-4890-ba61-7497390882d4 None admin] SCRIPT_NAME: `/identity` {{(pid=81704) log_request_info /opt/stack/keystone/keystone/server/flask/request_processing/req_logging.py:28}}
Sep 01 17:44:40.353242 dv-cinder-749155-10-iscsi devstack@keystone.service[81704]: DEBUG keystone.server.flask.request_processing.req_logging [None req-a9fcdba6-aa07-4890-ba61-7497390882d4 None admin] PATH_INFO: `/v3/roles` {{(pid=81704) log_request_info /opt/stack/keystone/keystone/server/flask/request_processing/req_logging.py:29}}
Sep 01 17:44:40.354065 dv-cinder-749155-10-iscsi devstack@keystone.service[81704]: DEBUG keystone.common.rbac_enforcer.enforcer [None req-a9fcdba6-aa07-4890-ba61-7497390882d4 None admin] RBAC: Adding query filter params (name=admin) {{(pid=81704) _extract_filter_values /opt/stack/keystone/keystone/common/rbac_enforcer/enforcer.py:167}}
Sep 01 17:44:40.354526 dv-cinder-749155-10-iscsi devstack@keystone.service[81704]: DEBUG keystone.common.rbac_enforcer.enforcer [None req-a9fcdba6-aa07-4890-ba61-7497390882d4 None admin] RBAC: Authorizing `identity:list_roles()` {{(pid=81704) enforce_call /opt/stack/keystone/keystone/common/rbac_enforcer/enforcer.py:449}}
Sep 01 17:44:40.356248 dv-cinder-749155-10-iscsi devstack@keystone.service[81704]: DEBUG keystone.common.rbac_enforcer.enforcer [None req-a9fcdba6-aa07-4890-ba61-7497390882d4 None admin] RBAC: Authorization granted {{(pid=81704) enforce_call /opt/stack/keystone/keystone/common/rbac_enforcer/enforcer.py:457}}
Sep 01 17:44:40.365212 dv-cinder-749155-10-iscsi devstack@keystone.service[81704]: [pid: 81704|app: 0|req: 135/261] 10.222.0.15 () {56 vars in 1099 bytes} [Thu Sep 1 17:44:40 2022] GET /identity/v3/roles?name=admin => generated 339 bytes in 183 msecs (HTTP/1.1 200) 5 headers in 177 bytes (1 switches on core 0)
Sep 01 17:44:40.366239 dv-cinder-749155-10-iscsi devstack@keystone.service[81704]: DEBUG keystone.server.flask.request_processing.middleware.auth_context [None req-a9fcdba6-aa07-4890-ba61-7497390882d4 None admin] Authenticating user token {{(pid=81704) process_request /usr/local/lib/python3.8/dist-packages/keystonemiddleware/auth_token/__init__.py:407}}
Sep 01 17:44:40.392054 dv-cinder-749155-10-iscsi devstack@keystone.service[81704]: DEBUG dbcounter [-] [81704] Writing DB stats keystone:SELECT=100 {{(pid=81704) stat_writer /usr/local/lib/python3.8/dist-packages/dbcounter.py:114}}
Sep 01 17:44:40.476065 dv-cinder-749155-10-iscsi devstack@keystone.service[81704]: DEBUG keystone.server.flask.request_processing.middleware.auth_context [None req-a9fcdba6-aa07-4890-ba61-7497390882d4 None admin] Validating token access rules against request {{(pid=81704) validate_allowed_request /usr/local/lib/python3.8/dist-packages/keystonemiddleware/auth_token/__init__.py:545}}
Sep 01 17:44:40.510785 dv-cinder-749155-10-iscsi devstack@keystone.service[81703]: [pid: 81703|app: 0|req: 127/262] 10.222.0.15 () {58 vars in 1439 bytes} [Thu Sep 1 17:44:39 2022] PUT /identity/v3/projects/cc7140fe2ff44d7a9a15836c34f27dfc/users/97937bcb36684704a0e1c9f7952ab7d3/roles/6bc7a311754c40b2bbf21dccc998bc9b => generated 0 bytes in 519 msecs (HTTP/1.1 204) 3 headers in 132 bytes (0 switches on core 0)
Sep 01 17:44:40.513438 dv-cinder-749155-10-iscsi devstack@keystone.service[81703]: DEBUG keystone.server.flask.request_processing.middleware.auth_context [None req-d61c8fb3-75f0-4a59-bc54-fc0c4ad2cbbe None admin] Authenticating user token {{(pid=81703) process_request /usr/local/lib/python3.8/dist-packages/keystonemiddleware/auth_token/__init__.py:407}}
Sep 01 17:44:40.553580 dv-cinder-749155-10-iscsi devstack@keystone.service[81704]: DEBUG keystone.server.flask.request_processing.middleware.auth_context [None req-1d3803f4-19a4-4e99-8039-e305fe31b8b3 None admin] RBAC: auth_context: {'token': , 'domain_id': None, 'trust_id': None, 'trustor_id': None, 'trustee_id': None, 'domain_name': None, 'group_ids': [], 'user_id': '1369adf90e6146c298833c5db7ff437b', 'user_domain_id': 'default', 'system_scope': 'all', 'project_id': None, 'project_domain_id': None, 'roles': ['admin', 'member', 'reader'], 'is_admin_project': True, 'service_user_id': None, 'service_user_domain_id': None, 'service_project_id': None, 'service_project_domain_id': None, 'service_roles': []} {{(pid=81704) fill_context /opt/stack/keystone/keystone/server/flask/request_processing/middleware/auth_context.py:478}}
Sep 01 17:44:40.554512 dv-cinder-749155-10-iscsi devstack@keystone.service[81704]: DEBUG keystone.server.flask.request_processing.req_logging [None req-1d3803f4-19a4-4e99-8039-e305fe31b8b3 None admin] REQUEST_METHOD: `GET` {{(pid=81704) log_request_info /opt/stack/keystone/keystone/server/flask/request_processing/req_logging.py:27}}
Sep 01 17:44:40.555001 dv-cinder-749155-10-iscsi devstack@keystone.service[81704]: DEBUG keystone.server.flask.request_processing.req_logging [None req-1d3803f4-19a4-4e99-8039-e305fe31b8b3 None admin] SCRIPT_NAME: `/identity` {{(pid=81704) log_request_info /opt/stack/keystone/keystone/server/flask/request_processing/req_logging.py:28}}
Sep 01 17:44:40.555496 dv-cinder-749155-10-iscsi devstack@keystone.service[81704]: DEBUG keystone.server.flask.request_processing.req_logging [None req-1d3803f4-19a4-4e99-8039-e305fe31b8b3 None admin] PATH_INFO: `/v3/auth/tokens` {{(pid=81704) log_request_info /opt/stack/keystone/keystone/server/flask/request_processing/req_logging.py:29}}
Sep 01 17:44:40.736037 dv-cinder-749155-10-iscsi devstack@keystone.service[81704]: DEBUG keystone.common.rbac_enforcer.enforcer [None req-1d3803f4-19a4-4e99-8039-e305fe31b8b3 None admin] RBAC: Authorizing `identity:validate_token()` {{(pid=81704) enforce_call /opt/stack/keystone/keystone/common/rbac_enforcer/enforcer.py:449}}
Sep 01 17:44:40.738390 dv-cinder-749155-10-iscsi devstack@keystone.service[81704]: DEBUG keystone.common.rbac_enforcer.enforcer [None req-1d3803f4-19a4-4e99-8039-e305fe31b8b3 None admin] RBAC: Authorization granted {{(pid=81704) enforce_call /opt/stack/keystone/keystone/common/rbac_enforcer/enforcer.py:457}}
Sep 01 17:44:40.771025 dv-cinder-749155-10-iscsi devstack@keystone.service[81703]: DEBUG keystone.server.flask.request_processing.middleware.auth_context [None req-d61c8fb3-75f0-4a59-bc54-fc0c4ad2cbbe None admin] Validating token access rules against request {{(pid=81703) validate_allowed_request /usr/local/lib/python3.8/dist-packages/keystonemiddleware/auth_token/__init__.py:545}}
Sep 01 17:44:40.792404 dv-cinder-749155-10-iscsi devstack@keystone.service[81704]: DEBUG dbcounter [-] [81704] Writing DB stats keystone:SELECT=100 {{(pid=81704) stat_writer /usr/local/lib/python3.8/dist-packages/dbcounter.py:114}}
Sep 01 17:44:40.804189 dv-cinder-749155-10-iscsi devstack@keystone.service[81703]: DEBUG dbcounter [-] [81703] Writing DB stats keystone:SELECT=99,keystone:INSERT=1 {{(pid=81703) stat_writer /usr/local/lib/python3.8/dist-packages/dbcounter.py:114}}
Sep 01 17:44:40.826547 dv-cinder-749155-10-iscsi devstack@keystone.service[81703]: DEBUG keystone.server.flask.request_processing.middleware.auth_context [None req-d639b8b8-0c8f-409c-9562-a9e7eb5d8f34 None admin] RBAC: auth_context: {'token': , 'domain_id': None, 'trust_id': None, 'trustor_id': None, 'trustee_id': None, 'domain_name': None, 'group_ids': [], 'user_id': '1369adf90e6146c298833c5db7ff437b', 'user_domain_id': 'default', 'system_scope': 'all', 'project_id': None, 'project_domain_id': None, 'roles': ['admin', 'member', 'reader'], 'is_admin_project': True, 'service_user_id': None, 'service_user_domain_id': None, 'service_project_id': None, 'service_project_domain_id': None, 'service_roles': []} {{(pid=81703) fill_context /opt/stack/keystone/keystone/server/flask/request_processing/middleware/auth_context.py:478}}
Sep 01 17:44:40.827200 dv-cinder-749155-10-iscsi devstack@keystone.service[81703]: DEBUG keystone.server.flask.request_processing.req_logging [None req-d639b8b8-0c8f-409c-9562-a9e7eb5d8f34 None admin] REQUEST_METHOD: `GET` {{(pid=81703) log_request_info /opt/stack/keystone/keystone/server/flask/request_processing/req_logging.py:27}}
Sep 01 17:44:40.827479 dv-cinder-749155-10-iscsi devstack@keystone.service[81703]: DEBUG keystone.server.flask.request_processing.req_logging [None req-d639b8b8-0c8f-409c-9562-a9e7eb5d8f34 None admin] SCRIPT_NAME: `/identity` {{(pid=81703) log_request_info /opt/stack/keystone/keystone/server/flask/request_processing/req_logging.py:28}}
Sep 01 17:44:40.828074 dv-cinder-749155-10-iscsi devstack@keystone.service[81703]: DEBUG keystone.server.flask.request_processing.req_logging [None req-d639b8b8-0c8f-409c-9562-a9e7eb5d8f34 None admin] PATH_INFO: `/v3/users/0cc71147272a472ba402d53f4b4f0503` {{(pid=81703) log_request_info /opt/stack/keystone/keystone/server/flask/request_processing/req_logging.py:29}}
Sep 01 17:44:40.829396 dv-cinder-749155-10-iscsi devstack@keystone.service[81703]: DEBUG keystone.common.rbac_enforcer.enforcer [None req-d639b8b8-0c8f-409c-9562-a9e7eb5d8f34 None admin] RBAC: Authorizing `identity:get_user(user_id=0cc71147272a472ba402d53f4b4f0503)` {{(pid=81703) enforce_call /opt/stack/keystone/keystone/common/rbac_enforcer/enforcer.py:449}}
Sep 01 17:44:40.831313 dv-cinder-749155-10-iscsi devstack@keystone.service[81703]: DEBUG keystone.common.rbac_enforcer.enforcer [None req-d639b8b8-0c8f-409c-9562-a9e7eb5d8f34 None admin] RBAC: Authorization granted {{(pid=81703) enforce_call /opt/stack/keystone/keystone/common/rbac_enforcer/enforcer.py:457}}
Sep 01 17:44:40.834064 dv-cinder-749155-10-iscsi devstack@keystone.service[81703]: [pid: 81703|app: 0|req: 128/263] 10.222.0.15 () {56 vars in 1177 bytes} [Thu Sep 1 17:44:40 2022] GET /identity/v3/users/0cc71147272a472ba402d53f4b4f0503 => generated 283 bytes in 328 msecs (HTTP/1.1 200) 5 headers in 177 bytes (1 switches on core 0)
Sep 01 17:44:40.840557 dv-cinder-749155-10-iscsi devstack@keystone.service[81703]: DEBUG keystone.server.flask.request_processing.middleware.auth_context [None req-d639b8b8-0c8f-409c-9562-a9e7eb5d8f34 None admin] Authenticating user token {{(pid=81703) process_request /usr/local/lib/python3.8/dist-packages/keystonemiddleware/auth_token/__init__.py:407}}
Sep 01 17:44:40.892489 dv-cinder-749155-10-iscsi devstack@keystone.service[81704]: [pid: 81704|app: 0|req: 136/264] 10.222.0.15 () {58 vars in 1282 bytes} [Thu Sep 1 17:44:40 2022] GET /identity/v3/auth/tokens => generated 799 bytes in 527 msecs (HTTP/1.1 200) 6 headers in 358 bytes (1 switches on core 0)
Sep 01 17:44:40.901355 dv-cinder-749155-10-iscsi devstack@keystone.service[81704]: DEBUG keystone.server.flask.request_processing.middleware.auth_context [None req-1d3803f4-19a4-4e99-8039-e305fe31b8b3 None admin] Authenticating user token {{(pid=81704) process_request /usr/local/lib/python3.8/dist-packages/keystonemiddleware/auth_token/__init__.py:407}}
Sep 01 17:44:41.007383 dv-cinder-749155-10-iscsi devstack@keystone.service[81703]: DEBUG keystone.server.flask.request_processing.middleware.auth_context [None req-d639b8b8-0c8f-409c-9562-a9e7eb5d8f34 None admin] Validating token access rules against request {{(pid=81703) validate_allowed_request /usr/local/lib/python3.8/dist-packages/keystonemiddleware/auth_token/__init__.py:545}}
Sep 01 17:44:41.060345 dv-cinder-749155-10-iscsi devstack@keystone.service[81704]: DEBUG keystone.server.flask.request_processing.middleware.auth_context [None req-1d3803f4-19a4-4e99-8039-e305fe31b8b3 None admin] Validating token access rules against request {{(pid=81704) validate_allowed_request /usr/local/lib/python3.8/dist-packages/keystonemiddleware/auth_token/__init__.py:545}}
Sep 01 17:44:41.085735 dv-cinder-749155-10-iscsi devstack@keystone.service[81703]: DEBUG keystone.server.flask.request_processing.middleware.auth_context [None req-1683a6a3-1809-4504-a4ed-fe612f2b2b4d None admin] RBAC: auth_context: {'token': , 'domain_id': None, 'trust_id': None, 'trustor_id': None, 'trustee_id': None, 'domain_name': None, 'group_ids': [], 'user_id': '1369adf90e6146c298833c5db7ff437b', 'user_domain_id': 'default', 'system_scope': 'all', 'project_id': None, 'project_domain_id': None, 'roles': ['admin', 'member', 'reader'], 'is_admin_project': True, 'service_user_id': None, 'service_user_domain_id': None, 'service_project_id': None, 'service_project_domain_id': None, 'service_roles': []} {{(pid=81703) fill_context /opt/stack/keystone/keystone/server/flask/request_processing/middleware/auth_context.py:478}}
Sep 01 17:44:41.086398 dv-cinder-749155-10-iscsi devstack@keystone.service[81703]: DEBUG keystone.server.flask.request_processing.req_logging [None req-1683a6a3-1809-4504-a4ed-fe612f2b2b4d None admin] REQUEST_METHOD: `GET` {{(pid=81703) log_request_info /opt/stack/keystone/keystone/server/flask/request_processing/req_logging.py:27}}
Sep 01 17:44:41.086627 dv-cinder-749155-10-iscsi devstack@keystone.service[81703]: DEBUG keystone.server.flask.request_processing.req_logging [None req-1683a6a3-1809-4504-a4ed-fe612f2b2b4d None admin] SCRIPT_NAME: `/identity` {{(pid=81703) log_request_info /opt/stack/keystone/keystone/server/flask/request_processing/req_logging.py:28}}
Sep 01 17:44:41.086897 dv-cinder-749155-10-iscsi devstack@keystone.service[81703]: DEBUG keystone.server.flask.request_processing.req_logging [None req-1683a6a3-1809-4504-a4ed-fe612f2b2b4d None admin] PATH_INFO: `/v3/auth/tokens` {{(pid=81703) log_request_info /opt/stack/keystone/keystone/server/flask/request_processing/req_logging.py:29}}
Sep 01 17:44:41.107149 dv-cinder-749155-10-iscsi devstack@keystone.service[81704]: DEBUG dbcounter [-] [81704] Writing DB stats keystone:SELECT=100 {{(pid=81704) stat_writer /usr/local/lib/python3.8/dist-packages/dbcounter.py:114}}
Sep 01 17:44:41.144137 dv-cinder-749155-10-iscsi devstack@keystone.service[81704]: DEBUG keystone.server.flask.request_processing.middleware.auth_context [None req-512da440-2ee0-48e4-a83d-3ffda3ee5b80 None admin] RBAC: auth_context: {'token': , 'domain_id': None, 'trust_id': None, 'trustor_id': None, 'trustee_id': None, 'domain_name': None, 'group_ids': [], 'user_id': '1369adf90e6146c298833c5db7ff437b', 'user_domain_id': 'default', 'system_scope': 'all', 'project_id': None, 'project_domain_id': None, 'roles': ['admin', 'member', 'reader'], 'is_admin_project': True, 'service_user_id': None, 'service_user_domain_id': None, 'service_project_id': None, 'service_project_domain_id': None, 'service_roles': []} {{(pid=81704) fill_context /opt/stack/keystone/keystone/server/flask/request_processing/middleware/auth_context.py:478}}
Sep 01 17:44:41.145092 dv-cinder-749155-10-iscsi devstack@keystone.service[81704]: DEBUG keystone.server.flask.request_processing.req_logging [None req-512da440-2ee0-48e4-a83d-3ffda3ee5b80 None admin] REQUEST_METHOD: `GET` {{(pid=81704) log_request_info /opt/stack/keystone/keystone/server/flask/request_processing/req_logging.py:27}}
Sep 01 17:44:41.145356 dv-cinder-749155-10-iscsi devstack@keystone.service[81704]: DEBUG keystone.server.flask.request_processing.req_logging [None req-512da440-2ee0-48e4-a83d-3ffda3ee5b80 None admin] SCRIPT_NAME: `/identity` {{(pid=81704) log_request_info /opt/stack/keystone/keystone/server/flask/request_processing/req_logging.py:28}}
Sep 01 17:44:41.145438 dv-cinder-749155-10-iscsi devstack@keystone.service[81704]: DEBUG keystone.server.flask.request_processing.req_logging [None req-512da440-2ee0-48e4-a83d-3ffda3ee5b80 None admin] PATH_INFO: `/v3/projects/cc7140fe2ff44d7a9a15836c34f27dfc` {{(pid=81704) log_request_info /opt/stack/keystone/keystone/server/flask/request_processing/req_logging.py:29}}
Sep 01 17:44:41.153158 dv-cinder-749155-10-iscsi devstack@keystone.service[81704]: DEBUG keystone.common.rbac_enforcer.enforcer [None req-512da440-2ee0-48e4-a83d-3ffda3ee5b80 None admin] RBAC: Authorizing `identity:get_project(project_id=cc7140fe2ff44d7a9a15836c34f27dfc)` {{(pid=81704) enforce_call /opt/stack/keystone/keystone/common/rbac_enforcer/enforcer.py:449}}
Sep 01 17:44:41.154729 dv-cinder-749155-10-iscsi devstack@keystone.service[81704]: DEBUG keystone.common.rbac_enforcer.enforcer [None req-512da440-2ee0-48e4-a83d-3ffda3ee5b80 None admin] RBAC: Authorization granted {{(pid=81704) enforce_call /opt/stack/keystone/keystone/common/rbac_enforcer/enforcer.py:457}}
Sep 01 17:44:41.158283 dv-cinder-749155-10-iscsi devstack@keystone.service[81704]: [pid: 81704|app: 0|req: 137/265] 10.222.0.15 () {56 vars in 1186 bytes} [Thu Sep 1 17:44:40 2022] GET /identity/v3/projects/cc7140fe2ff44d7a9a15836c34f27dfc => generated 302 bytes in 257 msecs (HTTP/1.1 200) 5 headers in 177 bytes (1 switches on core 0)
Sep 01 17:44:41.171078 dv-cinder-749155-10-iscsi devstack@keystone.service[81704]: DEBUG keystone.server.flask.request_processing.middleware.auth_context [None req-512da440-2ee0-48e4-a83d-3ffda3ee5b80 None admin] Authenticating user token {{(pid=81704) process_request /usr/local/lib/python3.8/dist-packages/keystonemiddleware/auth_token/__init__.py:407}}
Sep 01 17:44:41.192847 dv-cinder-749155-10-iscsi devstack@keystone.service[81703]: DEBUG dbcounter [-] [81703] Writing DB stats keystone:SELECT=100 {{(pid=81703) stat_writer /usr/local/lib/python3.8/dist-packages/dbcounter.py:114}}
Sep 01 17:44:41.224689 dv-cinder-749155-10-iscsi devstack@keystone.service[81703]: DEBUG keystone.common.rbac_enforcer.enforcer [None req-1683a6a3-1809-4504-a4ed-fe612f2b2b4d None admin] RBAC: Authorizing `identity:validate_token()` {{(pid=81703) enforce_call /opt/stack/keystone/keystone/common/rbac_enforcer/enforcer.py:449}}
Sep 01 17:44:41.226156 dv-cinder-749155-10-iscsi devstack@keystone.service[81703]: DEBUG keystone.common.rbac_enforcer.enforcer [None req-1683a6a3-1809-4504-a4ed-fe612f2b2b4d None admin] RBAC: Authorization granted {{(pid=81703) enforce_call /opt/stack/keystone/keystone/common/rbac_enforcer/enforcer.py:457}}
Sep 01 17:44:41.369918 dv-cinder-749155-10-iscsi devstack@keystone.service[81703]: [pid: 81703|app: 0|req: 129/266] 10.222.0.15 () {58 vars in 1282 bytes} [Thu Sep 1 17:44:40 2022] GET /identity/v3/auth/tokens => generated 799 bytes in 530 msecs (HTTP/1.1 200) 6 headers in 358 bytes (1 switches on core 0)
Sep 01 17:44:41.370930 dv-cinder-749155-10-iscsi devstack@keystone.service[81703]: DEBUG keystone.server.flask.request_processing.req_logging [None req-1482836b-54a2-4d6b-b088-9a73f186b205 None None] REQUEST_METHOD: `GET` {{(pid=81703) log_request_info /opt/stack/keystone/keystone/server/flask/request_processing/req_logging.py:27}}
Sep 01 17:44:41.371214 dv-cinder-749155-10-iscsi devstack@keystone.service[81703]: DEBUG keystone.server.flask.request_processing.req_logging [None req-1482836b-54a2-4d6b-b088-9a73f186b205 None None] SCRIPT_NAME: `/identity` {{(pid=81703) log_request_info /opt/stack/keystone/keystone/server/flask/request_processing/req_logging.py:28}}
Sep 01 17:44:41.371486 dv-cinder-749155-10-iscsi devstack@keystone.service[81703]: DEBUG keystone.server.flask.request_processing.req_logging [None req-1482836b-54a2-4d6b-b088-9a73f186b205 None None] PATH_INFO: `/` {{(pid=81703) log_request_info /opt/stack/keystone/keystone/server/flask/request_processing/req_logging.py:29}}
Sep 01 17:44:41.372738 dv-cinder-749155-10-iscsi devstack@keystone.service[81703]: [pid: 81703|app: 0|req: 130/267] 10.222.0.15 () {54 vars in 927 bytes} [Thu Sep 1 17:44:41 2022] GET /identity => generated 270 bytes in 3 msecs (HTTP/1.1 300) 6 headers in 234 bytes (1 switches on core 0)
Sep 01 17:44:41.380782 dv-cinder-749155-10-iscsi devstack@keystone.service[81703]: DEBUG keystone.server.flask.request_processing.req_logging [None req-f94f35df-3c11-453e-8afd-dfe16a034519 None None] REQUEST_METHOD: `POST` {{(pid=81703) log_request_info /opt/stack/keystone/keystone/server/flask/request_processing/req_logging.py:27}}
Sep 01 17:44:41.381058 dv-cinder-749155-10-iscsi devstack@keystone.service[81703]: DEBUG keystone.server.flask.request_processing.req_logging [None req-f94f35df-3c11-453e-8afd-dfe16a034519 None None] SCRIPT_NAME: `/identity` {{(pid=81703) log_request_info /opt/stack/keystone/keystone/server/flask/request_processing/req_logging.py:28}}
Sep 01 17:44:41.381322 dv-cinder-749155-10-iscsi devstack@keystone.service[81703]: DEBUG keystone.server.flask.request_processing.req_logging [None req-f94f35df-3c11-453e-8afd-dfe16a034519 None None] PATH_INFO: `/v3/auth/tokens` {{(pid=81703) log_request_info /opt/stack/keystone/keystone/server/flask/request_processing/req_logging.py:29}}
Sep 01 17:44:41.395714 dv-cinder-749155-10-iscsi devstack@keystone.service[81704]: DEBUG keystone.server.flask.request_processing.middleware.auth_context [None req-512da440-2ee0-48e4-a83d-3ffda3ee5b80 None admin] Validating token access rules against request {{(pid=81704) validate_allowed_request /usr/local/lib/python3.8/dist-packages/keystonemiddleware/auth_token/__init__.py:545}}
Sep 01 17:44:41.419321 dv-cinder-749155-10-iscsi devstack@keystone.service[81703]: DEBUG keystone.auth.core [None req-f94f35df-3c11-453e-8afd-dfe16a034519 None None] MFA Rules not processed for user `1369adf90e6146c298833c5db7ff437b`. Rule list: `[]` (Enabled: `True`). {{(pid=81703) check_auth_methods_against_rules /opt/stack/keystone/keystone/auth/core.py:438}}
Sep 01 17:44:41.420547 dv-cinder-749155-10-iscsi devstack@keystone.service[81703]: DEBUG keystone.common.fernet_utils [None req-f94f35df-3c11-453e-8afd-dfe16a034519 None None] Loaded 2 Fernet keys from /etc/keystone/fernet-keys/, but `[fernet_tokens] max_active_keys = 3`; perhaps there have not been enough key rotations to reach `max_active_keys` yet? {{(pid=81703) load_keys /opt/stack/keystone/keystone/common/fernet_utils.py:286}}
Sep 01 17:44:41.456275 dv-cinder-749155-10-iscsi devstack@keystone.service[81704]: DEBUG keystone.server.flask.request_processing.middleware.auth_context [None req-d0f4a20d-f5c1-4ea0-8d33-12114c0c3bc6 None admin] RBAC: auth_context: {'token': , 'domain_id': None, 'trust_id': None, 'trustor_id': None, 'trustee_id': None, 'domain_name': None, 'group_ids': [], 'user_id': '1369adf90e6146c298833c5db7ff437b', 'user_domain_id': 'default', 'system_scope': 'all', 'project_id': None, 'project_domain_id': None, 'roles': ['admin', 'member', 'reader'], 'is_admin_project': True, 'service_user_id': None, 'service_user_domain_id': None, 'service_project_id': None, 'service_project_domain_id': None, 'service_roles': []} {{(pid=81704) fill_context /opt/stack/keystone/keystone/server/flask/request_processing/middleware/auth_context.py:478}}
Sep 01 17:44:41.456914 dv-cinder-749155-10-iscsi devstack@keystone.service[81704]: DEBUG keystone.server.flask.request_processing.req_logging [None req-d0f4a20d-f5c1-4ea0-8d33-12114c0c3bc6 None admin] REQUEST_METHOD: `GET` {{(pid=81704) log_request_info /opt/stack/keystone/keystone/server/flask/request_processing/req_logging.py:27}}
Sep 01 17:44:41.457215 dv-cinder-749155-10-iscsi devstack@keystone.service[81704]: DEBUG keystone.server.flask.request_processing.req_logging [None req-d0f4a20d-f5c1-4ea0-8d33-12114c0c3bc6 None admin] SCRIPT_NAME: `/identity` {{(pid=81704) log_request_info /opt/stack/keystone/keystone/server/flask/request_processing/req_logging.py:28}}
Sep 01 17:44:41.457509 dv-cinder-749155-10-iscsi devstack@keystone.service[81704]: DEBUG keystone.server.flask.request_processing.req_logging [None req-d0f4a20d-f5c1-4ea0-8d33-12114c0c3bc6 None admin] PATH_INFO: `/v3/role_assignments` {{(pid=81704) log_request_info /opt/stack/keystone/keystone/server/flask/request_processing/req_logging.py:29}}
Sep 01 17:44:41.458240 dv-cinder-749155-10-iscsi devstack@keystone.service[81704]: DEBUG keystone.common.rbac_enforcer.enforcer [None req-d0f4a20d-f5c1-4ea0-8d33-12114c0c3bc6 None admin] RBAC: Adding query filter params (role.id=0293562a90fb4f1ca0fdd75e98e926f7, scope.project.id=cc7140fe2ff44d7a9a15836c34f27dfc, user.id=0cc71147272a472ba402d53f4b4f0503) {{(pid=81704) _extract_filter_values /opt/stack/keystone/keystone/common/rbac_enforcer/enforcer.py:167}}
Sep 01 17:44:41.458593 dv-cinder-749155-10-iscsi devstack@keystone.service[81704]: DEBUG keystone.common.rbac_enforcer.enforcer [None req-d0f4a20d-f5c1-4ea0-8d33-12114c0c3bc6 None admin] RBAC: Authorizing `identity:list_role_assignments()` {{(pid=81704) enforce_call /opt/stack/keystone/keystone/common/rbac_enforcer/enforcer.py:449}}
Sep 01 17:44:41.460018 dv-cinder-749155-10-iscsi devstack@keystone.service[81704]: DEBUG keystone.common.rbac_enforcer.enforcer [None req-d0f4a20d-f5c1-4ea0-8d33-12114c0c3bc6 None admin] RBAC: Authorization granted {{(pid=81704) enforce_call /opt/stack/keystone/keystone/common/rbac_enforcer/enforcer.py:457}}
Sep 01 17:44:41.472340 dv-cinder-749155-10-iscsi devstack@keystone.service[81704]: [pid: 81704|app: 0|req: 138/268] 10.222.0.15 () {56 vars in 1374 bytes} [Thu Sep 1 17:44:41 2022] GET /identity/v3/role_assignments?user.id=0cc71147272a472ba402d53f4b4f0503&scope.project.id=cc7140fe2ff44d7a9a15836c34f27dfc&role.id=0293562a90fb4f1ca0fdd75e98e926f7 => generated 608 bytes in 296 msecs (HTTP/1.1 200) 5 headers in 177 bytes (2 switches on core 0)
Sep 01 17:44:41.472340 dv-cinder-749155-10-iscsi devstack@keystone.service[81704]: DEBUG keystone.server.flask.request_processing.middleware.auth_context [None req-d0f4a20d-f5c1-4ea0-8d33-12114c0c3bc6 None admin] Authenticating user token {{(pid=81704) process_request /usr/local/lib/python3.8/dist-packages/keystonemiddleware/auth_token/__init__.py:407}}
Sep 01 17:44:41.549759 dv-cinder-749155-10-iscsi devstack@keystone.service[81703]: [pid: 81703|app: 0|req: 131/269] 10.222.0.15 () {58 vars in 1024 bytes} [Thu Sep 1 17:44:41 2022] POST /identity/v3/auth/tokens => generated 799 bytes in 169 msecs (HTTP/1.1 201) 6 headers in 363 bytes (1 switches on core 0)
Sep 01 17:44:41.551772 dv-cinder-749155-10-iscsi devstack@keystone.service[81703]: DEBUG keystone.server.flask.request_processing.req_logging [None req-8123843d-6a0f-460e-8a05-7278074d74fe None None] REQUEST_METHOD: `GET` {{(pid=81703) log_request_info /opt/stack/keystone/keystone/server/flask/request_processing/req_logging.py:27}}
Sep 01 17:44:41.552041 dv-cinder-749155-10-iscsi devstack@keystone.service[81703]: DEBUG keystone.server.flask.request_processing.req_logging [None req-8123843d-6a0f-460e-8a05-7278074d74fe None None] SCRIPT_NAME: `/identity` {{(pid=81703) log_request_info /opt/stack/keystone/keystone/server/flask/request_processing/req_logging.py:28}}
Sep 01 17:44:41.552329 dv-cinder-749155-10-iscsi devstack@keystone.service[81703]: DEBUG keystone.server.flask.request_processing.req_logging [None req-8123843d-6a0f-460e-8a05-7278074d74fe None None] PATH_INFO: `/` {{(pid=81703) log_request_info /opt/stack/keystone/keystone/server/flask/request_processing/req_logging.py:29}}
Sep 01 17:44:41.553681 dv-cinder-749155-10-iscsi devstack@keystone.service[81703]: [pid: 81703|app: 0|req: 132/270] 10.222.0.15 () {54 vars in 927 bytes} [Thu Sep 1 17:44:41 2022] GET /identity => generated 270 bytes in 3 msecs (HTTP/1.1 300) 6 headers in 234 bytes (1 switches on core 0)
Sep 01 17:44:41.561794 dv-cinder-749155-10-iscsi devstack@keystone.service[81703]: DEBUG keystone.server.flask.request_processing.req_logging [None req-74497605-1260-40fd-928d-9e21239197a0 None None] REQUEST_METHOD: `POST` {{(pid=81703) log_request_info /opt/stack/keystone/keystone/server/flask/request_processing/req_logging.py:27}}
Sep 01 17:44:41.562395 dv-cinder-749155-10-iscsi devstack@keystone.service[81703]: DEBUG keystone.server.flask.request_processing.req_logging [None req-74497605-1260-40fd-928d-9e21239197a0 None None] SCRIPT_NAME: `/identity` {{(pid=81703) log_request_info /opt/stack/keystone/keystone/server/flask/request_processing/req_logging.py:28}}
Sep 01 17:44:41.562889 dv-cinder-749155-10-iscsi devstack@keystone.service[81703]: DEBUG keystone.server.flask.request_processing.req_logging [None req-74497605-1260-40fd-928d-9e21239197a0 None None] PATH_INFO: `/v3/auth/tokens` {{(pid=81703) log_request_info /opt/stack/keystone/keystone/server/flask/request_processing/req_logging.py:29}}
Sep 01 17:44:41.585115 dv-cinder-749155-10-iscsi devstack@keystone.service[81703]: DEBUG keystone.auth.core [None req-74497605-1260-40fd-928d-9e21239197a0 None None] MFA Rules not processed for user `1369adf90e6146c298833c5db7ff437b`. Rule list: `[]` (Enabled: `True`). {{(pid=81703) check_auth_methods_against_rules /opt/stack/keystone/keystone/auth/core.py:438}}
Sep 01 17:44:41.587025 dv-cinder-749155-10-iscsi devstack@keystone.service[81703]: DEBUG keystone.common.fernet_utils [None req-74497605-1260-40fd-928d-9e21239197a0 None None] Loaded 2 Fernet keys from /etc/keystone/fernet-keys/, but `[fernet_tokens] max_active_keys = 3`; perhaps there have not been enough key rotations to reach `max_active_keys` yet? {{(pid=81703) load_keys /opt/stack/keystone/keystone/common/fernet_utils.py:286}}
Sep 01 17:44:41.587678 dv-cinder-749155-10-iscsi devstack@keystone.service[81704]: DEBUG dbcounter [-] [81704] Writing DB stats keystone:SELECT=100 {{(pid=81704) stat_writer /usr/local/lib/python3.8/dist-packages/dbcounter.py:114}}
Sep 01 17:44:41.590636 dv-cinder-749155-10-iscsi devstack@keystone.service[81703]: DEBUG dbcounter [-] [81703] Writing DB stats keystone:SELECT=100 {{(pid=81703) stat_writer /usr/local/lib/python3.8/dist-packages/dbcounter.py:114}}
Sep 01 17:44:41.686254 dv-cinder-749155-10-iscsi devstack@keystone.service[81704]: DEBUG keystone.server.flask.request_processing.middleware.auth_context [None req-d0f4a20d-f5c1-4ea0-8d33-12114c0c3bc6 None admin] Validating token access rules against request {{(pid=81704) validate_allowed_request /usr/local/lib/python3.8/dist-packages/keystonemiddleware/auth_token/__init__.py:545}}
Sep 01 17:44:41.702442 dv-cinder-749155-10-iscsi devstack@keystone.service[81703]: [pid: 81703|app: 0|req: 133/271] 10.222.0.15 () {58 vars in 1024 bytes} [Thu Sep 1 17:44:41 2022] POST /identity/v3/auth/tokens => generated 799 bytes in 141 msecs (HTTP/1.1 201) 6 headers in 363 bytes (1 switches on core 0)
Sep 01 17:44:41.735744 dv-cinder-749155-10-iscsi devstack@keystone.service[81704]: DEBUG keystone.server.flask.request_processing.middleware.auth_context [None req-f9b64385-3d83-422e-bfb7-ad13c207d1df None admin] RBAC: auth_context: {'token': , 'domain_id': None, 'trust_id': None, 'trustor_id': None, 'trustee_id': None, 'domain_name': None, 'group_ids': [], 'user_id': '1369adf90e6146c298833c5db7ff437b', 'user_domain_id': 'default', 'system_scope': 'all', 'project_id': None, 'project_domain_id': None, 'roles': ['admin', 'member', 'reader'], 'is_admin_project': True, 'service_user_id': None, 'service_user_domain_id': None, 'service_project_id': None, 'service_project_domain_id': None, 'service_roles': []} {{(pid=81704) fill_context /opt/stack/keystone/keystone/server/flask/request_processing/middleware/auth_context.py:478}}
Sep 01 17:44:41.736787 dv-cinder-749155-10-iscsi devstack@keystone.service[81704]: DEBUG keystone.server.flask.request_processing.req_logging [None req-f9b64385-3d83-422e-bfb7-ad13c207d1df None admin] REQUEST_METHOD: `GET` {{(pid=81704) log_request_info /opt/stack/keystone/keystone/server/flask/request_processing/req_logging.py:27}}
Sep 01 17:44:41.737752 dv-cinder-749155-10-iscsi devstack@keystone.service[81704]: DEBUG keystone.server.flask.request_processing.req_logging [None req-f9b64385-3d83-422e-bfb7-ad13c207d1df None admin] SCRIPT_NAME: `/identity` {{(pid=81704) log_request_info /opt/stack/keystone/keystone/server/flask/request_processing/req_logging.py:28}}
Sep 01 17:44:41.738216 dv-cinder-749155-10-iscsi devstack@keystone.service[81704]: DEBUG keystone.server.flask.request_processing.req_logging [None req-f9b64385-3d83-422e-bfb7-ad13c207d1df None admin] PATH_INFO: `/v3/projects/cc7140fe2ff44d7a9a15836c34f27dfc` {{(pid=81704) log_request_info /opt/stack/keystone/keystone/server/flask/request_processing/req_logging.py:29}}
Sep 01 17:44:41.740328 dv-cinder-749155-10-iscsi devstack@keystone.service[81704]: DEBUG keystone.common.rbac_enforcer.enforcer [None req-f9b64385-3d83-422e-bfb7-ad13c207d1df None admin] RBAC: Authorizing `identity:get_project(project_id=cc7140fe2ff44d7a9a15836c34f27dfc)` {{(pid=81704) enforce_call /opt/stack/keystone/keystone/common/rbac_enforcer/enforcer.py:449}}
Sep 01 17:44:41.742166 dv-cinder-749155-10-iscsi devstack@keystone.service[81704]: DEBUG keystone.common.rbac_enforcer.enforcer [None req-f9b64385-3d83-422e-bfb7-ad13c207d1df None admin] RBAC: Authorization granted {{(pid=81704) enforce_call /opt/stack/keystone/keystone/common/rbac_enforcer/enforcer.py:457}}
Sep 01 17:44:41.746870 dv-cinder-749155-10-iscsi devstack@keystone.service[81704]: [pid: 81704|app: 0|req: 139/272] 10.222.0.15 () {56 vars in 1186 bytes} [Thu Sep 1 17:44:41 2022] GET /identity/v3/projects/cc7140fe2ff44d7a9a15836c34f27dfc => generated 302 bytes in 277 msecs (HTTP/1.1 200) 5 headers in 177 bytes (1 switches on core 0)
Sep 01 17:44:41.750075 dv-cinder-749155-10-iscsi devstack@keystone.service[81703]: DEBUG keystone.server.flask.request_processing.middleware.auth_context [None req-74497605-1260-40fd-928d-9e21239197a0 None None] Authenticating user token {{(pid=81703) process_request /usr/local/lib/python3.8/dist-packages/keystonemiddleware/auth_token/__init__.py:407}}
