Jul 04 04:11:12.032370 dv-cinder-742162-5-smb devstack@c-api.service[110963]: WARNING castellan.key_manager [None req-e8f90efe-dcf6-44db-ac23-1749088fbd36 tempest-GroupsV314Test-1449268264 tempest-GroupsV314Test-1449268264-project] Deprecation Warning : cinder.keymgr.conf_key_mgr.ConfKeyManager is not a stevedore based driver, trying to load it as a class: stevedore.exception.NoMatches: No 'castellan.drivers' driver found, looking for 'cinder.keymgr.conf_key_mgr.ConfKeyManager'
Jul 04 04:11:12.056603 dv-cinder-742162-5-smb devstack@c-api.service[110963]: DEBUG oslo_db.sqlalchemy.engines [None req-e8f90efe-dcf6-44db-ac23-1749088fbd36 tempest-GroupsV314Test-1449268264 tempest-GroupsV314Test-1449268264-project] MySQL server mode set to STRICT_TRANS_TABLES,STRICT_ALL_TABLES,NO_ZERO_IN_DATE,NO_ZERO_DATE,ERROR_FOR_DIVISION_BY_ZERO,TRADITIONAL,NO_ENGINE_SUBSTITUTION {{(pid=110963) _check_effective_sql_mode /usr/local/lib/python3.8/dist-packages/oslo_db/sqlalchemy/engines.py:314}}
Jul 04 04:11:12.075285 dv-cinder-742162-5-smb devstack@c-api.service[110963]: /usr/local/lib/python3.8/dist-packages/oslo_context/context.py:100: DeprecationWarning: Policy enforcement is depending on the value of is_admin. This key is deprecated. Please update your policy file to use the standard policy values.
Jul 04 04:11:12.075285 dv-cinder-742162-5-smb devstack@c-api.service[110963]: warnings.warn('Policy enforcement is depending on the value of '
Jul 04 04:11:12.124198 dv-cinder-742162-5-smb devstack@c-api.service[110963]: INFO cinder.api.openstack.wsgi [None req-e8f90efe-dcf6-44db-ac23-1749088fbd36 tempest-GroupsV314Test-1449268264 tempest-GroupsV314Test-1449268264-project] http://10.222.0.49/volume/v3/f6171063f02e4b339c62b0e1731c322f/volumes/eba1250c-57b5-4ca2-a63b-1f3b8199dd12 returned with HTTP 200
Jul 04 04:11:12.132068 dv-cinder-742162-5-smb devstack@c-api.service[110963]: [pid: 110963|app: 0|req: 19/37] 10.222.0.49 () {60 vars in 1365 bytes} [Mon Jul 4 04:11:11 2022] GET /volume/v3/f6171063f02e4b339c62b0e1731c322f/volumes/eba1250c-57b5-4ca2-a63b-1f3b8199dd12 => generated 992 bytes in 193 msecs (HTTP/1.1 200) 7 headers in 286 bytes (1 switches on core 0)
Jul 04 04:11:12.136855 dv-cinder-742162-5-smb devstack@c-api.service[110962]: DEBUG cinder.api.middleware.request_id [None req-c9041d80-aae4-4ebe-bfda-857a02eda3d3 None None] RequestId filter calling following filter/app {{(pid=110962) _context_setter /opt/stack/cinder/cinder/api/middleware/request_id.py:62}}
Jul 04 04:11:12.142483 dv-cinder-742162-5-smb devstack@c-api.service[110962]: INFO cinder.api.openstack.wsgi [None req-c9041d80-aae4-4ebe-bfda-857a02eda3d3 tempest-GroupsV314Test-1449268264 tempest-GroupsV314Test-1449268264-project] POST http://10.222.0.49/volume/v3/f6171063f02e4b339c62b0e1731c322f/groups/action
Jul 04 04:11:12.143650 dv-cinder-742162-5-smb devstack@c-api.service[110962]: DEBUG cinder.api.openstack.wsgi [None req-c9041d80-aae4-4ebe-bfda-857a02eda3d3 tempest-GroupsV314Test-1449268264 tempest-GroupsV314Test-1449268264-project] Action body: b'{"create-from-src": {"source_group_id": "70e271f1-4943-4851-ada5-e67097696be8", "name": "tempest-Group_from_grp-690224763"}}' {{(pid=110962) get_method /opt/stack/cinder/cinder/api/openstack/wsgi.py:983}}
Jul 04 04:11:12.144205 dv-cinder-742162-5-smb devstack@c-api.service[110962]: DEBUG cinder.api.openstack.wsgi [None req-c9041d80-aae4-4ebe-bfda-857a02eda3d3 tempest-GroupsV314Test-1449268264 tempest-GroupsV314Test-1449268264-project] Action: 'action', calling method: version_select, body: {"create-from-src": {"source_group_id": "70e271f1-4943-4851-ada5-e67097696be8", "name": "tempest-Group_from_grp-690224763"}} {{(pid=110962) _process_stack /opt/stack/cinder/cinder/api/openstack/wsgi.py:866}}
Jul 04 04:11:12.145359 dv-cinder-742162-5-smb devstack@c-api.service[110962]: DEBUG cinder.api.v3.groups [None req-c9041d80-aae4-4ebe-bfda-857a02eda3d3 tempest-GroupsV314Test-1449268264 tempest-GroupsV314Test-1449268264-project] Creating new group {'create-from-src': {'source_group_id': '70e271f1-4943-4851-ada5-e67097696be8', 'name': 'tempest-Group_from_grp-690224763'}}. {{(pid=110962) create_from_src /opt/stack/cinder/cinder/api/v3/groups.py:236}}
Jul 04 04:11:12.145843 dv-cinder-742162-5-smb devstack@c-api.service[110962]: INFO cinder.api.v3.groups [None req-c9041d80-aae4-4ebe-bfda-857a02eda3d3 tempest-GroupsV314Test-1449268264 tempest-GroupsV314Test-1449268264-project] Creating group tempest-Group_from_grp-690224763 from source group 70e271f1-4943-4851-ada5-e67097696be8.
Jul 04 04:11:12.154231 dv-cinder-742162-5-smb devstack@c-api.service[110963]: DEBUG cinder.api.middleware.request_id [None req-305bedbd-c43d-4f97-b160-3ee6ada861b2 None None] RequestId filter calling following filter/app {{(pid=110963) _context_setter /opt/stack/cinder/cinder/api/middleware/request_id.py:62}}
Jul 04 04:11:12.172729 dv-cinder-742162-5-smb devstack@c-api.service[110962]: /usr/local/lib/python3.8/dist-packages/oslo_context/context.py:100: DeprecationWarning: Policy enforcement is depending on the value of is_admin. This key is deprecated. Please update your policy file to use the standard policy values.
Jul 04 04:11:12.172729 dv-cinder-742162-5-smb devstack@c-api.service[110962]: warnings.warn('Policy enforcement is depending on the value of '
Jul 04 04:11:12.220983 dv-cinder-742162-5-smb devstack@c-api.service[110962]: /usr/local/lib/python3.8/dist-packages/oslo_context/context.py:100: DeprecationWarning: Policy enforcement is depending on the value of is_admin. This key is deprecated. Please update your policy file to use the standard policy values.
Jul 04 04:11:12.220983 dv-cinder-742162-5-smb devstack@c-api.service[110962]: warnings.warn('Policy enforcement is depending on the value of '
Jul 04 04:11:12.474059 dv-cinder-742162-5-smb devstack@c-api.service[110962]: DEBUG cinder.quota [None req-c9041d80-aae4-4ebe-bfda-857a02eda3d3 tempest-GroupsV314Test-1449268264 tempest-GroupsV314Test-1449268264-project] Created reservations ['0bdd2c90-926f-4a3d-98c2-2c6fce7bab32'] {{(pid=110962) reserve /opt/stack/cinder/cinder/quota.py:755}}
Jul 04 04:11:12.567464 dv-cinder-742162-5-smb devstack@c-api.service[110963]: INFO cinder.api.openstack.wsgi [None req-305bedbd-c43d-4f97-b160-3ee6ada861b2 tempest-GroupTypesTest-44411785 tempest-GroupTypesTest-44411785-project-admin] POST http://10.222.0.49/volume/v3/4ae1cc953fca472c881e453eed17c47a/group_types
Jul 04 04:11:12.574361 dv-cinder-742162-5-smb devstack@c-api.service[110963]: DEBUG cinder.api.openstack.wsgi [None req-305bedbd-c43d-4f97-b160-3ee6ada861b2 tempest-GroupTypesTest-44411785 tempest-GroupTypesTest-44411785-project-admin] Action: 'create', calling method: version_select, body: {"group_type": {"name": "tempest-GroupTypesTest-group-type-2138013617", "description": "tempest-group-type-description-593522905", "group_specs": {"consistent_group_snapshot_enabled": " False"}, "is_public": true}} {{(pid=110963) _process_stack /opt/stack/cinder/cinder/api/openstack/wsgi.py:866}}
Jul 04 04:11:12.761726 dv-cinder-742162-5-smb devstack@c-api.service[110963]: INFO cinder.api.openstack.wsgi [None req-305bedbd-c43d-4f97-b160-3ee6ada861b2 tempest-GroupTypesTest-44411785 tempest-GroupTypesTest-44411785-project-admin] http://10.222.0.49/volume/v3/4ae1cc953fca472c881e453eed17c47a/group_types returned with HTTP 202
Jul 04 04:11:12.766094 dv-cinder-742162-5-smb devstack@c-api.service[110963]: [pid: 110963|app: 0|req: 20/38] 10.222.0.49 () {62 vars in 1288 bytes} [Mon Jul 4 04:11:12 2022] POST /volume/v3/4ae1cc953fca472c881e453eed17c47a/group_types => generated 264 bytes in 613 msecs (HTTP/1.1 202) 7 headers in 292 bytes (1 switches on core 0)
Jul 04 04:11:12.767727 dv-cinder-742162-5-smb devstack@c-api.service[110963]: DEBUG cinder.api.middleware.request_id [req-6a8e536c-711c-4ad4-95ee-fd8668f19d54 req-e01c3aad-327d-4b0c-850e-e889288c8558 None None] RequestId filter calling following filter/app {{(pid=110963) _context_setter /opt/stack/cinder/cinder/api/middleware/request_id.py:62}}
Jul 04 04:11:12.775240 dv-cinder-742162-5-smb devstack@c-api.service[110963]: INFO cinder.api.openstack.wsgi [req-6a8e536c-711c-4ad4-95ee-fd8668f19d54 req-e01c3aad-327d-4b0c-850e-e889288c8558 tempest-VolumesSnapshotsTestJSON-183650301 tempest-VolumesSnapshotsTestJSON-183650301-project] GET http://10.222.0.49/volume/v3/90a6497a6f1040fe907164c42f161c1b/snapshots/73851205-2e04-4a56-b044-dd2c094696ce
Jul 04 04:11:12.777646 dv-cinder-742162-5-smb devstack@c-api.service[110963]: DEBUG cinder.api.openstack.wsgi [req-6a8e536c-711c-4ad4-95ee-fd8668f19d54 req-e01c3aad-327d-4b0c-850e-e889288c8558 tempest-VolumesSnapshotsTestJSON-183650301 tempest-VolumesSnapshotsTestJSON-183650301-project] Empty body provided in request {{(pid=110963) get_body /opt/stack/cinder/cinder/api/openstack/wsgi.py:715}}
Jul 04 04:11:12.780005 dv-cinder-742162-5-smb devstack@c-api.service[110963]: DEBUG cinder.api.openstack.wsgi [req-6a8e536c-711c-4ad4-95ee-fd8668f19d54 req-e01c3aad-327d-4b0c-850e-e889288c8558 tempest-VolumesSnapshotsTestJSON-183650301 tempest-VolumesSnapshotsTestJSON-183650301-project] Calling method 'show' {{(pid=110963) _process_stack /opt/stack/cinder/cinder/api/openstack/wsgi.py:868}}
Jul 04 04:11:12.781722 dv-cinder-742162-5-smb devstack@c-api.service[110962]: INFO cinder.group.api [None req-c9041d80-aae4-4ebe-bfda-857a02eda3d3 tempest-GroupsV314Test-1449268264 tempest-GroupsV314Test-1449268264-project] A mapping entry already exists for group 99dde998-d8d5-4f7e-b31e-ca8404b3fa55 and volume type 55b30181-4fab-48d6-a3aa-a91c98fe86c0. Do not need to create again.
Jul 04 04:11:12.787802 dv-cinder-742162-5-smb devstack@c-api.service[110962]: /usr/local/lib/python3.8/dist-packages/oslo_context/context.py:100: DeprecationWarning: Policy enforcement is depending on the value of is_admin. This key is deprecated. Please update your policy file to use the standard policy values.
Jul 04 04:11:12.787802 dv-cinder-742162-5-smb devstack@c-api.service[110962]: warnings.warn('Policy enforcement is depending on the value of '
Jul 04 04:11:12.794006 dv-cinder-742162-5-smb devstack@c-api.service[110962]: INFO cinder.volume.api [None req-c9041d80-aae4-4ebe-bfda-857a02eda3d3 tempest-GroupsV314Test-1449268264 tempest-GroupsV314Test-1449268264-project] Availability Zones retrieved successfully.
Jul 04 04:11:12.820892 dv-cinder-742162-5-smb devstack@c-api.service[110963]: INFO cinder.api.openstack.wsgi [req-6a8e536c-711c-4ad4-95ee-fd8668f19d54 req-e01c3aad-327d-4b0c-850e-e889288c8558 tempest-VolumesSnapshotsTestJSON-183650301 tempest-VolumesSnapshotsTestJSON-183650301-project] http://10.222.0.49/volume/v3/90a6497a6f1040fe907164c42f161c1b/snapshots/73851205-2e04-4a56-b044-dd2c094696ce returned with HTTP 404
Jul 04 04:11:12.822142 dv-cinder-742162-5-smb devstack@c-api.service[110963]: [pid: 110963|app: 0|req: 21/39] 10.222.0.49 () {60 vars in 1584 bytes} [Mon Jul 4 04:11:12 2022] GET /volume/v3/90a6497a6f1040fe907164c42f161c1b/snapshots/73851205-2e04-4a56-b044-dd2c094696ce => generated 111 bytes in 55 msecs (HTTP/1.1 404) 7 headers in 292 bytes (1 switches on core 0)
Jul 04 04:11:12.827668 dv-cinder-742162-5-smb devstack@c-api.service[110963]: DEBUG cinder.api.middleware.request_id [None req-8fac81e5-4868-4414-ac18-909c1f769a60 None None] RequestId filter calling following filter/app {{(pid=110963) _context_setter /opt/stack/cinder/cinder/api/middleware/request_id.py:62}}
Jul 04 04:11:12.844803 dv-cinder-742162-5-smb devstack@c-api.service[110963]: INFO cinder.api.openstack.wsgi [None req-8fac81e5-4868-4414-ac18-909c1f769a60 tempest-GroupTypesTest-44411785 tempest-GroupTypesTest-44411785-project-admin] GET http://10.222.0.49/volume/v3/4ae1cc953fca472c881e453eed17c47a/group_types
Jul 04 04:11:12.845314 dv-cinder-742162-5-smb devstack@c-api.service[110963]: DEBUG cinder.api.openstack.wsgi [None req-8fac81e5-4868-4414-ac18-909c1f769a60 tempest-GroupTypesTest-44411785 tempest-GroupTypesTest-44411785-project-admin] Empty body provided in request {{(pid=110963) get_body /opt/stack/cinder/cinder/api/openstack/wsgi.py:715}}
Jul 04 04:11:12.845769 dv-cinder-742162-5-smb devstack@c-api.service[110963]: DEBUG cinder.api.openstack.wsgi [None req-8fac81e5-4868-4414-ac18-909c1f769a60 tempest-GroupTypesTest-44411785 tempest-GroupTypesTest-44411785-project-admin] Calling method 'version_select' {{(pid=110963) _process_stack /opt/stack/cinder/cinder/api/openstack/wsgi.py:868}}
Jul 04 04:11:12.873901 dv-cinder-742162-5-smb devstack@c-api.service[110962]: DEBUG cinder.volume.api [None req-c9041d80-aae4-4ebe-bfda-857a02eda3d3 tempest-GroupsV314Test-1449268264 tempest-GroupsV314Test-1449268264-project] Flow 'volume_create_api' (409c7687-69d4-4b08-ada1-39f384c5e151) transitioned into state 'RUNNING' from state 'PENDING' {{(pid=110962) _flow_receiver /usr/local/lib/python3.8/dist-packages/taskflow/listeners/logging.py:141}}
Jul 04 04:11:12.876350 dv-cinder-742162-5-smb devstack@c-api.service[110962]: DEBUG cinder.volume.api [None req-c9041d80-aae4-4ebe-bfda-857a02eda3d3 tempest-GroupsV314Test-1449268264 tempest-GroupsV314Test-1449268264-project] Task 'cinder.volume.flows.api.create_volume.ExtractVolumeRequestTask;volume:create' (2476b6e0-536c-44f4-b1a1-8d08ac22daa7) transitioned into state 'RUNNING' from state 'PENDING' {{(pid=110962) _task_receiver /usr/local/lib/python3.8/dist-packages/taskflow/listeners/logging.py:190}}
Jul 04 04:11:12.900415 dv-cinder-742162-5-smb devstack@c-api.service[110962]: DEBUG cinder.volume.flows.api.create_volume [None req-c9041d80-aae4-4ebe-bfda-857a02eda3d3 tempest-GroupsV314Test-1449268264 tempest-GroupsV314Test-1449268264-project] Validating volume size '1' using validate_int, validate_source_size {{(pid=110962) _extract_size /opt/stack/cinder/cinder/volume/flows/api/create_volume.py:228}}
Jul 04 04:11:12.908969 dv-cinder-742162-5-smb devstack@c-api.service[110963]: INFO cinder.api.openstack.wsgi [None req-8fac81e5-4868-4414-ac18-909c1f769a60 tempest-GroupTypesTest-44411785 tempest-GroupTypesTest-44411785-project-admin] http://10.222.0.49/volume/v3/4ae1cc953fca472c881e453eed17c47a/group_types returned with HTTP 200
Jul 04 04:11:12.909727 dv-cinder-742162-5-smb devstack@c-api.service[110963]: [pid: 110963|app: 0|req: 22/40] 10.222.0.49 () {60 vars in 1266 bytes} [Mon Jul 4 04:11:12 2022] GET /volume/v3/4ae1cc953fca472c881e453eed17c47a/group_types => generated 661 bytes in 85 msecs (HTTP/1.1 200) 7 headers in 286 bytes (1 switches on core 0)
Jul 04 04:11:12.916114 dv-cinder-742162-5-smb devstack@c-api.service[110963]: DEBUG cinder.api.middleware.request_id [req-e37e92d2-2481-4901-88cc-aaf30006b150 req-b9f6336e-9fb1-4909-b413-7833aa4ff6bc None None] RequestId filter calling following filter/app {{(pid=110963) _context_setter /opt/stack/cinder/cinder/api/middleware/request_id.py:62}}
Jul 04 04:11:12.927996 dv-cinder-742162-5-smb devstack@c-api.service[110963]: INFO cinder.api.openstack.wsgi [req-e37e92d2-2481-4901-88cc-aaf30006b150 req-b9f6336e-9fb1-4909-b413-7833aa4ff6bc tempest-VolumesSnapshotsTestJSON-183650301 tempest-VolumesSnapshotsTestJSON-183650301-project] DELETE http://10.222.0.49/volume/v3/90a6497a6f1040fe907164c42f161c1b/volumes/8ee6d43a-e291-4b88-abe4-3a34fb573e4c
Jul 04 04:11:12.928404 dv-cinder-742162-5-smb devstack@c-api.service[110963]: DEBUG cinder.api.openstack.wsgi [req-e37e92d2-2481-4901-88cc-aaf30006b150 req-b9f6336e-9fb1-4909-b413-7833aa4ff6bc tempest-VolumesSnapshotsTestJSON-183650301 tempest-VolumesSnapshotsTestJSON-183650301-project] Empty body provided in request {{(pid=110963) get_body /opt/stack/cinder/cinder/api/openstack/wsgi.py:715}}
Jul 04 04:11:12.928862 dv-cinder-742162-5-smb devstack@c-api.service[110963]: DEBUG cinder.api.openstack.wsgi [req-e37e92d2-2481-4901-88cc-aaf30006b150 req-b9f6336e-9fb1-4909-b413-7833aa4ff6bc tempest-VolumesSnapshotsTestJSON-183650301 tempest-VolumesSnapshotsTestJSON-183650301-project] Calling method 'delete' {{(pid=110963) _process_stack /opt/stack/cinder/cinder/api/openstack/wsgi.py:868}}
Jul 04 04:11:12.929264 dv-cinder-742162-5-smb devstack@c-api.service[110963]: INFO cinder.api.v3.volumes [req-e37e92d2-2481-4901-88cc-aaf30006b150 req-b9f6336e-9fb1-4909-b413-7833aa4ff6bc tempest-VolumesSnapshotsTestJSON-183650301 tempest-VolumesSnapshotsTestJSON-183650301-project] Delete volume with id: 8ee6d43a-e291-4b88-abe4-3a34fb573e4c
Jul 04 04:11:12.964079 dv-cinder-742162-5-smb devstack@c-api.service[110963]: /usr/local/lib/python3.8/dist-packages/oslo_context/context.py:100: DeprecationWarning: Policy enforcement is depending on the value of is_admin. This key is deprecated. Please update your policy file to use the standard policy values.
Jul 04 04:11:12.964079 dv-cinder-742162-5-smb devstack@c-api.service[110963]: warnings.warn('Policy enforcement is depending on the value of '
Jul 04 04:11:12.972405 dv-cinder-742162-5-smb devstack@c-api.service[110963]: INFO cinder.volume.api [req-e37e92d2-2481-4901-88cc-aaf30006b150 req-b9f6336e-9fb1-4909-b413-7833aa4ff6bc tempest-VolumesSnapshotsTestJSON-183650301 tempest-VolumesSnapshotsTestJSON-183650301-project] Volume info retrieved successfully.
Jul 04 04:11:13.003752 dv-cinder-742162-5-smb devstack@c-api.service[110962]: DEBUG cinder.volume.api [None req-c9041d80-aae4-4ebe-bfda-857a02eda3d3 tempest-GroupsV314Test-1449268264 tempest-GroupsV314Test-1449268264-project] Task 'cinder.volume.flows.api.create_volume.ExtractVolumeRequestTask;volume:create' (2476b6e0-536c-44f4-b1a1-8d08ac22daa7) transitioned into state 'SUCCESS' from state 'RUNNING' with result '{'size': 1, 'snapshot_id': None, 'source_volid': 'eba1250c-57b5-4ca2-a63b-1f3b8199dd12', 'volume_type': VolumeType(created_at=2022-07-04T04:11:07Z,deleted=False,deleted_at=None,description=None,extra_specs={},id=55b30181-4fab-48d6-a3aa-a91c98fe86c0,is_public=True,name='tempest-GroupsV314Test-volume-type-1420752391',projects=[],qos_specs=,qos_specs_id=None,updated_at=None), 'volume_type_id': '55b30181-4fab-48d6-a3aa-a91c98fe86c0', 'encryption_key_id': None, 'qos_specs': None, 'consistencygroup_id': None, 'cgsnapshot_id': None, 'group_id': '99dde998-d8d5-4f7e-b31e-ca8404b3fa55', 'replication_status': 'disabled', 'refresh_az': False, 'backup_id': None, 'multiattach': False, 'availability_zones': ['nova']}' {{(pid=110962) _task_receiver /usr/local/lib/python3.8/dist-packages/taskflow/listeners/logging.py:178}}
Jul 04 04:11:13.005807 dv-cinder-742162-5-smb devstack@c-api.service[110962]: DEBUG cinder.volume.api [None req-c9041d80-aae4-4ebe-bfda-857a02eda3d3 tempest-GroupsV314Test-1449268264 tempest-GroupsV314Test-1449268264-project] Task 'cinder.volume.flows.api.create_volume.QuotaReserveTask;volume:create' (e41880bb-8115-479f-bfcc-5163cbc34e78) transitioned into state 'RUNNING' from state 'PENDING' {{(pid=110962) _task_receiver /usr/local/lib/python3.8/dist-packages/taskflow/listeners/logging.py:190}}
Jul 04 04:11:13.039237 dv-cinder-742162-5-smb devstack@c-api.service[110963]: INFO cinder.volume.api [req-e37e92d2-2481-4901-88cc-aaf30006b150 req-b9f6336e-9fb1-4909-b413-7833aa4ff6bc tempest-VolumesSnapshotsTestJSON-183650301 tempest-VolumesSnapshotsTestJSON-183650301-project] Delete volume request issued successfully.
Jul 04 04:11:13.039953 dv-cinder-742162-5-smb devstack@c-api.service[110963]: INFO cinder.api.openstack.wsgi [req-e37e92d2-2481-4901-88cc-aaf30006b150 req-b9f6336e-9fb1-4909-b413-7833aa4ff6bc tempest-VolumesSnapshotsTestJSON-183650301 tempest-VolumesSnapshotsTestJSON-183650301-project] http://10.222.0.49/volume/v3/90a6497a6f1040fe907164c42f161c1b/volumes/8ee6d43a-e291-4b88-abe4-3a34fb573e4c returned with HTTP 202
Jul 04 04:11:13.041803 dv-cinder-742162-5-smb devstack@c-api.service[110963]: [pid: 110963|app: 0|req: 23/41] 10.222.0.49 () {62 vars in 1600 bytes} [Mon Jul 4 04:11:12 2022] DELETE /volume/v3/90a6497a6f1040fe907164c42f161c1b/volumes/8ee6d43a-e291-4b88-abe4-3a34fb573e4c => generated 0 bytes in 131 msecs (HTTP/1.1 202) 6 headers in 233 bytes (1 switches on core 0)
Jul 04 04:11:13.043617 dv-cinder-742162-5-smb devstack@c-api.service[110963]: DEBUG cinder.api.middleware.request_id [None req-38d77e15-77c0-4ab9-a289-376e3209ca73 None None] RequestId filter calling following filter/app {{(pid=110963) _context_setter /opt/stack/cinder/cinder/api/middleware/request_id.py:62}}
Jul 04 04:11:13.062968 dv-cinder-742162-5-smb devstack@c-api.service[110963]: INFO cinder.api.openstack.wsgi [None req-38d77e15-77c0-4ab9-a289-376e3209ca73 tempest-GroupTypesTest-44411785 tempest-GroupTypesTest-44411785-project-admin] PUT http://10.222.0.49/volume/v3/4ae1cc953fca472c881e453eed17c47a/group_types/79d3c823-cc46-4520-83ea-f2cfea647934
Jul 04 04:11:13.064071 dv-cinder-742162-5-smb devstack@c-api.service[110963]: DEBUG cinder.api.openstack.wsgi [None req-38d77e15-77c0-4ab9-a289-376e3209ca73 tempest-GroupTypesTest-44411785 tempest-GroupTypesTest-44411785-project-admin] Action: 'update', calling method: version_select, body: {"group_type": {"name": "tempest-GroupTypesTest-updated-group-type-1230453915", "description": "updated-group-type-desc"}} {{(pid=110963) _process_stack /opt/stack/cinder/cinder/api/openstack/wsgi.py:866}}
Jul 04 04:11:13.108455 dv-cinder-742162-5-smb devstack@c-api.service[110963]: INFO cinder.api.openstack.wsgi [None req-38d77e15-77c0-4ab9-a289-376e3209ca73 tempest-GroupTypesTest-44411785 tempest-GroupTypesTest-44411785-project-admin] http://10.222.0.49/volume/v3/4ae1cc953fca472c881e453eed17c47a/group_types/79d3c823-cc46-4520-83ea-f2cfea647934 returned with HTTP 200
Jul 04 04:11:13.109543 dv-cinder-742162-5-smb devstack@c-api.service[110963]: [pid: 110963|app: 0|req: 24/42] 10.222.0.49 () {62 vars in 1398 bytes} [Mon Jul 4 04:11:13 2022] PUT /volume/v3/4ae1cc953fca472c881e453eed17c47a/group_types/79d3c823-cc46-4520-83ea-f2cfea647934 => generated 255 bytes in 67 msecs (HTTP/1.1 200) 7 headers in 286 bytes (1 switches on core 0)
Jul 04 04:11:13.111575 dv-cinder-742162-5-smb devstack@c-api.service[110963]: DEBUG cinder.api.middleware.request_id [None req-fd08ff94-f12c-4a54-aa25-69de47049414 None None] RequestId filter calling following filter/app {{(pid=110963) _context_setter /opt/stack/cinder/cinder/api/middleware/request_id.py:62}}
Jul 04 04:11:13.149768 dv-cinder-742162-5-smb devstack@c-api.service[110962]: DEBUG cinder.quota [None req-c9041d80-aae4-4ebe-bfda-857a02eda3d3 tempest-GroupsV314Test-1449268264 tempest-GroupsV314Test-1449268264-project] Created reservations ['94225da3-b28a-4ecb-99fd-748bb8c5a347', '4a98130b-c0ad-4160-acdb-67be6d003deb', '0d2a53de-1286-4919-a815-1179b5f2f3b1', 'b0535384-dde1-4d4b-92f0-66f61f2f7f46'] {{(pid=110962) reserve /opt/stack/cinder/cinder/quota.py:755}}
Jul 04 04:11:13.152635 dv-cinder-742162-5-smb devstack@c-api.service[110962]: DEBUG cinder.volume.api [None req-c9041d80-aae4-4ebe-bfda-857a02eda3d3 tempest-GroupsV314Test-1449268264 tempest-GroupsV314Test-1449268264-project] Task 'cinder.volume.flows.api.create_volume.QuotaReserveTask;volume:create' (e41880bb-8115-479f-bfcc-5163cbc34e78) transitioned into state 'SUCCESS' from state 'RUNNING' with result '{'reservations': ['94225da3-b28a-4ecb-99fd-748bb8c5a347', '4a98130b-c0ad-4160-acdb-67be6d003deb', '0d2a53de-1286-4919-a815-1179b5f2f3b1', 'b0535384-dde1-4d4b-92f0-66f61f2f7f46']}' {{(pid=110962) _task_receiver /usr/local/lib/python3.8/dist-packages/taskflow/listeners/logging.py:178}}
Jul 04 04:11:13.154669 dv-cinder-742162-5-smb devstack@c-api.service[110962]: DEBUG cinder.volume.api [None req-c9041d80-aae4-4ebe-bfda-857a02eda3d3 tempest-GroupsV314Test-1449268264 tempest-GroupsV314Test-1449268264-project] Task 'cinder.volume.flows.api.create_volume.EntryCreateTask;volume:create' (ad9ea817-3df2-4c7d-a47c-3f4e85ffa02c) transitioned into state 'RUNNING' from state 'PENDING' {{(pid=110962) _task_receiver /usr/local/lib/python3.8/dist-packages/taskflow/listeners/logging.py:190}}
Jul 04 04:11:13.159790 dv-cinder-742162-5-smb devstack@c-api.service[110962]: DEBUG dbcounter [-] [110962] Writing DB stats cinder:SELECT=77,cinder:UPDATE=15,cinder:INSERT=8 {{(pid=110962) stat_writer /usr/local/lib/python3.8/dist-packages/dbcounter.py:114}}
Jul 04 04:11:13.257791 dv-cinder-742162-5-smb devstack@c-api.service[110962]: DEBUG cinder.volume.api [None req-c9041d80-aae4-4ebe-bfda-857a02eda3d3 tempest-GroupsV314Test-1449268264 tempest-GroupsV314Test-1449268264-project] Task 'cinder.volume.flows.api.create_volume.EntryCreateTask;volume:create' (ad9ea817-3df2-4c7d-a47c-3f4e85ffa02c) transitioned into state 'SUCCESS' from state 'RUNNING' with result '{'volume_id': '50996301-73bb-47d4-85c6-6050dd172168', 'volume_properties': VolumeProperties(attach_status='detached',availability_zone='nova',cgsnapshot_id=None,consistencygroup_id=None,display_description=None,display_name=None,encryption_key_id=None,group_id=99dde998-d8d5-4f7e-b31e-ca8404b3fa55,group_type_id=,metadata={},multiattach=False,project_id='f6171063f02e4b339c62b0e1731c322f',qos_specs=None,replication_status=,reservations=['94225da3-b28a-4ecb-99fd-748bb8c5a347','4a98130b-c0ad-4160-acdb-67be6d003deb','0d2a53de-1286-4919-a815-1179b5f2f3b1','b0535384-dde1-4d4b-92f0-66f61f2f7f46'],size=1,snapshot_id=None,source_replicaid=,source_volid=eba1250c-57b5-4ca2-a63b-1f3b8199dd12,status='creating',user_id='6e561bcab97d4720856cd7ea1765fb63',volume_type_id=55b30181-4fab-48d6-a3aa-a91c98fe86c0), 'volume': Volume(_name_id=None,admin_metadata=,attach_status='detached',availability_zone='nova',bootable=False,cluster=,cluster_name=None,consistencygroup=,consistencygroup_id=None,created_at=2022-07-04T04:11:13Z,deleted=False,deleted_at=None,display_description=None,display_name=None,ec2_id=None,encryption_key_id=None,glance_metadata=,group=,group_id=99dde998-d8d5-4f7e-b31e-ca8404b3fa55,host=None,id=50996301-73bb-47d4-85c6-6050dd172168,launched_at=None,metadata={},migration_status=None,multiattach=False,previous_status=None,project_id='f6171063f02e4b339c62b0e1731c322f',provider_auth=None,provider_geometry=None,provider_id=None,provider_location=None,replication_driver_data=None,replication_extended_status=None,replication_status=None,scheduled_at=None,service_uuid=None,shared_targets=True,size=1,snapshot_id=None,snapshots=,source_volid=eba1250c-57b5-4ca2-a63b-1f3b8199dd12,status='creating',terminated_at=None,updated_at=None,use_quota=True,user_id='6e561bcab97d4720856cd7ea1765fb63',volume_attachment=VolumeAttachmentList,volume_type=VolumeType(55b30181-4fab-48d6-a3aa-a91c98fe86c0),volume_type_id=55b30181-4fab-48d6-a3aa-a91c98fe86c0)}' {{(pid=110962) _task_receiver /usr/local/lib/python3.8/dist-packages/taskflow/listeners/logging.py:178}}
Jul 04 04:11:13.273247 dv-cinder-742162-5-smb devstack@c-api.service[110962]: DEBUG cinder.volume.api [None req-c9041d80-aae4-4ebe-bfda-857a02eda3d3 tempest-GroupsV314Test-1449268264 tempest-GroupsV314Test-1449268264-project] Task 'cinder.volume.flows.api.create_volume.QuotaCommitTask;volume:create' (f392d8ab-44b9-4600-b19a-095d5ad25d56) transitioned into state 'RUNNING' from state 'PENDING' {{(pid=110962) _task_receiver /usr/local/lib/python3.8/dist-packages/taskflow/listeners/logging.py:190}}
Jul 04 04:11:13.334545 dv-cinder-742162-5-smb devstack@c-api.service[110962]: DEBUG cinder.volume.api [None req-c9041d80-aae4-4ebe-bfda-857a02eda3d3 tempest-GroupsV314Test-1449268264 tempest-GroupsV314Test-1449268264-project] Task 'cinder.volume.flows.api.create_volume.QuotaCommitTask;volume:create' (f392d8ab-44b9-4600-b19a-095d5ad25d56) transitioned into state 'SUCCESS' from state 'RUNNING' with result '{'volume_properties': VolumeProperties(attach_status='detached',availability_zone='nova',cgsnapshot_id=None,consistencygroup_id=None,display_description=None,display_name=None,encryption_key_id=None,group_id=99dde998-d8d5-4f7e-b31e-ca8404b3fa55,group_type_id=,metadata={},multiattach=False,project_id='f6171063f02e4b339c62b0e1731c322f',qos_specs=None,replication_status=,reservations=['94225da3-b28a-4ecb-99fd-748bb8c5a347','4a98130b-c0ad-4160-acdb-67be6d003deb','0d2a53de-1286-4919-a815-1179b5f2f3b1','b0535384-dde1-4d4b-92f0-66f61f2f7f46'],size=1,snapshot_id=None,source_replicaid=,source_volid=eba1250c-57b5-4ca2-a63b-1f3b8199dd12,status='creating',user_id='6e561bcab97d4720856cd7ea1765fb63',volume_type_id=55b30181-4fab-48d6-a3aa-a91c98fe86c0)}' {{(pid=110962) _task_receiver /usr/local/lib/python3.8/dist-packages/taskflow/listeners/logging.py:178}}
Jul 04 04:11:13.339164 dv-cinder-742162-5-smb devstack@c-api.service[110962]: DEBUG cinder.volume.api [None req-c9041d80-aae4-4ebe-bfda-857a02eda3d3 tempest-GroupsV314Test-1449268264 tempest-GroupsV314Test-1449268264-project] Flow 'volume_create_api' (409c7687-69d4-4b08-ada1-39f384c5e151) transitioned into state 'SUCCESS' from state 'RUNNING' {{(pid=110962) _flow_receiver /usr/local/lib/python3.8/dist-packages/taskflow/listeners/logging.py:141}}
Jul 04 04:11:13.340693 dv-cinder-742162-5-smb devstack@c-api.service[110962]: INFO cinder.volume.api [None req-c9041d80-aae4-4ebe-bfda-857a02eda3d3 tempest-GroupsV314Test-1449268264 tempest-GroupsV314Test-1449268264-project] Create volume request issued successfully.
Jul 04 04:11:13.405967 dv-cinder-742162-5-smb devstack@c-api.service[110963]: INFO cinder.api.openstack.wsgi [None req-fd08ff94-f12c-4a54-aa25-69de47049414 tempest-VolumesTestJSON-1065684417 tempest-VolumesTestJSON-1065684417-project] POST http://10.222.0.49/volume/v3/87265fd1ba2b4b75b09604dfddfcf5db/volumes
Jul 04 04:11:13.406837 dv-cinder-742162-5-smb devstack@c-api.service[110963]: DEBUG cinder.api.openstack.wsgi [None req-fd08ff94-f12c-4a54-aa25-69de47049414 tempest-VolumesTestJSON-1065684417 tempest-VolumesTestJSON-1065684417-project] Action: 'create', calling method: create, body: {"volume": {"metadata": {"Type": "work"}, "size": 1, "display_name": "tempest-VolumesTestJSON-volume-1789419593"}} {{(pid=110963) _process_stack /opt/stack/cinder/cinder/api/openstack/wsgi.py:866}}
Jul 04 04:11:13.406954 dv-cinder-742162-5-smb devstack@c-api.service[110962]: INFO cinder.api.openstack.wsgi [None req-c9041d80-aae4-4ebe-bfda-857a02eda3d3 tempest-GroupsV314Test-1449268264 tempest-GroupsV314Test-1449268264-project] http://10.222.0.49/volume/v3/f6171063f02e4b339c62b0e1731c322f/groups/action returned with HTTP 202
Jul 04 04:11:13.411918 dv-cinder-742162-5-smb devstack@c-api.service[110962]: [pid: 110962|app: 0|req: 19/43] 10.222.0.49 () {62 vars in 1294 bytes} [Mon Jul 4 04:11:12 2022] POST /volume/v3/f6171063f02e4b339c62b0e1731c322f/groups/action => generated 101 bytes in 1274 msecs (HTTP/1.1 202) 7 headers in 292 bytes (1 switches on core 0)
Jul 04 04:11:13.413086 dv-cinder-742162-5-smb devstack@c-api.service[110963]: DEBUG cinder.api.v3.volumes [None req-fd08ff94-f12c-4a54-aa25-69de47049414 tempest-VolumesTestJSON-1065684417 tempest-VolumesTestJSON-1065684417-project] Create volume request body: {'volume': {'metadata': {'Type': 'work'}, 'size': 1, 'display_name': 'tempest-VolumesTestJSON-volume-1789419593'}} {{(pid=110963) create /opt/stack/cinder/cinder/api/v3/volumes.py:298}}
Jul 04 04:11:13.413608 dv-cinder-742162-5-smb devstack@c-api.service[110963]: INFO cinder.api.v3.volumes [None req-fd08ff94-f12c-4a54-aa25-69de47049414 tempest-VolumesTestJSON-1065684417 tempest-VolumesTestJSON-1065684417-project] Create volume of 1 GB
Jul 04 04:11:13.418626 dv-cinder-742162-5-smb devstack@c-api.service[110962]: DEBUG cinder.api.middleware.request_id [req-28112357-f29c-47ea-8f75-7c335dbd1731 req-34cef382-9708-4a54-80b4-6e0710bfcd68 None None] RequestId filter calling following filter/app {{(pid=110962) _context_setter /opt/stack/cinder/cinder/api/middleware/request_id.py:62}}
Jul 04 04:11:13.432769 dv-cinder-742162-5-smb devstack@c-api.service[110963]: INFO cinder.volume.api [None req-fd08ff94-f12c-4a54-aa25-69de47049414 tempest-VolumesTestJSON-1065684417 tempest-VolumesTestJSON-1065684417-project] Availability Zones retrieved successfully.
Jul 04 04:11:13.438827 dv-cinder-742162-5-smb devstack@c-api.service[110962]: INFO cinder.api.openstack.wsgi [req-28112357-f29c-47ea-8f75-7c335dbd1731 req-34cef382-9708-4a54-80b4-6e0710bfcd68 tempest-VolumesSnapshotsTestJSON-183650301 tempest-VolumesSnapshotsTestJSON-183650301-project] GET http://10.222.0.49/volume/v3/90a6497a6f1040fe907164c42f161c1b/volumes/8ee6d43a-e291-4b88-abe4-3a34fb573e4c
Jul 04 04:11:13.441767 dv-cinder-742162-5-smb devstack@c-api.service[110962]: DEBUG cinder.api.openstack.wsgi [req-28112357-f29c-47ea-8f75-7c335dbd1731 req-34cef382-9708-4a54-80b4-6e0710bfcd68 tempest-VolumesSnapshotsTestJSON-183650301 tempest-VolumesSnapshotsTestJSON-183650301-project] Empty body provided in request {{(pid=110962) get_body /opt/stack/cinder/cinder/api/openstack/wsgi.py:715}}
Jul 04 04:11:13.445653 dv-cinder-742162-5-smb devstack@c-api.service[110962]: DEBUG cinder.api.openstack.wsgi [req-28112357-f29c-47ea-8f75-7c335dbd1731 req-34cef382-9708-4a54-80b4-6e0710bfcd68 tempest-VolumesSnapshotsTestJSON-183650301 tempest-VolumesSnapshotsTestJSON-183650301-project] Calling method 'show' {{(pid=110962) _process_stack /opt/stack/cinder/cinder/api/openstack/wsgi.py:868}}
Jul 04 04:11:13.466918 dv-cinder-742162-5-smb devstack@c-api.service[110963]: DEBUG cinder.volume.api [None req-fd08ff94-f12c-4a54-aa25-69de47049414 tempest-VolumesTestJSON-1065684417 tempest-VolumesTestJSON-1065684417-project] Flow 'volume_create_api' (2be4ffb3-2b61-4c58-96bc-e235e7d63e06) transitioned into state 'RUNNING' from state 'PENDING' {{(pid=110963) _flow_receiver /usr/local/lib/python3.8/dist-packages/taskflow/listeners/logging.py:141}}
Jul 04 04:11:13.469714 dv-cinder-742162-5-smb devstack@c-api.service[110963]: DEBUG cinder.volume.api [None req-fd08ff94-f12c-4a54-aa25-69de47049414 tempest-VolumesTestJSON-1065684417 tempest-VolumesTestJSON-1065684417-project] Task 'cinder.volume.flows.api.create_volume.ExtractVolumeRequestTask;volume:create' (c33f9a04-9582-4db2-ad11-7e505d69324c) transitioned into state 'RUNNING' from state 'PENDING' {{(pid=110963) _task_receiver /usr/local/lib/python3.8/dist-packages/taskflow/listeners/logging.py:190}}
Jul 04 04:11:13.472434 dv-cinder-742162-5-smb devstack@c-api.service[110963]: DEBUG cinder.volume.flows.api.create_volume [None req-fd08ff94-f12c-4a54-aa25-69de47049414 tempest-VolumesTestJSON-1065684417 tempest-VolumesTestJSON-1065684417-project] Validating volume size '1' using validate_int {{(pid=110963) _extract_size /opt/stack/cinder/cinder/volume/flows/api/create_volume.py:228}}
Jul 04 04:11:13.485598 dv-cinder-742162-5-smb devstack@c-api.service[110962]: INFO cinder.api.openstack.wsgi [req-28112357-f29c-47ea-8f75-7c335dbd1731 req-34cef382-9708-4a54-80b4-6e0710bfcd68 tempest-VolumesSnapshotsTestJSON-183650301 tempest-VolumesSnapshotsTestJSON-183650301-project] http://10.222.0.49/volume/v3/90a6497a6f1040fe907164c42f161c1b/volumes/8ee6d43a-e291-4b88-abe4-3a34fb573e4c returned with HTTP 404
Jul 04 04:11:13.504860 dv-cinder-742162-5-smb devstack@c-api.service[110962]: [pid: 110962|app: 0|req: 20/44] 10.222.0.49 () {60 vars in 1578 bytes} [Mon Jul 4 04:11:13 2022] GET /volume/v3/90a6497a6f1040fe907164c42f161c1b/volumes/8ee6d43a-e291-4b88-abe4-3a34fb573e4c => generated 109 bytes in 94 msecs (HTTP/1.1 404) 7 headers in 292 bytes (1 switches on core 0)
Jul 04 04:11:13.538947 dv-cinder-742162-5-smb devstack@c-api.service[110962]: DEBUG cinder.api.middleware.request_id [None req-23c4fb5f-e37f-4f7d-9a68-700c0ff0c683 None None] RequestId filter calling following filter/app {{(pid=110962) _context_setter /opt/stack/cinder/cinder/api/middleware/request_id.py:62}}
Jul 04 04:11:13.553731 dv-cinder-742162-5-smb devstack@c-api.service[110962]: INFO cinder.api.openstack.wsgi [None req-23c4fb5f-e37f-4f7d-9a68-700c0ff0c683 tempest-GroupTypesTest-44411785 tempest-GroupTypesTest-44411785-project-admin] GET http://10.222.0.49/volume/v3/4ae1cc953fca472c881e453eed17c47a/group_types/79d3c823-cc46-4520-83ea-f2cfea647934
Jul 04 04:11:13.555322 dv-cinder-742162-5-smb devstack@c-api.service[110962]: DEBUG cinder.api.openstack.wsgi [None req-23c4fb5f-e37f-4f7d-9a68-700c0ff0c683 tempest-GroupTypesTest-44411785 tempest-GroupTypesTest-44411785-project-admin] Empty body provided in request {{(pid=110962) get_body /opt/stack/cinder/cinder/api/openstack/wsgi.py:715}}
Jul 04 04:11:13.555891 dv-cinder-742162-5-smb devstack@c-api.service[110962]: DEBUG cinder.api.openstack.wsgi [None req-23c4fb5f-e37f-4f7d-9a68-700c0ff0c683 tempest-GroupTypesTest-44411785 tempest-GroupTypesTest-44411785-project-admin] Calling method 'version_select' {{(pid=110962) _process_stack /opt/stack/cinder/cinder/api/openstack/wsgi.py:868}}
Jul 04 04:11:13.568432 dv-cinder-742162-5-smb devstack@c-api.service[110963]: DEBUG cinder.volume.api [None req-fd08ff94-f12c-4a54-aa25-69de47049414 tempest-VolumesTestJSON-1065684417 tempest-VolumesTestJSON-1065684417-project] Task 'cinder.volume.flows.api.create_volume.ExtractVolumeRequestTask;volume:create' (c33f9a04-9582-4db2-ad11-7e505d69324c) transitioned into state 'SUCCESS' from state 'RUNNING' with result '{'size': 1, 'snapshot_id': None, 'source_volid': None, 'volume_type': VolumeType(created_at=2022-07-04T04:01:09Z,deleted=False,deleted_at=None,description='Default Volume Type',extra_specs={},id=b468776e-790e-402b-b310-79d937c3f2a6,is_public=True,name='__DEFAULT__',projects=[],qos_specs=,qos_specs_id=None,updated_at=2022-07-04T04:01:09Z), 'volume_type_id': 'b468776e-790e-402b-b310-79d937c3f2a6', 'encryption_key_id': None, 'qos_specs': None, 'consistencygroup_id': None, 'cgsnapshot_id': None, 'group_id': None, 'replication_status': 'disabled', 'refresh_az': False, 'backup_id': None, 'multiattach': False, 'availability_zones': ['nova']}' {{(pid=110963) _task_receiver /usr/local/lib/python3.8/dist-packages/taskflow/listeners/logging.py:178}}
Jul 04 04:11:13.571747 dv-cinder-742162-5-smb devstack@c-api.service[110963]: DEBUG cinder.volume.api [None req-fd08ff94-f12c-4a54-aa25-69de47049414 tempest-VolumesTestJSON-1065684417 tempest-VolumesTestJSON-1065684417-project] Task 'cinder.volume.flows.api.create_volume.QuotaReserveTask;volume:create' (9dd441b2-f756-4516-9736-fda732666e46) transitioned into state 'RUNNING' from state 'PENDING' {{(pid=110963) _task_receiver /usr/local/lib/python3.8/dist-packages/taskflow/listeners/logging.py:190}}
Jul 04 04:11:13.572275 dv-cinder-742162-5-smb devstack@c-api.service[110962]: /usr/local/lib/python3.8/dist-packages/oslo_context/context.py:100: DeprecationWarning: Policy enforcement is depending on the value of is_admin. This key is deprecated. Please update your policy file to use the standard policy values.
Jul 04 04:11:13.572275 dv-cinder-742162-5-smb devstack@c-api.service[110962]: warnings.warn('Policy enforcement is depending on the value of '
Jul 04 04:11:13.573450 dv-cinder-742162-5-smb devstack@c-api.service[110962]: INFO cinder.api.openstack.wsgi [None req-23c4fb5f-e37f-4f7d-9a68-700c0ff0c683 tempest-GroupTypesTest-44411785 tempest-GroupTypesTest-44411785-project-admin] http://10.222.0.49/volume/v3/4ae1cc953fca472c881e453eed17c47a/group_types/79d3c823-cc46-4520-83ea-f2cfea647934 returned with HTTP 200
Jul 04 04:11:13.584985 dv-cinder-742162-5-smb devstack@c-api.service[110962]: [pid: 110962|app: 0|req: 21/45] 10.222.0.49 () {60 vars in 1377 bytes} [Mon Jul 4 04:11:13 2022] GET /volume/v3/4ae1cc953fca472c881e453eed17c47a/group_types/79d3c823-cc46-4520-83ea-f2cfea647934 => generated 255 bytes in 51 msecs (HTTP/1.1 200) 7 headers in 286 bytes (1 switches on core 0)
Jul 04 04:11:13.588432 dv-cinder-742162-5-smb devstack@c-api.service[110962]: DEBUG cinder.api.middleware.request_id [None req-067cb048-cab4-477c-b821-c7ccbf8ba241 None None] RequestId filter calling following filter/app {{(pid=110962) _context_setter /opt/stack/cinder/cinder/api/middleware/request_id.py:62}}
Jul 04 04:11:13.596808 dv-cinder-742162-5-smb devstack@c-api.service[110962]: INFO cinder.api.openstack.wsgi [None req-067cb048-cab4-477c-b821-c7ccbf8ba241 tempest-GroupsV314Test-1449268264 tempest-GroupsV314Test-1449268264-project] GET http://10.222.0.49/volume/v3/f6171063f02e4b339c62b0e1731c322f/volumes/detail
Jul 04 04:11:13.598612 dv-cinder-742162-5-smb devstack@c-api.service[110962]: DEBUG cinder.api.openstack.wsgi [None req-067cb048-cab4-477c-b821-c7ccbf8ba241 tempest-GroupsV314Test-1449268264 tempest-GroupsV314Test-1449268264-project] Empty body provided in request {{(pid=110962) get_body /opt/stack/cinder/cinder/api/openstack/wsgi.py:715}}
Jul 04 04:11:13.599543 dv-cinder-742162-5-smb devstack@c-api.service[110962]: DEBUG cinder.api.openstack.wsgi [None req-067cb048-cab4-477c-b821-c7ccbf8ba241 tempest-GroupsV314Test-1449268264 tempest-GroupsV314Test-1449268264-project] Calling method 'detail' {{(pid=110962) _process_stack /opt/stack/cinder/cinder/api/openstack/wsgi.py:868}}
Jul 04 04:11:13.602081 dv-cinder-742162-5-smb devstack@c-api.service[110962]: DEBUG cinder.api.api_utils [None req-067cb048-cab4-477c-b821-c7ccbf8ba241 tempest-GroupsV314Test-1449268264 tempest-GroupsV314Test-1449268264-project] Removing options '' from query. {{(pid=110962) remove_invalid_filter_options /opt/stack/cinder/cinder/api/api_utils.py:83}}
Jul 04 04:11:13.611745 dv-cinder-742162-5-smb devstack@c-api.service[110962]: DEBUG cinder.volume.api [None req-067cb048-cab4-477c-b821-c7ccbf8ba241 tempest-GroupsV314Test-1449268264 tempest-GroupsV314Test-1449268264-project] Searching by: MultiDict([('no_migration_targets', True)]). {{(pid=110962) get_all /opt/stack/cinder/cinder/volume/api.py:664}}
Jul 04 04:11:13.770225 dv-cinder-742162-5-smb devstack@c-api.service[110962]: INFO cinder.volume.api [None req-067cb048-cab4-477c-b821-c7ccbf8ba241 tempest-GroupsV314Test-1449268264 tempest-GroupsV314Test-1449268264-project] Get all volumes completed successfully.
Jul 04 04:11:13.774869 dv-cinder-742162-5-smb devstack@c-api.service[110962]: WARNING stevedore.named [None req-067cb048-cab4-477c-b821-c7ccbf8ba241 tempest-GroupsV314Test-1449268264 tempest-GroupsV314Test-1449268264-project] Could not load cinder.keymgr.conf_key_mgr.ConfKeyManager
Jul 04 04:11:13.778693 dv-cinder-742162-5-smb devstack@c-api.service[110962]: WARNING castellan.key_manager [None req-067cb048-cab4-477c-b821-c7ccbf8ba241 tempest-GroupsV314Test-1449268264 tempest-GroupsV314Test-1449268264-project] Deprecation Warning : cinder.keymgr.conf_key_mgr.ConfKeyManager is not a stevedore based driver, trying to load it as a class: stevedore.exception.NoMatches: No 'castellan.drivers' driver found, looking for 'cinder.keymgr.conf_key_mgr.ConfKeyManager'
Jul 04 04:11:13.801253 dv-cinder-742162-5-smb devstack@c-api.service[110962]: DEBUG oslo_db.sqlalchemy.engines [None req-067cb048-cab4-477c-b821-c7ccbf8ba241 tempest-GroupsV314Test-1449268264 tempest-GroupsV314Test-1449268264-project] MySQL server mode set to STRICT_TRANS_TABLES,STRICT_ALL_TABLES,NO_ZERO_IN_DATE,NO_ZERO_DATE,ERROR_FOR_DIVISION_BY_ZERO,TRADITIONAL,NO_ENGINE_SUBSTITUTION {{(pid=110962) _check_effective_sql_mode /usr/local/lib/python3.8/dist-packages/oslo_db/sqlalchemy/engines.py:314}}
Jul 04 04:11:13.808119 dv-cinder-742162-5-smb devstack@c-api.service[110962]: /usr/local/lib/python3.8/dist-packages/oslo_context/context.py:100: DeprecationWarning: Policy enforcement is depending on the value of is_admin. This key is deprecated. Please update your policy file to use the standard policy values.
Jul 04 04:11:13.808119 dv-cinder-742162-5-smb devstack@c-api.service[110962]: warnings.warn('Policy enforcement is depending on the value of '
Jul 04 04:11:13.825968 dv-cinder-742162-5-smb devstack@c-api.service[110962]: WARNING stevedore.named [None req-067cb048-cab4-477c-b821-c7ccbf8ba241 tempest-GroupsV314Test-1449268264 tempest-GroupsV314Test-1449268264-project] Could not load cinder.keymgr.conf_key_mgr.ConfKeyManager
Jul 04 04:11:13.826717 dv-cinder-742162-5-smb devstack@c-api.service[110962]: WARNING castellan.key_manager [None req-067cb048-cab4-477c-b821-c7ccbf8ba241 tempest-GroupsV314Test-1449268264 tempest-GroupsV314Test-1449268264-project] Deprecation Warning : cinder.keymgr.conf_key_mgr.ConfKeyManager is not a stevedore based driver, trying to load it as a class: stevedore.exception.NoMatches: No 'castellan.drivers' driver found, looking for 'cinder.keymgr.conf_key_mgr.ConfKeyManager'
Jul 04 04:11:13.828956 dv-cinder-742162-5-smb devstack@c-api.service[110963]: DEBUG cinder.quota [None req-fd08ff94-f12c-4a54-aa25-69de47049414 tempest-VolumesTestJSON-1065684417 tempest-VolumesTestJSON-1065684417-project] Created reservations ['6d8f8c39-0b3f-48c4-a7d9-d8b02284a7dc', 'dae9c18a-db7d-46ee-a329-17ccb55cc4d4', 'b36afd44-b0af-4403-877b-645755827fcd', 'afd7e140-84b0-4f94-9ab6-9222b6b7192f'] {{(pid=110963) reserve /opt/stack/cinder/cinder/quota.py:755}}
Jul 04 04:11:13.831076 dv-cinder-742162-5-smb devstack@c-api.service[110963]: DEBUG cinder.volume.api [None req-fd08ff94-f12c-4a54-aa25-69de47049414 tempest-VolumesTestJSON-1065684417 tempest-VolumesTestJSON-1065684417-project] Task 'cinder.volume.flows.api.create_volume.QuotaReserveTask;volume:create' (9dd441b2-f756-4516-9736-fda732666e46) transitioned into state 'SUCCESS' from state 'RUNNING' with result '{'reservations': ['6d8f8c39-0b3f-48c4-a7d9-d8b02284a7dc', 'dae9c18a-db7d-46ee-a329-17ccb55cc4d4', 'b36afd44-b0af-4403-877b-645755827fcd', 'afd7e140-84b0-4f94-9ab6-9222b6b7192f']}' {{(pid=110963) _task_receiver /usr/local/lib/python3.8/dist-packages/taskflow/listeners/logging.py:178}}
Jul 04 04:11:13.836510 dv-cinder-742162-5-smb devstack@c-api.service[110963]: DEBUG cinder.volume.api [None req-fd08ff94-f12c-4a54-aa25-69de47049414 tempest-VolumesTestJSON-1065684417 tempest-VolumesTestJSON-1065684417-project] Task 'cinder.volume.flows.api.create_volume.EntryCreateTask;volume:create' (fef745b2-df01-4944-a745-6305ab7a269b) transitioned into state 'RUNNING' from state 'PENDING' {{(pid=110963) _task_receiver /usr/local/lib/python3.8/dist-packages/taskflow/listeners/logging.py:190}}
Jul 04 04:11:13.845755 dv-cinder-742162-5-smb devstack@c-api.service[110962]: DEBUG oslo_db.sqlalchemy.engines [None req-067cb048-cab4-477c-b821-c7ccbf8ba241 tempest-GroupsV314Test-1449268264 tempest-GroupsV314Test-1449268264-project] MySQL server mode set to STRICT_TRANS_TABLES,STRICT_ALL_TABLES,NO_ZERO_IN_DATE,NO_ZERO_DATE,ERROR_FOR_DIVISION_BY_ZERO,TRADITIONAL,NO_ENGINE_SUBSTITUTION {{(pid=110962) _check_effective_sql_mode /usr/local/lib/python3.8/dist-packages/oslo_db/sqlalchemy/engines.py:314}}
Jul 04 04:11:13.865713 dv-cinder-742162-5-smb devstack@c-api.service[110962]: /usr/local/lib/python3.8/dist-packages/oslo_context/context.py:100: DeprecationWarning: Policy enforcement is depending on the value of is_admin. This key is deprecated. Please update your policy file to use the standard policy values.
Jul 04 04:11:13.865713 dv-cinder-742162-5-smb devstack@c-api.service[110962]: warnings.warn('Policy enforcement is depending on the value of '
Jul 04 04:11:13.903176 dv-cinder-742162-5-smb devstack@c-api.service[110962]: INFO cinder.api.openstack.wsgi [None req-067cb048-cab4-477c-b821-c7ccbf8ba241 tempest-GroupsV314Test-1449268264 tempest-GroupsV314Test-1449268264-project] http://10.222.0.49/volume/v3/f6171063f02e4b339c62b0e1731c322f/volumes/detail returned with HTTP 200
Jul 04 04:11:13.904309 dv-cinder-742162-5-smb devstack@c-api.service[110962]: [pid: 110962|app: 0|req: 22/46] 10.222.0.49 () {60 vars in 1275 bytes} [Mon Jul 4 04:11:13 2022] GET /volume/v3/f6171063f02e4b339c62b0e1731c322f/volumes/detail => generated 1974 bytes in 319 msecs (HTTP/1.1 200) 7 headers in 287 bytes (1 switches on core 0)
Jul 04 04:11:13.913281 dv-cinder-742162-5-smb devstack@c-api.service[110962]: DEBUG cinder.api.middleware.request_id [req-9ff9640c-257a-41bb-a175-3664049b35f6 req-e5e5ff3e-cf39-47a2-b143-3d9c0126d3bf None None] RequestId filter calling following filter/app {{(pid=110962) _context_setter /opt/stack/cinder/cinder/api/middleware/request_id.py:62}}
