Jul 04 04:01:47.920340 dv-cinder-742162-5-iscsi devstack@keystone.service[80371]: DEBUG dbcounter [-] [80371] Writing DB stats keystone:SELECT=100 {{(pid=80371) stat_writer /usr/local/lib/python3.8/dist-packages/dbcounter.py:114}}
Jul 04 04:01:47.957860 dv-cinder-742162-5-iscsi devstack@keystone.service[80370]: DEBUG keystone.server.flask.request_processing.middleware.auth_context [None req-f54aea8b-fdb0-4d7d-9724-bdd5e8687850 None admin] RBAC: auth_context: {'token': , 'domain_id': None, 'trust_id': None, 'trustor_id': None, 'trustee_id': None, 'domain_name': None, 'group_ids': [], 'user_id': '769a75081be74879911bd8c4f4cb57da', 'user_domain_id': 'default', 'system_scope': 'all', 'project_id': None, 'project_domain_id': None, 'roles': ['admin', 'member', 'reader'], 'is_admin_project': True, 'service_user_id': None, 'service_user_domain_id': None, 'service_project_id': None, 'service_project_domain_id': None, 'service_roles': []} {{(pid=80370) fill_context /opt/stack/keystone/keystone/server/flask/request_processing/middleware/auth_context.py:478}}
Jul 04 04:01:47.958858 dv-cinder-742162-5-iscsi devstack@keystone.service[80370]: DEBUG keystone.server.flask.request_processing.req_logging [None req-f54aea8b-fdb0-4d7d-9724-bdd5e8687850 None admin] REQUEST_METHOD: `GET` {{(pid=80370) log_request_info /opt/stack/keystone/keystone/server/flask/request_processing/req_logging.py:27}}
Jul 04 04:01:47.959143 dv-cinder-742162-5-iscsi devstack@keystone.service[80370]: DEBUG keystone.server.flask.request_processing.req_logging [None req-f54aea8b-fdb0-4d7d-9724-bdd5e8687850 None admin] SCRIPT_NAME: `/identity` {{(pid=80370) log_request_info /opt/stack/keystone/keystone/server/flask/request_processing/req_logging.py:28}}
Jul 04 04:01:47.959728 dv-cinder-742162-5-iscsi devstack@keystone.service[80370]: DEBUG keystone.server.flask.request_processing.req_logging [None req-f54aea8b-fdb0-4d7d-9724-bdd5e8687850 None admin] PATH_INFO: `/v3/roles` {{(pid=80370) log_request_info /opt/stack/keystone/keystone/server/flask/request_processing/req_logging.py:29}}
Jul 04 04:01:47.960954 dv-cinder-742162-5-iscsi devstack@keystone.service[80370]: DEBUG keystone.common.rbac_enforcer.enforcer [None req-f54aea8b-fdb0-4d7d-9724-bdd5e8687850 None admin] RBAC: Adding query filter params (name=reader) {{(pid=80370) _extract_filter_values /opt/stack/keystone/keystone/common/rbac_enforcer/enforcer.py:167}}
Jul 04 04:01:47.961587 dv-cinder-742162-5-iscsi devstack@keystone.service[80370]: DEBUG keystone.common.rbac_enforcer.enforcer [None req-f54aea8b-fdb0-4d7d-9724-bdd5e8687850 None admin] RBAC: Authorizing `identity:list_roles()` {{(pid=80370) enforce_call /opt/stack/keystone/keystone/common/rbac_enforcer/enforcer.py:449}}
Jul 04 04:01:47.963058 dv-cinder-742162-5-iscsi devstack@keystone.service[80370]: DEBUG keystone.common.rbac_enforcer.enforcer [None req-f54aea8b-fdb0-4d7d-9724-bdd5e8687850 None admin] RBAC: Authorization granted {{(pid=80370) enforce_call /opt/stack/keystone/keystone/common/rbac_enforcer/enforcer.py:457}}
Jul 04 04:01:47.963337 dv-cinder-742162-5-iscsi devstack@keystone.service[80371]: DEBUG keystone.server.flask.request_processing.middleware.auth_context [None req-a4a1a081-e73e-400b-a9bc-de98549cc73c None admin] Validating token access rules against request {{(pid=80371) validate_allowed_request /usr/local/lib/python3.8/dist-packages/keystonemiddleware/auth_token/__init__.py:545}}
Jul 04 04:01:47.980498 dv-cinder-742162-5-iscsi devstack@keystone.service[80370]: [pid: 80370|app: 0|req: 180/367] 10.222.0.16 () {56 vars in 1101 bytes} [Mon Jul 4 04:01:47 2022] GET /identity/v3/roles?name=reader => generated 341 bytes in 230 msecs (HTTP/1.1 200) 5 headers in 177 bytes (1 switches on core 0)
Jul 04 04:01:47.981349 dv-cinder-742162-5-iscsi devstack@keystone.service[80370]: DEBUG keystone.server.flask.request_processing.middleware.auth_context [None req-f54aea8b-fdb0-4d7d-9724-bdd5e8687850 None admin] Authenticating user token {{(pid=80370) process_request /usr/local/lib/python3.8/dist-packages/keystonemiddleware/auth_token/__init__.py:407}}
Jul 04 04:01:48.010982 dv-cinder-742162-5-iscsi devstack@keystone.service[80371]: DEBUG keystone.server.flask.request_processing.middleware.auth_context [None req-c9032161-0104-4e6f-ab14-e8be4c3917a4 None admin] RBAC: auth_context: {'token': , 'domain_id': None, 'trust_id': None, 'trustor_id': None, 'trustee_id': None, 'domain_name': None, 'group_ids': [], 'user_id': '769a75081be74879911bd8c4f4cb57da', 'user_domain_id': 'default', 'system_scope': 'all', 'project_id': None, 'project_domain_id': None, 'roles': ['admin', 'member', 'reader'], 'is_admin_project': True, 'service_user_id': None, 'service_user_domain_id': None, 'service_project_id': None, 'service_project_domain_id': None, 'service_roles': []} {{(pid=80371) fill_context /opt/stack/keystone/keystone/server/flask/request_processing/middleware/auth_context.py:478}}
Jul 04 04:01:48.011783 dv-cinder-742162-5-iscsi devstack@keystone.service[80371]: DEBUG keystone.server.flask.request_processing.req_logging [None req-c9032161-0104-4e6f-ab14-e8be4c3917a4 None admin] REQUEST_METHOD: `GET` {{(pid=80371) log_request_info /opt/stack/keystone/keystone/server/flask/request_processing/req_logging.py:27}}
Jul 04 04:01:48.012075 dv-cinder-742162-5-iscsi devstack@keystone.service[80371]: DEBUG keystone.server.flask.request_processing.req_logging [None req-c9032161-0104-4e6f-ab14-e8be4c3917a4 None admin] SCRIPT_NAME: `/identity` {{(pid=80371) log_request_info /opt/stack/keystone/keystone/server/flask/request_processing/req_logging.py:28}}
Jul 04 04:01:48.012354 dv-cinder-742162-5-iscsi devstack@keystone.service[80371]: DEBUG keystone.server.flask.request_processing.req_logging [None req-c9032161-0104-4e6f-ab14-e8be4c3917a4 None admin] PATH_INFO: `/v3/auth/tokens` {{(pid=80371) log_request_info /opt/stack/keystone/keystone/server/flask/request_processing/req_logging.py:29}}
Jul 04 04:01:48.033768 dv-cinder-742162-5-iscsi devstack@keystone.service[80370]: DEBUG dbcounter [-] [80370] Writing DB stats keystone:SELECT=100 {{(pid=80370) stat_writer /usr/local/lib/python3.8/dist-packages/dbcounter.py:114}}
Jul 04 04:01:48.096845 dv-cinder-742162-5-iscsi devstack@keystone.service[80371]: DEBUG keystone.common.rbac_enforcer.enforcer [None req-c9032161-0104-4e6f-ab14-e8be4c3917a4 None admin] RBAC: Authorizing `identity:validate_token()` {{(pid=80371) enforce_call /opt/stack/keystone/keystone/common/rbac_enforcer/enforcer.py:449}}
Jul 04 04:01:48.098299 dv-cinder-742162-5-iscsi devstack@keystone.service[80371]: DEBUG keystone.common.rbac_enforcer.enforcer [None req-c9032161-0104-4e6f-ab14-e8be4c3917a4 None admin] RBAC: Authorization granted {{(pid=80371) enforce_call /opt/stack/keystone/keystone/common/rbac_enforcer/enforcer.py:457}}
Jul 04 04:01:48.115959 dv-cinder-742162-5-iscsi devstack@keystone.service[80370]: DEBUG keystone.server.flask.request_processing.middleware.auth_context [None req-f54aea8b-fdb0-4d7d-9724-bdd5e8687850 None admin] Validating token access rules against request {{(pid=80370) validate_allowed_request /usr/local/lib/python3.8/dist-packages/keystonemiddleware/auth_token/__init__.py:545}}
Jul 04 04:01:48.161850 dv-cinder-742162-5-iscsi devstack@keystone.service[80370]: DEBUG keystone.server.flask.request_processing.middleware.auth_context [None req-bf52b08c-a889-47fa-864e-769028fc76f1 None admin] RBAC: auth_context: {'token': , 'domain_id': None, 'trust_id': None, 'trustor_id': None, 'trustee_id': None, 'domain_name': None, 'group_ids': [], 'user_id': '769a75081be74879911bd8c4f4cb57da', 'user_domain_id': 'default', 'system_scope': 'all', 'project_id': None, 'project_domain_id': None, 'roles': ['admin', 'member', 'reader'], 'is_admin_project': True, 'service_user_id': None, 'service_user_domain_id': None, 'service_project_id': None, 'service_project_domain_id': None, 'service_roles': []} {{(pid=80370) fill_context /opt/stack/keystone/keystone/server/flask/request_processing/middleware/auth_context.py:478}}
Jul 04 04:01:48.162649 dv-cinder-742162-5-iscsi devstack@keystone.service[80370]: DEBUG keystone.server.flask.request_processing.req_logging [None req-bf52b08c-a889-47fa-864e-769028fc76f1 None admin] REQUEST_METHOD: `GET` {{(pid=80370) log_request_info /opt/stack/keystone/keystone/server/flask/request_processing/req_logging.py:27}}
Jul 04 04:01:48.162936 dv-cinder-742162-5-iscsi devstack@keystone.service[80370]: DEBUG keystone.server.flask.request_processing.req_logging [None req-bf52b08c-a889-47fa-864e-769028fc76f1 None admin] SCRIPT_NAME: `/identity` {{(pid=80370) log_request_info /opt/stack/keystone/keystone/server/flask/request_processing/req_logging.py:28}}
Jul 04 04:01:48.163213 dv-cinder-742162-5-iscsi devstack@keystone.service[80370]: DEBUG keystone.server.flask.request_processing.req_logging [None req-bf52b08c-a889-47fa-864e-769028fc76f1 None admin] PATH_INFO: `/v3/roles/admin` {{(pid=80370) log_request_info /opt/stack/keystone/keystone/server/flask/request_processing/req_logging.py:29}}
Jul 04 04:01:48.169533 dv-cinder-742162-5-iscsi devstack@keystone.service[80371]: DEBUG dbcounter [-] [80371] Writing DB stats keystone:SELECT=100 {{(pid=80371) stat_writer /usr/local/lib/python3.8/dist-packages/dbcounter.py:114}}
Jul 04 04:01:48.178752 dv-cinder-742162-5-iscsi devstack@keystone.service[80370]: DEBUG keystone.common.rbac_enforcer.enforcer [None req-bf52b08c-a889-47fa-864e-769028fc76f1 None admin] Extracting inferred target data resulted in "NOT FOUND (404)". {{(pid=80370) enforce_call /opt/stack/keystone/keystone/common/rbac_enforcer/enforcer.py:409}}
Jul 04 04:01:48.187631 dv-cinder-742162-5-iscsi devstack@keystone.service[80370]: ERROR keystone.server.flask.application [None req-bf52b08c-a889-47fa-864e-769028fc76f1 None admin] Could not find role: admin.: keystone.exception.RoleNotFound: Could not find role: admin.
Jul 04 04:01:48.187631 dv-cinder-742162-5-iscsi devstack@keystone.service[80370]: ERROR keystone.server.flask.application
Traceback (most recent call last):
Jul 04 04:01:48.187631 dv-cinder-742162-5-iscsi devstack@keystone.service[80370]: ERROR keystone.server.flask.application
File "/usr/local/lib/python3.8/dist-packages/flask/app.py", line 1523, in full_dispatch_request
Jul 04 04:01:48.187631 dv-cinder-742162-5-iscsi devstack@keystone.service[80370]: ERROR keystone.server.flask.application rv = self.dispatch_request()
Jul 04 04:01:48.187631 dv-cinder-742162-5-iscsi devstack@keystone.service[80370]: ERROR keystone.server.flask.application
File "/usr/local/lib/python3.8/dist-packages/flask/app.py", line 1509, in dispatch_request
Jul 04 04:01:48.187631 dv-cinder-742162-5-iscsi devstack@keystone.service[80370]: ERROR keystone.server.flask.application return self.ensure_sync(self.view_functions[rule.endpoint])(**req.view_args)
Jul 04 04:01:48.187631 dv-cinder-742162-5-iscsi devstack@keystone.service[80370]: ERROR keystone.server.flask.application
File "/usr/local/lib/python3.8/dist-packages/flask_restful/__init__.py", line 467, in wrapper
Jul 04 04:01:48.187631 dv-cinder-742162-5-iscsi devstack@keystone.service[80370]: ERROR keystone.server.flask.application resp = resource(*args, **kwargs)
Jul 04 04:01:48.187631 dv-cinder-742162-5-iscsi devstack@keystone.service[80370]: ERROR keystone.server.flask.application
File "/usr/local/lib/python3.8/dist-packages/flask/views.py", line 84, in view
Jul 04 04:01:48.187631 dv-cinder-742162-5-iscsi devstack@keystone.service[80370]: ERROR keystone.server.flask.application return current_app.ensure_sync(self.dispatch_request)(*args, **kwargs)
Jul 04 04:01:48.187631 dv-cinder-742162-5-iscsi devstack@keystone.service[80370]: ERROR keystone.server.flask.application
File "/usr/local/lib/python3.8/dist-packages/flask_restful/__init__.py", line 582, in dispatch_request
Jul 04 04:01:48.187631 dv-cinder-742162-5-iscsi devstack@keystone.service[80370]: ERROR keystone.server.flask.application resp = meth(*args, **kwargs)
Jul 04 04:01:48.187631 dv-cinder-742162-5-iscsi devstack@keystone.service[80370]: ERROR keystone.server.flask.application
File "/opt/stack/keystone/keystone/api/roles.py", line 50, in get
Jul 04 04:01:48.187631 dv-cinder-742162-5-iscsi devstack@keystone.service[80370]: ERROR keystone.server.flask.application return self._get_role(role_id)
Jul 04 04:01:48.187631 dv-cinder-742162-5-iscsi devstack@keystone.service[80370]: ERROR keystone.server.flask.application
File "/opt/stack/keystone/keystone/api/roles.py", line 70, in _get_role
Jul 04 04:01:48.187631 dv-cinder-742162-5-iscsi devstack@keystone.service[80370]: ERROR keystone.server.flask.application ENFORCER.enforce_call(action='identity:get_role')
Jul 04 04:01:48.188551 dv-cinder-742162-5-iscsi devstack@keystone.service[80370]: ERROR keystone.server.flask.application
File "/opt/stack/keystone/keystone/common/rbac_enforcer/enforcer.py", line 402, in enforce_call
Jul 04 04:01:48.188551 dv-cinder-742162-5-iscsi devstack@keystone.service[80370]: ERROR keystone.server.flask.application policy_dict.update(cls._extract_member_target_data(
Jul 04 04:01:48.188551 dv-cinder-742162-5-iscsi devstack@keystone.service[80370]: ERROR keystone.server.flask.application
File "/opt/stack/keystone/keystone/common/rbac_enforcer/enforcer.py", line 234, in _extract_member_target_data
Jul 04 04:01:48.188551 dv-cinder-742162-5-iscsi devstack@keystone.service[80370]: ERROR keystone.server.flask.application member_name: func(flask.request.view_args[key])
Jul 04 04:01:48.188551 dv-cinder-742162-5-iscsi devstack@keystone.service[80370]: ERROR keystone.server.flask.application
File "/opt/stack/keystone/keystone/common/manager.py", line 115, in wrapped
Jul 04 04:01:48.188551 dv-cinder-742162-5-iscsi devstack@keystone.service[80370]: ERROR keystone.server.flask.application __ret_val = __f(*args, **kwargs)
Jul 04 04:01:48.188551 dv-cinder-742162-5-iscsi devstack@keystone.service[80370]: ERROR keystone.server.flask.application
File "/usr/local/lib/python3.8/dist-packages/decorator.py", line 232, in fun
Jul 04 04:01:48.188551 dv-cinder-742162-5-iscsi devstack@keystone.service[80370]: ERROR keystone.server.flask.application return caller(func, *(extras + args), **kw)
Jul 04 04:01:48.188551 dv-cinder-742162-5-iscsi devstack@keystone.service[80370]: ERROR keystone.server.flask.application
File "/usr/local/lib/python3.8/dist-packages/dogpile/cache/region.py", line 1577, in get_or_create_for_user_func
Jul 04 04:01:48.188551 dv-cinder-742162-5-iscsi devstack@keystone.service[80370]: ERROR keystone.server.flask.application return self.get_or_create(
Jul 04 04:01:48.188551 dv-cinder-742162-5-iscsi devstack@keystone.service[80370]: ERROR keystone.server.flask.application
File "/usr/local/lib/python3.8/dist-packages/dogpile/cache/region.py", line 1042, in get_or_create
Jul 04 04:01:48.188551 dv-cinder-742162-5-iscsi devstack@keystone.service[80370]: ERROR keystone.server.flask.application with Lock(
Jul 04 04:01:48.188551 dv-cinder-742162-5-iscsi devstack@keystone.service[80370]: ERROR keystone.server.flask.application
File "/usr/local/lib/python3.8/dist-packages/dogpile/lock.py", line 185, in __enter__
Jul 04 04:01:48.188551 dv-cinder-742162-5-iscsi devstack@keystone.service[80370]: ERROR keystone.server.flask.application return self._enter()
Jul 04 04:01:48.188551 dv-cinder-742162-5-iscsi devstack@keystone.service[80370]: ERROR keystone.server.flask.application
File "/usr/local/lib/python3.8/dist-packages/dogpile/lock.py", line 94, in _enter
Jul 04 04:01:48.188551 dv-cinder-742162-5-iscsi devstack@keystone.service[80370]: ERROR keystone.server.flask.application generated = self._enter_create(value, createdtime)
Jul 04 04:01:48.189398 dv-cinder-742162-5-iscsi devstack@keystone.service[80370]: ERROR keystone.server.flask.application
File "/usr/local/lib/python3.8/dist-packages/dogpile/lock.py", line 178, in _enter_create
Jul 04 04:01:48.189398 dv-cinder-742162-5-iscsi devstack@keystone.service[80370]: ERROR keystone.server.flask.application return self.creator()
Jul 04 04:01:48.189398 dv-cinder-742162-5-iscsi devstack@keystone.service[80370]: ERROR keystone.server.flask.application
File "/usr/local/lib/python3.8/dist-packages/dogpile/cache/region.py", line 995, in gen_value
Jul 04 04:01:48.189398 dv-cinder-742162-5-iscsi devstack@keystone.service[80370]: ERROR keystone.server.flask.application created_value = creator(
Jul 04 04:01:48.189398 dv-cinder-742162-5-iscsi devstack@keystone.service[80370]: ERROR keystone.server.flask.application
File "/opt/stack/keystone/keystone/assignment/core.py", line 1276, in get_role
Jul 04 04:01:48.189398 dv-cinder-742162-5-iscsi devstack@keystone.service[80370]: ERROR keystone.server.flask.application return self.driver.get_role(role_id)
Jul 04 04:01:48.189398 dv-cinder-742162-5-iscsi devstack@keystone.service[80370]: ERROR keystone.server.flask.application
File "/opt/stack/keystone/keystone/assignment/role_backends/sql.py", line 70, in get_role
Jul 04 04:01:48.189398 dv-cinder-742162-5-iscsi devstack@keystone.service[80370]: ERROR keystone.server.flask.application return self._get_role(session, role_id).to_dict()
Jul 04 04:01:48.189398 dv-cinder-742162-5-iscsi devstack@keystone.service[80370]: ERROR keystone.server.flask.application
File "/opt/stack/keystone/keystone/assignment/role_backends/sql.py", line 65, in _get_role
Jul 04 04:01:48.189398 dv-cinder-742162-5-iscsi devstack@keystone.service[80370]: ERROR keystone.server.flask.application raise exception.RoleNotFound(role_id=role_id)
Jul 04 04:01:48.189398 dv-cinder-742162-5-iscsi devstack@keystone.service[80370]: ERROR keystone.server.flask.application keystone.exception.RoleNotFound: Could not find role: admin.
Jul 04 04:01:48.189398 dv-cinder-742162-5-iscsi devstack@keystone.service[80370]: ERROR keystone.server.flask.application
Jul 04 04:01:48.189398 dv-cinder-742162-5-iscsi devstack@keystone.service[80370]: [pid: 80370|app: 0|req: 181/368] 10.222.0.16 () {56 vars in 1096 bytes} [Mon Jul 4 04:01:47 2022] GET /identity/v3/roles/admin => generated 83 bytes in 208 msecs (HTTP/1.1 404) 5 headers in 183 bytes (1 switches on core 0)
Jul 04 04:01:48.190067 dv-cinder-742162-5-iscsi devstack@keystone.service[80370]: DEBUG keystone.server.flask.request_processing.middleware.auth_context [None req-bf52b08c-a889-47fa-864e-769028fc76f1 None admin] Authenticating user token {{(pid=80370) process_request /usr/local/lib/python3.8/dist-packages/keystonemiddleware/auth_token/__init__.py:407}}
Jul 04 04:01:48.219868 dv-cinder-742162-5-iscsi devstack@keystone.service[80371]: [pid: 80371|app: 0|req: 188/369] 10.222.0.16 () {58 vars in 1282 bytes} [Mon Jul 4 04:01:47 2022] GET /identity/v3/auth/tokens => generated 799 bytes in 376 msecs (HTTP/1.1 200) 6 headers in 358 bytes (1 switches on core 0)
Jul 04 04:01:48.221297 dv-cinder-742162-5-iscsi devstack@keystone.service[80371]: DEBUG keystone.server.flask.request_processing.middleware.auth_context [None req-c9032161-0104-4e6f-ab14-e8be4c3917a4 None admin] Authenticating user token {{(pid=80371) process_request /usr/local/lib/python3.8/dist-packages/keystonemiddleware/auth_token/__init__.py:407}}
Jul 04 04:01:48.308565 dv-cinder-742162-5-iscsi devstack@keystone.service[80370]: DEBUG dbcounter [-] [80370] Writing DB stats keystone:SELECT=100 {{(pid=80370) stat_writer /usr/local/lib/python3.8/dist-packages/dbcounter.py:114}}
Jul 04 04:01:48.316531 dv-cinder-742162-5-iscsi devstack@keystone.service[80370]: DEBUG keystone.server.flask.request_processing.middleware.auth_context [None req-bf52b08c-a889-47fa-864e-769028fc76f1 None admin] Validating token access rules against request {{(pid=80370) validate_allowed_request /usr/local/lib/python3.8/dist-packages/keystonemiddleware/auth_token/__init__.py:545}}
Jul 04 04:01:48.346862 dv-cinder-742162-5-iscsi devstack@keystone.service[80371]: DEBUG keystone.server.flask.request_processing.middleware.auth_context [None req-c9032161-0104-4e6f-ab14-e8be4c3917a4 None admin] Validating token access rules against request {{(pid=80371) validate_allowed_request /usr/local/lib/python3.8/dist-packages/keystonemiddleware/auth_token/__init__.py:545}}
Jul 04 04:01:48.357802 dv-cinder-742162-5-iscsi devstack@keystone.service[80370]: DEBUG keystone.server.flask.request_processing.middleware.auth_context [None req-12a30de2-8c2f-499e-94ac-d1ab6bdd07a9 None admin] RBAC: auth_context: {'token': , 'domain_id': None, 'trust_id': None, 'trustor_id': None, 'trustee_id': None, 'domain_name': None, 'group_ids': [], 'user_id': '769a75081be74879911bd8c4f4cb57da', 'user_domain_id': 'default', 'system_scope': 'all', 'project_id': None, 'project_domain_id': None, 'roles': ['admin', 'member', 'reader'], 'is_admin_project': True, 'service_user_id': None, 'service_user_domain_id': None, 'service_project_id': None, 'service_project_domain_id': None, 'service_roles': []} {{(pid=80370) fill_context /opt/stack/keystone/keystone/server/flask/request_processing/middleware/auth_context.py:478}}
Jul 04 04:01:48.358011 dv-cinder-742162-5-iscsi devstack@keystone.service[80370]: DEBUG keystone.server.flask.request_processing.req_logging [None req-12a30de2-8c2f-499e-94ac-d1ab6bdd07a9 None admin] REQUEST_METHOD: `GET` {{(pid=80370) log_request_info /opt/stack/keystone/keystone/server/flask/request_processing/req_logging.py:27}}
Jul 04 04:01:48.358295 dv-cinder-742162-5-iscsi devstack@keystone.service[80370]: DEBUG keystone.server.flask.request_processing.req_logging [None req-12a30de2-8c2f-499e-94ac-d1ab6bdd07a9 None admin] SCRIPT_NAME: `/identity` {{(pid=80370) log_request_info /opt/stack/keystone/keystone/server/flask/request_processing/req_logging.py:28}}
Jul 04 04:01:48.358711 dv-cinder-742162-5-iscsi devstack@keystone.service[80370]: DEBUG keystone.server.flask.request_processing.req_logging [None req-12a30de2-8c2f-499e-94ac-d1ab6bdd07a9 None admin] PATH_INFO: `/v3/role_assignments` {{(pid=80370) log_request_info /opt/stack/keystone/keystone/server/flask/request_processing/req_logging.py:29}}
Jul 04 04:01:48.359633 dv-cinder-742162-5-iscsi devstack@keystone.service[80370]: DEBUG keystone.common.rbac_enforcer.enforcer [None req-12a30de2-8c2f-499e-94ac-d1ab6bdd07a9 None admin] RBAC: Adding query filter params (group.id=059ecff880474a96bbab04344c00e68d, role.id=899a8afb374942c8872cc2929f6b4b1a, scope.project.id=8b52deef3bbe43eeb8063fe7f16f7af8) {{(pid=80370) _extract_filter_values /opt/stack/keystone/keystone/common/rbac_enforcer/enforcer.py:167}}
Jul 04 04:01:48.360014 dv-cinder-742162-5-iscsi devstack@keystone.service[80370]: DEBUG keystone.common.rbac_enforcer.enforcer [None req-12a30de2-8c2f-499e-94ac-d1ab6bdd07a9 None admin] RBAC: Authorizing `identity:list_role_assignments()` {{(pid=80370) enforce_call /opt/stack/keystone/keystone/common/rbac_enforcer/enforcer.py:449}}
Jul 04 04:01:48.361782 dv-cinder-742162-5-iscsi devstack@keystone.service[80370]: DEBUG keystone.common.rbac_enforcer.enforcer [None req-12a30de2-8c2f-499e-94ac-d1ab6bdd07a9 None admin] RBAC: Authorization granted {{(pid=80370) enforce_call /opt/stack/keystone/keystone/common/rbac_enforcer/enforcer.py:457}}
Jul 04 04:01:48.368218 dv-cinder-742162-5-iscsi devstack@keystone.service[80370]: [pid: 80370|app: 0|req: 182/370] 10.222.0.16 () {56 vars in 1376 bytes} [Mon Jul 4 04:01:48 2022] GET /identity/v3/role_assignments?group.id=059ecff880474a96bbab04344c00e68d&scope.project.id=8b52deef3bbe43eeb8063fe7f16f7af8&role.id=899a8afb374942c8872cc2929f6b4b1a => generated 260 bytes in 178 msecs (HTTP/1.1 200) 5 headers in 177 bytes (1 switches on core 0)
Jul 04 04:01:48.369819 dv-cinder-742162-5-iscsi devstack@keystone.service[80370]: DEBUG keystone.server.flask.request_processing.middleware.auth_context [None req-12a30de2-8c2f-499e-94ac-d1ab6bdd07a9 None admin] Authenticating user token {{(pid=80370) process_request /usr/local/lib/python3.8/dist-packages/keystonemiddleware/auth_token/__init__.py:407}}
Jul 04 04:01:48.395167 dv-cinder-742162-5-iscsi devstack@keystone.service[80371]: DEBUG keystone.server.flask.request_processing.middleware.auth_context [None req-03a32932-d17e-4bd6-a36c-08c3aee65958 None admin] RBAC: auth_context: {'token': , 'domain_id': None, 'trust_id': None, 'trustor_id': None, 'trustee_id': None, 'domain_name': None, 'group_ids': [], 'user_id': '769a75081be74879911bd8c4f4cb57da', 'user_domain_id': 'default', 'system_scope': 'all', 'project_id': None, 'project_domain_id': None, 'roles': ['admin', 'member', 'reader'], 'is_admin_project': True, 'service_user_id': None, 'service_user_domain_id': None, 'service_project_id': None, 'service_project_domain_id': None, 'service_roles': []} {{(pid=80371) fill_context /opt/stack/keystone/keystone/server/flask/request_processing/middleware/auth_context.py:478}}
Jul 04 04:01:48.396877 dv-cinder-742162-5-iscsi devstack@keystone.service[80371]: DEBUG keystone.server.flask.request_processing.req_logging [None req-03a32932-d17e-4bd6-a36c-08c3aee65958 None admin] REQUEST_METHOD: `GET` {{(pid=80371) log_request_info /opt/stack/keystone/keystone/server/flask/request_processing/req_logging.py:27}}
Jul 04 04:01:48.397393 dv-cinder-742162-5-iscsi devstack@keystone.service[80371]: DEBUG keystone.server.flask.request_processing.req_logging [None req-03a32932-d17e-4bd6-a36c-08c3aee65958 None admin] SCRIPT_NAME: `/identity` {{(pid=80371) log_request_info /opt/stack/keystone/keystone/server/flask/request_processing/req_logging.py:28}}
Jul 04 04:01:48.397874 dv-cinder-742162-5-iscsi devstack@keystone.service[80371]: DEBUG keystone.server.flask.request_processing.req_logging [None req-03a32932-d17e-4bd6-a36c-08c3aee65958 None admin] PATH_INFO: `/v3/users/500182e9c0774682a5ebebd9f4290eef` {{(pid=80371) log_request_info /opt/stack/keystone/keystone/server/flask/request_processing/req_logging.py:29}}
Jul 04 04:01:48.399487 dv-cinder-742162-5-iscsi devstack@keystone.service[80371]: DEBUG keystone.common.rbac_enforcer.enforcer [None req-03a32932-d17e-4bd6-a36c-08c3aee65958 None admin] RBAC: Authorizing `identity:get_user(user_id=500182e9c0774682a5ebebd9f4290eef)` {{(pid=80371) enforce_call /opt/stack/keystone/keystone/common/rbac_enforcer/enforcer.py:449}}
Jul 04 04:01:48.402162 dv-cinder-742162-5-iscsi devstack@keystone.service[80371]: DEBUG keystone.common.rbac_enforcer.enforcer [None req-03a32932-d17e-4bd6-a36c-08c3aee65958 None admin] RBAC: Authorization granted {{(pid=80371) enforce_call /opt/stack/keystone/keystone/common/rbac_enforcer/enforcer.py:457}}
Jul 04 04:01:48.405200 dv-cinder-742162-5-iscsi devstack@keystone.service[80371]: [pid: 80371|app: 0|req: 189/371] 10.222.0.16 () {56 vars in 1177 bytes} [Mon Jul 4 04:01:48 2022] GET /identity/v3/users/500182e9c0774682a5ebebd9f4290eef => generated 293 bytes in 184 msecs (HTTP/1.1 200) 5 headers in 177 bytes (1 switches on core 0)
Jul 04 04:01:48.410767 dv-cinder-742162-5-iscsi devstack@keystone.service[80371]: DEBUG keystone.server.flask.request_processing.middleware.auth_context [None req-03a32932-d17e-4bd6-a36c-08c3aee65958 None admin] Authenticating user token {{(pid=80371) process_request /usr/local/lib/python3.8/dist-packages/keystonemiddleware/auth_token/__init__.py:407}}
Jul 04 04:01:48.504386 dv-cinder-742162-5-iscsi devstack@keystone.service[80370]: DEBUG keystone.server.flask.request_processing.middleware.auth_context [None req-12a30de2-8c2f-499e-94ac-d1ab6bdd07a9 None admin] Validating token access rules against request {{(pid=80370) validate_allowed_request /usr/local/lib/python3.8/dist-packages/keystonemiddleware/auth_token/__init__.py:545}}
Jul 04 04:01:48.509318 dv-cinder-742162-5-iscsi devstack@keystone.service[80371]: DEBUG dbcounter [-] [80371] Writing DB stats keystone:SELECT=100 {{(pid=80371) stat_writer /usr/local/lib/python3.8/dist-packages/dbcounter.py:114}}
Jul 04 04:01:48.550715 dv-cinder-742162-5-iscsi devstack@keystone.service[80370]: DEBUG keystone.server.flask.request_processing.middleware.auth_context [None req-88dc41f6-2735-4936-87fc-4d0fac8b39d0 None admin] RBAC: auth_context: {'token': , 'domain_id': None, 'trust_id': None, 'trustor_id': None, 'trustee_id': None, 'domain_name': None, 'group_ids': [], 'user_id': '769a75081be74879911bd8c4f4cb57da', 'user_domain_id': 'default', 'system_scope': 'all', 'project_id': None, 'project_domain_id': None, 'roles': ['admin', 'member', 'reader'], 'is_admin_project': True, 'service_user_id': None, 'service_user_domain_id': None, 'service_project_id': None, 'service_project_domain_id': None, 'service_roles': []} {{(pid=80370) fill_context /opt/stack/keystone/keystone/server/flask/request_processing/middleware/auth_context.py:478}}
Jul 04 04:01:48.551823 dv-cinder-742162-5-iscsi devstack@keystone.service[80370]: DEBUG keystone.server.flask.request_processing.req_logging [None req-88dc41f6-2735-4936-87fc-4d0fac8b39d0 None admin] REQUEST_METHOD: `GET` {{(pid=80370) log_request_info /opt/stack/keystone/keystone/server/flask/request_processing/req_logging.py:27}}
Jul 04 04:01:48.552308 dv-cinder-742162-5-iscsi devstack@keystone.service[80370]: DEBUG keystone.server.flask.request_processing.req_logging [None req-88dc41f6-2735-4936-87fc-4d0fac8b39d0 None admin] SCRIPT_NAME: `/identity` {{(pid=80370) log_request_info /opt/stack/keystone/keystone/server/flask/request_processing/req_logging.py:28}}
Jul 04 04:01:48.552784 dv-cinder-742162-5-iscsi devstack@keystone.service[80370]: DEBUG keystone.server.flask.request_processing.req_logging [None req-88dc41f6-2735-4936-87fc-4d0fac8b39d0 None admin] PATH_INFO: `/v3/roles` {{(pid=80370) log_request_info /opt/stack/keystone/keystone/server/flask/request_processing/req_logging.py:29}}
Jul 04 04:01:48.553830 dv-cinder-742162-5-iscsi devstack@keystone.service[80370]: DEBUG keystone.common.rbac_enforcer.enforcer [None req-88dc41f6-2735-4936-87fc-4d0fac8b39d0 None admin] RBAC: Adding query filter params (name=admin) {{(pid=80370) _extract_filter_values /opt/stack/keystone/keystone/common/rbac_enforcer/enforcer.py:167}}
Jul 04 04:01:48.554334 dv-cinder-742162-5-iscsi devstack@keystone.service[80370]: DEBUG keystone.common.rbac_enforcer.enforcer [None req-88dc41f6-2735-4936-87fc-4d0fac8b39d0 None admin] RBAC: Authorizing `identity:list_roles()` {{(pid=80370) enforce_call /opt/stack/keystone/keystone/common/rbac_enforcer/enforcer.py:449}}
Jul 04 04:01:48.556052 dv-cinder-742162-5-iscsi devstack@keystone.service[80370]: DEBUG keystone.common.rbac_enforcer.enforcer [None req-88dc41f6-2735-4936-87fc-4d0fac8b39d0 None admin] RBAC: Authorization granted {{(pid=80370) enforce_call /opt/stack/keystone/keystone/common/rbac_enforcer/enforcer.py:457}}
Jul 04 04:01:48.568706 dv-cinder-742162-5-iscsi devstack@keystone.service[80370]: [pid: 80370|app: 0|req: 183/372] 10.222.0.16 () {56 vars in 1099 bytes} [Mon Jul 4 04:01:48 2022] GET /identity/v3/roles?name=admin => generated 339 bytes in 200 msecs (HTTP/1.1 200) 5 headers in 177 bytes (1 switches on core 0)
Jul 04 04:01:48.570099 dv-cinder-742162-5-iscsi devstack@keystone.service[80370]: DEBUG keystone.server.flask.request_processing.middleware.auth_context [None req-88dc41f6-2735-4936-87fc-4d0fac8b39d0 None admin] Authenticating user token {{(pid=80370) process_request /usr/local/lib/python3.8/dist-packages/keystonemiddleware/auth_token/__init__.py:407}}
Jul 04 04:01:48.598536 dv-cinder-742162-5-iscsi devstack@keystone.service[80370]: DEBUG dbcounter [-] [80370] Writing DB stats keystone:SELECT=100 {{(pid=80370) stat_writer /usr/local/lib/python3.8/dist-packages/dbcounter.py:114}}
Jul 04 04:01:48.617510 dv-cinder-742162-5-iscsi devstack@keystone.service[80371]: DEBUG keystone.server.flask.request_processing.middleware.auth_context [None req-03a32932-d17e-4bd6-a36c-08c3aee65958 None admin] Validating token access rules against request {{(pid=80371) validate_allowed_request /usr/local/lib/python3.8/dist-packages/keystonemiddleware/auth_token/__init__.py:545}}
Jul 04 04:01:48.662251 dv-cinder-742162-5-iscsi devstack@keystone.service[80371]: DEBUG keystone.server.flask.request_processing.middleware.auth_context [None req-5f09f63b-38bb-4a1b-9433-1a7fc423efcb None admin] RBAC: auth_context: {'token': , 'domain_id': None, 'trust_id': None, 'trustor_id': None, 'trustee_id': None, 'domain_name': None, 'group_ids': [], 'user_id': '769a75081be74879911bd8c4f4cb57da', 'user_domain_id': 'default', 'system_scope': 'all', 'project_id': None, 'project_domain_id': None, 'roles': ['admin', 'member', 'reader'], 'is_admin_project': True, 'service_user_id': None, 'service_user_domain_id': None, 'service_project_id': None, 'service_project_domain_id': None, 'service_roles': []} {{(pid=80371) fill_context /opt/stack/keystone/keystone/server/flask/request_processing/middleware/auth_context.py:478}}
Jul 04 04:01:48.663542 dv-cinder-742162-5-iscsi devstack@keystone.service[80371]: DEBUG keystone.server.flask.request_processing.req_logging [None req-5f09f63b-38bb-4a1b-9433-1a7fc423efcb None admin] REQUEST_METHOD: `GET` {{(pid=80371) log_request_info /opt/stack/keystone/keystone/server/flask/request_processing/req_logging.py:27}}
Jul 04 04:01:48.664030 dv-cinder-742162-5-iscsi devstack@keystone.service[80371]: DEBUG keystone.server.flask.request_processing.req_logging [None req-5f09f63b-38bb-4a1b-9433-1a7fc423efcb None admin] SCRIPT_NAME: `/identity` {{(pid=80371) log_request_info /opt/stack/keystone/keystone/server/flask/request_processing/req_logging.py:28}}
Jul 04 04:01:48.664504 dv-cinder-742162-5-iscsi devstack@keystone.service[80371]: DEBUG keystone.server.flask.request_processing.req_logging [None req-5f09f63b-38bb-4a1b-9433-1a7fc423efcb None admin] PATH_INFO: `/v3/projects/92526b3d97d842718cfd684615dba767` {{(pid=80371) log_request_info /opt/stack/keystone/keystone/server/flask/request_processing/req_logging.py:29}}
Jul 04 04:01:48.665942 dv-cinder-742162-5-iscsi devstack@keystone.service[80371]: DEBUG keystone.common.rbac_enforcer.enforcer [None req-5f09f63b-38bb-4a1b-9433-1a7fc423efcb None admin] RBAC: Authorizing `identity:get_project(project_id=92526b3d97d842718cfd684615dba767)` {{(pid=80371) enforce_call /opt/stack/keystone/keystone/common/rbac_enforcer/enforcer.py:449}}
Jul 04 04:01:48.667668 dv-cinder-742162-5-iscsi devstack@keystone.service[80371]: DEBUG keystone.common.rbac_enforcer.enforcer [None req-5f09f63b-38bb-4a1b-9433-1a7fc423efcb None admin] RBAC: Authorization granted {{(pid=80371) enforce_call /opt/stack/keystone/keystone/common/rbac_enforcer/enforcer.py:457}}
Jul 04 04:01:48.669954 dv-cinder-742162-5-iscsi devstack@keystone.service[80371]: [pid: 80371|app: 0|req: 190/373] 10.222.0.16 () {56 vars in 1186 bytes} [Mon Jul 4 04:01:48 2022] GET /identity/v3/projects/92526b3d97d842718cfd684615dba767 => generated 302 bytes in 264 msecs (HTTP/1.1 200) 5 headers in 177 bytes (1 switches on core 0)
Jul 04 04:01:48.671026 dv-cinder-742162-5-iscsi devstack@keystone.service[80371]: DEBUG keystone.server.flask.request_processing.middleware.auth_context [None req-5f09f63b-38bb-4a1b-9433-1a7fc423efcb None admin] Authenticating user token {{(pid=80371) process_request /usr/local/lib/python3.8/dist-packages/keystonemiddleware/auth_token/__init__.py:407}}
Jul 04 04:01:48.688182 dv-cinder-742162-5-iscsi devstack@keystone.service[80370]: DEBUG keystone.server.flask.request_processing.middleware.auth_context [None req-88dc41f6-2735-4936-87fc-4d0fac8b39d0 None admin] Validating token access rules against request {{(pid=80370) validate_allowed_request /usr/local/lib/python3.8/dist-packages/keystonemiddleware/auth_token/__init__.py:545}}
Jul 04 04:01:48.736450 dv-cinder-742162-5-iscsi devstack@keystone.service[80370]: DEBUG keystone.server.flask.request_processing.middleware.auth_context [None req-a8443837-7b43-4036-bdf2-ebf8fd3298e1 None admin] RBAC: auth_context: {'token': , 'domain_id': None, 'trust_id': None, 'trustor_id': None, 'trustee_id': None, 'domain_name': None, 'group_ids': [], 'user_id': '769a75081be74879911bd8c4f4cb57da', 'user_domain_id': 'default', 'system_scope': 'all', 'project_id': None, 'project_domain_id': None, 'roles': ['admin', 'member', 'reader'], 'is_admin_project': True, 'service_user_id': None, 'service_user_domain_id': None, 'service_project_id': None, 'service_project_domain_id': None, 'service_roles': []} {{(pid=80370) fill_context /opt/stack/keystone/keystone/server/flask/request_processing/middleware/auth_context.py:478}}
Jul 04 04:01:48.737128 dv-cinder-742162-5-iscsi devstack@keystone.service[80370]: DEBUG keystone.server.flask.request_processing.req_logging [None req-a8443837-7b43-4036-bdf2-ebf8fd3298e1 None admin] REQUEST_METHOD: `GET` {{(pid=80370) log_request_info /opt/stack/keystone/keystone/server/flask/request_processing/req_logging.py:27}}
Jul 04 04:01:48.737413 dv-cinder-742162-5-iscsi devstack@keystone.service[80370]: DEBUG keystone.server.flask.request_processing.req_logging [None req-a8443837-7b43-4036-bdf2-ebf8fd3298e1 None admin] SCRIPT_NAME: `/identity` {{(pid=80370) log_request_info /opt/stack/keystone/keystone/server/flask/request_processing/req_logging.py:28}}
Jul 04 04:01:48.737689 dv-cinder-742162-5-iscsi devstack@keystone.service[80370]: DEBUG keystone.server.flask.request_processing.req_logging [None req-a8443837-7b43-4036-bdf2-ebf8fd3298e1 None admin] PATH_INFO: `/v3/role_assignments` {{(pid=80370) log_request_info /opt/stack/keystone/keystone/server/flask/request_processing/req_logging.py:29}}
Jul 04 04:01:48.742658 dv-cinder-742162-5-iscsi devstack@keystone.service[80370]: DEBUG keystone.common.rbac_enforcer.enforcer [None req-a8443837-7b43-4036-bdf2-ebf8fd3298e1 None admin] RBAC: Adding query filter params (role.id=c024d0f9c15d42f080c58d0cd5fc6e77, user.id=500182e9c0774682a5ebebd9f4290eef, scope.system=all) {{(pid=80370) _extract_filter_values /opt/stack/keystone/keystone/common/rbac_enforcer/enforcer.py:167}}
Jul 04 04:01:48.743176 dv-cinder-742162-5-iscsi devstack@keystone.service[80370]: DEBUG keystone.common.rbac_enforcer.enforcer [None req-a8443837-7b43-4036-bdf2-ebf8fd3298e1 None admin] RBAC: Authorizing `identity:list_role_assignments()` {{(pid=80370) enforce_call /opt/stack/keystone/keystone/common/rbac_enforcer/enforcer.py:449}}
Jul 04 04:01:48.745014 dv-cinder-742162-5-iscsi devstack@keystone.service[80370]: DEBUG keystone.common.rbac_enforcer.enforcer [None req-a8443837-7b43-4036-bdf2-ebf8fd3298e1 None admin] RBAC: Authorization granted {{(pid=80370) enforce_call /opt/stack/keystone/keystone/common/rbac_enforcer/enforcer.py:457}}
Jul 04 04:01:48.761513 dv-cinder-742162-5-iscsi devstack@keystone.service[80370]: [pid: 80370|app: 0|req: 184/374] 10.222.0.16 () {56 vars in 1308 bytes} [Mon Jul 4 04:01:48 2022] GET /identity/v3/role_assignments?user.id=500182e9c0774682a5ebebd9f4290eef&scope.system=all&role.id=c024d0f9c15d42f080c58d0cd5fc6e77 => generated 510 bytes in 192 msecs (HTTP/1.1 200) 5 headers in 177 bytes (1 switches on core 0)
Jul 04 04:01:48.762663 dv-cinder-742162-5-iscsi devstack@keystone.service[80370]: DEBUG keystone.server.flask.request_processing.middleware.auth_context [None req-a8443837-7b43-4036-bdf2-ebf8fd3298e1 None admin] Authenticating user token {{(pid=80370) process_request /usr/local/lib/python3.8/dist-packages/keystonemiddleware/auth_token/__init__.py:407}}
Jul 04 04:01:48.774784 dv-cinder-742162-5-iscsi devstack@keystone.service[80371]: DEBUG dbcounter [-] [80371] Writing DB stats keystone:SELECT=100 {{(pid=80371) stat_writer /usr/local/lib/python3.8/dist-packages/dbcounter.py:114}}
Jul 04 04:01:48.777259 dv-cinder-742162-5-iscsi devstack@keystone.service[80371]: DEBUG keystone.server.flask.request_processing.middleware.auth_context [None req-5f09f63b-38bb-4a1b-9433-1a7fc423efcb None admin] Validating token access rules against request {{(pid=80371) validate_allowed_request /usr/local/lib/python3.8/dist-packages/keystonemiddleware/auth_token/__init__.py:545}}
Jul 04 04:01:48.816038 dv-cinder-742162-5-iscsi devstack@keystone.service[80371]: DEBUG keystone.server.flask.request_processing.middleware.auth_context [None req-84a6cad0-78fd-4ecc-9c42-f64a04a387e0 None admin] RBAC: auth_context: {'token': , 'domain_id': None, 'trust_id': None, 'trustor_id': None, 'trustee_id': None, 'domain_name': None, 'group_ids': [], 'user_id': '769a75081be74879911bd8c4f4cb57da', 'user_domain_id': 'default', 'system_scope': 'all', 'project_id': None, 'project_domain_id': None, 'roles': ['admin', 'member', 'reader'], 'is_admin_project': True, 'service_user_id': None, 'service_user_domain_id': None, 'service_project_id': None, 'service_project_domain_id': None, 'service_roles': []} {{(pid=80371) fill_context /opt/stack/keystone/keystone/server/flask/request_processing/middleware/auth_context.py:478}}
Jul 04 04:01:48.816689 dv-cinder-742162-5-iscsi devstack@keystone.service[80371]: DEBUG keystone.server.flask.request_processing.req_logging [None req-84a6cad0-78fd-4ecc-9c42-f64a04a387e0 None admin] REQUEST_METHOD: `GET` {{(pid=80371) log_request_info /opt/stack/keystone/keystone/server/flask/request_processing/req_logging.py:27}}
Jul 04 04:01:48.817118 dv-cinder-742162-5-iscsi devstack@keystone.service[80371]: DEBUG keystone.server.flask.request_processing.req_logging [None req-84a6cad0-78fd-4ecc-9c42-f64a04a387e0 None admin] SCRIPT_NAME: `/identity` {{(pid=80371) log_request_info /opt/stack/keystone/keystone/server/flask/request_processing/req_logging.py:28}}
Jul 04 04:01:48.817449 dv-cinder-742162-5-iscsi devstack@keystone.service[80371]: DEBUG keystone.server.flask.request_processing.req_logging [None req-84a6cad0-78fd-4ecc-9c42-f64a04a387e0 None admin] PATH_INFO: `/v3/auth/tokens` {{(pid=80371) log_request_info /opt/stack/keystone/keystone/server/flask/request_processing/req_logging.py:29}}
Jul 04 04:01:48.891010 dv-cinder-742162-5-iscsi devstack@keystone.service[80371]: DEBUG keystone.common.rbac_enforcer.enforcer [None req-84a6cad0-78fd-4ecc-9c42-f64a04a387e0 None admin] RBAC: Authorizing `identity:validate_token()` {{(pid=80371) enforce_call /opt/stack/keystone/keystone/common/rbac_enforcer/enforcer.py:449}}
Jul 04 04:01:48.892789 dv-cinder-742162-5-iscsi devstack@keystone.service[80371]: DEBUG keystone.common.rbac_enforcer.enforcer [None req-84a6cad0-78fd-4ecc-9c42-f64a04a387e0 None admin] RBAC: Authorization granted {{(pid=80371) enforce_call /opt/stack/keystone/keystone/common/rbac_enforcer/enforcer.py:457}}
Jul 04 04:01:48.916035 dv-cinder-742162-5-iscsi devstack@keystone.service[80370]: DEBUG dbcounter [-] [80370] Writing DB stats keystone:SELECT=100 {{(pid=80370) stat_writer /usr/local/lib/python3.8/dist-packages/dbcounter.py:114}}
Jul 04 04:01:48.944648 dv-cinder-742162-5-iscsi devstack@keystone.service[80370]: DEBUG keystone.server.flask.request_processing.middleware.auth_context [None req-a8443837-7b43-4036-bdf2-ebf8fd3298e1 None admin] Validating token access rules against request {{(pid=80370) validate_allowed_request /usr/local/lib/python3.8/dist-packages/keystonemiddleware/auth_token/__init__.py:545}}
Jul 04 04:01:48.988098 dv-cinder-742162-5-iscsi devstack@keystone.service[80370]: DEBUG keystone.server.flask.request_processing.middleware.auth_context [None req-ccb3f106-272d-4fdb-b5a0-776fc0536660 None admin] RBAC: auth_context: {'token': , 'domain_id': None, 'trust_id': None, 'trustor_id': None, 'trustee_id': None, 'domain_name': None, 'group_ids': [], 'user_id': '769a75081be74879911bd8c4f4cb57da', 'user_domain_id': 'default', 'system_scope': 'all', 'project_id': None, 'project_domain_id': None, 'roles': ['admin', 'member', 'reader'], 'is_admin_project': True, 'service_user_id': None, 'service_user_domain_id': None, 'service_project_id': None, 'service_project_domain_id': None, 'service_roles': []} {{(pid=80370) fill_context /opt/stack/keystone/keystone/server/flask/request_processing/middleware/auth_context.py:478}}
Jul 04 04:01:48.989467 dv-cinder-742162-5-iscsi devstack@keystone.service[80370]: DEBUG keystone.server.flask.request_processing.req_logging [None req-ccb3f106-272d-4fdb-b5a0-776fc0536660 None admin] REQUEST_METHOD: `GET` {{(pid=80370) log_request_info /opt/stack/keystone/keystone/server/flask/request_processing/req_logging.py:27}}
Jul 04 04:01:48.990055 dv-cinder-742162-5-iscsi devstack@keystone.service[80370]: DEBUG keystone.server.flask.request_processing.req_logging [None req-ccb3f106-272d-4fdb-b5a0-776fc0536660 None admin] SCRIPT_NAME: `/identity` {{(pid=80370) log_request_info /opt/stack/keystone/keystone/server/flask/request_processing/req_logging.py:28}}
Jul 04 04:01:48.990554 dv-cinder-742162-5-iscsi devstack@keystone.service[80370]: DEBUG keystone.server.flask.request_processing.req_logging [None req-ccb3f106-272d-4fdb-b5a0-776fc0536660 None admin] PATH_INFO: `/v3/groups/059ecff880474a96bbab04344c00e68d` {{(pid=80370) log_request_info /opt/stack/keystone/keystone/server/flask/request_processing/req_logging.py:29}}
Jul 04 04:01:48.992030 dv-cinder-742162-5-iscsi devstack@keystone.service[80370]: DEBUG keystone.common.rbac_enforcer.enforcer [None req-ccb3f106-272d-4fdb-b5a0-776fc0536660 None admin] RBAC: Authorizing `identity:get_group(group_id=059ecff880474a96bbab04344c00e68d)` {{(pid=80370) enforce_call /opt/stack/keystone/keystone/common/rbac_enforcer/enforcer.py:449}}
Jul 04 04:01:48.993810 dv-cinder-742162-5-iscsi devstack@keystone.service[80370]: DEBUG keystone.common.rbac_enforcer.enforcer [None req-ccb3f106-272d-4fdb-b5a0-776fc0536660 None admin] RBAC: Authorization granted {{(pid=80370) enforce_call /opt/stack/keystone/keystone/common/rbac_enforcer/enforcer.py:457}}
Jul 04 04:01:48.998128 dv-cinder-742162-5-iscsi devstack@keystone.service[80370]: [pid: 80370|app: 0|req: 185/375] 10.222.0.16 () {56 vars in 1180 bytes} [Mon Jul 4 04:01:48 2022] GET /identity/v3/groups/059ecff880474a96bbab04344c00e68d => generated 226 bytes in 236 msecs (HTTP/1.1 200) 5 headers in 177 bytes (1 switches on core 0)
Jul 04 04:01:49.003483 dv-cinder-742162-5-iscsi devstack@keystone.service[80371]: DEBUG dbcounter [-] [80371] Writing DB stats keystone:SELECT=100 {{(pid=80371) stat_writer /usr/local/lib/python3.8/dist-packages/dbcounter.py:114}}
Jul 04 04:01:49.005248 dv-cinder-742162-5-iscsi devstack@keystone.service[80370]: DEBUG keystone.server.flask.request_processing.middleware.auth_context [None req-ccb3f106-272d-4fdb-b5a0-776fc0536660 None admin] Authenticating user token {{(pid=80370) process_request /usr/local/lib/python3.8/dist-packages/keystonemiddleware/auth_token/__init__.py:407}}
Jul 04 04:01:49.008548 dv-cinder-742162-5-iscsi devstack@keystone.service[80371]: [pid: 80371|app: 0|req: 191/376] 10.222.0.16 () {58 vars in 1282 bytes} [Mon Jul 4 04:01:48 2022] GET /identity/v3/auth/tokens => generated 799 bytes in 338 msecs (HTTP/1.1 200) 6 headers in 358 bytes (1 switches on core 0)
Jul 04 04:01:49.014125 dv-cinder-742162-5-iscsi devstack@keystone.service[80371]: DEBUG keystone.server.flask.request_processing.middleware.auth_context [None req-84a6cad0-78fd-4ecc-9c42-f64a04a387e0 None admin] Authenticating user token {{(pid=80371) process_request /usr/local/lib/python3.8/dist-packages/keystonemiddleware/auth_token/__init__.py:407}}
Jul 04 04:01:49.175019 dv-cinder-742162-5-iscsi devstack@keystone.service[80370]: DEBUG keystone.server.flask.request_processing.middleware.auth_context [None req-ccb3f106-272d-4fdb-b5a0-776fc0536660 None admin] Validating token access rules against request {{(pid=80370) validate_allowed_request /usr/local/lib/python3.8/dist-packages/keystonemiddleware/auth_token/__init__.py:545}}
Jul 04 04:01:49.211015 dv-cinder-742162-5-iscsi devstack@keystone.service[80371]: DEBUG keystone.server.flask.request_processing.middleware.auth_context [None req-84a6cad0-78fd-4ecc-9c42-f64a04a387e0 None admin] Validating token access rules against request {{(pid=80371) validate_allowed_request /usr/local/lib/python3.8/dist-packages/keystonemiddleware/auth_token/__init__.py:545}}
Jul 04 04:01:49.248256 dv-cinder-742162-5-iscsi devstack@keystone.service[80370]: DEBUG keystone.server.flask.request_processing.middleware.auth_context [None req-f982c542-24bc-4306-954d-b152e643e3ce None admin] RBAC: auth_context: {'token': , 'domain_id': None, 'trust_id': None, 'trustor_id': None, 'trustee_id': None, 'domain_name': None, 'group_ids': [], 'user_id': '769a75081be74879911bd8c4f4cb57da', 'user_domain_id': 'default', 'system_scope': 'all', 'project_id': None, 'project_domain_id': None, 'roles': ['admin', 'member', 'reader'], 'is_admin_project': True, 'service_user_id': None, 'service_user_domain_id': None, 'service_project_id': None, 'service_project_domain_id': None, 'service_roles': []} {{(pid=80370) fill_context /opt/stack/keystone/keystone/server/flask/request_processing/middleware/auth_context.py:478}}
Jul 04 04:01:49.249186 dv-cinder-742162-5-iscsi devstack@keystone.service[80370]: DEBUG keystone.server.flask.request_processing.req_logging [None req-f982c542-24bc-4306-954d-b152e643e3ce None admin] REQUEST_METHOD: `GET` {{(pid=80370) log_request_info /opt/stack/keystone/keystone/server/flask/request_processing/req_logging.py:27}}
Jul 04 04:01:49.249477 dv-cinder-742162-5-iscsi devstack@keystone.service[80370]: DEBUG keystone.server.flask.request_processing.req_logging [None req-f982c542-24bc-4306-954d-b152e643e3ce None admin] SCRIPT_NAME: `/identity` {{(pid=80370) log_request_info /opt/stack/keystone/keystone/server/flask/request_processing/req_logging.py:28}}
Jul 04 04:01:49.250166 dv-cinder-742162-5-iscsi devstack@keystone.service[80370]: DEBUG keystone.server.flask.request_processing.req_logging [None req-f982c542-24bc-4306-954d-b152e643e3ce None admin] PATH_INFO: `/v3/role_assignments` {{(pid=80370) log_request_info /opt/stack/keystone/keystone/server/flask/request_processing/req_logging.py:29}}
