Jul 04 04:14:57.199946 dv-cinder-742162-5-iscsi devstack@c-api.service[111006]: DEBUG cinder.volume.api [None req-e67f14ba-8f25-49a3-b539-652e59acafc6 tempest-GroupSnapshotsTest-559010367 tempest-GroupSnapshotsTest-559010367-project] Task 'cinder.volume.flows.api.create_volume.ExtractVolumeRequestTask;volume:create' (afea5b0c-d001-47bc-8b74-913f99a76dd8) transitioned into state 'SUCCESS' from state 'RUNNING' with result '{'size': 1, 'snapshot_id': None, 'source_volid': None, 'volume_type': VolumeType(created_at=2022-07-04T04:14:54Z,deleted=False,deleted_at=None,description=None,extra_specs={},id=0ffca69b-8c8c-40fd-ae89-1c5a9024a6fe,is_public=True,name='tempest-GroupSnapshotsTest-volume-type-344682342',projects=[],qos_specs=,qos_specs_id=None,updated_at=None), 'volume_type_id': '0ffca69b-8c8c-40fd-ae89-1c5a9024a6fe', 'encryption_key_id': None, 'qos_specs': None, 'consistencygroup_id': None, 'cgsnapshot_id': None, 'group_id': '0633d9de-45dd-4421-9caa-b00d3819f832', 'replication_status': 'disabled', 'refresh_az': False, 'backup_id': None, 'multiattach': False, 'availability_zones': ['nova']}' {{(pid=111006) _task_receiver /usr/local/lib/python3.8/dist-packages/taskflow/listeners/logging.py:178}}
Jul 04 04:14:57.201944 dv-cinder-742162-5-iscsi devstack@c-api.service[111006]: DEBUG cinder.volume.api [None req-e67f14ba-8f25-49a3-b539-652e59acafc6 tempest-GroupSnapshotsTest-559010367 tempest-GroupSnapshotsTest-559010367-project] Task 'cinder.volume.flows.api.create_volume.QuotaReserveTask;volume:create' (ae260bcc-32bb-4935-b0f0-33c10389e030) transitioned into state 'RUNNING' from state 'PENDING' {{(pid=111006) _task_receiver /usr/local/lib/python3.8/dist-packages/taskflow/listeners/logging.py:190}}
Jul 04 04:14:57.267993 dv-cinder-742162-5-iscsi devstack@c-api.service[111006]: WARNING cinder.quota [None req-e67f14ba-8f25-49a3-b539-652e59acafc6 tempest-GroupSnapshotsTest-559010367 tempest-GroupSnapshotsTest-559010367-project] Deprecated: Default quota for resource: volumes_tempest-GroupSnapshotsTest-volume-type-344682342 is set by the default quota flag: quota_volumes_tempest-GroupSnapshotsTest-volume-type-344682342, it is now deprecated. Please use the default quota class for default quota.
Jul 04 04:14:57.269430 dv-cinder-742162-5-iscsi devstack@c-api.service[111006]: WARNING cinder.quota [None req-e67f14ba-8f25-49a3-b539-652e59acafc6 tempest-GroupSnapshotsTest-559010367 tempest-GroupSnapshotsTest-559010367-project] Deprecated: Default quota for resource: gigabytes_tempest-GroupSnapshotsTest-volume-type-344682342 is set by the default quota flag: quota_gigabytes_tempest-GroupSnapshotsTest-volume-type-344682342, it is now deprecated. Please use the default quota class for default quota.
Jul 04 04:14:57.270777 dv-cinder-742162-5-iscsi devstack@c-api.service[111005]: INFO cinder.api.openstack.wsgi [None req-43f01135-5d6e-491b-aca9-fd3535063e89 tempest-VolumeRetypeWithoutMigrationTest-584025623 tempest-VolumeRetypeWithoutMigrationTest-584025623-project-admin] POST http://10.222.0.16/volume/v3/079f81f8421841a29bb423f22d4c612d/types
Jul 04 04:14:57.271544 dv-cinder-742162-5-iscsi devstack@c-api.service[111005]: DEBUG cinder.api.openstack.wsgi [None req-43f01135-5d6e-491b-aca9-fd3535063e89 tempest-VolumeRetypeWithoutMigrationTest-584025623 tempest-VolumeRetypeWithoutMigrationTest-584025623-project-admin] Action: 'create', calling method: _create, body: {"volume_type": {"name": "volume-type-1"}} {{(pid=111005) _process_stack /opt/stack/cinder/cinder/api/openstack/wsgi.py:866}}
Jul 04 04:14:57.273036 dv-cinder-742162-5-iscsi devstack@c-api.service[111005]: /usr/local/lib/python3.8/dist-packages/oslo_context/context.py:100: DeprecationWarning: Policy enforcement is depending on the value of is_admin. This key is deprecated. Please update your policy file to use the standard policy values.
Jul 04 04:14:57.273036 dv-cinder-742162-5-iscsi devstack@c-api.service[111005]: warnings.warn('Policy enforcement is depending on the value of '
Jul 04 04:14:57.309534 dv-cinder-742162-5-iscsi devstack@c-api.service[111005]: INFO cinder.api.openstack.wsgi [None req-43f01135-5d6e-491b-aca9-fd3535063e89 tempest-VolumeRetypeWithoutMigrationTest-584025623 tempest-VolumeRetypeWithoutMigrationTest-584025623-project-admin] http://10.222.0.16/volume/v3/079f81f8421841a29bb423f22d4c612d/types returned with HTTP 200
Jul 04 04:14:57.310932 dv-cinder-742162-5-iscsi devstack@c-api.service[111005]: [pid: 111005|app: 0|req: 58/122] 10.222.0.16 () {60 vars in 1228 bytes} [Mon Jul 4 04:14:57 2022] POST /volume/v3/079f81f8421841a29bb423f22d4c612d/types => generated 188 bytes in 221 msecs (HTTP/1.1 200) 7 headers in 285 bytes (1 switches on core 0)
Jul 04 04:14:57.318171 dv-cinder-742162-5-iscsi devstack@c-api.service[111005]: DEBUG cinder.api.middleware.request_id [None req-41c26c5e-7aeb-4767-84d4-d9b4f9c7425c None None] RequestId filter calling following filter/app {{(pid=111005) _context_setter /opt/stack/cinder/cinder/api/middleware/request_id.py:62}}
Jul 04 04:14:57.333483 dv-cinder-742162-5-iscsi devstack@c-api.service[111005]: INFO cinder.api.openstack.wsgi [None req-41c26c5e-7aeb-4767-84d4-d9b4f9c7425c tempest-SnapshotsActionsTest-310450918 tempest-SnapshotsActionsTest-310450918-project] GET http://10.222.0.16/volume/v3/9942552034f44a88a79191475ad6d4d4/snapshots/02811dcf-1525-4e1b-bf01-b69e7571258c
Jul 04 04:14:57.334935 dv-cinder-742162-5-iscsi devstack@c-api.service[111005]: DEBUG cinder.api.openstack.wsgi [None req-41c26c5e-7aeb-4767-84d4-d9b4f9c7425c tempest-SnapshotsActionsTest-310450918 tempest-SnapshotsActionsTest-310450918-project] Empty body provided in request {{(pid=111005) get_body /opt/stack/cinder/cinder/api/openstack/wsgi.py:715}}
Jul 04 04:14:57.335408 dv-cinder-742162-5-iscsi devstack@c-api.service[111005]: DEBUG cinder.api.openstack.wsgi [None req-41c26c5e-7aeb-4767-84d4-d9b4f9c7425c tempest-SnapshotsActionsTest-310450918 tempest-SnapshotsActionsTest-310450918-project] Calling method 'show' {{(pid=111005) _process_stack /opt/stack/cinder/cinder/api/openstack/wsgi.py:868}}
Jul 04 04:14:57.359111 dv-cinder-742162-5-iscsi devstack@c-api.service[111005]: /usr/local/lib/python3.8/dist-packages/oslo_context/context.py:100: DeprecationWarning: Policy enforcement is depending on the value of is_admin. This key is deprecated. Please update your policy file to use the standard policy values.
Jul 04 04:14:57.359111 dv-cinder-742162-5-iscsi devstack@c-api.service[111005]: warnings.warn('Policy enforcement is depending on the value of '
Jul 04 04:14:57.360467 dv-cinder-742162-5-iscsi devstack@c-api.service[111005]: INFO cinder.volume.api [None req-41c26c5e-7aeb-4767-84d4-d9b4f9c7425c tempest-SnapshotsActionsTest-310450918 tempest-SnapshotsActionsTest-310450918-project] Snapshot retrieved successfully.
Jul 04 04:14:57.363269 dv-cinder-742162-5-iscsi devstack@c-api.service[111005]: INFO cinder.api.openstack.wsgi [None req-41c26c5e-7aeb-4767-84d4-d9b4f9c7425c tempest-SnapshotsActionsTest-310450918 tempest-SnapshotsActionsTest-310450918-project] http://10.222.0.16/volume/v3/9942552034f44a88a79191475ad6d4d4/snapshots/02811dcf-1525-4e1b-bf01-b69e7571258c returned with HTTP 200
Jul 04 04:14:57.364545 dv-cinder-742162-5-iscsi devstack@c-api.service[111005]: [pid: 111005|app: 0|req: 59/123] 10.222.0.16 () {58 vars in 1330 bytes} [Mon Jul 4 04:14:57 2022] GET /volume/v3/9942552034f44a88a79191475ad6d4d4/snapshots/02811dcf-1525-4e1b-bf01-b69e7571258c => generated 466 bytes in 48 msecs (HTTP/1.1 200) 7 headers in 285 bytes (1 switches on core 0)
Jul 04 04:14:57.366067 dv-cinder-742162-5-iscsi devstack@c-api.service[111005]: DEBUG cinder.api.middleware.request_id [None req-83639c3e-8406-4de1-acfb-993c20862db8 None None] RequestId filter calling following filter/app {{(pid=111005) _context_setter /opt/stack/cinder/cinder/api/middleware/request_id.py:62}}
Jul 04 04:14:57.370248 dv-cinder-742162-5-iscsi devstack@c-api.service[111005]: INFO cinder.api.openstack.wsgi [None req-83639c3e-8406-4de1-acfb-993c20862db8 tempest-GroupsV314Test-1606472773 tempest-GroupsV314Test-1606472773-project] GET http://10.222.0.16/volume/v3/cd464d738d4c451ba7a629970d36917b/volumes/22f6cf50-9ad2-4926-968c-4052ab71132c
Jul 04 04:14:57.371031 dv-cinder-742162-5-iscsi devstack@c-api.service[111005]: DEBUG cinder.api.openstack.wsgi [None req-83639c3e-8406-4de1-acfb-993c20862db8 tempest-GroupsV314Test-1606472773 tempest-GroupsV314Test-1606472773-project] Empty body provided in request {{(pid=111005) get_body /opt/stack/cinder/cinder/api/openstack/wsgi.py:715}}
Jul 04 04:14:57.371841 dv-cinder-742162-5-iscsi devstack@c-api.service[111005]: DEBUG cinder.api.openstack.wsgi [None req-83639c3e-8406-4de1-acfb-993c20862db8 tempest-GroupsV314Test-1606472773 tempest-GroupsV314Test-1606472773-project] Calling method 'show' {{(pid=111005) _process_stack /opt/stack/cinder/cinder/api/openstack/wsgi.py:868}}
Jul 04 04:14:57.385511 dv-cinder-742162-5-iscsi devstack@c-api.service[111006]: DEBUG cinder.quota [None req-e67f14ba-8f25-49a3-b539-652e59acafc6 tempest-GroupSnapshotsTest-559010367 tempest-GroupSnapshotsTest-559010367-project] Created reservations ['88682eba-95c8-4503-a168-90777d8c3e07', 'c904cfa3-c7af-496e-bc26-be796cadda5d', '6d1a52cd-18b9-4f78-b2b4-ede190be0dbb', '360b705b-7c62-4bac-bfe7-d921ffec9809'] {{(pid=111006) reserve /opt/stack/cinder/cinder/quota.py:755}}
Jul 04 04:14:57.390596 dv-cinder-742162-5-iscsi devstack@c-api.service[111006]: DEBUG cinder.volume.api [None req-e67f14ba-8f25-49a3-b539-652e59acafc6 tempest-GroupSnapshotsTest-559010367 tempest-GroupSnapshotsTest-559010367-project] Task 'cinder.volume.flows.api.create_volume.QuotaReserveTask;volume:create' (ae260bcc-32bb-4935-b0f0-33c10389e030) transitioned into state 'SUCCESS' from state 'RUNNING' with result '{'reservations': ['88682eba-95c8-4503-a168-90777d8c3e07', 'c904cfa3-c7af-496e-bc26-be796cadda5d', '6d1a52cd-18b9-4f78-b2b4-ede190be0dbb', '360b705b-7c62-4bac-bfe7-d921ffec9809']}' {{(pid=111006) _task_receiver /usr/local/lib/python3.8/dist-packages/taskflow/listeners/logging.py:178}}
Jul 04 04:14:57.394816 dv-cinder-742162-5-iscsi devstack@c-api.service[111006]: DEBUG cinder.volume.api [None req-e67f14ba-8f25-49a3-b539-652e59acafc6 tempest-GroupSnapshotsTest-559010367 tempest-GroupSnapshotsTest-559010367-project] Task 'cinder.volume.flows.api.create_volume.EntryCreateTask;volume:create' (9668d16c-bec1-4db6-95c9-97ed809a8402) transitioned into state 'RUNNING' from state 'PENDING' {{(pid=111006) _task_receiver /usr/local/lib/python3.8/dist-packages/taskflow/listeners/logging.py:190}}
Jul 04 04:14:57.399164 dv-cinder-742162-5-iscsi devstack@c-api.service[111005]: /usr/local/lib/python3.8/dist-packages/oslo_context/context.py:100: DeprecationWarning: Policy enforcement is depending on the value of is_admin. This key is deprecated. Please update your policy file to use the standard policy values.
Jul 04 04:14:57.399164 dv-cinder-742162-5-iscsi devstack@c-api.service[111005]: warnings.warn('Policy enforcement is depending on the value of '
Jul 04 04:14:57.418440 dv-cinder-742162-5-iscsi devstack@c-api.service[111005]: INFO cinder.volume.api [None req-83639c3e-8406-4de1-acfb-993c20862db8 tempest-GroupsV314Test-1606472773 tempest-GroupsV314Test-1606472773-project] Volume info retrieved successfully.
Jul 04 04:14:57.420168 dv-cinder-742162-5-iscsi devstack@c-api.service[111005]: WARNING stevedore.named [None req-83639c3e-8406-4de1-acfb-993c20862db8 tempest-GroupsV314Test-1606472773 tempest-GroupsV314Test-1606472773-project] Could not load cinder.keymgr.conf_key_mgr.ConfKeyManager
Jul 04 04:14:57.420791 dv-cinder-742162-5-iscsi devstack@c-api.service[111005]: WARNING castellan.key_manager [None req-83639c3e-8406-4de1-acfb-993c20862db8 tempest-GroupsV314Test-1606472773 tempest-GroupsV314Test-1606472773-project] Deprecation Warning : cinder.keymgr.conf_key_mgr.ConfKeyManager is not a stevedore based driver, trying to load it as a class: stevedore.exception.NoMatches: No 'castellan.drivers' driver found, looking for 'cinder.keymgr.conf_key_mgr.ConfKeyManager'
Jul 04 04:14:57.430516 dv-cinder-742162-5-iscsi devstack@c-api.service[111005]: DEBUG oslo_db.sqlalchemy.engines [None req-83639c3e-8406-4de1-acfb-993c20862db8 tempest-GroupsV314Test-1606472773 tempest-GroupsV314Test-1606472773-project] MySQL server mode set to STRICT_TRANS_TABLES,STRICT_ALL_TABLES,NO_ZERO_IN_DATE,NO_ZERO_DATE,ERROR_FOR_DIVISION_BY_ZERO,TRADITIONAL,NO_ENGINE_SUBSTITUTION {{(pid=111005) _check_effective_sql_mode /usr/local/lib/python3.8/dist-packages/oslo_db/sqlalchemy/engines.py:314}}
Jul 04 04:14:57.433908 dv-cinder-742162-5-iscsi devstack@c-api.service[111006]: DEBUG cinder.volume.api [None req-e67f14ba-8f25-49a3-b539-652e59acafc6 tempest-GroupSnapshotsTest-559010367 tempest-GroupSnapshotsTest-559010367-project] Task 'cinder.volume.flows.api.create_volume.EntryCreateTask;volume:create' (9668d16c-bec1-4db6-95c9-97ed809a8402) transitioned into state 'SUCCESS' from state 'RUNNING' with result '{'volume_id': '63385ae7-54e2-4c35-9d06-480b8a2db41d', 'volume_properties': VolumeProperties(attach_status='detached',availability_zone='nova',cgsnapshot_id=None,consistencygroup_id=None,display_description=None,display_name='tempest-GroupSnapshotsTest-Volume-486260890',encryption_key_id=None,group_id=0633d9de-45dd-4421-9caa-b00d3819f832,group_type_id=,metadata={},multiattach=False,project_id='1288dfde91b340159ac74714c1ac820b',qos_specs=None,replication_status=,reservations=['88682eba-95c8-4503-a168-90777d8c3e07','c904cfa3-c7af-496e-bc26-be796cadda5d','6d1a52cd-18b9-4f78-b2b4-ede190be0dbb','360b705b-7c62-4bac-bfe7-d921ffec9809'],size=1,snapshot_id=None,source_replicaid=,source_volid=None,status='creating',user_id='b30d48d8025444c59df61ec85069b552',volume_type_id=0ffca69b-8c8c-40fd-ae89-1c5a9024a6fe), 'volume': Volume(_name_id=None,admin_metadata=,attach_status='detached',availability_zone='nova',bootable=False,cluster=,cluster_name=None,consistencygroup=,consistencygroup_id=None,created_at=2022-07-04T04:14:57Z,deleted=False,deleted_at=None,display_description=None,display_name='tempest-GroupSnapshotsTest-Volume-486260890',ec2_id=None,encryption_key_id=None,glance_metadata=,group=,group_id=0633d9de-45dd-4421-9caa-b00d3819f832,host=None,id=63385ae7-54e2-4c35-9d06-480b8a2db41d,launched_at=None,metadata={},migration_status=None,multiattach=False,previous_status=None,project_id='1288dfde91b340159ac74714c1ac820b',provider_auth=None,provider_geometry=None,provider_id=None,provider_location=None,replication_driver_data=None,replication_extended_status=None,replication_status=None,scheduled_at=None,service_uuid=None,shared_targets=True,size=1,snapshot_id=None,snapshots=,source_volid=None,status='creating',terminated_at=None,updated_at=None,use_quota=True,user_id='b30d48d8025444c59df61ec85069b552',volume_attachment=VolumeAttachmentList,volume_type=VolumeType(0ffca69b-8c8c-40fd-ae89-1c5a9024a6fe),volume_type_id=0ffca69b-8c8c-40fd-ae89-1c5a9024a6fe)}' {{(pid=111006) _task_receiver /usr/local/lib/python3.8/dist-packages/taskflow/listeners/logging.py:178}}
Jul 04 04:14:57.436000 dv-cinder-742162-5-iscsi devstack@c-api.service[111006]: DEBUG cinder.volume.api [None req-e67f14ba-8f25-49a3-b539-652e59acafc6 tempest-GroupSnapshotsTest-559010367 tempest-GroupSnapshotsTest-559010367-project] Task 'cinder.volume.flows.api.create_volume.QuotaCommitTask;volume:create' (c30d861f-d8cf-4635-87e6-b2e225b9b370) transitioned into state 'RUNNING' from state 'PENDING' {{(pid=111006) _task_receiver /usr/local/lib/python3.8/dist-packages/taskflow/listeners/logging.py:190}}
Jul 04 04:14:57.438813 dv-cinder-742162-5-iscsi devstack@c-api.service[111005]: /usr/local/lib/python3.8/dist-packages/oslo_context/context.py:100: DeprecationWarning: Policy enforcement is depending on the value of is_admin. This key is deprecated. Please update your policy file to use the standard policy values.
Jul 04 04:14:57.438813 dv-cinder-742162-5-iscsi devstack@c-api.service[111005]: warnings.warn('Policy enforcement is depending on the value of '
Jul 04 04:14:57.443070 dv-cinder-742162-5-iscsi devstack@c-api.service[111006]: DEBUG dbcounter [-] [111006] Writing DB stats cinder:SELECT=78,cinder:UPDATE=12,cinder:INSERT=10 {{(pid=111006) stat_writer /usr/local/lib/python3.8/dist-packages/dbcounter.py:114}}
Jul 04 04:14:57.468804 dv-cinder-742162-5-iscsi devstack@c-api.service[111005]: INFO cinder.api.openstack.wsgi [None req-83639c3e-8406-4de1-acfb-993c20862db8 tempest-GroupsV314Test-1606472773 tempest-GroupsV314Test-1606472773-project] http://10.222.0.16/volume/v3/cd464d738d4c451ba7a629970d36917b/volumes/22f6cf50-9ad2-4926-968c-4052ab71132c returned with HTTP 200
Jul 04 04:14:57.469970 dv-cinder-742162-5-iscsi devstack@c-api.service[111005]: [pid: 111005|app: 0|req: 60/124] 10.222.0.16 () {60 vars in 1365 bytes} [Mon Jul 4 04:14:57 2022] GET /volume/v3/cd464d738d4c451ba7a629970d36917b/volumes/22f6cf50-9ad2-4926-968c-4052ab71132c => generated 993 bytes in 105 msecs (HTTP/1.1 200) 7 headers in 286 bytes (1 switches on core 0)
Jul 04 04:14:57.471456 dv-cinder-742162-5-iscsi devstack@c-api.service[111005]: DEBUG cinder.api.middleware.request_id [None req-e5432c31-ae8f-40f1-be8a-3ef674958ea5 None None] RequestId filter calling following filter/app {{(pid=111005) _context_setter /opt/stack/cinder/cinder/api/middleware/request_id.py:62}}
Jul 04 04:14:57.475430 dv-cinder-742162-5-iscsi devstack@c-api.service[111005]: INFO cinder.api.openstack.wsgi [None req-e5432c31-ae8f-40f1-be8a-3ef674958ea5 tempest-VolumesTestJSON-508895463 tempest-VolumesTestJSON-508895463-project] GET http://10.222.0.16/volume/v3/2db68dd5ebcc4ed5b6e566c15d576b8b/volumes/8db67c7e-a652-41b8-a9cd-1ac44056e659
Jul 04 04:14:57.476066 dv-cinder-742162-5-iscsi devstack@c-api.service[111005]: DEBUG cinder.api.openstack.wsgi [None req-e5432c31-ae8f-40f1-be8a-3ef674958ea5 tempest-VolumesTestJSON-508895463 tempest-VolumesTestJSON-508895463-project] Empty body provided in request {{(pid=111005) get_body /opt/stack/cinder/cinder/api/openstack/wsgi.py:715}}
Jul 04 04:14:57.476727 dv-cinder-742162-5-iscsi devstack@c-api.service[111005]: DEBUG cinder.api.openstack.wsgi [None req-e5432c31-ae8f-40f1-be8a-3ef674958ea5 tempest-VolumesTestJSON-508895463 tempest-VolumesTestJSON-508895463-project] Calling method 'show' {{(pid=111005) _process_stack /opt/stack/cinder/cinder/api/openstack/wsgi.py:868}}
Jul 04 04:14:57.488285 dv-cinder-742162-5-iscsi devstack@c-api.service[111006]: DEBUG cinder.volume.api [None req-e67f14ba-8f25-49a3-b539-652e59acafc6 tempest-GroupSnapshotsTest-559010367 tempest-GroupSnapshotsTest-559010367-project] Task 'cinder.volume.flows.api.create_volume.QuotaCommitTask;volume:create' (c30d861f-d8cf-4635-87e6-b2e225b9b370) transitioned into state 'SUCCESS' from state 'RUNNING' with result '{'volume_properties': VolumeProperties(attach_status='detached',availability_zone='nova',cgsnapshot_id=None,consistencygroup_id=None,display_description=None,display_name='tempest-GroupSnapshotsTest-Volume-486260890',encryption_key_id=None,group_id=0633d9de-45dd-4421-9caa-b00d3819f832,group_type_id=,metadata={},multiattach=False,project_id='1288dfde91b340159ac74714c1ac820b',qos_specs=None,replication_status=,reservations=['88682eba-95c8-4503-a168-90777d8c3e07','c904cfa3-c7af-496e-bc26-be796cadda5d','6d1a52cd-18b9-4f78-b2b4-ede190be0dbb','360b705b-7c62-4bac-bfe7-d921ffec9809'],size=1,snapshot_id=None,source_replicaid=,source_volid=None,status='creating',user_id='b30d48d8025444c59df61ec85069b552',volume_type_id=0ffca69b-8c8c-40fd-ae89-1c5a9024a6fe)}' {{(pid=111006) _task_receiver /usr/local/lib/python3.8/dist-packages/taskflow/listeners/logging.py:178}}
Jul 04 04:14:57.490456 dv-cinder-742162-5-iscsi devstack@c-api.service[111006]: DEBUG cinder.volume.api [None req-e67f14ba-8f25-49a3-b539-652e59acafc6 tempest-GroupSnapshotsTest-559010367 tempest-GroupSnapshotsTest-559010367-project] Task 'cinder.volume.flows.api.create_volume.VolumeCastTask;volume:create' (3987ada8-bc06-4d84-87dd-9cbfea289949) transitioned into state 'RUNNING' from state 'PENDING' {{(pid=111006) _task_receiver /usr/local/lib/python3.8/dist-packages/taskflow/listeners/logging.py:190}}
Jul 04 04:14:57.504706 dv-cinder-742162-5-iscsi devstack@c-api.service[111005]: /usr/local/lib/python3.8/dist-packages/oslo_context/context.py:100: DeprecationWarning: Policy enforcement is depending on the value of is_admin. This key is deprecated. Please update your policy file to use the standard policy values.
Jul 04 04:14:57.504706 dv-cinder-742162-5-iscsi devstack@c-api.service[111005]: warnings.warn('Policy enforcement is depending on the value of '
Jul 04 04:14:57.513515 dv-cinder-742162-5-iscsi devstack@c-api.service[111005]: INFO cinder.volume.api [None req-e5432c31-ae8f-40f1-be8a-3ef674958ea5 tempest-VolumesTestJSON-508895463 tempest-VolumesTestJSON-508895463-project] Volume info retrieved successfully.
Jul 04 04:14:57.525497 dv-cinder-742162-5-iscsi devstack@c-api.service[111005]: INFO cinder.api.openstack.wsgi [None req-e5432c31-ae8f-40f1-be8a-3ef674958ea5 tempest-VolumesTestJSON-508895463 tempest-VolumesTestJSON-508895463-project] http://10.222.0.16/volume/v3/2db68dd5ebcc4ed5b6e566c15d576b8b/volumes/8db67c7e-a652-41b8-a9cd-1ac44056e659 returned with HTTP 200
Jul 04 04:14:57.526234 dv-cinder-742162-5-iscsi devstack@c-api.service[111005]: [pid: 111005|app: 0|req: 61/125] 10.222.0.16 () {58 vars in 1324 bytes} [Mon Jul 4 04:14:57 2022] GET /volume/v3/2db68dd5ebcc4ed5b6e566c15d576b8b/volumes/8db67c7e-a652-41b8-a9cd-1ac44056e659 => generated 922 bytes in 56 msecs (HTTP/1.1 200) 7 headers in 285 bytes (1 switches on core 0)
Jul 04 04:14:57.536594 dv-cinder-742162-5-iscsi devstack@c-api.service[111005]: DEBUG cinder.api.middleware.request_id [None req-5d7950e1-4386-4e9b-b93f-21000a3de649 None None] RequestId filter calling following filter/app {{(pid=111005) _context_setter /opt/stack/cinder/cinder/api/middleware/request_id.py:62}}
Jul 04 04:14:57.536702 dv-cinder-742162-5-iscsi devstack@c-api.service[111006]: DEBUG cinder.volume.api [None req-e67f14ba-8f25-49a3-b539-652e59acafc6 tempest-GroupSnapshotsTest-559010367 tempest-GroupSnapshotsTest-559010367-project] Task 'cinder.volume.flows.api.create_volume.VolumeCastTask;volume:create' (3987ada8-bc06-4d84-87dd-9cbfea289949) transitioned into state 'SUCCESS' from state 'RUNNING' with result 'None' {{(pid=111006) _task_receiver /usr/local/lib/python3.8/dist-packages/taskflow/listeners/logging.py:178}}
Jul 04 04:14:57.536702 dv-cinder-742162-5-iscsi devstack@c-api.service[111006]: DEBUG cinder.volume.api [None req-e67f14ba-8f25-49a3-b539-652e59acafc6 tempest-GroupSnapshotsTest-559010367 tempest-GroupSnapshotsTest-559010367-project] Flow 'volume_create_api' (e1de5678-c61f-4912-9267-03ddcb700016) transitioned into state 'SUCCESS' from state 'RUNNING' {{(pid=111006) _flow_receiver /usr/local/lib/python3.8/dist-packages/taskflow/listeners/logging.py:141}}
Jul 04 04:14:57.536702 dv-cinder-742162-5-iscsi devstack@c-api.service[111006]: INFO cinder.volume.api [None req-e67f14ba-8f25-49a3-b539-652e59acafc6 tempest-GroupSnapshotsTest-559010367 tempest-GroupSnapshotsTest-559010367-project] Create volume request issued successfully.
Jul 04 04:14:57.536702 dv-cinder-742162-5-iscsi devstack@c-api.service[111006]: WARNING stevedore.named [None req-e67f14ba-8f25-49a3-b539-652e59acafc6 tempest-GroupSnapshotsTest-559010367 tempest-GroupSnapshotsTest-559010367-project] Could not load cinder.keymgr.conf_key_mgr.ConfKeyManager
Jul 04 04:14:57.537212 dv-cinder-742162-5-iscsi devstack@c-api.service[111006]: WARNING castellan.key_manager [None req-e67f14ba-8f25-49a3-b539-652e59acafc6 tempest-GroupSnapshotsTest-559010367 tempest-GroupSnapshotsTest-559010367-project] Deprecation Warning : cinder.keymgr.conf_key_mgr.ConfKeyManager is not a stevedore based driver, trying to load it as a class: stevedore.exception.NoMatches: No 'castellan.drivers' driver found, looking for 'cinder.keymgr.conf_key_mgr.ConfKeyManager'
Jul 04 04:14:57.547173 dv-cinder-742162-5-iscsi devstack@c-api.service[111006]: DEBUG oslo_db.sqlalchemy.engines [None req-e67f14ba-8f25-49a3-b539-652e59acafc6 tempest-GroupSnapshotsTest-559010367 tempest-GroupSnapshotsTest-559010367-project] MySQL server mode set to STRICT_TRANS_TABLES,STRICT_ALL_TABLES,NO_ZERO_IN_DATE,NO_ZERO_DATE,ERROR_FOR_DIVISION_BY_ZERO,TRADITIONAL,NO_ENGINE_SUBSTITUTION {{(pid=111006) _check_effective_sql_mode /usr/local/lib/python3.8/dist-packages/oslo_db/sqlalchemy/engines.py:314}}
Jul 04 04:14:57.554181 dv-cinder-742162-5-iscsi devstack@c-api.service[111005]: INFO cinder.api.openstack.wsgi [None req-5d7950e1-4386-4e9b-b93f-21000a3de649 tempest-VolumeRetypeWithoutMigrationTest-584025623 tempest-VolumeRetypeWithoutMigrationTest-584025623-project-admin] POST http://10.222.0.16/volume/v3/079f81f8421841a29bb423f22d4c612d/types
Jul 04 04:14:57.555644 dv-cinder-742162-5-iscsi devstack@c-api.service[111005]: DEBUG cinder.api.openstack.wsgi [None req-5d7950e1-4386-4e9b-b93f-21000a3de649 tempest-VolumeRetypeWithoutMigrationTest-584025623 tempest-VolumeRetypeWithoutMigrationTest-584025623-project-admin] Action: 'create', calling method: _create, body: {"volume_type": {"name": "volume-type-2"}} {{(pid=111005) _process_stack /opt/stack/cinder/cinder/api/openstack/wsgi.py:866}}
Jul 04 04:14:57.560758 dv-cinder-742162-5-iscsi devstack@c-api.service[111006]: /usr/local/lib/python3.8/dist-packages/oslo_context/context.py:100: DeprecationWarning: Policy enforcement is depending on the value of is_admin. This key is deprecated. Please update your policy file to use the standard policy values.
Jul 04 04:14:57.560758 dv-cinder-742162-5-iscsi devstack@c-api.service[111006]: warnings.warn('Policy enforcement is depending on the value of '
Jul 04 04:14:57.569068 dv-cinder-742162-5-iscsi devstack@c-api.service[111006]: INFO cinder.api.openstack.wsgi [None req-e67f14ba-8f25-49a3-b539-652e59acafc6 tempest-GroupSnapshotsTest-559010367 tempest-GroupSnapshotsTest-559010367-project] http://10.222.0.16/volume/v3/1288dfde91b340159ac74714c1ac820b/volumes returned with HTTP 202
Jul 04 04:14:57.570548 dv-cinder-742162-5-iscsi devstack@c-api.service[111006]: [pid: 111006|app: 0|req: 65/126] 10.222.0.16 () {62 vars in 1276 bytes} [Mon Jul 4 04:14:57 2022] POST /volume/v3/1288dfde91b340159ac74714c1ac820b/volumes => generated 906 bytes in 485 msecs (HTTP/1.1 202) 7 headers in 292 bytes (2 switches on core 0)
Jul 04 04:14:57.572044 dv-cinder-742162-5-iscsi devstack@c-api.service[111006]: DEBUG cinder.api.middleware.request_id [None req-b46cd463-4393-4b0b-921d-25f1167bea38 None None] RequestId filter calling following filter/app {{(pid=111006) _context_setter /opt/stack/cinder/cinder/api/middleware/request_id.py:62}}
Jul 04 04:14:57.603798 dv-cinder-742162-5-iscsi devstack@c-api.service[111005]: INFO cinder.api.openstack.wsgi [None req-5d7950e1-4386-4e9b-b93f-21000a3de649 tempest-VolumeRetypeWithoutMigrationTest-584025623 tempest-VolumeRetypeWithoutMigrationTest-584025623-project-admin] http://10.222.0.16/volume/v3/079f81f8421841a29bb423f22d4c612d/types returned with HTTP 200
Jul 04 04:14:57.604516 dv-cinder-742162-5-iscsi devstack@c-api.service[111005]: [pid: 111005|app: 0|req: 62/127] 10.222.0.16 () {60 vars in 1228 bytes} [Mon Jul 4 04:14:57 2022] POST /volume/v3/079f81f8421841a29bb423f22d4c612d/types => generated 188 bytes in 78 msecs (HTTP/1.1 200) 7 headers in 285 bytes (1 switches on core 0)
Jul 04 04:14:57.607707 dv-cinder-742162-5-iscsi devstack@c-api.service[111005]: DEBUG cinder.api.middleware.request_id [None req-c0b21d31-1080-4692-ab2a-33c2ccfd5cbc None None] RequestId filter calling following filter/app {{(pid=111005) _context_setter /opt/stack/cinder/cinder/api/middleware/request_id.py:62}}
Jul 04 04:14:57.613469 dv-cinder-742162-5-iscsi devstack@c-api.service[111005]: INFO cinder.api.openstack.wsgi [None req-c0b21d31-1080-4692-ab2a-33c2ccfd5cbc tempest-GroupsV314Test-1606472773 tempest-GroupsV314Test-1606472773-project] POST http://10.222.0.16/volume/v3/cd464d738d4c451ba7a629970d36917b/groups/action
Jul 04 04:14:57.614729 dv-cinder-742162-5-iscsi devstack@c-api.service[111005]: DEBUG cinder.api.openstack.wsgi [None req-c0b21d31-1080-4692-ab2a-33c2ccfd5cbc tempest-GroupsV314Test-1606472773 tempest-GroupsV314Test-1606472773-project] Action body: b'{"create-from-src": {"source_group_id": "65a0a6d5-837a-43da-a076-330e8c7e4efd", "name": "tempest-Group_from_grp-1786506093"}}' {{(pid=111005) get_method /opt/stack/cinder/cinder/api/openstack/wsgi.py:983}}
Jul 04 04:14:57.615295 dv-cinder-742162-5-iscsi devstack@c-api.service[111005]: DEBUG cinder.api.openstack.wsgi [None req-c0b21d31-1080-4692-ab2a-33c2ccfd5cbc tempest-GroupsV314Test-1606472773 tempest-GroupsV314Test-1606472773-project] Action: 'action', calling method: version_select, body: {"create-from-src": {"source_group_id": "65a0a6d5-837a-43da-a076-330e8c7e4efd", "name": "tempest-Group_from_grp-1786506093"}} {{(pid=111005) _process_stack /opt/stack/cinder/cinder/api/openstack/wsgi.py:866}}
Jul 04 04:14:57.616930 dv-cinder-742162-5-iscsi devstack@c-api.service[111005]: DEBUG cinder.api.v3.groups [None req-c0b21d31-1080-4692-ab2a-33c2ccfd5cbc tempest-GroupsV314Test-1606472773 tempest-GroupsV314Test-1606472773-project] Creating new group {'create-from-src': {'source_group_id': '65a0a6d5-837a-43da-a076-330e8c7e4efd', 'name': 'tempest-Group_from_grp-1786506093'}}. {{(pid=111005) create_from_src /opt/stack/cinder/cinder/api/v3/groups.py:236}}
Jul 04 04:14:57.617218 dv-cinder-742162-5-iscsi devstack@c-api.service[111005]: INFO cinder.api.v3.groups [None req-c0b21d31-1080-4692-ab2a-33c2ccfd5cbc tempest-GroupsV314Test-1606472773 tempest-GroupsV314Test-1606472773-project] Creating group tempest-Group_from_grp-1786506093 from source group 65a0a6d5-837a-43da-a076-330e8c7e4efd.
Jul 04 04:14:57.636164 dv-cinder-742162-5-iscsi devstack@c-api.service[111005]: /usr/local/lib/python3.8/dist-packages/oslo_context/context.py:100: DeprecationWarning: Policy enforcement is depending on the value of is_admin. This key is deprecated. Please update your policy file to use the standard policy values.
Jul 04 04:14:57.636164 dv-cinder-742162-5-iscsi devstack@c-api.service[111005]: warnings.warn('Policy enforcement is depending on the value of '
Jul 04 04:14:57.658045 dv-cinder-742162-5-iscsi devstack@c-api.service[111005]: /usr/local/lib/python3.8/dist-packages/oslo_context/context.py:100: DeprecationWarning: Policy enforcement is depending on the value of is_admin. This key is deprecated. Please update your policy file to use the standard policy values.
Jul 04 04:14:57.658045 dv-cinder-742162-5-iscsi devstack@c-api.service[111005]: warnings.warn('Policy enforcement is depending on the value of '
Jul 04 04:14:57.725707 dv-cinder-742162-5-iscsi devstack@c-api.service[111005]: DEBUG cinder.quota [None req-c0b21d31-1080-4692-ab2a-33c2ccfd5cbc tempest-GroupsV314Test-1606472773 tempest-GroupsV314Test-1606472773-project] Created reservations ['82846247-0629-4d0b-846b-cc64f9dcb5a1'] {{(pid=111005) reserve /opt/stack/cinder/cinder/quota.py:755}}
Jul 04 04:14:57.742201 dv-cinder-742162-5-iscsi devstack@c-api.service[111006]: INFO cinder.api.openstack.wsgi [None req-b46cd463-4393-4b0b-921d-25f1167bea38 tempest-SnapshotsActionsTest-705987775 tempest-SnapshotsActionsTest-705987775-project-admin] POST http://10.222.0.16/volume/v3/58747613a12c4796905c3b7dbcabc6d7/snapshots/02811dcf-1525-4e1b-bf01-b69e7571258c/action
Jul 04 04:14:57.743860 dv-cinder-742162-5-iscsi devstack@c-api.service[111006]: DEBUG cinder.api.openstack.wsgi [None req-b46cd463-4393-4b0b-921d-25f1167bea38 tempest-SnapshotsActionsTest-705987775 tempest-SnapshotsActionsTest-705987775-project-admin] Action body: b'{"os-reset_status": {"status": "creating"}}' {{(pid=111006) get_method /opt/stack/cinder/cinder/api/openstack/wsgi.py:983}}
Jul 04 04:14:57.747588 dv-cinder-742162-5-iscsi devstack@c-api.service[111006]: DEBUG cinder.api.openstack.wsgi [None req-b46cd463-4393-4b0b-921d-25f1167bea38 tempest-SnapshotsActionsTest-705987775 tempest-SnapshotsActionsTest-705987775-project-admin] Action: 'action', calling method: _reset_status, body: {"os-reset_status": {"status": "creating"}} {{(pid=111006) _process_stack /opt/stack/cinder/cinder/api/openstack/wsgi.py:866}}
Jul 04 04:14:57.749404 dv-cinder-742162-5-iscsi devstack@c-api.service[111006]: DEBUG cinder.api.contrib.admin_actions [None req-b46cd463-4393-4b0b-921d-25f1167bea38 tempest-SnapshotsActionsTest-705987775 tempest-SnapshotsActionsTest-705987775-project-admin] Updating snapshot '02811dcf-1525-4e1b-bf01-b69e7571258c' with '{'status': 'creating'}' {{(pid=111006) _reset_status /opt/stack/cinder/cinder/api/contrib/admin_actions.py:100}}
Jul 04 04:14:57.830971 dv-cinder-742162-5-iscsi devstack@c-api.service[111006]: /usr/local/lib/python3.8/dist-packages/oslo_context/context.py:100: DeprecationWarning: Policy enforcement is depending on the value of is_admin. This key is deprecated. Please update your policy file to use the standard policy values.
Jul 04 04:14:57.830971 dv-cinder-742162-5-iscsi devstack@c-api.service[111006]: warnings.warn('Policy enforcement is depending on the value of '
Jul 04 04:14:57.871940 dv-cinder-742162-5-iscsi devstack@c-api.service[111006]: INFO cinder.api.openstack.wsgi [None req-b46cd463-4393-4b0b-921d-25f1167bea38 tempest-SnapshotsActionsTest-705987775 tempest-SnapshotsActionsTest-705987775-project-admin] http://10.222.0.16/volume/v3/58747613a12c4796905c3b7dbcabc6d7/snapshots/02811dcf-1525-4e1b-bf01-b69e7571258c/action returned with HTTP 202
Jul 04 04:14:57.873020 dv-cinder-742162-5-iscsi devstack@c-api.service[111006]: [pid: 111006|app: 0|req: 66/128] 10.222.0.16 () {60 vars in 1372 bytes} [Mon Jul 4 04:14:57 2022] POST /volume/v3/58747613a12c4796905c3b7dbcabc6d7/snapshots/02811dcf-1525-4e1b-bf01-b69e7571258c/action => generated 0 bytes in 302 msecs (HTTP/1.1 202) 7 headers in 289 bytes (1 switches on core 0)
Jul 04 04:14:57.874668 dv-cinder-742162-5-iscsi devstack@c-api.service[111006]: DEBUG cinder.api.middleware.request_id [req-afaae751-5c8d-4121-af2d-a21067b401af req-9a94bcb0-2280-4f8c-a86f-ead9c2df2773 None None] RequestId filter calling following filter/app {{(pid=111006) _context_setter /opt/stack/cinder/cinder/api/middleware/request_id.py:62}}
Jul 04 04:14:57.881803 dv-cinder-742162-5-iscsi devstack@c-api.service[111006]: INFO cinder.api.openstack.wsgi [req-afaae751-5c8d-4121-af2d-a21067b401af req-9a94bcb0-2280-4f8c-a86f-ead9c2df2773 tempest-VolumesTestJSON-508895463 tempest-VolumesTestJSON-508895463-project] GET http://10.222.0.16/volume/v3/2db68dd5ebcc4ed5b6e566c15d576b8b/volumes/8db67c7e-a652-41b8-a9cd-1ac44056e659
Jul 04 04:14:57.882697 dv-cinder-742162-5-iscsi devstack@c-api.service[111006]: DEBUG cinder.api.openstack.wsgi [req-afaae751-5c8d-4121-af2d-a21067b401af req-9a94bcb0-2280-4f8c-a86f-ead9c2df2773 tempest-VolumesTestJSON-508895463 tempest-VolumesTestJSON-508895463-project] Empty body provided in request {{(pid=111006) get_body /opt/stack/cinder/cinder/api/openstack/wsgi.py:715}}
Jul 04 04:14:57.883487 dv-cinder-742162-5-iscsi devstack@c-api.service[111006]: DEBUG cinder.api.openstack.wsgi [req-afaae751-5c8d-4121-af2d-a21067b401af req-9a94bcb0-2280-4f8c-a86f-ead9c2df2773 tempest-VolumesTestJSON-508895463 tempest-VolumesTestJSON-508895463-project] Calling method 'show' {{(pid=111006) _process_stack /opt/stack/cinder/cinder/api/openstack/wsgi.py:868}}
Jul 04 04:14:57.883976 dv-cinder-742162-5-iscsi devstack@c-api.service[111005]: INFO cinder.group.api [None req-c0b21d31-1080-4692-ab2a-33c2ccfd5cbc tempest-GroupsV314Test-1606472773 tempest-GroupsV314Test-1606472773-project] A mapping entry already exists for group c242765b-6f6f-4816-8910-6a6be7c80db2 and volume type 807b74c1-db12-419e-b9a4-5c3684860a41. Do not need to create again.
Jul 04 04:14:57.884853 dv-cinder-742162-5-iscsi devstack@c-api.service[111005]: /usr/local/lib/python3.8/dist-packages/oslo_context/context.py:100: DeprecationWarning: Policy enforcement is depending on the value of is_admin. This key is deprecated. Please update your policy file to use the standard policy values.
Jul 04 04:14:57.884853 dv-cinder-742162-5-iscsi devstack@c-api.service[111005]: warnings.warn('Policy enforcement is depending on the value of '
Jul 04 04:14:57.886116 dv-cinder-742162-5-iscsi devstack@c-api.service[111005]: INFO cinder.volume.api [None req-c0b21d31-1080-4692-ab2a-33c2ccfd5cbc tempest-GroupsV314Test-1606472773 tempest-GroupsV314Test-1606472773-project] Availability Zones retrieved successfully.
Jul 04 04:14:57.900283 dv-cinder-742162-5-iscsi devstack@c-api.service[111005]: DEBUG cinder.volume.api [None req-c0b21d31-1080-4692-ab2a-33c2ccfd5cbc tempest-GroupsV314Test-1606472773 tempest-GroupsV314Test-1606472773-project] Flow 'volume_create_api' (a14a2a18-5e5a-4be9-b458-d72a56a11bb7) transitioned into state 'RUNNING' from state 'PENDING' {{(pid=111005) _flow_receiver /usr/local/lib/python3.8/dist-packages/taskflow/listeners/logging.py:141}}
Jul 04 04:14:57.902246 dv-cinder-742162-5-iscsi devstack@c-api.service[111006]: /usr/local/lib/python3.8/dist-packages/oslo_context/context.py:100: DeprecationWarning: Policy enforcement is depending on the value of is_admin. This key is deprecated. Please update your policy file to use the standard policy values.
Jul 04 04:14:57.902246 dv-cinder-742162-5-iscsi devstack@c-api.service[111006]: warnings.warn('Policy enforcement is depending on the value of '
Jul 04 04:14:57.903279 dv-cinder-742162-5-iscsi devstack@c-api.service[111005]: DEBUG cinder.volume.api [None req-c0b21d31-1080-4692-ab2a-33c2ccfd5cbc tempest-GroupsV314Test-1606472773 tempest-GroupsV314Test-1606472773-project] Task 'cinder.volume.flows.api.create_volume.ExtractVolumeRequestTask;volume:create' (67f576f7-10ec-4dcf-9ec9-195b37dc4f34) transitioned into state 'RUNNING' from state 'PENDING' {{(pid=111005) _task_receiver /usr/local/lib/python3.8/dist-packages/taskflow/listeners/logging.py:190}}
Jul 04 04:14:57.906587 dv-cinder-742162-5-iscsi devstack@c-api.service[111005]: DEBUG cinder.volume.flows.api.create_volume [None req-c0b21d31-1080-4692-ab2a-33c2ccfd5cbc tempest-GroupsV314Test-1606472773 tempest-GroupsV314Test-1606472773-project] Validating volume size '1' using validate_int, validate_source_size {{(pid=111005) _extract_size /opt/stack/cinder/cinder/volume/flows/api/create_volume.py:228}}
Jul 04 04:14:57.909806 dv-cinder-742162-5-iscsi devstack@c-api.service[111005]: DEBUG dbcounter [-] [111005] Writing DB stats cinder:SELECT=92,cinder:INSERT=5,cinder:UPDATE=3 {{(pid=111005) stat_writer /usr/local/lib/python3.8/dist-packages/dbcounter.py:114}}
Jul 04 04:14:57.912683 dv-cinder-742162-5-iscsi devstack@c-api.service[111006]: INFO cinder.volume.api [req-afaae751-5c8d-4121-af2d-a21067b401af req-9a94bcb0-2280-4f8c-a86f-ead9c2df2773 tempest-VolumesTestJSON-508895463 tempest-VolumesTestJSON-508895463-project] Volume info retrieved successfully.
Jul 04 04:14:57.923139 dv-cinder-742162-5-iscsi devstack@c-api.service[111006]: INFO cinder.api.openstack.wsgi [req-afaae751-5c8d-4121-af2d-a21067b401af req-9a94bcb0-2280-4f8c-a86f-ead9c2df2773 tempest-VolumesTestJSON-508895463 tempest-VolumesTestJSON-508895463-project] http://10.222.0.16/volume/v3/2db68dd5ebcc4ed5b6e566c15d576b8b/volumes/8db67c7e-a652-41b8-a9cd-1ac44056e659 returned with HTTP 200
Jul 04 04:14:57.924046 dv-cinder-742162-5-iscsi devstack@c-api.service[111006]: [pid: 111006|app: 0|req: 67/129] 10.222.0.16 () {60 vars in 1578 bytes} [Mon Jul 4 04:14:57 2022] GET /volume/v3/2db68dd5ebcc4ed5b6e566c15d576b8b/volumes/8db67c7e-a652-41b8-a9cd-1ac44056e659 => generated 922 bytes in 50 msecs (HTTP/1.1 200) 7 headers in 285 bytes (1 switches on core 0)
Jul 04 04:14:57.925171 dv-cinder-742162-5-iscsi devstack@c-api.service[111006]: DEBUG cinder.api.middleware.request_id [None req-3671b66c-738c-424f-ba2e-fb8b8a6a0083 None None] RequestId filter calling following filter/app {{(pid=111006) _context_setter /opt/stack/cinder/cinder/api/middleware/request_id.py:62}}
Jul 04 04:14:57.928863 dv-cinder-742162-5-iscsi devstack@c-api.service[111006]: INFO cinder.api.openstack.wsgi [None req-3671b66c-738c-424f-ba2e-fb8b8a6a0083 tempest-GroupSnapshotsTest-559010367 tempest-GroupSnapshotsTest-559010367-project] GET http://10.222.0.16/volume/v3/1288dfde91b340159ac74714c1ac820b/volumes/63385ae7-54e2-4c35-9d06-480b8a2db41d
Jul 04 04:14:57.929376 dv-cinder-742162-5-iscsi devstack@c-api.service[111006]: DEBUG cinder.api.openstack.wsgi [None req-3671b66c-738c-424f-ba2e-fb8b8a6a0083 tempest-GroupSnapshotsTest-559010367 tempest-GroupSnapshotsTest-559010367-project] Empty body provided in request {{(pid=111006) get_body /opt/stack/cinder/cinder/api/openstack/wsgi.py:715}}
Jul 04 04:14:57.929862 dv-cinder-742162-5-iscsi devstack@c-api.service[111006]: DEBUG cinder.api.openstack.wsgi [None req-3671b66c-738c-424f-ba2e-fb8b8a6a0083 tempest-GroupSnapshotsTest-559010367 tempest-GroupSnapshotsTest-559010367-project] Calling method 'show' {{(pid=111006) _process_stack /opt/stack/cinder/cinder/api/openstack/wsgi.py:868}}
Jul 04 04:14:57.945677 dv-cinder-742162-5-iscsi devstack@c-api.service[111005]: DEBUG cinder.volume.api [None req-c0b21d31-1080-4692-ab2a-33c2ccfd5cbc tempest-GroupsV314Test-1606472773 tempest-GroupsV314Test-1606472773-project] Task 'cinder.volume.flows.api.create_volume.ExtractVolumeRequestTask;volume:create' (67f576f7-10ec-4dcf-9ec9-195b37dc4f34) transitioned into state 'SUCCESS' from state 'RUNNING' with result '{'size': 1, 'snapshot_id': None, 'source_volid': '22f6cf50-9ad2-4926-968c-4052ab71132c', 'volume_type': VolumeType(created_at=2022-07-04T04:14:49Z,deleted=False,deleted_at=None,description=None,extra_specs={},id=807b74c1-db12-419e-b9a4-5c3684860a41,is_public=True,name='tempest-GroupsV314Test-volume-type-1366634186',projects=[],qos_specs=,qos_specs_id=None,updated_at=None), 'volume_type_id': '807b74c1-db12-419e-b9a4-5c3684860a41', 'encryption_key_id': None, 'qos_specs': None, 'consistencygroup_id': None, 'cgsnapshot_id': None, 'group_id': 'c242765b-6f6f-4816-8910-6a6be7c80db2', 'replication_status': 'disabled', 'refresh_az': False, 'backup_id': None, 'multiattach': False, 'availability_zones': ['nova']}' {{(pid=111005) _task_receiver /usr/local/lib/python3.8/dist-packages/taskflow/listeners/logging.py:178}}
Jul 04 04:14:57.947635 dv-cinder-742162-5-iscsi devstack@c-api.service[111005]: DEBUG cinder.volume.api [None req-c0b21d31-1080-4692-ab2a-33c2ccfd5cbc tempest-GroupsV314Test-1606472773 tempest-GroupsV314Test-1606472773-project] Task 'cinder.volume.flows.api.create_volume.QuotaReserveTask;volume:create' (86f19d50-845d-4553-96f7-407ad5f47afd) transitioned into state 'RUNNING' from state 'PENDING' {{(pid=111005) _task_receiver /usr/local/lib/python3.8/dist-packages/taskflow/listeners/logging.py:190}}
Jul 04 04:14:57.948357 dv-cinder-742162-5-iscsi devstack@c-api.service[111006]: /usr/local/lib/python3.8/dist-packages/oslo_context/context.py:100: DeprecationWarning: Policy enforcement is depending on the value of is_admin. This key is deprecated. Please update your policy file to use the standard policy values.
Jul 04 04:14:57.948357 dv-cinder-742162-5-iscsi devstack@c-api.service[111006]: warnings.warn('Policy enforcement is depending on the value of '
Jul 04 04:14:57.955537 dv-cinder-742162-5-iscsi devstack@c-api.service[111006]: INFO cinder.volume.api [None req-3671b66c-738c-424f-ba2e-fb8b8a6a0083 tempest-GroupSnapshotsTest-559010367 tempest-GroupSnapshotsTest-559010367-project] Volume info retrieved successfully.
Jul 04 04:14:57.957562 dv-cinder-742162-5-iscsi devstack@c-api.service[111006]: WARNING stevedore.named [None req-3671b66c-738c-424f-ba2e-fb8b8a6a0083 tempest-GroupSnapshotsTest-559010367 tempest-GroupSnapshotsTest-559010367-project] Could not load cinder.keymgr.conf_key_mgr.ConfKeyManager
Jul 04 04:14:57.958009 dv-cinder-742162-5-iscsi devstack@c-api.service[111006]: WARNING castellan.key_manager [None req-3671b66c-738c-424f-ba2e-fb8b8a6a0083 tempest-GroupSnapshotsTest-559010367 tempest-GroupSnapshotsTest-559010367-project] Deprecation Warning : cinder.keymgr.conf_key_mgr.ConfKeyManager is not a stevedore based driver, trying to load it as a class: stevedore.exception.NoMatches: No 'castellan.drivers' driver found, looking for 'cinder.keymgr.conf_key_mgr.ConfKeyManager'
Jul 04 04:14:57.970393 dv-cinder-742162-5-iscsi devstack@c-api.service[111006]: DEBUG oslo_db.sqlalchemy.engines [None req-3671b66c-738c-424f-ba2e-fb8b8a6a0083 tempest-GroupSnapshotsTest-559010367 tempest-GroupSnapshotsTest-559010367-project] MySQL server mode set to STRICT_TRANS_TABLES,STRICT_ALL_TABLES,NO_ZERO_IN_DATE,NO_ZERO_DATE,ERROR_FOR_DIVISION_BY_ZERO,TRADITIONAL,NO_ENGINE_SUBSTITUTION {{(pid=111006) _check_effective_sql_mode /usr/local/lib/python3.8/dist-packages/oslo_db/sqlalchemy/engines.py:314}}
Jul 04 04:14:57.984948 dv-cinder-742162-5-iscsi devstack@c-api.service[111006]: /usr/local/lib/python3.8/dist-packages/oslo_context/context.py:100: DeprecationWarning: Policy enforcement is depending on the value of is_admin. This key is deprecated. Please update your policy file to use the standard policy values.
Jul 04 04:14:57.984948 dv-cinder-742162-5-iscsi devstack@c-api.service[111006]: warnings.warn('Policy enforcement is depending on the value of '
Jul 04 04:14:57.986127 dv-cinder-742162-5-iscsi devstack@c-api.service[111005]: WARNING cinder.quota [None req-c0b21d31-1080-4692-ab2a-33c2ccfd5cbc tempest-GroupsV314Test-1606472773 tempest-GroupsV314Test-1606472773-project] Deprecated: Default quota for resource: volumes_tempest-GroupsV314Test-volume-type-1366634186 is set by the default quota flag: quota_volumes_tempest-GroupsV314Test-volume-type-1366634186, it is now deprecated. Please use the default quota class for default quota.
Jul 04 04:14:57.987032 dv-cinder-742162-5-iscsi devstack@c-api.service[111005]: WARNING cinder.quota [None req-c0b21d31-1080-4692-ab2a-33c2ccfd5cbc tempest-GroupsV314Test-1606472773 tempest-GroupsV314Test-1606472773-project] Deprecated: Default quota for resource: gigabytes_tempest-GroupsV314Test-volume-type-1366634186 is set by the default quota flag: quota_gigabytes_tempest-GroupsV314Test-volume-type-1366634186, it is now deprecated. Please use the default quota class for default quota.
Jul 04 04:14:58.007686 dv-cinder-742162-5-iscsi devstack@c-api.service[111006]: INFO cinder.api.openstack.wsgi [None req-3671b66c-738c-424f-ba2e-fb8b8a6a0083 tempest-GroupSnapshotsTest-559010367 tempest-GroupSnapshotsTest-559010367-project] http://10.222.0.16/volume/v3/1288dfde91b340159ac74714c1ac820b/volumes/63385ae7-54e2-4c35-9d06-480b8a2db41d returned with HTTP 200
Jul 04 04:14:58.008890 dv-cinder-742162-5-iscsi devstack@c-api.service[111006]: [pid: 111006|app: 0|req: 68/130] 10.222.0.16 () {60 vars in 1365 bytes} [Mon Jul 4 04:14:57 2022] GET /volume/v3/1288dfde91b340159ac74714c1ac820b/volumes/63385ae7-54e2-4c35-9d06-480b8a2db41d => generated 998 bytes in 84 msecs (HTTP/1.1 200) 7 headers in 286 bytes (1 switches on core 0)
Jul 04 04:14:58.011737 dv-cinder-742162-5-iscsi devstack@c-api.service[111006]: DEBUG cinder.api.middleware.request_id [None req-8a901bb3-c58b-4498-9101-c97ca5512dfd None None] RequestId filter calling following filter/app {{(pid=111006) _context_setter /opt/stack/cinder/cinder/api/middleware/request_id.py:62}}
Jul 04 04:14:58.022955 dv-cinder-742162-5-iscsi devstack@c-api.service[111005]: DEBUG cinder.quota [None req-c0b21d31-1080-4692-ab2a-33c2ccfd5cbc tempest-GroupsV314Test-1606472773 tempest-GroupsV314Test-1606472773-project] Created reservations ['ffca608c-d6ff-4ab4-8851-8a4e85eaa03d', '26696ed7-05a4-4acb-8fd7-b3e2485683ef', '26d2f137-3bf3-44f1-8f92-2e7f866ac204', 'a73b2fed-c109-4393-85d8-88d08783f7dd'] {{(pid=111005) reserve /opt/stack/cinder/cinder/quota.py:755}}
Jul 04 04:14:58.025761 dv-cinder-742162-5-iscsi devstack@c-api.service[111005]: DEBUG cinder.volume.api [None req-c0b21d31-1080-4692-ab2a-33c2ccfd5cbc tempest-GroupsV314Test-1606472773 tempest-GroupsV314Test-1606472773-project] Task 'cinder.volume.flows.api.create_volume.QuotaReserveTask;volume:create' (86f19d50-845d-4553-96f7-407ad5f47afd) transitioned into state 'SUCCESS' from state 'RUNNING' with result '{'reservations': ['ffca608c-d6ff-4ab4-8851-8a4e85eaa03d', '26696ed7-05a4-4acb-8fd7-b3e2485683ef', '26d2f137-3bf3-44f1-8f92-2e7f866ac204', 'a73b2fed-c109-4393-85d8-88d08783f7dd']}' {{(pid=111005) _task_receiver /usr/local/lib/python3.8/dist-packages/taskflow/listeners/logging.py:178}}
Jul 04 04:14:58.028463 dv-cinder-742162-5-iscsi devstack@c-api.service[111005]: DEBUG cinder.volume.api [None req-c0b21d31-1080-4692-ab2a-33c2ccfd5cbc tempest-GroupsV314Test-1606472773 tempest-GroupsV314Test-1606472773-project] Task 'cinder.volume.flows.api.create_volume.EntryCreateTask;volume:create' (cf771fa6-450f-4963-b6d1-77173eab0ffb) transitioned into state 'RUNNING' from state 'PENDING' {{(pid=111005) _task_receiver /usr/local/lib/python3.8/dist-packages/taskflow/listeners/logging.py:190}}
