Jun 10 04:06:39.761952 dv-cinder-741349-4-iscsi devstack@c-api.service[99112]: DEBUG cinder.api.openstack.wsgi [req-391eb616-d62e-4ced-a78a-887f74e20ed5 req-1789376e-3c6c-459f-9dda-8990ee85203e tempest-VolumesTestJSON-1283108813 tempest-VolumesTestJSON-1283108813-project] Empty body provided in request {{(pid=99112) get_body /opt/stack/cinder/cinder/api/openstack/wsgi.py:713}}
Jun 10 04:06:39.762133 dv-cinder-741349-4-iscsi devstack@c-api.service[99112]: /usr/local/lib/python3.8/dist-packages/webob/acceptparse.py:1047: DeprecationWarning: The behavior of AcceptValidHeader.best_match is currently being maintained for backward compatibility, but it will be deprecated in the future, as it does not conform to the RFC.
Jun 10 04:06:39.762133 dv-cinder-741349-4-iscsi devstack@c-api.service[99112]: warnings.warn(
Jun 10 04:06:39.762462 dv-cinder-741349-4-iscsi devstack@c-api.service[99112]: DEBUG cinder.api.openstack.wsgi [req-391eb616-d62e-4ced-a78a-887f74e20ed5 req-1789376e-3c6c-459f-9dda-8990ee85203e tempest-VolumesTestJSON-1283108813 tempest-VolumesTestJSON-1283108813-project] Calling method 'detail' {{(pid=99112) _process_stack /opt/stack/cinder/cinder/api/openstack/wsgi.py:866}}
Jun 10 04:06:39.763055 dv-cinder-741349-4-iscsi devstack@c-api.service[99112]: DEBUG cinder.api.api_utils [req-391eb616-d62e-4ced-a78a-887f74e20ed5 req-1789376e-3c6c-459f-9dda-8990ee85203e tempest-VolumesTestJSON-1283108813 tempest-VolumesTestJSON-1283108813-project] Removing options '' from query. {{(pid=99112) remove_invalid_filter_options /opt/stack/cinder/cinder/api/api_utils.py:73}}
Jun 10 04:06:39.764691 dv-cinder-741349-4-iscsi devstack@c-api.service[99112]: DEBUG cinder.volume.api [req-391eb616-d62e-4ced-a78a-887f74e20ed5 req-1789376e-3c6c-459f-9dda-8990ee85203e tempest-VolumesTestJSON-1283108813 tempest-VolumesTestJSON-1283108813-project] Searching by: MultiDict([('no_migration_targets', True)]). {{(pid=99112) get_all /opt/stack/cinder/cinder/volume/api.py:617}}
Jun 10 04:06:40.251888 dv-cinder-741349-4-iscsi devstack@c-api.service[99112]: INFO cinder.volume.api [req-391eb616-d62e-4ced-a78a-887f74e20ed5 req-1789376e-3c6c-459f-9dda-8990ee85203e tempest-VolumesTestJSON-1283108813 tempest-VolumesTestJSON-1283108813-project] Get all volumes completed successfully.
Jun 10 04:06:40.259187 dv-cinder-741349-4-iscsi devstack@c-api.service[99112]: /usr/local/lib/python3.8/dist-packages/oslo_context/context.py:105: DeprecationWarning: Policy enforcement is depending on the value of is_admin. This key is deprecated. Please update your policy file to use the standard policy values.
Jun 10 04:06:40.259187 dv-cinder-741349-4-iscsi devstack@c-api.service[99112]: warnings.warn('Policy enforcement is depending on the value of '
Jun 10 04:06:40.279435 dv-cinder-741349-4-iscsi devstack@c-api.service[99112]: INFO cinder.api.openstack.wsgi [req-391eb616-d62e-4ced-a78a-887f74e20ed5 req-1789376e-3c6c-459f-9dda-8990ee85203e tempest-VolumesTestJSON-1283108813 tempest-VolumesTestJSON-1283108813-project] http://10.222.0.20/volume/v3/2cee65a188d444a5bfc1581ad0b080d3/volumes/detail returned with HTTP 200
Jun 10 04:06:40.288975 dv-cinder-741349-4-iscsi devstack@c-api.service[99112]: [pid: 99112|app: 0|req: 35/59] 10.222.0.20 () {60 vars in 1489 bytes} [Thu Jun 10 04:06:39 2021] GET /volume/v3/2cee65a188d444a5bfc1581ad0b080d3/volumes/detail => generated 2746 bytes in 532 msecs (HTTP/1.1 200) 7 headers in 286 bytes (1 switches on core 0)
Jun 10 04:06:41.010217 dv-cinder-741349-4-iscsi devstack@c-api.service[99112]: INFO cinder.api.openstack.wsgi [req-a6048870-2bed-4aee-a187-cb516e772584 req-9c1ce02f-df70-4d1e-bb69-41591a486b90 tempest-VolumesTestJSON-1283108813 tempest-VolumesTestJSON-1283108813-project] GET http://10.222.0.20/volume/v3/2cee65a188d444a5bfc1581ad0b080d3/volumes/detail
Jun 10 04:06:41.011518 dv-cinder-741349-4-iscsi devstack@c-api.service[99112]: DEBUG cinder.api.openstack.wsgi [req-a6048870-2bed-4aee-a187-cb516e772584 req-9c1ce02f-df70-4d1e-bb69-41591a486b90 tempest-VolumesTestJSON-1283108813 tempest-VolumesTestJSON-1283108813-project] Empty body provided in request {{(pid=99112) get_body /opt/stack/cinder/cinder/api/openstack/wsgi.py:713}}
Jun 10 04:06:41.012389 dv-cinder-741349-4-iscsi devstack@c-api.service[99112]: /usr/local/lib/python3.8/dist-packages/webob/acceptparse.py:1047: DeprecationWarning: The behavior of AcceptValidHeader.best_match is currently being maintained for backward compatibility, but it will be deprecated in the future, as it does not conform to the RFC.
Jun 10 04:06:41.012389 dv-cinder-741349-4-iscsi devstack@c-api.service[99112]: warnings.warn(
Jun 10 04:06:41.012989 dv-cinder-741349-4-iscsi devstack@c-api.service[99112]: DEBUG cinder.api.openstack.wsgi [req-a6048870-2bed-4aee-a187-cb516e772584 req-9c1ce02f-df70-4d1e-bb69-41591a486b90 tempest-VolumesTestJSON-1283108813 tempest-VolumesTestJSON-1283108813-project] Calling method 'detail' {{(pid=99112) _process_stack /opt/stack/cinder/cinder/api/openstack/wsgi.py:866}}
Jun 10 04:06:41.013770 dv-cinder-741349-4-iscsi devstack@c-api.service[99112]: DEBUG cinder.api.api_utils [req-a6048870-2bed-4aee-a187-cb516e772584 req-9c1ce02f-df70-4d1e-bb69-41591a486b90 tempest-VolumesTestJSON-1283108813 tempest-VolumesTestJSON-1283108813-project] Removing options '' from query. {{(pid=99112) remove_invalid_filter_options /opt/stack/cinder/cinder/api/api_utils.py:73}}
Jun 10 04:06:41.015771 dv-cinder-741349-4-iscsi devstack@c-api.service[99112]: DEBUG cinder.volume.api [req-a6048870-2bed-4aee-a187-cb516e772584 req-9c1ce02f-df70-4d1e-bb69-41591a486b90 tempest-VolumesTestJSON-1283108813 tempest-VolumesTestJSON-1283108813-project] Searching by: MultiDict([('no_migration_targets', True)]). {{(pid=99112) get_all /opt/stack/cinder/cinder/volume/api.py:617}}
Jun 10 04:06:41.099530 dv-cinder-741349-4-iscsi devstack@c-api.service[99109]: INFO cinder.api.openstack.wsgi [None req-8a922270-09ac-4dc0-bde6-418da26e8941 tempest-ExtraSpecsNegativeTest-1256306384 tempest-ExtraSpecsNegativeTest-1256306384-project-admin] POST http://10.222.0.20/volume/v3/bf27ad89366d4536aa83f5551413bce6/types
Jun 10 04:06:41.100094 dv-cinder-741349-4-iscsi devstack@c-api.service[99109]: /usr/local/lib/python3.8/dist-packages/webob/acceptparse.py:1047: DeprecationWarning: The behavior of AcceptValidHeader.best_match is currently being maintained for backward compatibility, but it will be deprecated in the future, as it does not conform to the RFC.
Jun 10 04:06:41.100094 dv-cinder-741349-4-iscsi devstack@c-api.service[99109]: warnings.warn(
Jun 10 04:06:41.100348 dv-cinder-741349-4-iscsi devstack@c-api.service[99109]: DEBUG cinder.api.openstack.wsgi [None req-8a922270-09ac-4dc0-bde6-418da26e8941 tempest-ExtraSpecsNegativeTest-1256306384 tempest-ExtraSpecsNegativeTest-1256306384-project-admin] Action: 'create', calling method: _create, body: {"volume_type": {"name": "tempest-ExtraSpecsNegativeTest-volume-type-525236261", "extra_specs": {"spec1": "val1"}}} {{(pid=99109) _process_stack /opt/stack/cinder/cinder/api/openstack/wsgi.py:864}}
Jun 10 04:06:41.128665 dv-cinder-741349-4-iscsi devstack@c-api.service[99112]: INFO cinder.volume.api [req-a6048870-2bed-4aee-a187-cb516e772584 req-9c1ce02f-df70-4d1e-bb69-41591a486b90 tempest-VolumesTestJSON-1283108813 tempest-VolumesTestJSON-1283108813-project] Get all volumes completed successfully.
Jun 10 04:06:41.134323 dv-cinder-741349-4-iscsi devstack@c-api.service[99112]: /usr/local/lib/python3.8/dist-packages/oslo_context/context.py:105: DeprecationWarning: Policy enforcement is depending on the value of is_admin. This key is deprecated. Please update your policy file to use the standard policy values.
Jun 10 04:06:41.134323 dv-cinder-741349-4-iscsi devstack@c-api.service[99112]: warnings.warn('Policy enforcement is depending on the value of '
Jun 10 04:06:41.147981 dv-cinder-741349-4-iscsi devstack@c-api.service[99112]: INFO cinder.api.openstack.wsgi [req-a6048870-2bed-4aee-a187-cb516e772584 req-9c1ce02f-df70-4d1e-bb69-41591a486b90 tempest-VolumesTestJSON-1283108813 tempest-VolumesTestJSON-1283108813-project] http://10.222.0.20/volume/v3/2cee65a188d444a5bfc1581ad0b080d3/volumes/detail returned with HTTP 200
Jun 10 04:06:41.150074 dv-cinder-741349-4-iscsi devstack@c-api.service[99112]: [pid: 99112|app: 0|req: 36/60] 10.222.0.20 () {60 vars in 1489 bytes} [Thu Jun 10 04:06:41 2021] GET /volume/v3/2cee65a188d444a5bfc1581ad0b080d3/volumes/detail => generated 2746 bytes in 145 msecs (HTTP/1.1 200) 7 headers in 286 bytes (1 switches on core 0)
Jun 10 04:06:41.336957 dv-cinder-741349-4-iscsi devstack@c-api.service[99109]: INFO cinder.api.openstack.wsgi [None req-8a922270-09ac-4dc0-bde6-418da26e8941 tempest-ExtraSpecsNegativeTest-1256306384 tempest-ExtraSpecsNegativeTest-1256306384-project-admin] http://10.222.0.20/volume/v3/bf27ad89366d4536aa83f5551413bce6/types returned with HTTP 200
Jun 10 04:06:41.345099 dv-cinder-741349-4-iscsi devstack@c-api.service[99109]: [pid: 99109|app: 0|req: 25/61] 10.222.0.20 () {60 vars in 1230 bytes} [Thu Jun 10 04:06:40 2021] POST /volume/v3/bf27ad89366d4536aa83f5551413bce6/types => generated 242 bytes in 482 msecs (HTTP/1.1 200) 7 headers in 285 bytes (1 switches on core 0)
Jun 10 04:06:41.357397 dv-cinder-741349-4-iscsi devstack@c-api.service[99112]: INFO cinder.api.openstack.wsgi [None req-d7c3181a-a41f-459b-af4d-0534b5d02ea5 tempest-ExtraSpecsNegativeTest-1256306384 tempest-ExtraSpecsNegativeTest-1256306384-project-admin] POST http://10.222.0.20/volume/v3/bf27ad89366d4536aa83f5551413bce6/types/8f0ae0e4-67b4-4cbc-96f1-c108b4d7e47d/extra_specs
Jun 10 04:06:41.357980 dv-cinder-741349-4-iscsi devstack@c-api.service[99112]: /usr/local/lib/python3.8/dist-packages/webob/acceptparse.py:1047: DeprecationWarning: The behavior of AcceptValidHeader.best_match is currently being maintained for backward compatibility, but it will be deprecated in the future, as it does not conform to the RFC.
Jun 10 04:06:41.357980 dv-cinder-741349-4-iscsi devstack@c-api.service[99112]: warnings.warn(
Jun 10 04:06:41.358639 dv-cinder-741349-4-iscsi devstack@c-api.service[99112]: DEBUG cinder.api.openstack.wsgi [None req-d7c3181a-a41f-459b-af4d-0534b5d02ea5 tempest-ExtraSpecsNegativeTest-1256306384 tempest-ExtraSpecsNegativeTest-1256306384-project-admin] Action: 'create', calling method: create, body: {"extra_specs": ["invalid"]} {{(pid=99112) _process_stack /opt/stack/cinder/cinder/api/openstack/wsgi.py:864}}
Jun 10 04:06:41.359951 dv-cinder-741349-4-iscsi devstack@c-api.service[99112]: INFO cinder.api.openstack.wsgi [None req-d7c3181a-a41f-459b-af4d-0534b5d02ea5 tempest-ExtraSpecsNegativeTest-1256306384 tempest-ExtraSpecsNegativeTest-1256306384-project-admin] http://10.222.0.20/volume/v3/bf27ad89366d4536aa83f5551413bce6/types/8f0ae0e4-67b4-4cbc-96f1-c108b4d7e47d/extra_specs returned with HTTP 400
Jun 10 04:06:41.362493 dv-cinder-741349-4-iscsi devstack@c-api.service[99112]: [pid: 99112|app: 0|req: 37/62] 10.222.0.20 () {60 vars in 1376 bytes} [Thu Jun 10 04:06:41 2021] POST /volume/v3/bf27ad89366d4536aa83f5551413bce6/types/8f0ae0e4-67b4-4cbc-96f1-c108b4d7e47d/extra_specs => generated 146 bytes in 11 msecs (HTTP/1.1 400) 7 headers in 294 bytes (1 switches on core 0)
Jun 10 04:06:41.371851 dv-cinder-741349-4-iscsi devstack@c-api.service[99109]: INFO cinder.api.openstack.wsgi [None req-aeac8b56-1d47-48a1-8639-32aef7cdfe32 tempest-ExtraSpecsNegativeTest-1256306384 tempest-ExtraSpecsNegativeTest-1256306384-project-admin] POST http://10.222.0.20/volume/v3/bf27ad89366d4536aa83f5551413bce6/types/8f0ae0e4-67b4-4cbc-96f1-c108b4d7e47d/extra_specs
Jun 10 04:06:41.372615 dv-cinder-741349-4-iscsi devstack@c-api.service[99109]: DEBUG cinder.api.openstack.wsgi [None req-aeac8b56-1d47-48a1-8639-32aef7cdfe32 tempest-ExtraSpecsNegativeTest-1256306384 tempest-ExtraSpecsNegativeTest-1256306384-project-admin] Action: 'create', calling method: create, body: {"extra_specs": null} {{(pid=99109) _process_stack /opt/stack/cinder/cinder/api/openstack/wsgi.py:864}}
Jun 10 04:06:41.373767 dv-cinder-741349-4-iscsi devstack@c-api.service[99109]: INFO cinder.api.openstack.wsgi [None req-aeac8b56-1d47-48a1-8639-32aef7cdfe32 tempest-ExtraSpecsNegativeTest-1256306384 tempest-ExtraSpecsNegativeTest-1256306384-project-admin] http://10.222.0.20/volume/v3/bf27ad89366d4536aa83f5551413bce6/types/8f0ae0e4-67b4-4cbc-96f1-c108b4d7e47d/extra_specs returned with HTTP 400
Jun 10 04:06:41.380545 dv-cinder-741349-4-iscsi devstack@c-api.service[99109]: [pid: 99109|app: 0|req: 26/63] 10.222.0.20 () {60 vars in 1376 bytes} [Thu Jun 10 04:06:41 2021] POST /volume/v3/bf27ad89366d4536aa83f5551413bce6/types/8f0ae0e4-67b4-4cbc-96f1-c108b4d7e47d/extra_specs => generated 132 bytes in 14 msecs (HTTP/1.1 400) 7 headers in 294 bytes (1 switches on core 0)
Jun 10 04:06:41.387363 dv-cinder-741349-4-iscsi devstack@c-api.service[99112]: INFO cinder.api.openstack.wsgi [None req-85f2a2f7-44b8-44ad-9081-830807f1dbcb tempest-ExtraSpecsNegativeTest-1256306384 tempest-ExtraSpecsNegativeTest-1256306384-project-admin] POST http://10.222.0.20/volume/v3/bf27ad89366d4536aa83f5551413bce6/types/85f862fa-29ef-47ce-bd75-44ac410bd276/extra_specs
Jun 10 04:06:41.391165 dv-cinder-741349-4-iscsi devstack@c-api.service[99112]: DEBUG cinder.api.openstack.wsgi [None req-85f2a2f7-44b8-44ad-9081-830807f1dbcb tempest-ExtraSpecsNegativeTest-1256306384 tempest-ExtraSpecsNegativeTest-1256306384-project-admin] Action: 'create', calling method: create, body: {"extra_specs": {"spec2": "val1"}} {{(pid=99112) _process_stack /opt/stack/cinder/cinder/api/openstack/wsgi.py:864}}
Jun 10 04:06:41.502399 dv-cinder-741349-4-iscsi devstack@c-api.service[99112]: INFO cinder.api.openstack.wsgi [None req-85f2a2f7-44b8-44ad-9081-830807f1dbcb tempest-ExtraSpecsNegativeTest-1256306384 tempest-ExtraSpecsNegativeTest-1256306384-project-admin] http://10.222.0.20/volume/v3/bf27ad89366d4536aa83f5551413bce6/types/85f862fa-29ef-47ce-bd75-44ac410bd276/extra_specs returned with HTTP 404
Jun 10 04:06:41.504151 dv-cinder-741349-4-iscsi devstack@c-api.service[99112]: [pid: 99112|app: 0|req: 38/64] 10.222.0.20 () {60 vars in 1376 bytes} [Thu Jun 10 04:06:41 2021] POST /volume/v3/bf27ad89366d4536aa83f5551413bce6/types/85f862fa-29ef-47ce-bd75-44ac410bd276/extra_specs => generated 114 bytes in 124 msecs (HTTP/1.1 404) 7 headers in 292 bytes (1 switches on core 0)
Jun 10 04:06:41.520335 dv-cinder-741349-4-iscsi devstack@c-api.service[99109]: INFO cinder.api.openstack.wsgi [None req-abcf2725-758a-489c-bb48-b1f52c6a4dbb tempest-ExtraSpecsNegativeTest-1256306384 tempest-ExtraSpecsNegativeTest-1256306384-project-admin] DELETE http://10.222.0.20/volume/v3/bf27ad89366d4536aa83f5551413bce6/types/f7d1f30a-0707-418c-81bb-39de4b8ef720/extra_specs/spec1
Jun 10 04:06:41.520809 dv-cinder-741349-4-iscsi devstack@c-api.service[99109]: DEBUG cinder.api.openstack.wsgi [None req-abcf2725-758a-489c-bb48-b1f52c6a4dbb tempest-ExtraSpecsNegativeTest-1256306384 tempest-ExtraSpecsNegativeTest-1256306384-project-admin] Empty body provided in request {{(pid=99109) get_body /opt/stack/cinder/cinder/api/openstack/wsgi.py:713}}
Jun 10 04:06:41.521233 dv-cinder-741349-4-iscsi devstack@c-api.service[99109]: DEBUG cinder.api.openstack.wsgi [None req-abcf2725-758a-489c-bb48-b1f52c6a4dbb tempest-ExtraSpecsNegativeTest-1256306384 tempest-ExtraSpecsNegativeTest-1256306384-project-admin] Calling method 'delete' {{(pid=99109) _process_stack /opt/stack/cinder/cinder/api/openstack/wsgi.py:866}}
Jun 10 04:06:41.536600 dv-cinder-741349-4-iscsi devstack@c-api.service[99109]: INFO cinder.api.openstack.wsgi [None req-abcf2725-758a-489c-bb48-b1f52c6a4dbb tempest-ExtraSpecsNegativeTest-1256306384 tempest-ExtraSpecsNegativeTest-1256306384-project-admin] http://10.222.0.20/volume/v3/bf27ad89366d4536aa83f5551413bce6/types/f7d1f30a-0707-418c-81bb-39de4b8ef720/extra_specs/spec1 returned with HTTP 404
Jun 10 04:06:41.542570 dv-cinder-741349-4-iscsi devstack@c-api.service[99109]: [pid: 99109|app: 0|req: 27/65] 10.222.0.20 () {58 vars in 1376 bytes} [Thu Jun 10 04:06:41 2021] DELETE /volume/v3/bf27ad89366d4536aa83f5551413bce6/types/f7d1f30a-0707-418c-81bb-39de4b8ef720/extra_specs/spec1 => generated 114 bytes in 27 msecs (HTTP/1.1 404) 7 headers in 292 bytes (1 switches on core 0)
Jun 10 04:06:41.577989 dv-cinder-741349-4-iscsi devstack@c-api.service[99112]: INFO cinder.api.openstack.wsgi [None req-d39afcf6-b73c-42b0-be6e-0a64782dabbf tempest-ExtraSpecsNegativeTest-1256306384 tempest-ExtraSpecsNegativeTest-1256306384-project-admin] GET http://10.222.0.20/volume/v3/bf27ad89366d4536aa83f5551413bce6/types/8f0ae0e4-67b4-4cbc-96f1-c108b4d7e47d/extra_specs/nonexistent_extra_spec_name
Jun 10 04:06:41.584419 dv-cinder-741349-4-iscsi devstack@c-api.service[99112]: DEBUG cinder.api.openstack.wsgi [None req-d39afcf6-b73c-42b0-be6e-0a64782dabbf tempest-ExtraSpecsNegativeTest-1256306384 tempest-ExtraSpecsNegativeTest-1256306384-project-admin] Empty body provided in request {{(pid=99112) get_body /opt/stack/cinder/cinder/api/openstack/wsgi.py:713}}
Jun 10 04:06:41.602096 dv-cinder-741349-4-iscsi devstack@c-api.service[99112]: DEBUG cinder.api.openstack.wsgi [None req-d39afcf6-b73c-42b0-be6e-0a64782dabbf tempest-ExtraSpecsNegativeTest-1256306384 tempest-ExtraSpecsNegativeTest-1256306384-project-admin] Calling method 'show' {{(pid=99112) _process_stack /opt/stack/cinder/cinder/api/openstack/wsgi.py:866}}
Jun 10 04:06:41.618004 dv-cinder-741349-4-iscsi devstack@c-api.service[99112]: INFO cinder.api.openstack.wsgi [None req-d39afcf6-b73c-42b0-be6e-0a64782dabbf tempest-ExtraSpecsNegativeTest-1256306384 tempest-ExtraSpecsNegativeTest-1256306384-project-admin] http://10.222.0.20/volume/v3/bf27ad89366d4536aa83f5551413bce6/types/8f0ae0e4-67b4-4cbc-96f1-c108b4d7e47d/extra_specs/nonexistent_extra_spec_name returned with HTTP 404
Jun 10 04:06:41.620641 dv-cinder-741349-4-iscsi devstack@c-api.service[99112]: [pid: 99112|app: 0|req: 39/66] 10.222.0.20 () {58 vars in 1439 bytes} [Thu Jun 10 04:06:41 2021] GET /volume/v3/bf27ad89366d4536aa83f5551413bce6/types/8f0ae0e4-67b4-4cbc-96f1-c108b4d7e47d/extra_specs/nonexistent_extra_spec_name => generated 151 bytes in 74 msecs (HTTP/1.1 404) 7 headers in 292 bytes (1 switches on core 0)
Jun 10 04:06:41.638742 dv-cinder-741349-4-iscsi devstack@c-api.service[99109]: INFO cinder.api.openstack.wsgi [None req-6a43ee50-61ea-4bef-b8cd-a6019c5a5827 tempest-ExtraSpecsNegativeTest-1256306384 tempest-ExtraSpecsNegativeTest-1256306384-project-admin] GET http://10.222.0.20/volume/v3/bf27ad89366d4536aa83f5551413bce6/types/8ae99935-608a-482b-8be7-b7f3fa5713e6/extra_specs/spec1
Jun 10 04:06:41.640259 dv-cinder-741349-4-iscsi devstack@c-api.service[99109]: DEBUG cinder.api.openstack.wsgi [None req-6a43ee50-61ea-4bef-b8cd-a6019c5a5827 tempest-ExtraSpecsNegativeTest-1256306384 tempest-ExtraSpecsNegativeTest-1256306384-project-admin] Empty body provided in request {{(pid=99109) get_body /opt/stack/cinder/cinder/api/openstack/wsgi.py:713}}
Jun 10 04:06:41.641047 dv-cinder-741349-4-iscsi devstack@c-api.service[99109]: DEBUG cinder.api.openstack.wsgi [None req-6a43ee50-61ea-4bef-b8cd-a6019c5a5827 tempest-ExtraSpecsNegativeTest-1256306384 tempest-ExtraSpecsNegativeTest-1256306384-project-admin] Calling method 'show' {{(pid=99109) _process_stack /opt/stack/cinder/cinder/api/openstack/wsgi.py:866}}
Jun 10 04:06:41.666943 dv-cinder-741349-4-iscsi devstack@c-api.service[99109]: INFO cinder.api.openstack.wsgi [None req-6a43ee50-61ea-4bef-b8cd-a6019c5a5827 tempest-ExtraSpecsNegativeTest-1256306384 tempest-ExtraSpecsNegativeTest-1256306384-project-admin] http://10.222.0.20/volume/v3/bf27ad89366d4536aa83f5551413bce6/types/8ae99935-608a-482b-8be7-b7f3fa5713e6/extra_specs/spec1 returned with HTTP 404
Jun 10 04:06:41.670855 dv-cinder-741349-4-iscsi devstack@c-api.service[99109]: [pid: 99109|app: 0|req: 28/67] 10.222.0.20 () {58 vars in 1373 bytes} [Thu Jun 10 04:06:41 2021] GET /volume/v3/bf27ad89366d4536aa83f5551413bce6/types/8ae99935-608a-482b-8be7-b7f3fa5713e6/extra_specs/spec1 => generated 114 bytes in 44 msecs (HTTP/1.1 404) 7 headers in 292 bytes (2 switches on core 0)
Jun 10 04:06:41.671017 dv-cinder-741349-4-iscsi devstack@c-api.service[99112]: INFO cinder.api.openstack.wsgi [req-7563c39d-2b7d-473e-93fc-c633b6af72de req-b35bc941-b116-47fe-a37b-d08f5cdedfe5 tempest-VolumesTestJSON-1283108813 tempest-VolumesTestJSON-1283108813-project] GET http://10.222.0.20/volume/v3/2cee65a188d444a5bfc1581ad0b080d3/volumes/detail
Jun 10 04:06:41.671017 dv-cinder-741349-4-iscsi devstack@c-api.service[99112]: DEBUG cinder.api.openstack.wsgi [req-7563c39d-2b7d-473e-93fc-c633b6af72de req-b35bc941-b116-47fe-a37b-d08f5cdedfe5 tempest-VolumesTestJSON-1283108813 tempest-VolumesTestJSON-1283108813-project] Empty body provided in request {{(pid=99112) get_body /opt/stack/cinder/cinder/api/openstack/wsgi.py:713}}
Jun 10 04:06:41.671017 dv-cinder-741349-4-iscsi devstack@c-api.service[99112]: DEBUG cinder.api.openstack.wsgi [req-7563c39d-2b7d-473e-93fc-c633b6af72de req-b35bc941-b116-47fe-a37b-d08f5cdedfe5 tempest-VolumesTestJSON-1283108813 tempest-VolumesTestJSON-1283108813-project] Calling method 'detail' {{(pid=99112) _process_stack /opt/stack/cinder/cinder/api/openstack/wsgi.py:866}}
Jun 10 04:06:41.671723 dv-cinder-741349-4-iscsi devstack@c-api.service[99112]: DEBUG cinder.api.api_utils [req-7563c39d-2b7d-473e-93fc-c633b6af72de req-b35bc941-b116-47fe-a37b-d08f5cdedfe5 tempest-VolumesTestJSON-1283108813 tempest-VolumesTestJSON-1283108813-project] Removing options '' from query. {{(pid=99112) remove_invalid_filter_options /opt/stack/cinder/cinder/api/api_utils.py:73}}
Jun 10 04:06:41.675337 dv-cinder-741349-4-iscsi devstack@c-api.service[99112]: DEBUG cinder.volume.api [req-7563c39d-2b7d-473e-93fc-c633b6af72de req-b35bc941-b116-47fe-a37b-d08f5cdedfe5 tempest-VolumesTestJSON-1283108813 tempest-VolumesTestJSON-1283108813-project] Searching by: MultiDict([('no_migration_targets', True)]). {{(pid=99112) get_all /opt/stack/cinder/cinder/volume/api.py:617}}
Jun 10 04:06:41.684455 dv-cinder-741349-4-iscsi devstack@c-api.service[99109]: INFO cinder.api.openstack.wsgi [None req-b57df4e2-11c5-4a03-aa9f-06667d248b6c tempest-ExtraSpecsNegativeTest-1256306384 tempest-ExtraSpecsNegativeTest-1256306384-project-admin] GET http://10.222.0.20/volume/v3/bf27ad89366d4536aa83f5551413bce6/types/205ae1de-c879-48bb-94af-c9ffe3e6c20a/extra_specs
Jun 10 04:06:41.685186 dv-cinder-741349-4-iscsi devstack@c-api.service[99109]: DEBUG cinder.api.openstack.wsgi [None req-b57df4e2-11c5-4a03-aa9f-06667d248b6c tempest-ExtraSpecsNegativeTest-1256306384 tempest-ExtraSpecsNegativeTest-1256306384-project-admin] Empty body provided in request {{(pid=99109) get_body /opt/stack/cinder/cinder/api/openstack/wsgi.py:713}}
Jun 10 04:06:41.685812 dv-cinder-741349-4-iscsi devstack@c-api.service[99109]: DEBUG cinder.api.openstack.wsgi [None req-b57df4e2-11c5-4a03-aa9f-06667d248b6c tempest-ExtraSpecsNegativeTest-1256306384 tempest-ExtraSpecsNegativeTest-1256306384-project-admin] Calling method 'index' {{(pid=99109) _process_stack /opt/stack/cinder/cinder/api/openstack/wsgi.py:866}}
Jun 10 04:06:41.694084 dv-cinder-741349-4-iscsi devstack@c-api.service[99109]: INFO cinder.api.openstack.wsgi [None req-b57df4e2-11c5-4a03-aa9f-06667d248b6c tempest-ExtraSpecsNegativeTest-1256306384 tempest-ExtraSpecsNegativeTest-1256306384-project-admin] http://10.222.0.20/volume/v3/bf27ad89366d4536aa83f5551413bce6/types/205ae1de-c879-48bb-94af-c9ffe3e6c20a/extra_specs returned with HTTP 404
Jun 10 04:06:41.697965 dv-cinder-741349-4-iscsi devstack@c-api.service[99109]: [pid: 99109|app: 0|req: 29/68] 10.222.0.20 () {58 vars in 1355 bytes} [Thu Jun 10 04:06:41 2021] GET /volume/v3/bf27ad89366d4536aa83f5551413bce6/types/205ae1de-c879-48bb-94af-c9ffe3e6c20a/extra_specs => generated 114 bytes in 23 msecs (HTTP/1.1 404) 7 headers in 292 bytes (1 switches on core 0)
Jun 10 04:06:41.713357 dv-cinder-741349-4-iscsi devstack@c-api.service[99109]: INFO cinder.api.openstack.wsgi [None req-5406b586-f50f-444c-a6f0-f6109884b63a tempest-ExtraSpecsNegativeTest-1256306384 tempest-ExtraSpecsNegativeTest-1256306384-project-admin] PUT http://10.222.0.20/volume/v3/bf27ad89366d4536aa83f5551413bce6/types/8f0ae0e4-67b4-4cbc-96f1-c108b4d7e47d/extra_specs/spec1
Jun 10 04:06:41.720917 dv-cinder-741349-4-iscsi devstack@c-api.service[99109]: DEBUG cinder.api.openstack.wsgi [None req-5406b586-f50f-444c-a6f0-f6109884b63a tempest-ExtraSpecsNegativeTest-1256306384 tempest-ExtraSpecsNegativeTest-1256306384-project-admin] Action: 'update', calling method: update, body: {"spec1": "val2", "spec2": "val1"} {{(pid=99109) _process_stack /opt/stack/cinder/cinder/api/openstack/wsgi.py:864}}
Jun 10 04:06:41.720917 dv-cinder-741349-4-iscsi devstack@c-api.service[99109]: INFO cinder.api.openstack.wsgi [None req-5406b586-f50f-444c-a6f0-f6109884b63a tempest-ExtraSpecsNegativeTest-1256306384 tempest-ExtraSpecsNegativeTest-1256306384-project-admin] http://10.222.0.20/volume/v3/bf27ad89366d4536aa83f5551413bce6/types/8f0ae0e4-67b4-4cbc-96f1-c108b4d7e47d/extra_specs/spec1 returned with HTTP 400
Jun 10 04:06:41.720917 dv-cinder-741349-4-iscsi devstack@c-api.service[99109]: [pid: 99109|app: 0|req: 30/69] 10.222.0.20 () {60 vars in 1393 bytes} [Thu Jun 10 04:06:41 2021] PUT /volume/v3/bf27ad89366d4536aa83f5551413bce6/types/8f0ae0e4-67b4-4cbc-96f1-c108b4d7e47d/extra_specs/spec1 => generated 102 bytes in 9 msecs (HTTP/1.1 400) 7 headers in 294 bytes (1 switches on core 0)
Jun 10 04:06:41.731026 dv-cinder-741349-4-iscsi devstack@c-api.service[99109]: INFO cinder.api.openstack.wsgi [None req-94b12338-03a3-4638-9453-e7add098da53 tempest-ExtraSpecsNegativeTest-1256306384 tempest-ExtraSpecsNegativeTest-1256306384-project-admin] PUT http://10.222.0.20/volume/v3/bf27ad89366d4536aa83f5551413bce6/types/8f0ae0e4-67b4-4cbc-96f1-c108b4d7e47d/extra_specs/spec1
Jun 10 04:06:41.732019 dv-cinder-741349-4-iscsi devstack@c-api.service[99109]: DEBUG cinder.api.openstack.wsgi [None req-94b12338-03a3-4638-9453-e7add098da53 tempest-ExtraSpecsNegativeTest-1256306384 tempest-ExtraSpecsNegativeTest-1256306384-project-admin] Action: 'update', calling method: update, body: null {{(pid=99109) _process_stack /opt/stack/cinder/cinder/api/openstack/wsgi.py:864}}
Jun 10 04:06:41.732911 dv-cinder-741349-4-iscsi devstack@c-api.service[99109]: INFO cinder.api.openstack.wsgi [None req-94b12338-03a3-4638-9453-e7add098da53 tempest-ExtraSpecsNegativeTest-1256306384 tempest-ExtraSpecsNegativeTest-1256306384-project-admin] http://10.222.0.20/volume/v3/bf27ad89366d4536aa83f5551413bce6/types/8f0ae0e4-67b4-4cbc-96f1-c108b4d7e47d/extra_specs/spec1 returned with HTTP 400
Jun 10 04:06:41.735261 dv-cinder-741349-4-iscsi devstack@c-api.service[99109]: [pid: 99109|app: 0|req: 31/70] 10.222.0.20 () {60 vars in 1392 bytes} [Thu Jun 10 04:06:41 2021] PUT /volume/v3/bf27ad89366d4536aa83f5551413bce6/types/8f0ae0e4-67b4-4cbc-96f1-c108b4d7e47d/extra_specs/spec1 => generated 72 bytes in 11 msecs (HTTP/1.1 400) 7 headers in 293 bytes (1 switches on core 0)
Jun 10 04:06:41.752711 dv-cinder-741349-4-iscsi devstack@c-api.service[99112]: INFO cinder.volume.api [req-7563c39d-2b7d-473e-93fc-c633b6af72de req-b35bc941-b116-47fe-a37b-d08f5cdedfe5 tempest-VolumesTestJSON-1283108813 tempest-VolumesTestJSON-1283108813-project] Get all volumes completed successfully.
Jun 10 04:06:41.758786 dv-cinder-741349-4-iscsi devstack@c-api.service[99109]: INFO cinder.api.openstack.wsgi [None req-4affdf36-8c86-400f-805f-363659960a02 tempest-ExtraSpecsNegativeTest-1256306384 tempest-ExtraSpecsNegativeTest-1256306384-project-admin] PUT http://10.222.0.20/volume/v3/bf27ad89366d4536aa83f5551413bce6/types/8f0ae0e4-67b4-4cbc-96f1-c108b4d7e47d/extra_specs/None
Jun 10 04:06:41.761006 dv-cinder-741349-4-iscsi devstack@c-api.service[99112]: /usr/local/lib/python3.8/dist-packages/oslo_context/context.py:105: DeprecationWarning: Policy enforcement is depending on the value of is_admin. This key is deprecated. Please update your policy file to use the standard policy values.
Jun 10 04:06:41.761006 dv-cinder-741349-4-iscsi devstack@c-api.service[99112]: warnings.warn('Policy enforcement is depending on the value of '
Jun 10 04:06:41.767623 dv-cinder-741349-4-iscsi devstack@c-api.service[99109]: DEBUG cinder.api.openstack.wsgi [None req-4affdf36-8c86-400f-805f-363659960a02 tempest-ExtraSpecsNegativeTest-1256306384 tempest-ExtraSpecsNegativeTest-1256306384-project-admin] Action: 'update', calling method: update, body: {"spec1": "val2"} {{(pid=99109) _process_stack /opt/stack/cinder/cinder/api/openstack/wsgi.py:864}}
Jun 10 04:06:41.811262 dv-cinder-741349-4-iscsi devstack@c-api.service[99109]: INFO cinder.api.openstack.wsgi [None req-4affdf36-8c86-400f-805f-363659960a02 tempest-ExtraSpecsNegativeTest-1256306384 tempest-ExtraSpecsNegativeTest-1256306384-project-admin] HTTP exception thrown: Request body and URI mismatch
Jun 10 04:06:41.811717 dv-cinder-741349-4-iscsi devstack@c-api.service[99112]: INFO cinder.api.openstack.wsgi [req-7563c39d-2b7d-473e-93fc-c633b6af72de req-b35bc941-b116-47fe-a37b-d08f5cdedfe5 tempest-VolumesTestJSON-1283108813 tempest-VolumesTestJSON-1283108813-project] http://10.222.0.20/volume/v3/2cee65a188d444a5bfc1581ad0b080d3/volumes/detail returned with HTTP 200
Jun 10 04:06:41.812060 dv-cinder-741349-4-iscsi devstack@c-api.service[99109]: INFO cinder.api.openstack.wsgi [None req-4affdf36-8c86-400f-805f-363659960a02 tempest-ExtraSpecsNegativeTest-1256306384 tempest-ExtraSpecsNegativeTest-1256306384-project-admin] http://10.222.0.20/volume/v3/bf27ad89366d4536aa83f5551413bce6/types/8f0ae0e4-67b4-4cbc-96f1-c108b4d7e47d/extra_specs/None returned with HTTP 400
Jun 10 04:06:41.813663 dv-cinder-741349-4-iscsi devstack@c-api.service[99109]: [pid: 99109|app: 0|req: 32/71] 10.222.0.20 () {60 vars in 1390 bytes} [Thu Jun 10 04:06:41 2021] PUT /volume/v3/bf27ad89366d4536aa83f5551413bce6/types/8f0ae0e4-67b4-4cbc-96f1-c108b4d7e47d/extra_specs/None => generated 73 bytes in 60 msecs (HTTP/1.1 400) 7 headers in 293 bytes (1 switches on core 0)
Jun 10 04:06:41.815546 dv-cinder-741349-4-iscsi devstack@c-api.service[99112]: [pid: 99112|app: 0|req: 40/72] 10.222.0.20 () {60 vars in 1489 bytes} [Thu Jun 10 04:06:41 2021] GET /volume/v3/2cee65a188d444a5bfc1581ad0b080d3/volumes/detail => generated 2746 bytes in 168 msecs (HTTP/1.1 200) 7 headers in 286 bytes (1 switches on core 0)
Jun 10 04:06:41.840564 dv-cinder-741349-4-iscsi devstack@c-api.service[99109]: INFO cinder.api.openstack.wsgi [None req-a63eeb2f-8e70-48e0-b557-8b1bb8f17c3e tempest-ExtraSpecsNegativeTest-1256306384 tempest-ExtraSpecsNegativeTest-1256306384-project-admin] PUT http://10.222.0.20/volume/v3/bf27ad89366d4536aa83f5551413bce6/types/8f0ae0e4-67b4-4cbc-96f1-c108b4d7e47d/extra_specs/4b00fb24-8733-4915-ba4d-2d269e5640dc
Jun 10 04:06:41.841282 dv-cinder-741349-4-iscsi devstack@c-api.service[99109]: DEBUG cinder.api.openstack.wsgi [None req-a63eeb2f-8e70-48e0-b557-8b1bb8f17c3e tempest-ExtraSpecsNegativeTest-1256306384 tempest-ExtraSpecsNegativeTest-1256306384-project-admin] Action: 'update', calling method: update, body: {"spec1": "val2"} {{(pid=99109) _process_stack /opt/stack/cinder/cinder/api/openstack/wsgi.py:864}}
Jun 10 04:06:41.860461 dv-cinder-741349-4-iscsi devstack@c-api.service[99112]: INFO cinder.api.openstack.wsgi [req-1a5a4382-d52a-44fc-839d-d7224885ec46 req-3b9c0310-8e88-4b1f-9146-90ac1eeae728 tempest-VolumesTestJSON-1283108813 tempest-VolumesTestJSON-1283108813-project] GET http://10.222.0.20/volume/v3/2cee65a188d444a5bfc1581ad0b080d3/volumes/detail
Jun 10 04:06:41.860873 dv-cinder-741349-4-iscsi devstack@c-api.service[99112]: DEBUG cinder.api.openstack.wsgi [req-1a5a4382-d52a-44fc-839d-d7224885ec46 req-3b9c0310-8e88-4b1f-9146-90ac1eeae728 tempest-VolumesTestJSON-1283108813 tempest-VolumesTestJSON-1283108813-project] Empty body provided in request {{(pid=99112) get_body /opt/stack/cinder/cinder/api/openstack/wsgi.py:713}}
Jun 10 04:06:41.861058 dv-cinder-741349-4-iscsi devstack@c-api.service[99112]: /usr/local/lib/python3.8/dist-packages/webob/acceptparse.py:1047: DeprecationWarning: The behavior of AcceptValidHeader.best_match is currently being maintained for backward compatibility, but it will be deprecated in the future, as it does not conform to the RFC.
Jun 10 04:06:41.861058 dv-cinder-741349-4-iscsi devstack@c-api.service[99112]: warnings.warn(
Jun 10 04:06:41.861380 dv-cinder-741349-4-iscsi devstack@c-api.service[99112]: DEBUG cinder.api.openstack.wsgi [req-1a5a4382-d52a-44fc-839d-d7224885ec46 req-3b9c0310-8e88-4b1f-9146-90ac1eeae728 tempest-VolumesTestJSON-1283108813 tempest-VolumesTestJSON-1283108813-project] Calling method 'detail' {{(pid=99112) _process_stack /opt/stack/cinder/cinder/api/openstack/wsgi.py:866}}
Jun 10 04:06:41.861944 dv-cinder-741349-4-iscsi devstack@c-api.service[99112]: DEBUG cinder.api.api_utils [req-1a5a4382-d52a-44fc-839d-d7224885ec46 req-3b9c0310-8e88-4b1f-9146-90ac1eeae728 tempest-VolumesTestJSON-1283108813 tempest-VolumesTestJSON-1283108813-project] Removing options '' from query. {{(pid=99112) remove_invalid_filter_options /opt/stack/cinder/cinder/api/api_utils.py:73}}
Jun 10 04:06:41.863665 dv-cinder-741349-4-iscsi devstack@c-api.service[99112]: DEBUG cinder.volume.api [req-1a5a4382-d52a-44fc-839d-d7224885ec46 req-3b9c0310-8e88-4b1f-9146-90ac1eeae728 tempest-VolumesTestJSON-1283108813 tempest-VolumesTestJSON-1283108813-project] Searching by: MultiDict([('no_migration_targets', True)]). {{(pid=99112) get_all /opt/stack/cinder/cinder/volume/api.py:617}}
Jun 10 04:06:41.877307 dv-cinder-741349-4-iscsi devstack@c-api.service[99109]: INFO cinder.api.openstack.wsgi [None req-a63eeb2f-8e70-48e0-b557-8b1bb8f17c3e tempest-ExtraSpecsNegativeTest-1256306384 tempest-ExtraSpecsNegativeTest-1256306384-project-admin] HTTP exception thrown: Request body and URI mismatch
Jun 10 04:06:41.878353 dv-cinder-741349-4-iscsi devstack@c-api.service[99109]: INFO cinder.api.openstack.wsgi [None req-a63eeb2f-8e70-48e0-b557-8b1bb8f17c3e tempest-ExtraSpecsNegativeTest-1256306384 tempest-ExtraSpecsNegativeTest-1256306384-project-admin] http://10.222.0.20/volume/v3/bf27ad89366d4536aa83f5551413bce6/types/8f0ae0e4-67b4-4cbc-96f1-c108b4d7e47d/extra_specs/4b00fb24-8733-4915-ba4d-2d269e5640dc returned with HTTP 400
Jun 10 04:06:41.886193 dv-cinder-741349-4-iscsi devstack@c-api.service[99109]: [pid: 99109|app: 0|req: 33/73] 10.222.0.20 () {60 vars in 1486 bytes} [Thu Jun 10 04:06:41 2021] PUT /volume/v3/bf27ad89366d4536aa83f5551413bce6/types/8f0ae0e4-67b4-4cbc-96f1-c108b4d7e47d/extra_specs/4b00fb24-8733-4915-ba4d-2d269e5640dc => generated 73 bytes in 65 msecs (HTTP/1.1 400) 7 headers in 293 bytes (1 switches on core 0)
Jun 10 04:06:41.894249 dv-cinder-741349-4-iscsi devstack@c-api.service[99109]: INFO cinder.api.openstack.wsgi [None req-b5929cd6-8790-44fe-8cb3-fe37f2a6e5ed tempest-ExtraSpecsNegativeTest-1256306384 tempest-ExtraSpecsNegativeTest-1256306384-project-admin] DELETE http://10.222.0.20/volume/v3/bf27ad89366d4536aa83f5551413bce6/types/8f0ae0e4-67b4-4cbc-96f1-c108b4d7e47d
Jun 10 04:06:41.895430 dv-cinder-741349-4-iscsi devstack@c-api.service[99109]: DEBUG cinder.api.openstack.wsgi [None req-b5929cd6-8790-44fe-8cb3-fe37f2a6e5ed tempest-ExtraSpecsNegativeTest-1256306384 tempest-ExtraSpecsNegativeTest-1256306384-project-admin] Empty body provided in request {{(pid=99109) get_body /opt/stack/cinder/cinder/api/openstack/wsgi.py:713}}
Jun 10 04:06:41.897036 dv-cinder-741349-4-iscsi devstack@c-api.service[99109]: DEBUG cinder.api.openstack.wsgi [None req-b5929cd6-8790-44fe-8cb3-fe37f2a6e5ed tempest-ExtraSpecsNegativeTest-1256306384 tempest-ExtraSpecsNegativeTest-1256306384-project-admin] Calling method '_delete' {{(pid=99109) _process_stack /opt/stack/cinder/cinder/api/openstack/wsgi.py:866}}
Jun 10 04:06:41.976922 dv-cinder-741349-4-iscsi devstack@c-api.service[99112]: INFO cinder.volume.api [req-1a5a4382-d52a-44fc-839d-d7224885ec46 req-3b9c0310-8e88-4b1f-9146-90ac1eeae728 tempest-VolumesTestJSON-1283108813 tempest-VolumesTestJSON-1283108813-project] Get all volumes completed successfully.
Jun 10 04:06:41.979364 dv-cinder-741349-4-iscsi devstack@c-api.service[99112]: /usr/local/lib/python3.8/dist-packages/oslo_context/context.py:105: DeprecationWarning: Policy enforcement is depending on the value of is_admin. This key is deprecated. Please update your policy file to use the standard policy values.
Jun 10 04:06:41.979364 dv-cinder-741349-4-iscsi devstack@c-api.service[99112]: warnings.warn('Policy enforcement is depending on the value of '
Jun 10 04:06:41.989209 dv-cinder-741349-4-iscsi devstack@c-api.service[99112]: INFO cinder.api.openstack.wsgi [req-1a5a4382-d52a-44fc-839d-d7224885ec46 req-3b9c0310-8e88-4b1f-9146-90ac1eeae728 tempest-VolumesTestJSON-1283108813 tempest-VolumesTestJSON-1283108813-project] http://10.222.0.20/volume/v3/2cee65a188d444a5bfc1581ad0b080d3/volumes/detail returned with HTTP 200
Jun 10 04:06:41.995554 dv-cinder-741349-4-iscsi devstack@c-api.service[99112]: [pid: 99112|app: 0|req: 41/74] 10.222.0.20 () {60 vars in 1489 bytes} [Thu Jun 10 04:06:41 2021] GET /volume/v3/2cee65a188d444a5bfc1581ad0b080d3/volumes/detail => generated 2746 bytes in 144 msecs (HTTP/1.1 200) 7 headers in 286 bytes (2 switches on core 0)
Jun 10 04:06:42.106597 dv-cinder-741349-4-iscsi devstack@c-api.service[99109]: INFO cinder.api.openstack.wsgi [None req-b5929cd6-8790-44fe-8cb3-fe37f2a6e5ed tempest-ExtraSpecsNegativeTest-1256306384 tempest-ExtraSpecsNegativeTest-1256306384-project-admin] http://10.222.0.20/volume/v3/bf27ad89366d4536aa83f5551413bce6/types/8f0ae0e4-67b4-4cbc-96f1-c108b4d7e47d returned with HTTP 202
Jun 10 04:06:42.107521 dv-cinder-741349-4-iscsi devstack@c-api.service[99109]: [pid: 99109|app: 0|req: 34/75] 10.222.0.20 () {58 vars in 1322 bytes} [Thu Jun 10 04:06:41 2021] DELETE /volume/v3/bf27ad89366d4536aa83f5551413bce6/types/8f0ae0e4-67b4-4cbc-96f1-c108b4d7e47d => generated 0 bytes in 221 msecs (HTTP/1.1 202) 6 headers in 233 bytes (1 switches on core 0)
Jun 10 04:06:42.110151 dv-cinder-741349-4-iscsi devstack@c-api.service[99112]: INFO cinder.api.openstack.wsgi [req-6bfd9345-8d96-436d-9368-1378a08f900b req-3ba1bfee-9804-4a38-8cd7-1fdb342529b2 tempest-VolumesTestJSON-1283108813 tempest-VolumesTestJSON-1283108813-project] GET http://10.222.0.20/volume/v3/2cee65a188d444a5bfc1581ad0b080d3/volumes/detail
Jun 10 04:06:42.111392 dv-cinder-741349-4-iscsi devstack@c-api.service[99112]: DEBUG cinder.api.openstack.wsgi [req-6bfd9345-8d96-436d-9368-1378a08f900b req-3ba1bfee-9804-4a38-8cd7-1fdb342529b2 tempest-VolumesTestJSON-1283108813 tempest-VolumesTestJSON-1283108813-project] Empty body provided in request {{(pid=99112) get_body /opt/stack/cinder/cinder/api/openstack/wsgi.py:713}}
Jun 10 04:06:42.111741 dv-cinder-741349-4-iscsi devstack@c-api.service[99112]: /usr/local/lib/python3.8/dist-packages/webob/acceptparse.py:1047: DeprecationWarning: The behavior of AcceptValidHeader.best_match is currently being maintained for backward compatibility, but it will be deprecated in the future, as it does not conform to the RFC.
Jun 10 04:06:42.111741 dv-cinder-741349-4-iscsi devstack@c-api.service[99112]: warnings.warn(
Jun 10 04:06:42.112421 dv-cinder-741349-4-iscsi devstack@c-api.service[99112]: DEBUG cinder.api.openstack.wsgi [req-6bfd9345-8d96-436d-9368-1378a08f900b req-3ba1bfee-9804-4a38-8cd7-1fdb342529b2 tempest-VolumesTestJSON-1283108813 tempest-VolumesTestJSON-1283108813-project] Calling method 'detail' {{(pid=99112) _process_stack /opt/stack/cinder/cinder/api/openstack/wsgi.py:866}}
Jun 10 04:06:42.117946 dv-cinder-741349-4-iscsi devstack@c-api.service[99112]: DEBUG cinder.api.api_utils [req-6bfd9345-8d96-436d-9368-1378a08f900b req-3ba1bfee-9804-4a38-8cd7-1fdb342529b2 tempest-VolumesTestJSON-1283108813 tempest-VolumesTestJSON-1283108813-project] Removing options '' from query. {{(pid=99112) remove_invalid_filter_options /opt/stack/cinder/cinder/api/api_utils.py:73}}
Jun 10 04:06:42.117946 dv-cinder-741349-4-iscsi devstack@c-api.service[99112]: DEBUG cinder.volume.api [req-6bfd9345-8d96-436d-9368-1378a08f900b req-3ba1bfee-9804-4a38-8cd7-1fdb342529b2 tempest-VolumesTestJSON-1283108813 tempest-VolumesTestJSON-1283108813-project] Searching by: MultiDict([('no_migration_targets', True)]). {{(pid=99112) get_all /opt/stack/cinder/cinder/volume/api.py:617}}
Jun 10 04:06:42.118140 dv-cinder-741349-4-iscsi devstack@c-api.service[99109]: INFO cinder.api.openstack.wsgi [None req-5265a2e3-1abf-415a-8282-fc8615e36829 tempest-ExtraSpecsNegativeTest-1256306384 tempest-ExtraSpecsNegativeTest-1256306384-project-admin] GET http://10.222.0.20/volume/v3/bf27ad89366d4536aa83f5551413bce6/types/8f0ae0e4-67b4-4cbc-96f1-c108b4d7e47d
Jun 10 04:06:42.118140 dv-cinder-741349-4-iscsi devstack@c-api.service[99109]: DEBUG cinder.api.openstack.wsgi [None req-5265a2e3-1abf-415a-8282-fc8615e36829 tempest-ExtraSpecsNegativeTest-1256306384 tempest-ExtraSpecsNegativeTest-1256306384-project-admin] Empty body provided in request {{(pid=99109) get_body /opt/stack/cinder/cinder/api/openstack/wsgi.py:713}}
Jun 10 04:06:42.118140 dv-cinder-741349-4-iscsi devstack@c-api.service[99109]: DEBUG cinder.api.openstack.wsgi [None req-5265a2e3-1abf-415a-8282-fc8615e36829 tempest-ExtraSpecsNegativeTest-1256306384 tempest-ExtraSpecsNegativeTest-1256306384-project-admin] Calling method 'show' {{(pid=99109) _process_stack /opt/stack/cinder/cinder/api/openstack/wsgi.py:866}}
Jun 10 04:06:42.126436 dv-cinder-741349-4-iscsi devstack@c-api.service[99109]: INFO cinder.api.openstack.wsgi [None req-5265a2e3-1abf-415a-8282-fc8615e36829 tempest-ExtraSpecsNegativeTest-1256306384 tempest-ExtraSpecsNegativeTest-1256306384-project-admin] http://10.222.0.20/volume/v3/bf27ad89366d4536aa83f5551413bce6/types/8f0ae0e4-67b4-4cbc-96f1-c108b4d7e47d returned with HTTP 404
Jun 10 04:06:42.127545 dv-cinder-741349-4-iscsi devstack@c-api.service[99109]: [pid: 99109|app: 0|req: 35/76] 10.222.0.20 () {58 vars in 1319 bytes} [Thu Jun 10 04:06:42 2021] GET /volume/v3/bf27ad89366d4536aa83f5551413bce6/types/8f0ae0e4-67b4-4cbc-96f1-c108b4d7e47d => generated 114 bytes in 16 msecs (HTTP/1.1 404) 7 headers in 292 bytes (1 switches on core 0)
Jun 10 04:06:42.212353 dv-cinder-741349-4-iscsi devstack@c-api.service[99112]: INFO cinder.volume.api [req-6bfd9345-8d96-436d-9368-1378a08f900b req-3ba1bfee-9804-4a38-8cd7-1fdb342529b2 tempest-VolumesTestJSON-1283108813 tempest-VolumesTestJSON-1283108813-project] Get all volumes completed successfully.
Jun 10 04:06:42.214884 dv-cinder-741349-4-iscsi devstack@c-api.service[99112]: /usr/local/lib/python3.8/dist-packages/oslo_context/context.py:105: DeprecationWarning: Policy enforcement is depending on the value of is_admin. This key is deprecated. Please update your policy file to use the standard policy values.
Jun 10 04:06:42.214884 dv-cinder-741349-4-iscsi devstack@c-api.service[99112]: warnings.warn('Policy enforcement is depending on the value of '
Jun 10 04:06:42.225591 dv-cinder-741349-4-iscsi devstack@c-api.service[99112]: INFO cinder.api.openstack.wsgi [req-6bfd9345-8d96-436d-9368-1378a08f900b req-3ba1bfee-9804-4a38-8cd7-1fdb342529b2 tempest-VolumesTestJSON-1283108813 tempest-VolumesTestJSON-1283108813-project] http://10.222.0.20/volume/v3/2cee65a188d444a5bfc1581ad0b080d3/volumes/detail returned with HTTP 200
Jun 10 04:06:42.245632 dv-cinder-741349-4-iscsi devstack@c-api.service[99112]: [pid: 99112|app: 0|req: 42/77] 10.222.0.20 () {60 vars in 1489 bytes} [Thu Jun 10 04:06:42 2021] GET /volume/v3/2cee65a188d444a5bfc1581ad0b080d3/volumes/detail => generated 2746 bytes in 141 msecs (HTTP/1.1 200) 7 headers in 286 bytes (1 switches on core 0)
Jun 10 04:06:42.259533 dv-cinder-741349-4-iscsi devstack@c-api.service[99109]: INFO cinder.api.openstack.wsgi [None req-3e4bebb5-8d12-45f8-b717-9bc8c3ac3c9c tempest-VolumesTestJSON-1283108813 tempest-VolumesTestJSON-1283108813-project] DELETE http://10.222.0.20/volume/v3/2cee65a188d444a5bfc1581ad0b080d3/volumes/7f031793-7a09-4e91-a7c9-3ce93b6d5c9c
Jun 10 04:06:42.260268 dv-cinder-741349-4-iscsi devstack@c-api.service[99109]: DEBUG cinder.api.openstack.wsgi [None req-3e4bebb5-8d12-45f8-b717-9bc8c3ac3c9c tempest-VolumesTestJSON-1283108813 tempest-VolumesTestJSON-1283108813-project] Empty body provided in request {{(pid=99109) get_body /opt/stack/cinder/cinder/api/openstack/wsgi.py:713}}
Jun 10 04:06:42.260988 dv-cinder-741349-4-iscsi devstack@c-api.service[99109]: DEBUG cinder.api.openstack.wsgi [None req-3e4bebb5-8d12-45f8-b717-9bc8c3ac3c9c tempest-VolumesTestJSON-1283108813 tempest-VolumesTestJSON-1283108813-project] Calling method 'delete' {{(pid=99109) _process_stack /opt/stack/cinder/cinder/api/openstack/wsgi.py:866}}
Jun 10 04:06:42.261565 dv-cinder-741349-4-iscsi devstack@c-api.service[99109]: INFO cinder.api.v3.volumes [None req-3e4bebb5-8d12-45f8-b717-9bc8c3ac3c9c tempest-VolumesTestJSON-1283108813 tempest-VolumesTestJSON-1283108813-project] Delete volume with id: 7f031793-7a09-4e91-a7c9-3ce93b6d5c9c
Jun 10 04:06:42.298657 dv-cinder-741349-4-iscsi devstack@c-api.service[99109]: /usr/local/lib/python3.8/dist-packages/oslo_context/context.py:105: DeprecationWarning: Policy enforcement is depending on the value of is_admin. This key is deprecated. Please update your policy file to use the standard policy values.
Jun 10 04:06:42.298657 dv-cinder-741349-4-iscsi devstack@c-api.service[99109]: warnings.warn('Policy enforcement is depending on the value of '
Jun 10 04:06:42.311105 dv-cinder-741349-4-iscsi devstack@c-api.service[99109]: INFO cinder.volume.api [None req-3e4bebb5-8d12-45f8-b717-9bc8c3ac3c9c tempest-VolumesTestJSON-1283108813 tempest-VolumesTestJSON-1283108813-project] Volume info retrieved successfully.
Jun 10 04:06:42.590555 dv-cinder-741349-4-iscsi devstack@c-api.service[99109]: INFO cinder.volume.api [None req-3e4bebb5-8d12-45f8-b717-9bc8c3ac3c9c tempest-VolumesTestJSON-1283108813 tempest-VolumesTestJSON-1283108813-project] Delete volume request issued successfully.
Jun 10 04:06:42.591095 dv-cinder-741349-4-iscsi devstack@c-api.service[99109]: INFO cinder.api.openstack.wsgi [None req-3e4bebb5-8d12-45f8-b717-9bc8c3ac3c9c tempest-VolumesTestJSON-1283108813 tempest-VolumesTestJSON-1283108813-project] http://10.222.0.20/volume/v3/2cee65a188d444a5bfc1581ad0b080d3/volumes/7f031793-7a09-4e91-a7c9-3ce93b6d5c9c returned with HTTP 202
Jun 10 04:06:42.592189 dv-cinder-741349-4-iscsi devstack@c-api.service[99109]: [pid: 99109|app: 0|req: 36/78] 10.222.0.20 () {58 vars in 1328 bytes} [Thu Jun 10 04:06:42 2021] DELETE /volume/v3/2cee65a188d444a5bfc1581ad0b080d3/volumes/7f031793-7a09-4e91-a7c9-3ce93b6d5c9c => generated 0 bytes in 338 msecs (HTTP/1.1 202) 6 headers in 233 bytes (1 switches on core 0)
Jun 10 04:06:42.600921 dv-cinder-741349-4-iscsi devstack@c-api.service[99112]: INFO cinder.api.openstack.wsgi [None req-2e9cf201-e72b-4e8a-9ea6-adee3d65c32e tempest-VolumesTestJSON-1283108813 tempest-VolumesTestJSON-1283108813-project] GET http://10.222.0.20/volume/v3/2cee65a188d444a5bfc1581ad0b080d3/volumes/7f031793-7a09-4e91-a7c9-3ce93b6d5c9c
Jun 10 04:06:42.601863 dv-cinder-741349-4-iscsi devstack@c-api.service[99112]: DEBUG cinder.api.openstack.wsgi [None req-2e9cf201-e72b-4e8a-9ea6-adee3d65c32e tempest-VolumesTestJSON-1283108813 tempest-VolumesTestJSON-1283108813-project] Empty body provided in request {{(pid=99112) get_body /opt/stack/cinder/cinder/api/openstack/wsgi.py:713}}
Jun 10 04:06:42.602221 dv-cinder-741349-4-iscsi devstack@c-api.service[99112]: /usr/local/lib/python3.8/dist-packages/webob/acceptparse.py:1047: DeprecationWarning: The behavior of AcceptValidHeader.best_match is currently being maintained for backward compatibility, but it will be deprecated in the future, as it does not conform to the RFC.
Jun 10 04:06:42.602221 dv-cinder-741349-4-iscsi devstack@c-api.service[99112]: warnings.warn(
Jun 10 04:06:42.602768 dv-cinder-741349-4-iscsi devstack@c-api.service[99112]: DEBUG cinder.api.openstack.wsgi [None req-2e9cf201-e72b-4e8a-9ea6-adee3d65c32e tempest-VolumesTestJSON-1283108813 tempest-VolumesTestJSON-1283108813-project] Calling method 'show' {{(pid=99112) _process_stack /opt/stack/cinder/cinder/api/openstack/wsgi.py:866}}
Jun 10 04:06:42.643240 dv-cinder-741349-4-iscsi devstack@c-api.service[99112]: /usr/local/lib/python3.8/dist-packages/oslo_context/context.py:105: DeprecationWarning: Policy enforcement is depending on the value of is_admin. This key is deprecated. Please update your policy file to use the standard policy values.
Jun 10 04:06:42.643240 dv-cinder-741349-4-iscsi devstack@c-api.service[99112]: warnings.warn('Policy enforcement is depending on the value of '
Jun 10 04:06:42.659106 dv-cinder-741349-4-iscsi devstack@c-api.service[99112]: INFO cinder.volume.api [None req-2e9cf201-e72b-4e8a-9ea6-adee3d65c32e tempest-VolumesTestJSON-1283108813 tempest-VolumesTestJSON-1283108813-project] Volume info retrieved successfully.
Jun 10 04:06:42.701919 dv-cinder-741349-4-iscsi devstack@c-api.service[99112]: INFO cinder.api.openstack.wsgi [None req-2e9cf201-e72b-4e8a-9ea6-adee3d65c32e tempest-VolumesTestJSON-1283108813 tempest-VolumesTestJSON-1283108813-project] http://10.222.0.20/volume/v3/2cee65a188d444a5bfc1581ad0b080d3/volumes/7f031793-7a09-4e91-a7c9-3ce93b6d5c9c returned with HTTP 200
Jun 10 04:06:42.712180 dv-cinder-741349-4-iscsi devstack@c-api.service[99112]: [pid: 99112|app: 0|req: 43/79] 10.222.0.20 () {58 vars in 1325 bytes} [Thu Jun 10 04:06:42 2021] GET /volume/v3/2cee65a188d444a5bfc1581ad0b080d3/volumes/7f031793-7a09-4e91-a7c9-3ce93b6d5c9c => generated 920 bytes in 108 msecs (HTTP/1.1 200) 7 headers in 285 bytes (1 switches on core 0)
Jun 10 04:06:43.720146 dv-cinder-741349-4-iscsi devstack@c-api.service[99109]: INFO cinder.api.openstack.wsgi [None req-52cf0c10-8151-4f2c-a809-14b032ce538d tempest-VolumesTestJSON-1283108813 tempest-VolumesTestJSON-1283108813-project] GET http://10.222.0.20/volume/v3/2cee65a188d444a5bfc1581ad0b080d3/volumes/7f031793-7a09-4e91-a7c9-3ce93b6d5c9c
