Sep 29 02:11:41.574489 dv-cinder-740146-21-smb neutron-server[106441]: DEBUG neutron.scheduler.dhcp_agent_scheduler [None req-eb5802e6-c751-4ac6-a00f-6f5caab7334c None None] Network 2832dbce-d54e-4ca2-a8f7-1f3eca78c7b2 is already hosted by enough agents. {{(pid=106441) _get_dhcp_agents_hosting_network /opt/stack/neutron/neutron/scheduler/dhcp_agent_scheduler.py:275}}
Sep 29 02:11:41.641359 dv-cinder-740146-21-smb neutron-server[106440]: DEBUG neutron.api.rpc.handlers.resources_rpc [None req-06e51c01-5e79-42c5-9184-5cda12b87843 admin admin] Pushing event updated for resources: {'Port': ['ID=b68d155e-ceab-48f9-b772-928525dda4ba,revision_number=1']} {{(pid=106440) push /opt/stack/neutron/neutron/api/rpc/handlers/resources_rpc.py:237}}
Sep 29 02:11:41.672311 dv-cinder-740146-21-smb neutron-server[106441]: DEBUG neutron.scheduler.base_scheduler [None req-eb5802e6-c751-4ac6-a00f-6f5caab7334c None None] Resources bound (agent type, host, resource id): {{(pid=106441) schedule /opt/stack/neutron/neutron/scheduler/base_scheduler.py:57}}
Sep 29 02:11:41.683388 dv-cinder-740146-21-smb neutron-server[106441]: DEBUG neutron.db.l3_dvrscheduler_db [None req-eb5802e6-c751-4ac6-a00f-6f5caab7334c None None] Received port after_create {{(pid=106441) _notify_l3_agent_new_port /opt/stack/neutron/neutron/db/l3_dvrscheduler_db.py:538}}
Sep 29 02:11:41.705263 dv-cinder-740146-21-smb neutron-server[106441]: DEBUG neutron.api.rpc.handlers.resources_rpc [None req-eb5802e6-c751-4ac6-a00f-6f5caab7334c None None] Pushing event updated for resources: {'Port': ['ID=3fe4f5b6-4e65-45cd-8c73-b3d4625b9de1,revision_number=1']} {{(pid=106441) push /opt/stack/neutron/neutron/api/rpc/handlers/resources_rpc.py:237}}
Sep 29 02:11:41.705876 dv-cinder-740146-21-smb neutron-server[106440]: DEBUG neutron.scheduler.dhcp_agent_scheduler [None req-06e51c01-5e79-42c5-9184-5cda12b87843 admin admin] Network b2b1ba0e-5ee1-4bd7-9d03-2bb9a1b01bbd is already hosted by enough agents. {{(pid=106440) _get_dhcp_agents_hosting_network /opt/stack/neutron/neutron/scheduler/dhcp_agent_scheduler.py:275}}
Sep 29 02:11:41.709351 dv-cinder-740146-21-smb neutron-server[106440]: DEBUG neutron.scheduler.base_scheduler [None req-06e51c01-5e79-42c5-9184-5cda12b87843 admin admin] Resources bound (agent type, host, resource id): {{(pid=106440) schedule /opt/stack/neutron/neutron/scheduler/base_scheduler.py:57}}
Sep 29 02:11:41.738084 dv-cinder-740146-21-smb neutron-server[106440]: DEBUG neutron.db.l3_dvrscheduler_db [None req-06e51c01-5e79-42c5-9184-5cda12b87843 admin admin] Received port after_create {{(pid=106440) _notify_l3_agent_new_port /opt/stack/neutron/neutron/db/l3_dvrscheduler_db.py:538}}
Sep 29 02:11:41.744689 dv-cinder-740146-21-smb neutron-server[106439]: DEBUG neutron_lib.callbacks.manager [None req-919497a0-0474-44c2-acc5-6a928fc00a8a admin admin] Publish callbacks [] for router_gateway (68bac2b9-f319-44c9-b5bb-e2c32a63b70b), precommit_update {{(pid=106439) _notify_loop /usr/local/lib/python3.8/dist-packages/neutron_lib/callbacks/manager.py:176}}
Sep 29 02:11:41.757342 dv-cinder-740146-21-smb neutron-server[106439]: DEBUG neutron.db.db_base_plugin_common [None req-ff622102-6d91-4e17-9196-82a0adfa4e02 admin admin] Allocated IP 172.28.2.38 (b2b1ba0e-5ee1-4bd7-9d03-2bb9a1b01bbd/e0ffa218-6ca5-4006-b711-a782d769deaf/0e7718df-f561-4c28-a836-705e31095b5a) {{(pid=106439) _store_ip_allocation /opt/stack/neutron/neutron/db/db_base_plugin_common.py:131}}
Sep 29 02:11:41.861379 dv-cinder-740146-21-smb neutron-server[106441]: DEBUG neutron.api.rpc.callbacks.version_manager [None req-eb5802e6-c751-4ac6-a00f-6f5caab7334c None None] Version for resource type AddressGroup changed None to 1.2 on consumer Open vSwitch agent@dv-cinder-740146-21-smb {{(pid=106441) _set_version /opt/stack/neutron/neutron/api/rpc/callbacks/version_manager.py:113}}
Sep 29 02:11:41.861735 dv-cinder-740146-21-smb neutron-server[106441]: DEBUG neutron.api.rpc.callbacks.version_manager [None req-eb5802e6-c751-4ac6-a00f-6f5caab7334c None None] Version for resource type Agent changed None to 1.1 on consumer Open vSwitch agent@dv-cinder-740146-21-smb {{(pid=106441) _set_version /opt/stack/neutron/neutron/api/rpc/callbacks/version_manager.py:113}}
Sep 29 02:11:41.862142 dv-cinder-740146-21-smb neutron-server[106441]: DEBUG neutron.api.rpc.callbacks.version_manager [None req-eb5802e6-c751-4ac6-a00f-6f5caab7334c None None] Version for resource type ConntrackHelper changed None to 1.0 on consumer Open vSwitch agent@dv-cinder-740146-21-smb {{(pid=106441) _set_version /opt/stack/neutron/neutron/api/rpc/callbacks/version_manager.py:113}}
Sep 29 02:11:41.862641 dv-cinder-740146-21-smb neutron-server[106441]: DEBUG neutron.api.rpc.callbacks.version_manager [None req-eb5802e6-c751-4ac6-a00f-6f5caab7334c None None] Version for resource type LocalIPAssociation changed None to 1.0 on consumer Open vSwitch agent@dv-cinder-740146-21-smb {{(pid=106441) _set_version /opt/stack/neutron/neutron/api/rpc/callbacks/version_manager.py:113}}
Sep 29 02:11:41.863368 dv-cinder-740146-21-smb neutron-server[106441]: DEBUG neutron.api.rpc.callbacks.version_manager [None req-eb5802e6-c751-4ac6-a00f-6f5caab7334c None None] Version for resource type Log changed None to 1.0 on consumer Open vSwitch agent@dv-cinder-740146-21-smb {{(pid=106441) _set_version /opt/stack/neutron/neutron/api/rpc/callbacks/version_manager.py:113}}
Sep 29 02:11:41.863763 dv-cinder-740146-21-smb neutron-server[106441]: DEBUG neutron.api.rpc.callbacks.version_manager [None req-eb5802e6-c751-4ac6-a00f-6f5caab7334c None None] Version for resource type NDPProxy changed None to 1.0 on consumer Open vSwitch agent@dv-cinder-740146-21-smb {{(pid=106441) _set_version /opt/stack/neutron/neutron/api/rpc/callbacks/version_manager.py:113}}
Sep 29 02:11:41.864092 dv-cinder-740146-21-smb neutron-server[106441]: DEBUG neutron.api.rpc.callbacks.version_manager [None req-eb5802e6-c751-4ac6-a00f-6f5caab7334c None None] Version for resource type Network changed None to 1.1 on consumer Open vSwitch agent@dv-cinder-740146-21-smb {{(pid=106441) _set_version /opt/stack/neutron/neutron/api/rpc/callbacks/version_manager.py:113}}
Sep 29 02:11:41.864417 dv-cinder-740146-21-smb neutron-server[106441]: DEBUG neutron.api.rpc.callbacks.version_manager [None req-eb5802e6-c751-4ac6-a00f-6f5caab7334c None None] Version for resource type Port changed None to 1.7 on consumer Open vSwitch agent@dv-cinder-740146-21-smb {{(pid=106441) _set_version /opt/stack/neutron/neutron/api/rpc/callbacks/version_manager.py:113}}
Sep 29 02:11:41.864791 dv-cinder-740146-21-smb neutron-server[106441]: DEBUG neutron.api.rpc.callbacks.version_manager [None req-eb5802e6-c751-4ac6-a00f-6f5caab7334c None None] Version for resource type PortForwarding changed None to 1.3 on consumer Open vSwitch agent@dv-cinder-740146-21-smb {{(pid=106441) _set_version /opt/stack/neutron/neutron/api/rpc/callbacks/version_manager.py:113}}
Sep 29 02:11:41.865922 dv-cinder-740146-21-smb neutron-server[106441]: DEBUG neutron.api.rpc.callbacks.version_manager [None req-eb5802e6-c751-4ac6-a00f-6f5caab7334c None None] Version for resource type QosPolicy changed None to 1.10 on consumer Open vSwitch agent@dv-cinder-740146-21-smb {{(pid=106441) _set_version /opt/stack/neutron/neutron/api/rpc/callbacks/version_manager.py:113}}
Sep 29 02:11:41.866266 dv-cinder-740146-21-smb neutron-server[106441]: DEBUG neutron.api.rpc.callbacks.version_manager [None req-eb5802e6-c751-4ac6-a00f-6f5caab7334c None None] Version for resource type SecurityGroup changed None to 1.5 on consumer Open vSwitch agent@dv-cinder-740146-21-smb {{(pid=106441) _set_version /opt/stack/neutron/neutron/api/rpc/callbacks/version_manager.py:113}}
Sep 29 02:11:41.866614 dv-cinder-740146-21-smb neutron-server[106441]: DEBUG neutron.api.rpc.callbacks.version_manager [None req-eb5802e6-c751-4ac6-a00f-6f5caab7334c None None] Version for resource type SecurityGroupRule changed None to 1.2 on consumer Open vSwitch agent@dv-cinder-740146-21-smb {{(pid=106441) _set_version /opt/stack/neutron/neutron/api/rpc/callbacks/version_manager.py:113}}
Sep 29 02:11:41.867126 dv-cinder-740146-21-smb neutron-server[106441]: DEBUG neutron.api.rpc.callbacks.version_manager [None req-eb5802e6-c751-4ac6-a00f-6f5caab7334c None None] Version for resource type SubPort changed None to 1.0 on consumer Open vSwitch agent@dv-cinder-740146-21-smb {{(pid=106441) _set_version /opt/stack/neutron/neutron/api/rpc/callbacks/version_manager.py:113}}
Sep 29 02:11:41.867457 dv-cinder-740146-21-smb neutron-server[106441]: DEBUG neutron.api.rpc.callbacks.version_manager [None req-eb5802e6-c751-4ac6-a00f-6f5caab7334c None None] Version for resource type Subnet changed None to 1.1 on consumer Open vSwitch agent@dv-cinder-740146-21-smb {{(pid=106441) _set_version /opt/stack/neutron/neutron/api/rpc/callbacks/version_manager.py:113}}
Sep 29 02:11:41.867782 dv-cinder-740146-21-smb neutron-server[106441]: DEBUG neutron.api.rpc.callbacks.version_manager [None req-eb5802e6-c751-4ac6-a00f-6f5caab7334c None None] Version for resource type Trunk changed None to 1.1 on consumer Open vSwitch agent@dv-cinder-740146-21-smb {{(pid=106441) _set_version /opt/stack/neutron/neutron/api/rpc/callbacks/version_manager.py:113}}
Sep 29 02:11:41.869145 dv-cinder-740146-21-smb neutron-server[106441]: DEBUG neutron.api.rpc.callbacks.version_manager [None req-eb5802e6-c751-4ac6-a00f-6f5caab7334c None None] Tracked resource versions report:
Sep 29 02:11:41.869145 dv-cinder-740146-21-smb neutron-server[106441]: pushed versions:
Sep 29 02:11:41.869145 dv-cinder-740146-21-smb neutron-server[106441]: { 'AddressGroup': {'1.2'},
Sep 29 02:11:41.869145 dv-cinder-740146-21-smb neutron-server[106441]: 'Agent': {'1.1'},
Sep 29 02:11:41.869145 dv-cinder-740146-21-smb neutron-server[106441]: 'ConntrackHelper': {'1.0'},
Sep 29 02:11:41.869145 dv-cinder-740146-21-smb neutron-server[106441]: 'LocalIPAssociation': {'1.0'},
Sep 29 02:11:41.869145 dv-cinder-740146-21-smb neutron-server[106441]: 'Log': {'1.0'},
Sep 29 02:11:41.869145 dv-cinder-740146-21-smb neutron-server[106441]: 'NDPProxy': {'1.0'},
Sep 29 02:11:41.869145 dv-cinder-740146-21-smb neutron-server[106441]: 'Network': {'1.1'},
Sep 29 02:11:41.869145 dv-cinder-740146-21-smb neutron-server[106441]: 'Port': {'1.7'},
Sep 29 02:11:41.869145 dv-cinder-740146-21-smb neutron-server[106441]: 'PortForwarding': {'1.3'},
Sep 29 02:11:41.869145 dv-cinder-740146-21-smb neutron-server[106441]: 'QosPolicy': {'1.10'},
Sep 29 02:11:41.869145 dv-cinder-740146-21-smb neutron-server[106441]: 'SecurityGroup': {'1.5'},
Sep 29 02:11:41.869145 dv-cinder-740146-21-smb neutron-server[106441]: 'SecurityGroupRule': {'1.2'},
Sep 29 02:11:41.869145 dv-cinder-740146-21-smb neutron-server[106441]: 'SubPort': {'1.0'},
Sep 29 02:11:41.869145 dv-cinder-740146-21-smb neutron-server[106441]: 'Subnet': {'1.1'},
Sep 29 02:11:41.869145 dv-cinder-740146-21-smb neutron-server[106441]: 'Trunk': {'1.1'}}
Sep 29 02:11:41.869145 dv-cinder-740146-21-smb neutron-server[106441]: consumer versions:
Sep 29 02:11:41.869145 dv-cinder-740146-21-smb neutron-server[106441]: { DHCP agent@dv-cinder-740146-21-smb: {},
Sep 29 02:11:41.869145 dv-cinder-740146-21-smb neutron-server[106441]: HyperV agent@hv-cinder-74014: {},
Sep 29 02:11:41.869145 dv-cinder-740146-21-smb neutron-server[106441]: L3 agent@dv-cinder-740146-21-smb: {},
Sep 29 02:11:41.869145 dv-cinder-740146-21-smb neutron-server[106441]: Metadata agent@dv-cinder-740146-21-smb: {},
Sep 29 02:11:41.869145 dv-cinder-740146-21-smb neutron-server[106441]: Metering agent@dv-cinder-740146-21-smb: {},
Sep 29 02:11:41.869145 dv-cinder-740146-21-smb neutron-server[106441]: Open vSwitch agent@dv-cinder-740146-21-smb: { 'AddressGroup': '1.2',
Sep 29 02:11:41.869145 dv-cinder-740146-21-smb neutron-server[106441]: 'Agent': '1.1',
Sep 29 02:11:41.869145 dv-cinder-740146-21-smb neutron-server[106441]: 'ConntrackHelper': '1.0',
Sep 29 02:11:41.869145 dv-cinder-740146-21-smb neutron-server[106441]: 'LocalIPAssociation': '1.0',
Sep 29 02:11:41.869145 dv-cinder-740146-21-smb neutron-server[106441]: 'Log': '1.0',
Sep 29 02:11:41.869145 dv-cinder-740146-21-smb neutron-server[106441]: 'NDPProxy': '1.0',
Sep 29 02:11:41.869145 dv-cinder-740146-21-smb neutron-server[106441]: 'Network': '1.1',
Sep 29 02:11:41.869145 dv-cinder-740146-21-smb neutron-server[106441]: 'Port': '1.7',
Sep 29 02:11:41.869145 dv-cinder-740146-21-smb neutron-server[106441]: 'PortForwarding': '1.3',
Sep 29 02:11:41.869145 dv-cinder-740146-21-smb neutron-server[106441]: 'QosPolicy': '1.10',
Sep 29 02:11:41.869145 dv-cinder-740146-21-smb neutron-server[106441]: 'SecurityGroup': '1.5',
Sep 29 02:11:41.869145 dv-cinder-740146-21-smb neutron-server[106441]: 'SecurityGroupRule': '1.2',
Sep 29 02:11:41.869145 dv-cinder-740146-21-smb neutron-server[106441]: 'SubPort': '1.0',
Sep 29 02:11:41.869145 dv-cinder-740146-21-smb neutron-server[106441]: 'Subnet': '1.1',
Sep 29 02:11:41.869145 dv-cinder-740146-21-smb neutron-server[106441]: 'Trunk': '1.1'}}
Sep 29 02:11:41.869145 dv-cinder-740146-21-smb neutron-server[106441]: {{(pid=106441) report /opt/stack/neutron/neutron/api/rpc/callbacks/version_manager.py:175}}
Sep 29 02:11:42.112571 dv-cinder-740146-21-smb neutron-server[106441]: DEBUG neutron_lib.callbacks.manager [None req-51a7a533-ac1d-43a3-8283-22d193cb33c6 None None] Publish callbacks [] for port (fe5baa51-91f2-4736-8ca1-1c9d39302b29), precommit_create {{(pid=106441) _notify_loop /usr/local/lib/python3.8/dist-packages/neutron_lib/callbacks/manager.py:176}}
Sep 29 02:11:42.129600 dv-cinder-740146-21-smb neutron-server[106439]: DEBUG neutron_lib.callbacks.manager [None req-ff622102-6d91-4e17-9196-82a0adfa4e02 admin admin] Publish callbacks [] for port (0e7718df-f561-4c28-a836-705e31095b5a), precommit_create {{(pid=106439) _notify_loop /usr/local/lib/python3.8/dist-packages/neutron_lib/callbacks/manager.py:176}}
Sep 29 02:11:42.204850 dv-cinder-740146-21-smb neutron-server[106441]: DEBUG neutron.db.db_base_plugin_common [None req-6274be35-ad69-4363-a1d3-472825301aa2 None None] Allocated IP 172.20.0.2 (4627e623-304a-4643-bc74-20612e0c7f0a/5f87fc17-fad1-4de6-b084-5ceaf24b28d8/94a8a667-79b2-41b6-9a78-010cdb2a6889) {{(pid=106441) _store_ip_allocation /opt/stack/neutron/neutron/db/db_base_plugin_common.py:131}}
Sep 29 02:11:42.213804 dv-cinder-740146-21-smb neutron-server[106439]: DEBUG dbcounter [-] [106439] Writing DB stats neutron:SELECT=87,neutron:UPDATE=5,neutron:INSERT=6,neutron:DELETE=2 {{(pid=106439) stat_writer /usr/local/lib/python3.8/dist-packages/dbcounter.py:114}}
Sep 29 02:11:42.224022 dv-cinder-740146-21-smb neutron-server[106441]: DEBUG neutron_lib.callbacks.manager [None req-51a7a533-ac1d-43a3-8283-22d193cb33c6 None None] Publish callbacks ['neutron.plugins.ml2.plugin.SecurityGroupServerNotifierRpcMixin._notify_sg_on_port_change-691471', 'neutron.plugins.ml2.ovo_rpc._ObjectChangeHandler.handle_event-365779', 'neutron.api.rpc.agentnotifiers.dhcp_rpc_agent_api.DhcpAgentNotifyAPI._native_event_send_dhcp_notification-1703168', 'neutron.db.l3_dvrscheduler_db._notify_l3_agent_new_port-8769072051420'] for port (fe5baa51-91f2-4736-8ca1-1c9d39302b29), after_create {{(pid=106441) _notify_loop /usr/local/lib/python3.8/dist-packages/neutron_lib/callbacks/manager.py:176}}
Sep 29 02:11:42.271517 dv-cinder-740146-21-smb neutron-server[106439]: DEBUG neutron_lib.callbacks.manager [None req-919497a0-0474-44c2-acc5-6a928fc00a8a admin admin] Publish callbacks [] for router_gateway (68bac2b9-f319-44c9-b5bb-e2c32a63b70b), before_create {{(pid=106439) _notify_loop /usr/local/lib/python3.8/dist-packages/neutron_lib/callbacks/manager.py:176}}
Sep 29 02:11:42.333618 dv-cinder-740146-21-smb neutron-server[106439]: DEBUG neutron_lib.callbacks.manager [None req-919497a0-0474-44c2-acc5-6a928fc00a8a admin admin] Publish callbacks ['neutron.plugins.ml2.plugin.SecurityGroupDbMixin._ensure_default_security_group_handler-691404'] for port (None), before_create {{(pid=106439) _notify_loop /usr/local/lib/python3.8/dist-packages/neutron_lib/callbacks/manager.py:176}}
Sep 29 02:11:42.352497 dv-cinder-740146-21-smb neutron-server[106439]: DEBUG neutron_lib.callbacks.manager [None req-ff622102-6d91-4e17-9196-82a0adfa4e02 admin admin] Publish callbacks ['neutron.plugins.ml2.plugin.SecurityGroupServerNotifierRpcMixin._notify_sg_on_port_change-691471', 'neutron.plugins.ml2.ovo_rpc._ObjectChangeHandler.handle_event-365779', 'neutron.api.rpc.agentnotifiers.dhcp_rpc_agent_api.DhcpAgentNotifyAPI._native_event_send_dhcp_notification-1703168', 'neutron.db.l3_dvrscheduler_db._notify_l3_agent_new_port-8769072051420'] for port (0e7718df-f561-4c28-a836-705e31095b5a), after_create {{(pid=106439) _notify_loop /usr/local/lib/python3.8/dist-packages/neutron_lib/callbacks/manager.py:176}}
Sep 29 02:11:42.384530 dv-cinder-740146-21-smb neutron-server[106440]: DEBUG neutron_lib.callbacks.manager [None req-0753f369-6728-4493-b0bb-c07a84ebc50d admin admin] Publish callbacks [] for router_gateway (3d8c07bd-2d40-40ea-88e6-17840f10c14f), before_create {{(pid=106440) _notify_loop /usr/local/lib/python3.8/dist-packages/neutron_lib/callbacks/manager.py:176}}
Sep 29 02:11:42.431525 dv-cinder-740146-21-smb neutron-server[106441]: DEBUG neutron.scheduler.dhcp_agent_scheduler [None req-51a7a533-ac1d-43a3-8283-22d193cb33c6 None None] Network ef6cd1ac-8124-4d0e-8dac-c8a55f6fcff3 is already hosted by enough agents. {{(pid=106441) _get_dhcp_agents_hosting_network /opt/stack/neutron/neutron/scheduler/dhcp_agent_scheduler.py:275}}
Sep 29 02:11:42.432013 dv-cinder-740146-21-smb neutron-server[106439]: DEBUG dbcounter [-] [106439] Writing DB stats neutron:SELECT=90,neutron:INSERT=8,neutron:UPDATE=2 {{(pid=106439) stat_writer /usr/local/lib/python3.8/dist-packages/dbcounter.py:114}}
Sep 29 02:11:42.500246 dv-cinder-740146-21-smb neutron-server[106440]: DEBUG neutron_lib.callbacks.manager [None req-0753f369-6728-4493-b0bb-c07a84ebc50d admin admin] Publish callbacks ['neutron.plugins.ml2.plugin.SecurityGroupDbMixin._ensure_default_security_group_handler-691404'] for port (None), before_create {{(pid=106440) _notify_loop /usr/local/lib/python3.8/dist-packages/neutron_lib/callbacks/manager.py:176}}
Sep 29 02:11:42.503542 dv-cinder-740146-21-smb neutron-server[106439]: DEBUG neutron.scheduler.dhcp_agent_scheduler [None req-ff622102-6d91-4e17-9196-82a0adfa4e02 admin admin] Network b2b1ba0e-5ee1-4bd7-9d03-2bb9a1b01bbd is already hosted by enough agents. {{(pid=106439) _get_dhcp_agents_hosting_network /opt/stack/neutron/neutron/scheduler/dhcp_agent_scheduler.py:275}}
Sep 29 02:11:42.523232 dv-cinder-740146-21-smb neutron-server[106439]: DEBUG neutron.scheduler.base_scheduler [None req-ff622102-6d91-4e17-9196-82a0adfa4e02 admin admin] Resources bound (agent type, host, resource id): {{(pid=106439) schedule /opt/stack/neutron/neutron/scheduler/base_scheduler.py:57}}
Sep 29 02:11:42.533337 dv-cinder-740146-21-smb neutron-server[106439]: DEBUG neutron.db.l3_dvrscheduler_db [None req-ff622102-6d91-4e17-9196-82a0adfa4e02 admin admin] Received port after_create {{(pid=106439) _notify_l3_agent_new_port /opt/stack/neutron/neutron/db/l3_dvrscheduler_db.py:538}}
Sep 29 02:11:42.572678 dv-cinder-740146-21-smb neutron-server[106441]: DEBUG neutron.api.rpc.handlers.resources_rpc [None req-51a7a533-ac1d-43a3-8283-22d193cb33c6 None None] Pushing event updated for resources: {'Port': ['ID=fe5baa51-91f2-4736-8ca1-1c9d39302b29,revision_number=1']} {{(pid=106441) push /opt/stack/neutron/neutron/api/rpc/handlers/resources_rpc.py:237}}
Sep 29 02:11:42.581744 dv-cinder-740146-21-smb neutron-server[106441]: DEBUG neutron.plugins.ml2.managers [None req-eb5802e6-c751-4ac6-a00f-6f5caab7334c None None] Attempting to bind port 3fe4f5b6-4e65-45cd-8c73-b3d4625b9de1 on host dv-cinder-740146-21-smb for vnic_type normal with profile {{(pid=106441) bind_port /opt/stack/neutron/neutron/plugins/ml2/managers.py:810}}
Sep 29 02:11:42.582644 dv-cinder-740146-21-smb neutron-server[106441]: DEBUG neutron.plugins.ml2.managers [None req-eb5802e6-c751-4ac6-a00f-6f5caab7334c None None] Attempting to bind port 3fe4f5b6-4e65-45cd-8c73-b3d4625b9de1 by drivers openvswitch,hyperv on host dv-cinder-740146-21-smb at level 0 using segments [{'id': '1941badf-aa62-4a91-ac01-3d965bf2bf64', 'network_type': 'vlan', 'physical_network': 'physnet1', 'segmentation_id': 127, 'network_id': '2832dbce-d54e-4ca2-a8f7-1f3eca78c7b2'}] {{(pid=106441) _bind_port_level /opt/stack/neutron/neutron/plugins/ml2/managers.py:835}}
Sep 29 02:11:42.582644 dv-cinder-740146-21-smb neutron-server[106441]: DEBUG neutron.plugins.ml2.drivers.mech_agent [None req-eb5802e6-c751-4ac6-a00f-6f5caab7334c None None] Attempting to bind port 3fe4f5b6-4e65-45cd-8c73-b3d4625b9de1 on network 2832dbce-d54e-4ca2-a8f7-1f3eca78c7b2 {{(pid=106441) bind_port /opt/stack/neutron/neutron/plugins/ml2/drivers/mech_agent.py:91}}
Sep 29 02:11:42.603328 dv-cinder-740146-21-smb neutron-server[106441]: DEBUG neutron.db.db_base_plugin_common [None req-0b55e25c-a6ed-4f9f-b5d4-753ce75c9159 None None] Allocated IP 172.20.0.2 (3be65160-34ea-4bb6-abd7-0d461783c057/398c055b-a2b0-4881-821c-6995d7734c32/ffe417e2-ca49-4925-8c2d-1a12e2db76be) {{(pid=106441) _store_ip_allocation /opt/stack/neutron/neutron/db/db_base_plugin_common.py:131}}
Sep 29 02:11:42.607153 dv-cinder-740146-21-smb neutron-server[106440]: DEBUG neutron_lib.callbacks.manager [None req-06e51c01-5e79-42c5-9184-5cda12b87843 admin admin] Publish callbacks [] for router_gateway (17ccc970-db74-48fa-898c-ddc4443f89df), after_create {{(pid=106440) _notify_loop /usr/local/lib/python3.8/dist-packages/neutron_lib/callbacks/manager.py:176}}
Sep 29 02:11:42.612313 dv-cinder-740146-21-smb neutron-server[106440]: DEBUG dbcounter [-] [106440] Writing DB stats neutron:UPDATE=6,neutron:SELECT=88,neutron:INSERT=6 {{(pid=106440) stat_writer /usr/local/lib/python3.8/dist-packages/dbcounter.py:114}}
Sep 29 02:11:42.661703 dv-cinder-740146-21-smb neutron-server[106441]: DEBUG dbcounter [-] [106441] Writing DB stats neutron:SELECT=86,neutron:INSERT=8,neutron:UPDATE=6 {{(pid=106441) stat_writer /usr/local/lib/python3.8/dist-packages/dbcounter.py:114}}
Sep 29 02:11:42.662536 dv-cinder-740146-21-smb neutron-server[106441]: DEBUG dbcounter [-] [106441] Writing DB stats neutron:SELECT=86,neutron:INSERT=5,neutron:UPDATE=9 {{(pid=106441) stat_writer /usr/local/lib/python3.8/dist-packages/dbcounter.py:114}}
Sep 29 02:11:42.663570 dv-cinder-740146-21-smb neutron-server[106441]: DEBUG neutron.scheduler.base_scheduler [None req-51a7a533-ac1d-43a3-8283-22d193cb33c6 None None] Resources bound (agent type, host, resource id): {{(pid=106441) schedule /opt/stack/neutron/neutron/scheduler/base_scheduler.py:57}}
Sep 29 02:11:42.687994 dv-cinder-740146-21-smb neutron-server[106441]: DEBUG neutron.db.l3_dvrscheduler_db [None req-51a7a533-ac1d-43a3-8283-22d193cb33c6 None None] Received port after_create {{(pid=106441) _notify_l3_agent_new_port /opt/stack/neutron/neutron/db/l3_dvrscheduler_db.py:538}}
Sep 29 02:11:42.693582 dv-cinder-740146-21-smb neutron-server[106439]: DEBUG neutron.api.rpc.handlers.resources_rpc [None req-ff622102-6d91-4e17-9196-82a0adfa4e02 admin admin] Pushing event updated for resources: {'Port': ['ID=0e7718df-f561-4c28-a836-705e31095b5a,revision_number=1']} {{(pid=106439) push /opt/stack/neutron/neutron/api/rpc/handlers/resources_rpc.py:237}}
Sep 29 02:11:42.812146 dv-cinder-740146-21-smb neutron-server[106440]: DEBUG dbcounter [-] [106440] Writing DB stats neutron:SELECT=98,neutron:INSERT=2 {{(pid=106440) stat_writer /usr/local/lib/python3.8/dist-packages/dbcounter.py:114}}
Sep 29 02:11:42.830686 dv-cinder-740146-21-smb neutron-server[106441]: DEBUG neutron.plugins.ml2.drivers.mech_agent [None req-eb5802e6-c751-4ac6-a00f-6f5caab7334c None None] Checking agent: {'id': '732f1f10-53c2-4a73-b7b4-882674716f60', 'agent_type': 'Open vSwitch agent', 'binary': 'neutron-openvswitch-agent', 'topic': 'N/A', 'host': 'dv-cinder-740146-21-smb', 'admin_state_up': True, 'created_at': datetime.datetime(2022, 9, 29, 2, 3, 25), 'started_at': datetime.datetime(2022, 9, 29, 2, 3, 55), 'heartbeat_timestamp': datetime.datetime(2022, 9, 29, 2, 11, 25), 'description': None, 'resources_synced': None, 'availability_zone': None, 'alive': True, 'configurations': {'arp_responder_enabled': False, 'baremetal_smartnic': False, 'bridge_mappings': {'physnet1': 'br-data'}, 'datapath_type': 'system', 'devices': 0, 'enable_distributed_routing': False, 'extensions': [], 'in_distributed_mode': False, 'integration_bridge': 'br-int', 'l2_population': False, 'log_agent_heartbeats': False, 'ovs_capabilities': {'datapath_types': ['netdev', 'system'], 'iface_types': ['erspan', 'geneve', 'gre', 'internal', 'ip6erspan', 'ip6gre', 'lisp', 'patch', 'stt', 'system', 'tap', 'vxlan']}, 'ovs_hybrid_plug': False, 'resource_provider_bandwidths': {}, 'resource_provider_hypervisors': {'br-data': 'dv-cinder-740146-21-smb'}, 'resource_provider_inventory_defaults': {'allocation_ratio': 1.0, 'min_unit': 1, 'step_size': 1, 'reserved': 0}, 'resource_provider_packet_processing_inventory_defaults': {'allocation_ratio': 1.0, 'min_unit': 1, 'step_size': 1, 'reserved': 0}, 'resource_provider_packet_processing_with_direction': {}, 'resource_provider_packet_processing_without_direction': {}, 'tunnel_types': [], 'tunneling_ip': None, 'vhostuser_socket_dir': '/var/run/openvswitch'}, 'resource_versions': {'AddressGroup': '1.2', 'Agent': '1.1', 'ConntrackHelper': '1.0', 'LocalIPAssociation': '1.0', 'Log': '1.0', 'NDPProxy': '1.0', 'Network': '1.1', 'Port': '1.7', 'PortForwarding': '1.3', 'QosPolicy': '1.10', 'SecurityGroup': '1.5', 'SecurityGroupRule': '1.2', 'SubPort': '1.0', 'Subnet': '1.1', 'Trunk': '1.1'}} {{(pid=106441) bind_port /opt/stack/neutron/neutron/plugins/ml2/drivers/mech_agent.py:127}}
Sep 29 02:11:42.831061 dv-cinder-740146-21-smb neutron-server[106441]: DEBUG neutron.plugins.ml2.drivers.mech_agent [None req-eb5802e6-c751-4ac6-a00f-6f5caab7334c None None] Checking segment: {'id': '1941badf-aa62-4a91-ac01-3d965bf2bf64', 'network_type': 'vlan', 'physical_network': 'physnet1', 'segmentation_id': 127, 'network_id': '2832dbce-d54e-4ca2-a8f7-1f3eca78c7b2'} for mappings: {'physnet1': 'br-data'} with network types: ['local', 'flat', 'vlan'] {{(pid=106441) check_segment_for_agent /opt/stack/neutron/neutron/plugins/ml2/drivers/mech_agent.py:399}}
Sep 29 02:11:42.831664 dv-cinder-740146-21-smb neutron-server[106441]: DEBUG neutron_lib.callbacks.manager [None req-eb5802e6-c751-4ac6-a00f-6f5caab7334c None None] Publish callbacks [] for ovs_bridge_name (None), before_read {{(pid=106441) _notify_loop /usr/local/lib/python3.8/dist-packages/neutron_lib/callbacks/manager.py:176}}
Sep 29 02:11:42.832112 dv-cinder-740146-21-smb neutron-server[106441]: DEBUG neutron.plugins.ml2.drivers.mech_agent [None req-eb5802e6-c751-4ac6-a00f-6f5caab7334c None None] Bound using segment: {'id': '1941badf-aa62-4a91-ac01-3d965bf2bf64', 'network_type': 'vlan', 'physical_network': 'physnet1', 'segmentation_id': 127, 'network_id': '2832dbce-d54e-4ca2-a8f7-1f3eca78c7b2'} {{(pid=106441) bind_port /opt/stack/neutron/neutron/plugins/ml2/drivers/mech_agent.py:137}}
Sep 29 02:11:42.832649 dv-cinder-740146-21-smb neutron-server[106441]: DEBUG neutron.plugins.ml2.managers [None req-eb5802e6-c751-4ac6-a00f-6f5caab7334c None None] Bound port: 3fe4f5b6-4e65-45cd-8c73-b3d4625b9de1, host: dv-cinder-740146-21-smb, vif_type: ovs, vif_details: {"connectivity": "l2", "port_filter": true, "ovs_hybrid_plug": false, "datapath_type": "system", "bridge_name": "br-int"}, binding_levels: [{'bound_driver': 'openvswitch', 'bound_segment': {'id': '1941badf-aa62-4a91-ac01-3d965bf2bf64', 'network_type': 'vlan', 'physical_network': 'physnet1', 'segmentation_id': 127, 'network_id': '2832dbce-d54e-4ca2-a8f7-1f3eca78c7b2'}}] {{(pid=106441) _bind_port_level /opt/stack/neutron/neutron/plugins/ml2/managers.py:947}}
Sep 29 02:11:42.833032 dv-cinder-740146-21-smb neutron-server[106441]: DEBUG neutron_lib.callbacks.manager [None req-eb5802e6-c751-4ac6-a00f-6f5caab7334c None None] Publish callbacks ['neutron.plugins.ml2.plugin.SecurityGroupDbMixin._ensure_default_security_group_handler-691404'] for port (3fe4f5b6-4e65-45cd-8c73-b3d4625b9de1), before_update {{(pid=106441) _notify_loop /usr/local/lib/python3.8/dist-packages/neutron_lib/callbacks/manager.py:176}}
Sep 29 02:11:42.859477 dv-cinder-740146-21-smb neutron-server[106441]: DEBUG neutron.plugins.ml2.managers [None req-51a7a533-ac1d-43a3-8283-22d193cb33c6 None None] Attempting to bind port fe5baa51-91f2-4736-8ca1-1c9d39302b29 on host dv-cinder-740146-21-smb for vnic_type normal with profile {{(pid=106441) bind_port /opt/stack/neutron/neutron/plugins/ml2/managers.py:810}}
Sep 29 02:11:42.859853 dv-cinder-740146-21-smb neutron-server[106441]: DEBUG neutron.plugins.ml2.managers [None req-51a7a533-ac1d-43a3-8283-22d193cb33c6 None None] Attempting to bind port fe5baa51-91f2-4736-8ca1-1c9d39302b29 by drivers openvswitch,hyperv on host dv-cinder-740146-21-smb at level 0 using segments [{'id': 'a8a02d65-1024-4bc6-87a2-058a2a88454f', 'network_type': 'vlan', 'physical_network': 'physnet1', 'segmentation_id': 121, 'network_id': 'ef6cd1ac-8124-4d0e-8dac-c8a55f6fcff3'}] {{(pid=106441) _bind_port_level /opt/stack/neutron/neutron/plugins/ml2/managers.py:835}}
Sep 29 02:11:42.860219 dv-cinder-740146-21-smb neutron-server[106441]: DEBUG neutron.plugins.ml2.drivers.mech_agent [None req-51a7a533-ac1d-43a3-8283-22d193cb33c6 None None] Attempting to bind port fe5baa51-91f2-4736-8ca1-1c9d39302b29 on network ef6cd1ac-8124-4d0e-8dac-c8a55f6fcff3 {{(pid=106441) bind_port /opt/stack/neutron/neutron/plugins/ml2/drivers/mech_agent.py:91}}
Sep 29 02:11:42.872610 dv-cinder-740146-21-smb neutron-server[106439]: DEBUG neutron_lib.callbacks.manager [None req-ff622102-6d91-4e17-9196-82a0adfa4e02 admin admin] Publish callbacks [] for router_gateway (33b7755f-0ea9-4a24-a5cf-6db9c23f13ea), after_create {{(pid=106439) _notify_loop /usr/local/lib/python3.8/dist-packages/neutron_lib/callbacks/manager.py:176}}
Sep 29 02:11:42.910660 dv-cinder-740146-21-smb neutron-server[106440]: DEBUG neutron.db.db_base_plugin_common [None req-0753f369-6728-4493-b0bb-c07a84ebc50d admin admin] Allocated IP 172.28.2.147 (b2b1ba0e-5ee1-4bd7-9d03-2bb9a1b01bbd/e0ffa218-6ca5-4006-b711-a782d769deaf/9e177f17-7b4d-424b-b894-fb4b7d70baed) {{(pid=106440) _store_ip_allocation /opt/stack/neutron/neutron/db/db_base_plugin_common.py:131}}
Sep 29 02:11:42.937883 dv-cinder-740146-21-smb neutron-server[106440]: DEBUG neutron_lib.callbacks.manager [None req-06e51c01-5e79-42c5-9184-5cda12b87843 admin admin] Publish callbacks ['neutron.services.l3_router.l3_router_plugin.L3_HA_NAT_db_mixin._after_router_create-1581295', 'neutron.services.l3_router.l3_router_plugin.DVRResourceOperationHandler._create_snat_interfaces_after_change-1596208'] for router (17ccc970-db74-48fa-898c-ddc4443f89df), after_create {{(pid=106440) _notify_loop /usr/local/lib/python3.8/dist-packages/neutron_lib/callbacks/manager.py:176}}
Sep 29 02:11:43.003244 dv-cinder-740146-21-smb neutron-server[106441]: DEBUG neutron.plugins.ml2.db [None req-eb5802e6-c751-4ac6-a00f-6f5caab7334c None None] For port 3fe4f5b6-4e65-45cd-8c73-b3d4625b9de1, host dv-cinder-740146-21-smb, cleared binding levels {{(pid=106441) clear_binding_levels /opt/stack/neutron/neutron/plugins/ml2/db.py:87}}
Sep 29 02:11:43.006445 dv-cinder-740146-21-smb neutron-server[106441]: DEBUG neutron.plugins.ml2.db [None req-eb5802e6-c751-4ac6-a00f-6f5caab7334c None None] For port 3fe4f5b6-4e65-45cd-8c73-b3d4625b9de1, host dv-cinder-740146-21-smb, set binding levels [PortBindingLevel(driver='openvswitch',host='dv-cinder-740146-21-smb',level=0,port_id=3fe4f5b6-4e65-45cd-8c73-b3d4625b9de1,segment=NetworkSegment(1941badf-aa62-4a91-ac01-3d965bf2bf64),segment_id=1941badf-aa62-4a91-ac01-3d965bf2bf64)] {{(pid=106441) set_binding_levels /opt/stack/neutron/neutron/plugins/ml2/db.py:59}}
Sep 29 02:11:43.037024 dv-cinder-740146-21-smb neutron-server[106441]: DEBUG neutron_lib.callbacks.manager [None req-eb5802e6-c751-4ac6-a00f-6f5caab7334c None None] Publish callbacks ['neutron.plugins.ml2.plugin.SecurityGroupServerNotifierRpcMixin._notify_sg_on_port_change-691471', 'neutron.plugins.ml2.ovo_rpc._ObjectChangeHandler.handle_event-365779', 'neutron.api.rpc.agentnotifiers.dhcp_rpc_agent_api.DhcpAgentNotifyAPI._native_event_send_dhcp_notification-1703168', 'neutron.db.l3_db.L3RpcNotifierMixin._notify_gateway_port_ip_changed-8769072490927', 'neutron.db.l3_dvrscheduler_db._notify_l3_agent_port_update-8769072051438', 'neutron.db.l3_hascheduler_db._notify_l3_agent_ha_port_update-8769072053252'] for port (3fe4f5b6-4e65-45cd-8c73-b3d4625b9de1), after_update {{(pid=106441) _notify_loop /usr/local/lib/python3.8/dist-packages/neutron_lib/callbacks/manager.py:176}}
Sep 29 02:11:43.208011 dv-cinder-740146-21-smb neutron-server[106441]: DEBUG neutron_lib.callbacks.manager [None req-6274be35-ad69-4363-a1d3-472825301aa2 None None] Publish callbacks [] for port (94a8a667-79b2-41b6-9a78-010cdb2a6889), precommit_create {{(pid=106441) _notify_loop /usr/local/lib/python3.8/dist-packages/neutron_lib/callbacks/manager.py:176}}
Sep 29 02:11:43.244702 dv-cinder-740146-21-smb neutron-server[106441]: DEBUG neutron_lib.callbacks.manager [None req-6274be35-ad69-4363-a1d3-472825301aa2 None None] Publish callbacks ['neutron.plugins.ml2.plugin.SecurityGroupServerNotifierRpcMixin._notify_sg_on_port_change-691471', 'neutron.plugins.ml2.ovo_rpc._ObjectChangeHandler.handle_event-365779', 'neutron.api.rpc.agentnotifiers.dhcp_rpc_agent_api.DhcpAgentNotifyAPI._native_event_send_dhcp_notification-1703168', 'neutron.db.l3_dvrscheduler_db._notify_l3_agent_new_port-8769072051420'] for port (94a8a667-79b2-41b6-9a78-010cdb2a6889), after_create {{(pid=106441) _notify_loop /usr/local/lib/python3.8/dist-packages/neutron_lib/callbacks/manager.py:176}}
Sep 29 02:11:43.254727 dv-cinder-740146-21-smb neutron-server[106440]: DEBUG neutron.scheduler.l3_agent_scheduler [None req-06e51c01-5e79-42c5-9184-5cda12b87843 admin admin] Router 17ccc970-db74-48fa-898c-ddc4443f89df is scheduled to L3 agent 02537244-7aac-4e15-a9bc-7e3cb4bf32e7 with binding_index 1 {{(pid=106440) bind_router /opt/stack/neutron/neutron/scheduler/l3_agent_scheduler.py:209}}
Sep 29 02:11:43.273391 dv-cinder-740146-21-smb neutron-server[106440]: DEBUG neutron_lib.callbacks.manager [None req-0753f369-6728-4493-b0bb-c07a84ebc50d admin admin] Publish callbacks [] for port (9e177f17-7b4d-424b-b894-fb4b7d70baed), precommit_create {{(pid=106440) _notify_loop /usr/local/lib/python3.8/dist-packages/neutron_lib/callbacks/manager.py:176}}
Sep 29 02:11:43.273698 dv-cinder-740146-21-smb neutron-server[106439]: DEBUG neutron_lib.callbacks.manager [None req-ff622102-6d91-4e17-9196-82a0adfa4e02 admin admin] Publish callbacks ['neutron.services.l3_router.l3_router_plugin.L3_HA_NAT_db_mixin._after_router_create-1581295', 'neutron.services.l3_router.l3_router_plugin.DVRResourceOperationHandler._create_snat_interfaces_after_change-1596208'] for router (33b7755f-0ea9-4a24-a5cf-6db9c23f13ea), after_create {{(pid=106439) _notify_loop /usr/local/lib/python3.8/dist-packages/neutron_lib/callbacks/manager.py:176}}
Sep 29 02:11:43.313806 dv-cinder-740146-21-smb neutron-server[106441]: DEBUG neutron.plugins.ml2.drivers.mech_agent [None req-51a7a533-ac1d-43a3-8283-22d193cb33c6 None None] Checking agent: {'id': '732f1f10-53c2-4a73-b7b4-882674716f60', 'agent_type': 'Open vSwitch agent', 'binary': 'neutron-openvswitch-agent', 'topic': 'N/A', 'host': 'dv-cinder-740146-21-smb', 'admin_state_up': True, 'created_at': datetime.datetime(2022, 9, 29, 2, 3, 25), 'started_at': datetime.datetime(2022, 9, 29, 2, 3, 55), 'heartbeat_timestamp': datetime.datetime(2022, 9, 29, 2, 11, 25), 'description': None, 'resources_synced': None, 'availability_zone': None, 'alive': True, 'configurations': {'arp_responder_enabled': False, 'baremetal_smartnic': False, 'bridge_mappings': {'physnet1': 'br-data'}, 'datapath_type': 'system', 'devices': 0, 'enable_distributed_routing': False, 'extensions': [], 'in_distributed_mode': False, 'integration_bridge': 'br-int', 'l2_population': False, 'log_agent_heartbeats': False, 'ovs_capabilities': {'datapath_types': ['netdev', 'system'], 'iface_types': ['erspan', 'geneve', 'gre', 'internal', 'ip6erspan', 'ip6gre', 'lisp', 'patch', 'stt', 'system', 'tap', 'vxlan']}, 'ovs_hybrid_plug': False, 'resource_provider_bandwidths': {}, 'resource_provider_hypervisors': {'br-data': 'dv-cinder-740146-21-smb'}, 'resource_provider_inventory_defaults': {'allocation_ratio': 1.0, 'min_unit': 1, 'step_size': 1, 'reserved': 0}, 'resource_provider_packet_processing_inventory_defaults': {'allocation_ratio': 1.0, 'min_unit': 1, 'step_size': 1, 'reserved': 0}, 'resource_provider_packet_processing_with_direction': {}, 'resource_provider_packet_processing_without_direction': {}, 'tunnel_types': [], 'tunneling_ip': None, 'vhostuser_socket_dir': '/var/run/openvswitch'}, 'resource_versions': {'AddressGroup': '1.2', 'Agent': '1.1', 'ConntrackHelper': '1.0', 'LocalIPAssociation': '1.0', 'Log': '1.0', 'NDPProxy': '1.0', 'Network': '1.1', 'Port': '1.7', 'PortForwarding': '1.3', 'QosPolicy': '1.10', 'SecurityGroup': '1.5', 'SecurityGroupRule': '1.2', 'SubPort': '1.0', 'Subnet': '1.1', 'Trunk': '1.1'}} {{(pid=106441) bind_port /opt/stack/neutron/neutron/plugins/ml2/drivers/mech_agent.py:127}}
Sep 29 02:11:43.314182 dv-cinder-740146-21-smb neutron-server[106441]: DEBUG neutron.plugins.ml2.drivers.mech_agent [None req-51a7a533-ac1d-43a3-8283-22d193cb33c6 None None] Checking segment: {'id': 'a8a02d65-1024-4bc6-87a2-058a2a88454f', 'network_type': 'vlan', 'physical_network': 'physnet1', 'segmentation_id': 121, 'network_id': 'ef6cd1ac-8124-4d0e-8dac-c8a55f6fcff3'} for mappings: {'physnet1': 'br-data'} with network types: ['local', 'flat', 'vlan'] {{(pid=106441) check_segment_for_agent /opt/stack/neutron/neutron/plugins/ml2/drivers/mech_agent.py:399}}
Sep 29 02:11:43.314717 dv-cinder-740146-21-smb neutron-server[106441]: DEBUG neutron_lib.callbacks.manager [None req-51a7a533-ac1d-43a3-8283-22d193cb33c6 None None] Publish callbacks [] for ovs_bridge_name (None), before_read {{(pid=106441) _notify_loop /usr/local/lib/python3.8/dist-packages/neutron_lib/callbacks/manager.py:176}}
Sep 29 02:11:43.315122 dv-cinder-740146-21-smb neutron-server[106441]: DEBUG neutron.plugins.ml2.drivers.mech_agent [None req-51a7a533-ac1d-43a3-8283-22d193cb33c6 None None] Bound using segment: {'id': 'a8a02d65-1024-4bc6-87a2-058a2a88454f', 'network_type': 'vlan', 'physical_network': 'physnet1', 'segmentation_id': 121, 'network_id': 'ef6cd1ac-8124-4d0e-8dac-c8a55f6fcff3'} {{(pid=106441) bind_port /opt/stack/neutron/neutron/plugins/ml2/drivers/mech_agent.py:137}}
Sep 29 02:11:43.315894 dv-cinder-740146-21-smb neutron-server[106441]: DEBUG neutron.plugins.ml2.managers [None req-51a7a533-ac1d-43a3-8283-22d193cb33c6 None None] Bound port: fe5baa51-91f2-4736-8ca1-1c9d39302b29, host: dv-cinder-740146-21-smb, vif_type: ovs, vif_details: {"connectivity": "l2", "port_filter": true, "ovs_hybrid_plug": false, "datapath_type": "system", "bridge_name": "br-int"}, binding_levels: [{'bound_driver': 'openvswitch', 'bound_segment': {'id': 'a8a02d65-1024-4bc6-87a2-058a2a88454f', 'network_type': 'vlan', 'physical_network': 'physnet1', 'segmentation_id': 121, 'network_id': 'ef6cd1ac-8124-4d0e-8dac-c8a55f6fcff3'}}] {{(pid=106441) _bind_port_level /opt/stack/neutron/neutron/plugins/ml2/managers.py:947}}
Sep 29 02:11:43.316008 dv-cinder-740146-21-smb neutron-server[106441]: DEBUG neutron_lib.callbacks.manager [None req-51a7a533-ac1d-43a3-8283-22d193cb33c6 None None] Publish callbacks ['neutron.plugins.ml2.plugin.SecurityGroupDbMixin._ensure_default_security_group_handler-691404'] for port (fe5baa51-91f2-4736-8ca1-1c9d39302b29), before_update {{(pid=106441) _notify_loop /usr/local/lib/python3.8/dist-packages/neutron_lib/callbacks/manager.py:176}}
Sep 29 02:11:43.330795 dv-cinder-740146-21-smb neutron-server[106441]: DEBUG neutron_lib.callbacks.manager [None req-0b55e25c-a6ed-4f9f-b5d4-753ce75c9159 None None] Publish callbacks [] for port (ffe417e2-ca49-4925-8c2d-1a12e2db76be), precommit_create {{(pid=106441) _notify_loop /usr/local/lib/python3.8/dist-packages/neutron_lib/callbacks/manager.py:176}}
Sep 29 02:11:43.333297 dv-cinder-740146-21-smb neutron-server[106441]: DEBUG neutron.scheduler.dhcp_agent_scheduler [None req-6274be35-ad69-4363-a1d3-472825301aa2 None None] Network 4627e623-304a-4643-bc74-20612e0c7f0a is already hosted by enough agents. {{(pid=106441) _get_dhcp_agents_hosting_network /opt/stack/neutron/neutron/scheduler/dhcp_agent_scheduler.py:275}}
Sep 29 02:11:43.379834 dv-cinder-740146-21-smb neutron-server[106441]: DEBUG neutron.scheduler.base_scheduler [None req-6274be35-ad69-4363-a1d3-472825301aa2 None None] Resources bound (agent type, host, resource id): {{(pid=106441) schedule /opt/stack/neutron/neutron/scheduler/base_scheduler.py:57}}
Sep 29 02:11:43.382752 dv-cinder-740146-21-smb neutron-server[106441]: DEBUG neutron.db.l3_dvrscheduler_db [None req-6274be35-ad69-4363-a1d3-472825301aa2 None None] Received port after_create {{(pid=106441) _notify_l3_agent_new_port /opt/stack/neutron/neutron/db/l3_dvrscheduler_db.py:538}}
Sep 29 02:11:43.393513 dv-cinder-740146-21-smb neutron-server[106441]: DEBUG neutron_lib.callbacks.manager [None req-0b55e25c-a6ed-4f9f-b5d4-753ce75c9159 None None] Publish callbacks ['neutron.plugins.ml2.plugin.SecurityGroupServerNotifierRpcMixin._notify_sg_on_port_change-691471', 'neutron.plugins.ml2.ovo_rpc._ObjectChangeHandler.handle_event-365779', 'neutron.api.rpc.agentnotifiers.dhcp_rpc_agent_api.DhcpAgentNotifyAPI._native_event_send_dhcp_notification-1703168', 'neutron.db.l3_dvrscheduler_db._notify_l3_agent_new_port-8769072051420'] for port (ffe417e2-ca49-4925-8c2d-1a12e2db76be), after_create {{(pid=106441) _notify_loop /usr/local/lib/python3.8/dist-packages/neutron_lib/callbacks/manager.py:176}}
Sep 29 02:11:43.404251 dv-cinder-740146-21-smb neutron-server[106441]: DEBUG neutron.api.rpc.handlers.resources_rpc [None req-eb5802e6-c751-4ac6-a00f-6f5caab7334c None None] Pushing event updated for resources: {'Port': ['ID=3fe4f5b6-4e65-45cd-8c73-b3d4625b9de1,revision_number=2']} {{(pid=106441) push /opt/stack/neutron/neutron/api/rpc/handlers/resources_rpc.py:237}}
Sep 29 02:11:43.425771 dv-cinder-740146-21-smb neutron-server[106440]: DEBUG neutron_lib.callbacks.manager [None req-0753f369-6728-4493-b0bb-c07a84ebc50d admin admin] Publish callbacks ['neutron.plugins.ml2.plugin.SecurityGroupServerNotifierRpcMixin._notify_sg_on_port_change-691471', 'neutron.plugins.ml2.ovo_rpc._ObjectChangeHandler.handle_event-365779', 'neutron.api.rpc.agentnotifiers.dhcp_rpc_agent_api.DhcpAgentNotifyAPI._native_event_send_dhcp_notification-1703168', 'neutron.db.l3_dvrscheduler_db._notify_l3_agent_new_port-8769072051420'] for port (9e177f17-7b4d-424b-b894-fb4b7d70baed), after_create {{(pid=106440) _notify_loop /usr/local/lib/python3.8/dist-packages/neutron_lib/callbacks/manager.py:176}}
Sep 29 02:11:43.484855 dv-cinder-740146-21-smb neutron-server[106441]: DEBUG neutron.scheduler.dhcp_agent_scheduler [None req-0b55e25c-a6ed-4f9f-b5d4-753ce75c9159 None None] Network 3be65160-34ea-4bb6-abd7-0d461783c057 is already hosted by enough agents. {{(pid=106441) _get_dhcp_agents_hosting_network /opt/stack/neutron/neutron/scheduler/dhcp_agent_scheduler.py:275}}
Sep 29 02:11:43.486307 dv-cinder-740146-21-smb neutron-server[106441]: DEBUG neutron.api.rpc.handlers.resources_rpc [None req-6274be35-ad69-4363-a1d3-472825301aa2 None None] Pushing event updated for resources: {'Port': ['ID=94a8a667-79b2-41b6-9a78-010cdb2a6889,revision_number=1']} {{(pid=106441) push /opt/stack/neutron/neutron/api/rpc/handlers/resources_rpc.py:237}}
Sep 29 02:11:43.488491 dv-cinder-740146-21-smb neutron-server[106440]: DEBUG neutron.api.rpc.agentnotifiers.l3_rpc_agent_api [None req-06e51c01-5e79-42c5-9184-5cda12b87843 admin admin] Notify agent at l3_agent.dv-cinder-740146-21-smb the message routers_updated {{(pid=106440) _agent_notification /opt/stack/neutron/neutron/api/rpc/agentnotifiers/l3_rpc_agent_api.py:65}}
Sep 29 02:11:43.491335 dv-cinder-740146-21-smb neutron-server[106440]: DEBUG neutron.scheduler.dhcp_agent_scheduler [None req-0753f369-6728-4493-b0bb-c07a84ebc50d admin admin] Network b2b1ba0e-5ee1-4bd7-9d03-2bb9a1b01bbd is already hosted by enough agents. {{(pid=106440) _get_dhcp_agents_hosting_network /opt/stack/neutron/neutron/scheduler/dhcp_agent_scheduler.py:275}}
Sep 29 02:11:43.501492 dv-cinder-740146-21-smb neutron-server[106442]: DEBUG neutron.api.rpc.handlers.l3_rpc [None req-712eb151-567c-4098-8593-f4a1d1881152 None None] Sync routers for ids ['17ccc970-db74-48fa-898c-ddc4443f89df'] in dv-cinder-740146-21-smb {{(pid=106442) sync_routers /opt/stack/neutron/neutron/api/rpc/handlers/l3_rpc.py:125}}
Sep 29 02:11:43.512145 dv-cinder-740146-21-smb neutron-server[106439]: DEBUG neutron.db.db_base_plugin_common [None req-919497a0-0474-44c2-acc5-6a928fc00a8a admin admin] Allocated IP 172.28.2.134 (b2b1ba0e-5ee1-4bd7-9d03-2bb9a1b01bbd/e0ffa218-6ca5-4006-b711-a782d769deaf/3be0e4d4-aaac-4318-8c58-5165434b5114) {{(pid=106439) _store_ip_allocation /opt/stack/neutron/neutron/db/db_base_plugin_common.py:131}}
Sep 29 02:11:43.526198 dv-cinder-740146-21-smb neutron-server[106439]: DEBUG dbcounter [-] [106439] Writing DB stats neutron:SELECT=94,neutron:INSERT=3,neutron:UPDATE=3 {{(pid=106439) stat_writer /usr/local/lib/python3.8/dist-packages/dbcounter.py:114}}
Sep 29 02:11:43.528070 dv-cinder-740146-21-smb neutron-server[106442]: DEBUG neutron.db.l3_dvrscheduler_db [None req-712eb151-567c-4098-8593-f4a1d1881152 None None] Routers {'17ccc970-db74-48fa-898c-ddc4443f89df'} bound to L3 agent in host dv-cinder-740146-21-smb {{(pid=106442) _get_router_ids_for_agent /opt/stack/neutron/neutron/db/l3_dvrscheduler_db.py:422}}
Sep 29 02:11:43.528723 dv-cinder-740146-21-smb neutron-server[106442]: DEBUG neutron.db.l3_hamode_db [None req-712eb151-567c-4098-8593-f4a1d1881152 None None] neutron.services.l3_router.l3_router_plugin.L3RouterPlugin method get_ha_sync_data_for_host called with arguments (, 'dv-cinder-740146-21-smb', Agent(admin_state_up=True,agent_type='L3 agent',availability_zone='nova',binary='neutron-l3-agent',configurations={"agent_mode": "legacy", "ex_gw_ports": 1, "extensions": [], "floating_ips": 0, "handle_internal_only_routers": true, "interface_driver": "openvswitch", "interfaces": 1, "log_agent_heartbeats": false, "routers": 1},created_at=2022-09-29T02:03:22Z,description=,heartbeat_timestamp=2022-09-29T02:11:22Z,host='dv-cinder-740146-21-smb',id=02537244-7aac-4e15-a9bc-7e3cb4bf32e7,load=0,resource_versions=,resources_synced=,started_at=2022-09-29T02:03:22Z,topic='l3_agent')) {'router_ids': ['17ccc970-db74-48fa-898c-ddc4443f89df'], 'active': True} {{(pid=106442) wrapper /usr/local/lib/python3.8/dist-packages/oslo_log/helpers.py:65}}
Sep 29 02:11:43.542083 dv-cinder-740146-21-smb neutron-server[106440]: DEBUG neutron.scheduler.base_scheduler [None req-0753f369-6728-4493-b0bb-c07a84ebc50d admin admin] Resources bound (agent type, host, resource id): {{(pid=106440) schedule /opt/stack/neutron/neutron/scheduler/base_scheduler.py:57}}
Sep 29 02:11:43.552293 dv-cinder-740146-21-smb neutron-server[106440]: DEBUG neutron.db.l3_dvrscheduler_db [None req-0753f369-6728-4493-b0bb-c07a84ebc50d admin admin] Received port after_create {{(pid=106440) _notify_l3_agent_new_port /opt/stack/neutron/neutron/db/l3_dvrscheduler_db.py:538}}
Sep 29 02:11:43.565092 dv-cinder-740146-21-smb neutron-server[106440]: DEBUG neutron_lib.callbacks.manager [None req-06e51c01-5e79-42c5-9184-5cda12b87843 admin admin] Publish callbacks [] for router (None), before_response {{(pid=106440) _notify_loop /usr/local/lib/python3.8/dist-packages/neutron_lib/callbacks/manager.py:176}}
Sep 29 02:11:43.569476 dv-cinder-740146-21-smb neutron-server[106440]: INFO neutron.wsgi [None req-06e51c01-5e79-42c5-9184-5cda12b87843 admin admin] 10.222.0.49 "POST /networking/v2.0/routers HTTP/1.1" status: 201 len: 926 time: 4.3166804
Sep 29 02:11:43.590124 dv-cinder-740146-21-smb neutron-server[106440]: DEBUG neutron.wsgi [-] (106440) accepted ('10.222.0.49', 49454) {{(pid=106440) server /usr/local/lib/python3.8/dist-packages/eventlet/wsgi.py:1004}}
Sep 29 02:11:43.657143 dv-cinder-740146-21-smb neutron-server[106441]: DEBUG neutron.scheduler.base_scheduler [None req-0b55e25c-a6ed-4f9f-b5d4-753ce75c9159 None None] Resources bound (agent type, host, resource id): {{(pid=106441) schedule /opt/stack/neutron/neutron/scheduler/base_scheduler.py:57}}
Sep 29 02:11:43.666299 dv-cinder-740146-21-smb neutron-server[106441]: DEBUG neutron.db.l3_dvrscheduler_db [None req-0b55e25c-a6ed-4f9f-b5d4-753ce75c9159 None None] Received port after_create {{(pid=106441) _notify_l3_agent_new_port /opt/stack/neutron/neutron/db/l3_dvrscheduler_db.py:538}}
Sep 29 02:11:43.672522 dv-cinder-740146-21-smb neutron-server[106441]: DEBUG neutron.api.rpc.handlers.resources_rpc [None req-0b55e25c-a6ed-4f9f-b5d4-753ce75c9159 None None] Pushing event updated for resources: {'Port': ['ID=ffe417e2-ca49-4925-8c2d-1a12e2db76be,revision_number=1']} {{(pid=106441) push /opt/stack/neutron/neutron/api/rpc/handlers/resources_rpc.py:237}}
Sep 29 02:11:43.782553 dv-cinder-740146-21-smb neutron-server[106440]: DEBUG neutron.api.rpc.handlers.resources_rpc [None req-0753f369-6728-4493-b0bb-c07a84ebc50d admin admin] Pushing event updated for resources: {'Port': ['ID=9e177f17-7b4d-424b-b894-fb4b7d70baed,revision_number=1']} {{(pid=106440) push /opt/stack/neutron/neutron/api/rpc/handlers/resources_rpc.py:237}}
