Sep 29 01:57:26.220839 dv-cinder-740146-21-smb devstack@keystone.service[81648]: DEBUG keystone.server.flask.request_processing.req_logging [None req-334db1d1-dc77-41b6-99e8-ee08d697e57f None admin] REQUEST_METHOD: `GET` {{(pid=81648) log_request_info /opt/stack/keystone/keystone/server/flask/request_processing/req_logging.py:27}}
Sep 29 01:57:26.221115 dv-cinder-740146-21-smb devstack@keystone.service[81648]: DEBUG keystone.server.flask.request_processing.req_logging [None req-334db1d1-dc77-41b6-99e8-ee08d697e57f None admin] SCRIPT_NAME: `/identity` {{(pid=81648) log_request_info /opt/stack/keystone/keystone/server/flask/request_processing/req_logging.py:28}}
Sep 29 01:57:26.221452 dv-cinder-740146-21-smb devstack@keystone.service[81648]: DEBUG keystone.server.flask.request_processing.req_logging [None req-334db1d1-dc77-41b6-99e8-ee08d697e57f None admin] PATH_INFO: `/v3/role_assignments` {{(pid=81648) log_request_info /opt/stack/keystone/keystone/server/flask/request_processing/req_logging.py:29}}
Sep 29 01:57:26.222168 dv-cinder-740146-21-smb devstack@keystone.service[81648]: DEBUG keystone.common.rbac_enforcer.enforcer [None req-334db1d1-dc77-41b6-99e8-ee08d697e57f None admin] RBAC: Adding query filter params (role.id=fe9bbc67742f4f5893f39b18eb31d59a, scope.domain.id=default, user.id=d04b7db4290a4ee3872fe98d8aad0254) {{(pid=81648) _extract_filter_values /opt/stack/keystone/keystone/common/rbac_enforcer/enforcer.py:167}}
Sep 29 01:57:26.222474 dv-cinder-740146-21-smb devstack@keystone.service[81648]: DEBUG keystone.common.rbac_enforcer.enforcer [None req-334db1d1-dc77-41b6-99e8-ee08d697e57f None admin] RBAC: Authorizing `identity:list_role_assignments()` {{(pid=81648) enforce_call /opt/stack/keystone/keystone/common/rbac_enforcer/enforcer.py:449}}
Sep 29 01:57:26.223890 dv-cinder-740146-21-smb devstack@keystone.service[81648]: DEBUG keystone.common.rbac_enforcer.enforcer [None req-334db1d1-dc77-41b6-99e8-ee08d697e57f None admin] RBAC: Authorization granted {{(pid=81648) enforce_call /opt/stack/keystone/keystone/common/rbac_enforcer/enforcer.py:457}}
Sep 29 01:57:26.229025 dv-cinder-740146-21-smb devstack@keystone.service[81649]: DEBUG keystone.server.flask.request_processing.middleware.auth_context [None req-701ea883-c69a-4424-97d6-6c29dfece0f9 None admin] Authenticating user token {{(pid=81649) process_request /usr/local/lib/python3.8/dist-packages/keystonemiddleware/auth_token/__init__.py:407}}
Sep 29 01:57:26.230273 dv-cinder-740146-21-smb devstack@keystone.service[81648]: [pid: 81648|app: 0|req: 31/55] 10.222.0.49 () {56 vars in 1322 bytes} [Thu Sep 29 01:57:26 2022] GET /identity/v3/role_assignments?user.id=d04b7db4290a4ee3872fe98d8aad0254&scope.domain.id=default&role.id=fe9bbc67742f4f5893f39b18eb31d59a => generated 530 bytes in 139 msecs (HTTP/1.1 200) 5 headers in 177 bytes (1 switches on core 0)
Sep 29 01:57:26.335395 dv-cinder-740146-21-smb devstack@keystone.service[81649]: DEBUG keystone.server.flask.request_processing.middleware.auth_context [None req-701ea883-c69a-4424-97d6-6c29dfece0f9 None admin] Validating token access rules against request {{(pid=81649) validate_allowed_request /usr/local/lib/python3.8/dist-packages/keystonemiddleware/auth_token/__init__.py:545}}
Sep 29 01:57:26.369967 dv-cinder-740146-21-smb devstack@keystone.service[81649]: DEBUG keystone.server.flask.request_processing.middleware.auth_context [None req-d541ed6a-87d1-4d56-8359-3582caa9d890 None admin] RBAC: auth_context: {'token': , 'domain_id': None, 'trust_id': None, 'trustor_id': None, 'trustee_id': None, 'domain_name': None, 'group_ids': [], 'user_id': 'd04b7db4290a4ee3872fe98d8aad0254', 'user_domain_id': 'default', 'system_scope': 'all', 'project_id': None, 'project_domain_id': None, 'roles': ['admin', 'member', 'reader'], 'is_admin_project': True, 'service_user_id': None, 'service_user_domain_id': None, 'service_project_id': None, 'service_project_domain_id': None, 'service_roles': []} {{(pid=81649) fill_context /opt/stack/keystone/keystone/server/flask/request_processing/middleware/auth_context.py:478}}
Sep 29 01:57:26.370609 dv-cinder-740146-21-smb devstack@keystone.service[81649]: DEBUG keystone.server.flask.request_processing.req_logging [None req-d541ed6a-87d1-4d56-8359-3582caa9d890 None admin] REQUEST_METHOD: `GET` {{(pid=81649) log_request_info /opt/stack/keystone/keystone/server/flask/request_processing/req_logging.py:27}}
Sep 29 01:57:26.370890 dv-cinder-740146-21-smb devstack@keystone.service[81649]: DEBUG keystone.server.flask.request_processing.req_logging [None req-d541ed6a-87d1-4d56-8359-3582caa9d890 None admin] SCRIPT_NAME: `/identity` {{(pid=81649) log_request_info /opt/stack/keystone/keystone/server/flask/request_processing/req_logging.py:28}}
Sep 29 01:57:26.371162 dv-cinder-740146-21-smb devstack@keystone.service[81649]: DEBUG keystone.server.flask.request_processing.req_logging [None req-d541ed6a-87d1-4d56-8359-3582caa9d890 None admin] PATH_INFO: `/v3/domains/default` {{(pid=81649) log_request_info /opt/stack/keystone/keystone/server/flask/request_processing/req_logging.py:29}}
Sep 29 01:57:26.372312 dv-cinder-740146-21-smb devstack@keystone.service[81649]: DEBUG keystone.common.rbac_enforcer.enforcer [None req-d541ed6a-87d1-4d56-8359-3582caa9d890 None admin] RBAC: Authorizing `identity:get_domain(domain_id=default)` {{(pid=81649) enforce_call /opt/stack/keystone/keystone/common/rbac_enforcer/enforcer.py:449}}
Sep 29 01:57:26.373805 dv-cinder-740146-21-smb devstack@keystone.service[81649]: DEBUG keystone.common.rbac_enforcer.enforcer [None req-d541ed6a-87d1-4d56-8359-3582caa9d890 None admin] RBAC: Authorization granted {{(pid=81649) enforce_call /opt/stack/keystone/keystone/common/rbac_enforcer/enforcer.py:457}}
Sep 29 01:57:26.375427 dv-cinder-740146-21-smb devstack@keystone.service[81649]: [pid: 81649|app: 0|req: 25/56] 10.222.0.49 () {56 vars in 1108 bytes} [Thu Sep 29 01:57:26 2022] GET /identity/v3/domains/default => generated 199 bytes in 147 msecs (HTTP/1.1 200) 5 headers in 177 bytes (2 switches on core 0)
Sep 29 01:57:26.381395 dv-cinder-740146-21-smb devstack@keystone.service[81648]: DEBUG keystone.server.flask.request_processing.middleware.auth_context [None req-334db1d1-dc77-41b6-99e8-ee08d697e57f None admin] Authenticating user token {{(pid=81648) process_request /usr/local/lib/python3.8/dist-packages/keystonemiddleware/auth_token/__init__.py:407}}
Sep 29 01:57:26.401040 dv-cinder-740146-21-smb devstack@keystone.service[81648]: DEBUG dbcounter [-] [81648] Writing DB stats keystone:SELECT=100 {{(pid=81648) stat_writer /usr/local/lib/python3.8/dist-packages/dbcounter.py:114}}
Sep 29 01:57:26.483771 dv-cinder-740146-21-smb devstack@keystone.service[81648]: DEBUG keystone.server.flask.request_processing.middleware.auth_context [None req-334db1d1-dc77-41b6-99e8-ee08d697e57f None admin] Validating token access rules against request {{(pid=81648) validate_allowed_request /usr/local/lib/python3.8/dist-packages/keystonemiddleware/auth_token/__init__.py:545}}
Sep 29 01:57:26.516931 dv-cinder-740146-21-smb devstack@keystone.service[81648]: DEBUG keystone.server.flask.request_processing.middleware.auth_context [None req-541faa29-7b81-41e7-9f44-9f9b4bcf08c4 None admin] RBAC: auth_context: {'token': , 'domain_id': None, 'trust_id': None, 'trustor_id': None, 'trustee_id': None, 'domain_name': None, 'group_ids': [], 'user_id': 'd04b7db4290a4ee3872fe98d8aad0254', 'user_domain_id': 'default', 'system_scope': 'all', 'project_id': None, 'project_domain_id': None, 'roles': ['admin', 'member', 'reader'], 'is_admin_project': True, 'service_user_id': None, 'service_user_domain_id': None, 'service_project_id': None, 'service_project_domain_id': None, 'service_roles': []} {{(pid=81648) fill_context /opt/stack/keystone/keystone/server/flask/request_processing/middleware/auth_context.py:478}}
Sep 29 01:57:26.517558 dv-cinder-740146-21-smb devstack@keystone.service[81648]: DEBUG keystone.server.flask.request_processing.req_logging [None req-541faa29-7b81-41e7-9f44-9f9b4bcf08c4 None admin] REQUEST_METHOD: `POST` {{(pid=81648) log_request_info /opt/stack/keystone/keystone/server/flask/request_processing/req_logging.py:27}}
Sep 29 01:57:26.517837 dv-cinder-740146-21-smb devstack@keystone.service[81648]: DEBUG keystone.server.flask.request_processing.req_logging [None req-541faa29-7b81-41e7-9f44-9f9b4bcf08c4 None admin] SCRIPT_NAME: `/identity` {{(pid=81648) log_request_info /opt/stack/keystone/keystone/server/flask/request_processing/req_logging.py:28}}
Sep 29 01:57:26.518107 dv-cinder-740146-21-smb devstack@keystone.service[81648]: DEBUG keystone.server.flask.request_processing.req_logging [None req-541faa29-7b81-41e7-9f44-9f9b4bcf08c4 None admin] PATH_INFO: `/v3/projects` {{(pid=81648) log_request_info /opt/stack/keystone/keystone/server/flask/request_processing/req_logging.py:29}}
Sep 29 01:57:26.518834 dv-cinder-740146-21-smb devstack@keystone.service[81648]: DEBUG keystone.common.rbac_enforcer.enforcer [None req-541faa29-7b81-41e7-9f44-9f9b4bcf08c4 None admin] RBAC: Authorizing `identity:create_project()` {{(pid=81648) enforce_call /opt/stack/keystone/keystone/common/rbac_enforcer/enforcer.py:449}}
Sep 29 01:57:26.520276 dv-cinder-740146-21-smb devstack@keystone.service[81648]: DEBUG keystone.common.rbac_enforcer.enforcer [None req-541faa29-7b81-41e7-9f44-9f9b4bcf08c4 None admin] RBAC: Authorization granted {{(pid=81648) enforce_call /opt/stack/keystone/keystone/common/rbac_enforcer/enforcer.py:457}}
Sep 29 01:57:26.545583 dv-cinder-740146-21-smb devstack@keystone.service[81648]: [pid: 81648|app: 0|req: 32/57] 10.222.0.49 () {60 vars in 1140 bytes} [Thu Sep 29 01:57:26 2022] POST /identity/v3/projects => generated 298 bytes in 165 msecs (HTTP/1.1 201) 5 headers in 182 bytes (1 switches on core 0)
Sep 29 01:57:28.672533 dv-cinder-740146-21-smb devstack@keystone.service[81649]: DEBUG keystone.server.flask.request_processing.req_logging [None req-3cc5eb71-e7b4-4f48-8b39-537197b0e38c None None] REQUEST_METHOD: `GET` {{(pid=81649) log_request_info /opt/stack/keystone/keystone/server/flask/request_processing/req_logging.py:27}}
Sep 29 01:57:28.673046 dv-cinder-740146-21-smb devstack@keystone.service[81649]: DEBUG keystone.server.flask.request_processing.req_logging [None req-3cc5eb71-e7b4-4f48-8b39-537197b0e38c None None] SCRIPT_NAME: `/identity` {{(pid=81649) log_request_info /opt/stack/keystone/keystone/server/flask/request_processing/req_logging.py:28}}
Sep 29 01:57:28.673134 dv-cinder-740146-21-smb devstack@keystone.service[81649]: DEBUG keystone.server.flask.request_processing.req_logging [None req-3cc5eb71-e7b4-4f48-8b39-537197b0e38c None None] PATH_INFO: `/` {{(pid=81649) log_request_info /opt/stack/keystone/keystone/server/flask/request_processing/req_logging.py:29}}
Sep 29 01:57:28.674959 dv-cinder-740146-21-smb devstack@keystone.service[81649]: [pid: 81649|app: 0|req: 26/58] 10.222.0.49 () {54 vars in 927 bytes} [Thu Sep 29 01:57:28 2022] GET /identity => generated 270 bytes in 3 msecs (HTTP/1.1 300) 6 headers in 234 bytes (1 switches on core 0)
Sep 29 01:57:28.680202 dv-cinder-740146-21-smb devstack@keystone.service[81648]: DEBUG keystone.server.flask.request_processing.req_logging [None req-4912b2e3-6855-4bec-a0da-470102021614 None None] REQUEST_METHOD: `POST` {{(pid=81648) log_request_info /opt/stack/keystone/keystone/server/flask/request_processing/req_logging.py:27}}
Sep 29 01:57:28.680623 dv-cinder-740146-21-smb devstack@keystone.service[81648]: DEBUG keystone.server.flask.request_processing.req_logging [None req-4912b2e3-6855-4bec-a0da-470102021614 None None] SCRIPT_NAME: `/identity` {{(pid=81648) log_request_info /opt/stack/keystone/keystone/server/flask/request_processing/req_logging.py:28}}
Sep 29 01:57:28.680768 dv-cinder-740146-21-smb devstack@keystone.service[81648]: DEBUG keystone.server.flask.request_processing.req_logging [None req-4912b2e3-6855-4bec-a0da-470102021614 None None] PATH_INFO: `/v3/auth/tokens` {{(pid=81648) log_request_info /opt/stack/keystone/keystone/server/flask/request_processing/req_logging.py:29}}
Sep 29 01:57:28.699611 dv-cinder-740146-21-smb devstack@keystone.service[81648]: DEBUG keystone.auth.core [None req-4912b2e3-6855-4bec-a0da-470102021614 None None] MFA Rules not processed for user `d04b7db4290a4ee3872fe98d8aad0254`. Rule list: `[]` (Enabled: `True`). {{(pid=81648) check_auth_methods_against_rules /opt/stack/keystone/keystone/auth/core.py:438}}
Sep 29 01:57:28.700824 dv-cinder-740146-21-smb devstack@keystone.service[81648]: DEBUG keystone.common.fernet_utils [None req-4912b2e3-6855-4bec-a0da-470102021614 None None] Loaded 2 Fernet keys from /etc/keystone/fernet-keys/, but `[fernet_tokens] max_active_keys = 3`; perhaps there have not been enough key rotations to reach `max_active_keys` yet? {{(pid=81648) load_keys /opt/stack/keystone/keystone/common/fernet_utils.py:286}}
Sep 29 01:57:28.760855 dv-cinder-740146-21-smb devstack@keystone.service[81648]: DEBUG dbcounter [-] [81648] Writing DB stats keystone:SELECT=99,keystone:INSERT=1 {{(pid=81648) stat_writer /usr/local/lib/python3.8/dist-packages/dbcounter.py:114}}
Sep 29 01:57:28.766567 dv-cinder-740146-21-smb devstack@keystone.service[81648]: [pid: 81648|app: 0|req: 33/59] 10.222.0.49 () {58 vars in 1024 bytes} [Thu Sep 29 01:57:28 2022] POST /identity/v3/auth/tokens => generated 799 bytes in 87 msecs (HTTP/1.1 201) 6 headers in 363 bytes (1 switches on core 0)
Sep 29 01:57:29.038140 dv-cinder-740146-21-smb devstack@keystone.service[81649]: DEBUG keystone.server.flask.request_processing.middleware.auth_context [None req-3cc5eb71-e7b4-4f48-8b39-537197b0e38c None None] Authenticating user token {{(pid=81649) process_request /usr/local/lib/python3.8/dist-packages/keystonemiddleware/auth_token/__init__.py:407}}
Sep 29 01:57:29.094741 dv-cinder-740146-21-smb devstack@keystone.service[81649]: DEBUG dbcounter [-] [81649] Writing DB stats keystone:SELECT=100 {{(pid=81649) stat_writer /usr/local/lib/python3.8/dist-packages/dbcounter.py:114}}
Sep 29 01:57:29.137208 dv-cinder-740146-21-smb devstack@keystone.service[81649]: DEBUG keystone.server.flask.request_processing.middleware.auth_context [None req-3cc5eb71-e7b4-4f48-8b39-537197b0e38c None None] Validating token access rules against request {{(pid=81649) validate_allowed_request /usr/local/lib/python3.8/dist-packages/keystonemiddleware/auth_token/__init__.py:545}}
Sep 29 01:57:29.169245 dv-cinder-740146-21-smb devstack@keystone.service[81649]: DEBUG keystone.server.flask.request_processing.middleware.auth_context [None req-5341ad1b-7be4-4b78-b84e-3bc0d88ed1ee None admin] RBAC: auth_context: {'token': , 'domain_id': None, 'trust_id': None, 'trustor_id': None, 'trustee_id': None, 'domain_name': None, 'group_ids': [], 'user_id': 'd04b7db4290a4ee3872fe98d8aad0254', 'user_domain_id': 'default', 'system_scope': 'all', 'project_id': None, 'project_domain_id': None, 'roles': ['admin', 'member', 'reader'], 'is_admin_project': True, 'service_user_id': None, 'service_user_domain_id': None, 'service_project_id': None, 'service_project_domain_id': None, 'service_roles': []} {{(pid=81649) fill_context /opt/stack/keystone/keystone/server/flask/request_processing/middleware/auth_context.py:478}}
Sep 29 01:57:29.169881 dv-cinder-740146-21-smb devstack@keystone.service[81649]: DEBUG keystone.server.flask.request_processing.req_logging [None req-5341ad1b-7be4-4b78-b84e-3bc0d88ed1ee None admin] REQUEST_METHOD: `GET` {{(pid=81649) log_request_info /opt/stack/keystone/keystone/server/flask/request_processing/req_logging.py:27}}
Sep 29 01:57:29.170159 dv-cinder-740146-21-smb devstack@keystone.service[81649]: DEBUG keystone.server.flask.request_processing.req_logging [None req-5341ad1b-7be4-4b78-b84e-3bc0d88ed1ee None admin] SCRIPT_NAME: `/identity` {{(pid=81649) log_request_info /opt/stack/keystone/keystone/server/flask/request_processing/req_logging.py:28}}
Sep 29 01:57:29.170431 dv-cinder-740146-21-smb devstack@keystone.service[81649]: DEBUG keystone.server.flask.request_processing.req_logging [None req-5341ad1b-7be4-4b78-b84e-3bc0d88ed1ee None admin] PATH_INFO: `/v3/domains/default` {{(pid=81649) log_request_info /opt/stack/keystone/keystone/server/flask/request_processing/req_logging.py:29}}
Sep 29 01:57:29.171540 dv-cinder-740146-21-smb devstack@keystone.service[81649]: DEBUG keystone.common.rbac_enforcer.enforcer [None req-5341ad1b-7be4-4b78-b84e-3bc0d88ed1ee None admin] RBAC: Authorizing `identity:get_domain(domain_id=default)` {{(pid=81649) enforce_call /opt/stack/keystone/keystone/common/rbac_enforcer/enforcer.py:449}}
Sep 29 01:57:29.172959 dv-cinder-740146-21-smb devstack@keystone.service[81649]: DEBUG keystone.common.rbac_enforcer.enforcer [None req-5341ad1b-7be4-4b78-b84e-3bc0d88ed1ee None admin] RBAC: Authorization granted {{(pid=81649) enforce_call /opt/stack/keystone/keystone/common/rbac_enforcer/enforcer.py:457}}
Sep 29 01:57:29.174542 dv-cinder-740146-21-smb devstack@keystone.service[81649]: [pid: 81649|app: 0|req: 27/60] 10.222.0.49 () {56 vars in 1108 bytes} [Thu Sep 29 01:57:29 2022] GET /identity/v3/domains/default => generated 199 bytes in 137 msecs (HTTP/1.1 200) 5 headers in 177 bytes (1 switches on core 0)
Sep 29 01:57:29.180033 dv-cinder-740146-21-smb devstack@keystone.service[81648]: DEBUG keystone.server.flask.request_processing.middleware.auth_context [None req-4912b2e3-6855-4bec-a0da-470102021614 None None] Authenticating user token {{(pid=81648) process_request /usr/local/lib/python3.8/dist-packages/keystonemiddleware/auth_token/__init__.py:407}}
Sep 29 01:57:29.276079 dv-cinder-740146-21-smb devstack@keystone.service[81648]: DEBUG keystone.server.flask.request_processing.middleware.auth_context [None req-4912b2e3-6855-4bec-a0da-470102021614 None None] Validating token access rules against request {{(pid=81648) validate_allowed_request /usr/local/lib/python3.8/dist-packages/keystonemiddleware/auth_token/__init__.py:545}}
Sep 29 01:57:29.309262 dv-cinder-740146-21-smb devstack@keystone.service[81648]: DEBUG keystone.server.flask.request_processing.middleware.auth_context [None req-65e979f8-c4c5-401d-b801-aaeca49b17a7 None admin] RBAC: auth_context: {'token': , 'domain_id': None, 'trust_id': None, 'trustor_id': None, 'trustee_id': None, 'domain_name': None, 'group_ids': [], 'user_id': 'd04b7db4290a4ee3872fe98d8aad0254', 'user_domain_id': 'default', 'system_scope': 'all', 'project_id': None, 'project_domain_id': None, 'roles': ['admin', 'member', 'reader'], 'is_admin_project': True, 'service_user_id': None, 'service_user_domain_id': None, 'service_project_id': None, 'service_project_domain_id': None, 'service_roles': []} {{(pid=81648) fill_context /opt/stack/keystone/keystone/server/flask/request_processing/middleware/auth_context.py:478}}
Sep 29 01:57:29.309889 dv-cinder-740146-21-smb devstack@keystone.service[81648]: DEBUG keystone.server.flask.request_processing.req_logging [None req-65e979f8-c4c5-401d-b801-aaeca49b17a7 None admin] REQUEST_METHOD: `POST` {{(pid=81648) log_request_info /opt/stack/keystone/keystone/server/flask/request_processing/req_logging.py:27}}
Sep 29 01:57:29.310171 dv-cinder-740146-21-smb devstack@keystone.service[81648]: DEBUG keystone.server.flask.request_processing.req_logging [None req-65e979f8-c4c5-401d-b801-aaeca49b17a7 None admin] SCRIPT_NAME: `/identity` {{(pid=81648) log_request_info /opt/stack/keystone/keystone/server/flask/request_processing/req_logging.py:28}}
Sep 29 01:57:29.310440 dv-cinder-740146-21-smb devstack@keystone.service[81648]: DEBUG keystone.server.flask.request_processing.req_logging [None req-65e979f8-c4c5-401d-b801-aaeca49b17a7 None admin] PATH_INFO: `/v3/users` {{(pid=81648) log_request_info /opt/stack/keystone/keystone/server/flask/request_processing/req_logging.py:29}}
Sep 29 01:57:29.311096 dv-cinder-740146-21-smb devstack@keystone.service[81648]: DEBUG keystone.common.rbac_enforcer.enforcer [None req-65e979f8-c4c5-401d-b801-aaeca49b17a7 None admin] RBAC: Authorizing `identity:create_user()` {{(pid=81648) enforce_call /opt/stack/keystone/keystone/common/rbac_enforcer/enforcer.py:449}}
Sep 29 01:57:29.312545 dv-cinder-740146-21-smb devstack@keystone.service[81648]: DEBUG keystone.common.rbac_enforcer.enforcer [None req-65e979f8-c4c5-401d-b801-aaeca49b17a7 None admin] RBAC: Authorization granted {{(pid=81648) enforce_call /opt/stack/keystone/keystone/common/rbac_enforcer/enforcer.py:457}}
Sep 29 01:57:29.338561 dv-cinder-740146-21-smb devstack@keystone.service[81648]: [pid: 81648|app: 0|req: 34/61] 10.222.0.49 () {60 vars in 1132 bytes} [Thu Sep 29 01:57:29 2022] POST /identity/v3/users => generated 275 bytes in 159 msecs (HTTP/1.1 201) 5 headers in 182 bytes (1 switches on core 0)
Sep 29 01:57:32.593781 dv-cinder-740146-21-smb devstack@keystone.service[81649]: DEBUG keystone.server.flask.request_processing.req_logging [None req-c29faf2a-90ba-48c8-8585-17ec8d6007d8 None None] REQUEST_METHOD: `GET` {{(pid=81649) log_request_info /opt/stack/keystone/keystone/server/flask/request_processing/req_logging.py:27}}
Sep 29 01:57:32.594740 dv-cinder-740146-21-smb devstack@keystone.service[81649]: DEBUG keystone.server.flask.request_processing.req_logging [None req-c29faf2a-90ba-48c8-8585-17ec8d6007d8 None None] SCRIPT_NAME: `/identity` {{(pid=81649) log_request_info /opt/stack/keystone/keystone/server/flask/request_processing/req_logging.py:28}}
Sep 29 01:57:32.595238 dv-cinder-740146-21-smb devstack@keystone.service[81649]: DEBUG keystone.server.flask.request_processing.req_logging [None req-c29faf2a-90ba-48c8-8585-17ec8d6007d8 None None] PATH_INFO: `/` {{(pid=81649) log_request_info /opt/stack/keystone/keystone/server/flask/request_processing/req_logging.py:29}}
Sep 29 01:57:32.597597 dv-cinder-740146-21-smb devstack@keystone.service[81649]: [pid: 81649|app: 0|req: 28/62] 10.222.0.49 () {54 vars in 927 bytes} [Thu Sep 29 01:57:32 2022] GET /identity => generated 270 bytes in 5 msecs (HTTP/1.1 300) 6 headers in 234 bytes (1 switches on core 0)
Sep 29 01:57:32.607011 dv-cinder-740146-21-smb devstack@keystone.service[81648]: DEBUG keystone.server.flask.request_processing.req_logging [None req-a1259bf7-f675-4ed1-9d7c-236530c5b314 None None] REQUEST_METHOD: `POST` {{(pid=81648) log_request_info /opt/stack/keystone/keystone/server/flask/request_processing/req_logging.py:27}}
Sep 29 01:57:32.608268 dv-cinder-740146-21-smb devstack@keystone.service[81648]: DEBUG keystone.server.flask.request_processing.req_logging [None req-a1259bf7-f675-4ed1-9d7c-236530c5b314 None None] SCRIPT_NAME: `/identity` {{(pid=81648) log_request_info /opt/stack/keystone/keystone/server/flask/request_processing/req_logging.py:28}}
Sep 29 01:57:32.608268 dv-cinder-740146-21-smb devstack@keystone.service[81648]: DEBUG keystone.server.flask.request_processing.req_logging [None req-a1259bf7-f675-4ed1-9d7c-236530c5b314 None None] PATH_INFO: `/v3/auth/tokens` {{(pid=81648) log_request_info /opt/stack/keystone/keystone/server/flask/request_processing/req_logging.py:29}}
Sep 29 01:57:32.634595 dv-cinder-740146-21-smb devstack@keystone.service[81648]: DEBUG keystone.auth.core [None req-a1259bf7-f675-4ed1-9d7c-236530c5b314 None None] MFA Rules not processed for user `d04b7db4290a4ee3872fe98d8aad0254`. Rule list: `[]` (Enabled: `True`). {{(pid=81648) check_auth_methods_against_rules /opt/stack/keystone/keystone/auth/core.py:438}}
Sep 29 01:57:32.636169 dv-cinder-740146-21-smb devstack@keystone.service[81648]: DEBUG keystone.common.fernet_utils [None req-a1259bf7-f675-4ed1-9d7c-236530c5b314 None None] Loaded 2 Fernet keys from /etc/keystone/fernet-keys/, but `[fernet_tokens] max_active_keys = 3`; perhaps there have not been enough key rotations to reach `max_active_keys` yet? {{(pid=81648) load_keys /opt/stack/keystone/keystone/common/fernet_utils.py:286}}
Sep 29 01:57:32.707372 dv-cinder-740146-21-smb devstack@keystone.service[81648]: DEBUG dbcounter [-] [81648] Writing DB stats keystone:SELECT=97,keystone:INSERT=3 {{(pid=81648) stat_writer /usr/local/lib/python3.8/dist-packages/dbcounter.py:114}}
Sep 29 01:57:32.727445 dv-cinder-740146-21-smb devstack@keystone.service[81648]: [pid: 81648|app: 0|req: 35/63] 10.222.0.49 () {58 vars in 1024 bytes} [Thu Sep 29 01:57:32 2022] POST /identity/v3/auth/tokens => generated 799 bytes in 121 msecs (HTTP/1.1 201) 6 headers in 363 bytes (1 switches on core 0)
Sep 29 01:57:32.879955 dv-cinder-740146-21-smb devstack@keystone.service[81649]: DEBUG keystone.server.flask.request_processing.req_logging [None req-13ecd486-4101-4417-b846-7e97a3552ae1 None None] REQUEST_METHOD: `GET` {{(pid=81649) log_request_info /opt/stack/keystone/keystone/server/flask/request_processing/req_logging.py:27}}
Sep 29 01:57:32.880558 dv-cinder-740146-21-smb devstack@keystone.service[81649]: DEBUG keystone.server.flask.request_processing.req_logging [None req-13ecd486-4101-4417-b846-7e97a3552ae1 None None] SCRIPT_NAME: `/identity` {{(pid=81649) log_request_info /opt/stack/keystone/keystone/server/flask/request_processing/req_logging.py:28}}
Sep 29 01:57:32.881027 dv-cinder-740146-21-smb devstack@keystone.service[81649]: DEBUG keystone.server.flask.request_processing.req_logging [None req-13ecd486-4101-4417-b846-7e97a3552ae1 None None] PATH_INFO: `/` {{(pid=81649) log_request_info /opt/stack/keystone/keystone/server/flask/request_processing/req_logging.py:29}}
Sep 29 01:57:32.881187 dv-cinder-740146-21-smb devstack@keystone.service[81648]: DEBUG keystone.server.flask.request_processing.req_logging [None req-9247ec47-de77-4a47-aca8-3c4ebb3d65ea None None] REQUEST_METHOD: `GET` {{(pid=81648) log_request_info /opt/stack/keystone/keystone/server/flask/request_processing/req_logging.py:27}}
Sep 29 01:57:32.881659 dv-cinder-740146-21-smb devstack@keystone.service[81648]: DEBUG keystone.server.flask.request_processing.req_logging [None req-9247ec47-de77-4a47-aca8-3c4ebb3d65ea None None] SCRIPT_NAME: `/identity` {{(pid=81648) log_request_info /opt/stack/keystone/keystone/server/flask/request_processing/req_logging.py:28}}
Sep 29 01:57:32.882079 dv-cinder-740146-21-smb devstack@keystone.service[81648]: DEBUG keystone.server.flask.request_processing.req_logging [None req-9247ec47-de77-4a47-aca8-3c4ebb3d65ea None None] PATH_INFO: `/` {{(pid=81648) log_request_info /opt/stack/keystone/keystone/server/flask/request_processing/req_logging.py:29}}
Sep 29 01:57:32.882919 dv-cinder-740146-21-smb devstack@keystone.service[81649]: [pid: 81649|app: 0|req: 29/64] 10.222.0.49 () {54 vars in 927 bytes} [Thu Sep 29 01:57:32 2022] GET /identity => generated 270 bytes in 5 msecs (HTTP/1.1 300) 6 headers in 234 bytes (1 switches on core 0)
Sep 29 01:57:32.884051 dv-cinder-740146-21-smb devstack@keystone.service[81648]: [pid: 81648|app: 0|req: 36/65] 10.222.0.49 () {54 vars in 927 bytes} [Thu Sep 29 01:57:32 2022] GET /identity => generated 270 bytes in 4 msecs (HTTP/1.1 300) 6 headers in 234 bytes (1 switches on core 0)
Sep 29 01:57:32.888650 dv-cinder-740146-21-smb devstack@keystone.service[81649]: DEBUG keystone.server.flask.request_processing.req_logging [None req-7e3a5cdd-2b59-4fb0-bae9-5b510ac160e1 None None] REQUEST_METHOD: `POST` {{(pid=81649) log_request_info /opt/stack/keystone/keystone/server/flask/request_processing/req_logging.py:27}}
Sep 29 01:57:32.888927 dv-cinder-740146-21-smb devstack@keystone.service[81649]: DEBUG keystone.server.flask.request_processing.req_logging [None req-7e3a5cdd-2b59-4fb0-bae9-5b510ac160e1 None None] SCRIPT_NAME: `/identity` {{(pid=81649) log_request_info /opt/stack/keystone/keystone/server/flask/request_processing/req_logging.py:28}}
Sep 29 01:57:32.889381 dv-cinder-740146-21-smb devstack@keystone.service[81649]: DEBUG keystone.server.flask.request_processing.req_logging [None req-7e3a5cdd-2b59-4fb0-bae9-5b510ac160e1 None None] PATH_INFO: `/v3/auth/tokens` {{(pid=81649) log_request_info /opt/stack/keystone/keystone/server/flask/request_processing/req_logging.py:29}}
Sep 29 01:57:32.892738 dv-cinder-740146-21-smb devstack@keystone.service[81648]: DEBUG keystone.server.flask.request_processing.req_logging [None req-86935728-4970-4835-9bc2-3cedbc12035c None None] REQUEST_METHOD: `POST` {{(pid=81648) log_request_info /opt/stack/keystone/keystone/server/flask/request_processing/req_logging.py:27}}
Sep 29 01:57:32.893033 dv-cinder-740146-21-smb devstack@keystone.service[81648]: DEBUG keystone.server.flask.request_processing.req_logging [None req-86935728-4970-4835-9bc2-3cedbc12035c None None] SCRIPT_NAME: `/identity` {{(pid=81648) log_request_info /opt/stack/keystone/keystone/server/flask/request_processing/req_logging.py:28}}
Sep 29 01:57:32.893494 dv-cinder-740146-21-smb devstack@keystone.service[81648]: DEBUG keystone.server.flask.request_processing.req_logging [None req-86935728-4970-4835-9bc2-3cedbc12035c None None] PATH_INFO: `/v3/auth/tokens` {{(pid=81648) log_request_info /opt/stack/keystone/keystone/server/flask/request_processing/req_logging.py:29}}
Sep 29 01:57:32.928121 dv-cinder-740146-21-smb devstack@keystone.service[81649]: DEBUG keystone.auth.core [None req-7e3a5cdd-2b59-4fb0-bae9-5b510ac160e1 None None] MFA Rules not processed for user `d04b7db4290a4ee3872fe98d8aad0254`. Rule list: `[]` (Enabled: `True`). {{(pid=81649) check_auth_methods_against_rules /opt/stack/keystone/keystone/auth/core.py:438}}
Sep 29 01:57:32.929410 dv-cinder-740146-21-smb devstack@keystone.service[81648]: DEBUG keystone.auth.core [None req-86935728-4970-4835-9bc2-3cedbc12035c None None] MFA Rules not processed for user `d04b7db4290a4ee3872fe98d8aad0254`. Rule list: `[]` (Enabled: `True`). {{(pid=81648) check_auth_methods_against_rules /opt/stack/keystone/keystone/auth/core.py:438}}
Sep 29 01:57:32.929896 dv-cinder-740146-21-smb devstack@keystone.service[81649]: DEBUG keystone.common.fernet_utils [None req-7e3a5cdd-2b59-4fb0-bae9-5b510ac160e1 None None] Loaded 2 Fernet keys from /etc/keystone/fernet-keys/, but `[fernet_tokens] max_active_keys = 3`; perhaps there have not been enough key rotations to reach `max_active_keys` yet? {{(pid=81649) load_keys /opt/stack/keystone/keystone/common/fernet_utils.py:286}}
Sep 29 01:57:32.930596 dv-cinder-740146-21-smb devstack@keystone.service[81648]: DEBUG keystone.common.fernet_utils [None req-86935728-4970-4835-9bc2-3cedbc12035c None None] Loaded 2 Fernet keys from /etc/keystone/fernet-keys/, but `[fernet_tokens] max_active_keys = 3`; perhaps there have not been enough key rotations to reach `max_active_keys` yet? {{(pid=81648) load_keys /opt/stack/keystone/keystone/common/fernet_utils.py:286}}
Sep 29 01:57:33.034776 dv-cinder-740146-21-smb devstack@keystone.service[81649]: [pid: 81649|app: 0|req: 30/66] 10.222.0.49 () {58 vars in 1024 bytes} [Thu Sep 29 01:57:32 2022] POST /identity/v3/auth/tokens => generated 799 bytes in 147 msecs (HTTP/1.1 201) 6 headers in 363 bytes (1 switches on core 0)
Sep 29 01:57:33.057330 dv-cinder-740146-21-smb devstack@keystone.service[81648]: [pid: 81648|app: 0|req: 37/67] 10.222.0.49 () {58 vars in 1024 bytes} [Thu Sep 29 01:57:32 2022] POST /identity/v3/auth/tokens => generated 799 bytes in 165 msecs (HTTP/1.1 201) 6 headers in 363 bytes (1 switches on core 0)
Sep 29 01:57:33.153210 dv-cinder-740146-21-smb devstack@keystone.service[81649]: DEBUG keystone.server.flask.request_processing.middleware.auth_context [None req-7e3a5cdd-2b59-4fb0-bae9-5b510ac160e1 None None] Authenticating user token {{(pid=81649) process_request /usr/local/lib/python3.8/dist-packages/keystonemiddleware/auth_token/__init__.py:407}}
Sep 29 01:57:33.227438 dv-cinder-740146-21-smb devstack@keystone.service[81649]: DEBUG dbcounter [-] [81649] Writing DB stats keystone:SELECT=100 {{(pid=81649) stat_writer /usr/local/lib/python3.8/dist-packages/dbcounter.py:114}}
Sep 29 01:57:33.238477 dv-cinder-740146-21-smb devstack@keystone.service[81648]: DEBUG keystone.server.flask.request_processing.req_logging [None req-2971fe79-1eb3-4bb0-97bf-91b305300e0f None None] REQUEST_METHOD: `GET` {{(pid=81648) log_request_info /opt/stack/keystone/keystone/server/flask/request_processing/req_logging.py:27}}
Sep 29 01:57:33.239259 dv-cinder-740146-21-smb devstack@keystone.service[81648]: DEBUG keystone.server.flask.request_processing.req_logging [None req-2971fe79-1eb3-4bb0-97bf-91b305300e0f None None] SCRIPT_NAME: `/identity` {{(pid=81648) log_request_info /opt/stack/keystone/keystone/server/flask/request_processing/req_logging.py:28}}
Sep 29 01:57:33.239797 dv-cinder-740146-21-smb devstack@keystone.service[81648]: DEBUG keystone.server.flask.request_processing.req_logging [None req-2971fe79-1eb3-4bb0-97bf-91b305300e0f None None] PATH_INFO: `/` {{(pid=81648) log_request_info /opt/stack/keystone/keystone/server/flask/request_processing/req_logging.py:29}}
Sep 29 01:57:33.241814 dv-cinder-740146-21-smb devstack@keystone.service[81648]: [pid: 81648|app: 0|req: 38/68] 10.222.0.49 () {54 vars in 927 bytes} [Thu Sep 29 01:57:33 2022] GET /identity => generated 270 bytes in 5 msecs (HTTP/1.1 300) 6 headers in 234 bytes (1 switches on core 0)
Sep 29 01:57:33.246992 dv-cinder-740146-21-smb devstack@keystone.service[81648]: DEBUG keystone.server.flask.request_processing.req_logging [None req-3a79dc23-bc97-4458-a262-867d2dad3f60 None None] REQUEST_METHOD: `POST` {{(pid=81648) log_request_info /opt/stack/keystone/keystone/server/flask/request_processing/req_logging.py:27}}
Sep 29 01:57:33.247500 dv-cinder-740146-21-smb devstack@keystone.service[81648]: DEBUG keystone.server.flask.request_processing.req_logging [None req-3a79dc23-bc97-4458-a262-867d2dad3f60 None None] SCRIPT_NAME: `/identity` {{(pid=81648) log_request_info /opt/stack/keystone/keystone/server/flask/request_processing/req_logging.py:28}}
Sep 29 01:57:33.247993 dv-cinder-740146-21-smb devstack@keystone.service[81648]: DEBUG keystone.server.flask.request_processing.req_logging [None req-3a79dc23-bc97-4458-a262-867d2dad3f60 None None] PATH_INFO: `/v3/auth/tokens` {{(pid=81648) log_request_info /opt/stack/keystone/keystone/server/flask/request_processing/req_logging.py:29}}
Sep 29 01:57:33.267706 dv-cinder-740146-21-smb devstack@keystone.service[81648]: DEBUG keystone.auth.core [None req-3a79dc23-bc97-4458-a262-867d2dad3f60 None None] MFA Rules not processed for user `d04b7db4290a4ee3872fe98d8aad0254`. Rule list: `[]` (Enabled: `True`). {{(pid=81648) check_auth_methods_against_rules /opt/stack/keystone/keystone/auth/core.py:438}}
Sep 29 01:57:33.269245 dv-cinder-740146-21-smb devstack@keystone.service[81648]: DEBUG keystone.common.fernet_utils [None req-3a79dc23-bc97-4458-a262-867d2dad3f60 None None] Loaded 2 Fernet keys from /etc/keystone/fernet-keys/, but `[fernet_tokens] max_active_keys = 3`; perhaps there have not been enough key rotations to reach `max_active_keys` yet? {{(pid=81648) load_keys /opt/stack/keystone/keystone/common/fernet_utils.py:286}}
Sep 29 01:57:33.309440 dv-cinder-740146-21-smb devstack@keystone.service[81649]: DEBUG keystone.server.flask.request_processing.middleware.auth_context [None req-7e3a5cdd-2b59-4fb0-bae9-5b510ac160e1 None None] Validating token access rules against request {{(pid=81649) validate_allowed_request /usr/local/lib/python3.8/dist-packages/keystonemiddleware/auth_token/__init__.py:545}}
Sep 29 01:57:33.357299 dv-cinder-740146-21-smb devstack@keystone.service[81649]: DEBUG keystone.server.flask.request_processing.middleware.auth_context [None req-556456c3-3976-442a-85c2-e8b973ccd90b None admin] RBAC: auth_context: {'token': , 'domain_id': None, 'trust_id': None, 'trustor_id': None, 'trustee_id': None, 'domain_name': None, 'group_ids': [], 'user_id': 'd04b7db4290a4ee3872fe98d8aad0254', 'user_domain_id': 'default', 'system_scope': 'all', 'project_id': None, 'project_domain_id': None, 'roles': ['admin', 'member', 'reader'], 'is_admin_project': True, 'service_user_id': None, 'service_user_domain_id': None, 'service_project_id': None, 'service_project_domain_id': None, 'service_roles': []} {{(pid=81649) fill_context /opt/stack/keystone/keystone/server/flask/request_processing/middleware/auth_context.py:478}}
Sep 29 01:57:33.358318 dv-cinder-740146-21-smb devstack@keystone.service[81649]: DEBUG keystone.server.flask.request_processing.req_logging [None req-556456c3-3976-442a-85c2-e8b973ccd90b None admin] REQUEST_METHOD: `GET` {{(pid=81649) log_request_info /opt/stack/keystone/keystone/server/flask/request_processing/req_logging.py:27}}
Sep 29 01:57:33.358845 dv-cinder-740146-21-smb devstack@keystone.service[81649]: DEBUG keystone.server.flask.request_processing.req_logging [None req-556456c3-3976-442a-85c2-e8b973ccd90b None admin] SCRIPT_NAME: `/identity` {{(pid=81649) log_request_info /opt/stack/keystone/keystone/server/flask/request_processing/req_logging.py:28}}
Sep 29 01:57:33.359254 dv-cinder-740146-21-smb devstack@keystone.service[81649]: DEBUG keystone.server.flask.request_processing.req_logging [None req-556456c3-3976-442a-85c2-e8b973ccd90b None admin] PATH_INFO: `/v3/roles/member` {{(pid=81649) log_request_info /opt/stack/keystone/keystone/server/flask/request_processing/req_logging.py:29}}
Sep 29 01:57:33.365052 dv-cinder-740146-21-smb devstack@keystone.service[81648]: [pid: 81648|app: 0|req: 39/69] 10.222.0.49 () {58 vars in 1024 bytes} [Thu Sep 29 01:57:33 2022] POST /identity/v3/auth/tokens => generated 799 bytes in 119 msecs (HTTP/1.1 201) 6 headers in 363 bytes (2 switches on core 0)
Sep 29 01:57:33.366638 dv-cinder-740146-21-smb devstack@keystone.service[81648]: DEBUG keystone.server.flask.request_processing.req_logging [None req-3d74fac4-f619-46b4-bb0d-857a0c8a9774 None None] REQUEST_METHOD: `GET` {{(pid=81648) log_request_info /opt/stack/keystone/keystone/server/flask/request_processing/req_logging.py:27}}
Sep 29 01:57:33.367052 dv-cinder-740146-21-smb devstack@keystone.service[81648]: DEBUG keystone.server.flask.request_processing.req_logging [None req-3d74fac4-f619-46b4-bb0d-857a0c8a9774 None None] SCRIPT_NAME: `/identity` {{(pid=81648) log_request_info /opt/stack/keystone/keystone/server/flask/request_processing/req_logging.py:28}}
Sep 29 01:57:33.367431 dv-cinder-740146-21-smb devstack@keystone.service[81648]: DEBUG keystone.server.flask.request_processing.req_logging [None req-3d74fac4-f619-46b4-bb0d-857a0c8a9774 None None] PATH_INFO: `/` {{(pid=81648) log_request_info /opt/stack/keystone/keystone/server/flask/request_processing/req_logging.py:29}}
Sep 29 01:57:33.368883 dv-cinder-740146-21-smb devstack@keystone.service[81648]: [pid: 81648|app: 0|req: 40/70] 10.222.0.49 () {54 vars in 927 bytes} [Thu Sep 29 01:57:33 2022] GET /identity => generated 270 bytes in 3 msecs (HTTP/1.1 300) 6 headers in 234 bytes (1 switches on core 0)
Sep 29 01:57:33.373633 dv-cinder-740146-21-smb devstack@keystone.service[81649]: DEBUG keystone.common.rbac_enforcer.enforcer [None req-556456c3-3976-442a-85c2-e8b973ccd90b None admin] Extracting inferred target data resulted in "NOT FOUND (404)". {{(pid=81649) enforce_call /opt/stack/keystone/keystone/common/rbac_enforcer/enforcer.py:409}}
Sep 29 01:57:33.380188 dv-cinder-740146-21-smb devstack@keystone.service[81648]: DEBUG keystone.server.flask.request_processing.req_logging [None req-2370daf7-a554-4670-ab58-f65affce676d None None] REQUEST_METHOD: `POST` {{(pid=81648) log_request_info /opt/stack/keystone/keystone/server/flask/request_processing/req_logging.py:27}}
Sep 29 01:57:33.380579 dv-cinder-740146-21-smb devstack@keystone.service[81648]: DEBUG keystone.server.flask.request_processing.req_logging [None req-2370daf7-a554-4670-ab58-f65affce676d None None] SCRIPT_NAME: `/identity` {{(pid=81648) log_request_info /opt/stack/keystone/keystone/server/flask/request_processing/req_logging.py:28}}
Sep 29 01:57:33.380961 dv-cinder-740146-21-smb devstack@keystone.service[81648]: DEBUG keystone.server.flask.request_processing.req_logging [None req-2370daf7-a554-4670-ab58-f65affce676d None None] PATH_INFO: `/v3/auth/tokens` {{(pid=81648) log_request_info /opt/stack/keystone/keystone/server/flask/request_processing/req_logging.py:29}}
Sep 29 01:57:33.381397 dv-cinder-740146-21-smb devstack@keystone.service[81649]: ERROR keystone.server.flask.application [None req-556456c3-3976-442a-85c2-e8b973ccd90b None admin] Could not find role: member.: keystone.exception.RoleNotFound: Could not find role: member.
Sep 29 01:57:33.381397 dv-cinder-740146-21-smb devstack@keystone.service[81649]: ERROR keystone.server.flask.application
Traceback (most recent call last):
Sep 29 01:57:33.381397 dv-cinder-740146-21-smb devstack@keystone.service[81649]: ERROR keystone.server.flask.application
File "/usr/local/lib/python3.8/dist-packages/flask/app.py", line 1820, in full_dispatch_request
Sep 29 01:57:33.381397 dv-cinder-740146-21-smb devstack@keystone.service[81649]: ERROR keystone.server.flask.application rv = self.dispatch_request()
Sep 29 01:57:33.381397 dv-cinder-740146-21-smb devstack@keystone.service[81649]: ERROR keystone.server.flask.application
File "/usr/local/lib/python3.8/dist-packages/flask/app.py", line 1796, in dispatch_request
Sep 29 01:57:33.381397 dv-cinder-740146-21-smb devstack@keystone.service[81649]: ERROR keystone.server.flask.application return self.ensure_sync(self.view_functions[rule.endpoint])(**view_args)
Sep 29 01:57:33.381397 dv-cinder-740146-21-smb devstack@keystone.service[81649]: ERROR keystone.server.flask.application
File "/usr/local/lib/python3.8/dist-packages/flask_restful/__init__.py", line 467, in wrapper
Sep 29 01:57:33.381397 dv-cinder-740146-21-smb devstack@keystone.service[81649]: ERROR keystone.server.flask.application resp = resource(*args, **kwargs)
Sep 29 01:57:33.381397 dv-cinder-740146-21-smb devstack@keystone.service[81649]: ERROR keystone.server.flask.application
File "/usr/local/lib/python3.8/dist-packages/flask/views.py", line 107, in view
Sep 29 01:57:33.381397 dv-cinder-740146-21-smb devstack@keystone.service[81649]: ERROR keystone.server.flask.application return current_app.ensure_sync(self.dispatch_request)(**kwargs)
Sep 29 01:57:33.381397 dv-cinder-740146-21-smb devstack@keystone.service[81649]: ERROR keystone.server.flask.application
File "/usr/local/lib/python3.8/dist-packages/flask_restful/__init__.py", line 582, in dispatch_request
Sep 29 01:57:33.381397 dv-cinder-740146-21-smb devstack@keystone.service[81649]: ERROR keystone.server.flask.application resp = meth(*args, **kwargs)
Sep 29 01:57:33.381397 dv-cinder-740146-21-smb devstack@keystone.service[81649]: ERROR keystone.server.flask.application
File "/opt/stack/keystone/keystone/api/roles.py", line 50, in get
Sep 29 01:57:33.381397 dv-cinder-740146-21-smb devstack@keystone.service[81649]: ERROR keystone.server.flask.application return self._get_role(role_id)
Sep 29 01:57:33.381397 dv-cinder-740146-21-smb devstack@keystone.service[81649]: ERROR keystone.server.flask.application
File "/opt/stack/keystone/keystone/api/roles.py", line 70, in _get_role
Sep 29 01:57:33.381397 dv-cinder-740146-21-smb devstack@keystone.service[81649]: ERROR keystone.server.flask.application ENFORCER.enforce_call(action='identity:get_role')
Sep 29 01:57:33.382405 dv-cinder-740146-21-smb devstack@keystone.service[81649]: ERROR keystone.server.flask.application
File "/opt/stack/keystone/keystone/common/rbac_enforcer/enforcer.py", line 402, in enforce_call
Sep 29 01:57:33.382405 dv-cinder-740146-21-smb devstack@keystone.service[81649]: ERROR keystone.server.flask.application policy_dict.update(cls._extract_member_target_data(
Sep 29 01:57:33.382405 dv-cinder-740146-21-smb devstack@keystone.service[81649]: ERROR keystone.server.flask.application
File "/opt/stack/keystone/keystone/common/rbac_enforcer/enforcer.py", line 234, in _extract_member_target_data
Sep 29 01:57:33.382405 dv-cinder-740146-21-smb devstack@keystone.service[81649]: ERROR keystone.server.flask.application member_name: func(flask.request.view_args[key])
Sep 29 01:57:33.382405 dv-cinder-740146-21-smb devstack@keystone.service[81649]: ERROR keystone.server.flask.application
File "/opt/stack/keystone/keystone/common/manager.py", line 115, in wrapped
Sep 29 01:57:33.382405 dv-cinder-740146-21-smb devstack@keystone.service[81649]: ERROR keystone.server.flask.application __ret_val = __f(*args, **kwargs)
Sep 29 01:57:33.382405 dv-cinder-740146-21-smb devstack@keystone.service[81649]: ERROR keystone.server.flask.application
File "/usr/local/lib/python3.8/dist-packages/decorator.py", line 232, in fun
Sep 29 01:57:33.382405 dv-cinder-740146-21-smb devstack@keystone.service[81649]: ERROR keystone.server.flask.application return caller(func, *(extras + args), **kw)
Sep 29 01:57:33.382405 dv-cinder-740146-21-smb devstack@keystone.service[81649]: ERROR keystone.server.flask.application
File "/usr/local/lib/python3.8/dist-packages/dogpile/cache/region.py", line 1577, in get_or_create_for_user_func
Sep 29 01:57:33.382405 dv-cinder-740146-21-smb devstack@keystone.service[81649]: ERROR keystone.server.flask.application return self.get_or_create(
Sep 29 01:57:33.382405 dv-cinder-740146-21-smb devstack@keystone.service[81649]: ERROR keystone.server.flask.application
File "/usr/local/lib/python3.8/dist-packages/dogpile/cache/region.py", line 1042, in get_or_create
Sep 29 01:57:33.382405 dv-cinder-740146-21-smb devstack@keystone.service[81649]: ERROR keystone.server.flask.application with Lock(
Sep 29 01:57:33.382405 dv-cinder-740146-21-smb devstack@keystone.service[81649]: ERROR keystone.server.flask.application
File "/usr/local/lib/python3.8/dist-packages/dogpile/lock.py", line 185, in __enter__
Sep 29 01:57:33.382405 dv-cinder-740146-21-smb devstack@keystone.service[81649]: ERROR keystone.server.flask.application return self._enter()
Sep 29 01:57:33.382405 dv-cinder-740146-21-smb devstack@keystone.service[81649]: ERROR keystone.server.flask.application
File "/usr/local/lib/python3.8/dist-packages/dogpile/lock.py", line 94, in _enter
Sep 29 01:57:33.382405 dv-cinder-740146-21-smb devstack@keystone.service[81649]: ERROR keystone.server.flask.application generated = self._enter_create(value, createdtime)
Sep 29 01:57:33.383347 dv-cinder-740146-21-smb devstack@keystone.service[81649]: ERROR keystone.server.flask.application
File "/usr/local/lib/python3.8/dist-packages/dogpile/lock.py", line 178, in _enter_create
Sep 29 01:57:33.383347 dv-cinder-740146-21-smb devstack@keystone.service[81649]: ERROR keystone.server.flask.application return self.creator()
Sep 29 01:57:33.383347 dv-cinder-740146-21-smb devstack@keystone.service[81649]: ERROR keystone.server.flask.application
File "/usr/local/lib/python3.8/dist-packages/dogpile/cache/region.py", line 995, in gen_value
Sep 29 01:57:33.383347 dv-cinder-740146-21-smb devstack@keystone.service[81649]: ERROR keystone.server.flask.application created_value = creator(
Sep 29 01:57:33.383347 dv-cinder-740146-21-smb devstack@keystone.service[81649]: ERROR keystone.server.flask.application
File "/opt/stack/keystone/keystone/assignment/core.py", line 1276, in get_role
Sep 29 01:57:33.383347 dv-cinder-740146-21-smb devstack@keystone.service[81649]: ERROR keystone.server.flask.application return self.driver.get_role(role_id)
Sep 29 01:57:33.383347 dv-cinder-740146-21-smb devstack@keystone.service[81649]: ERROR keystone.server.flask.application
File "/opt/stack/keystone/keystone/assignment/role_backends/sql.py", line 70, in get_role
Sep 29 01:57:33.383347 dv-cinder-740146-21-smb devstack@keystone.service[81649]: ERROR keystone.server.flask.application return self._get_role(session, role_id).to_dict()
Sep 29 01:57:33.383347 dv-cinder-740146-21-smb devstack@keystone.service[81649]: ERROR keystone.server.flask.application
File "/opt/stack/keystone/keystone/assignment/role_backends/sql.py", line 65, in _get_role
Sep 29 01:57:33.383347 dv-cinder-740146-21-smb devstack@keystone.service[81649]: ERROR keystone.server.flask.application raise exception.RoleNotFound(role_id=role_id)
Sep 29 01:57:33.383347 dv-cinder-740146-21-smb devstack@keystone.service[81649]: ERROR keystone.server.flask.application keystone.exception.RoleNotFound: Could not find role: member.
Sep 29 01:57:33.383347 dv-cinder-740146-21-smb devstack@keystone.service[81649]: ERROR keystone.server.flask.application
Sep 29 01:57:33.385255 dv-cinder-740146-21-smb devstack@keystone.service[81649]: [pid: 81649|app: 0|req: 31/71] 10.222.0.49 () {56 vars in 1099 bytes} [Thu Sep 29 01:57:33 2022] GET /identity/v3/roles/member => generated 84 bytes in 233 msecs (HTTP/1.1 404) 5 headers in 183 bytes (1 switches on core 0)
Sep 29 01:57:33.394334 dv-cinder-740146-21-smb devstack@keystone.service[81649]: DEBUG keystone.server.flask.request_processing.middleware.auth_context [None req-556456c3-3976-442a-85c2-e8b973ccd90b None admin] Authenticating user token {{(pid=81649) process_request /usr/local/lib/python3.8/dist-packages/keystonemiddleware/auth_token/__init__.py:407}}
Sep 29 01:57:33.415024 dv-cinder-740146-21-smb devstack@keystone.service[81648]: DEBUG keystone.auth.core [None req-2370daf7-a554-4670-ab58-f65affce676d None None] MFA Rules not processed for user `d04b7db4290a4ee3872fe98d8aad0254`. Rule list: `[]` (Enabled: `True`). {{(pid=81648) check_auth_methods_against_rules /opt/stack/keystone/keystone/auth/core.py:438}}
Sep 29 01:57:33.416263 dv-cinder-740146-21-smb devstack@keystone.service[81648]: DEBUG keystone.common.fernet_utils [None req-2370daf7-a554-4670-ab58-f65affce676d None None] Loaded 2 Fernet keys from /etc/keystone/fernet-keys/, but `[fernet_tokens] max_active_keys = 3`; perhaps there have not been enough key rotations to reach `max_active_keys` yet? {{(pid=81648) load_keys /opt/stack/keystone/keystone/common/fernet_utils.py:286}}
Sep 29 01:57:33.461529 dv-cinder-740146-21-smb devstack@keystone.service[81648]: DEBUG dbcounter [-] [81648] Writing DB stats keystone:SELECT=100 {{(pid=81648) stat_writer /usr/local/lib/python3.8/dist-packages/dbcounter.py:114}}
