Sep 29 01:57:36.855431 dv-cinder-740146-21-iscsi devstack@keystone.service[81543]: ERROR keystone.server.flask.application __ret_val = __f(*args, **kwargs)
Sep 29 01:57:36.855431 dv-cinder-740146-21-iscsi devstack@keystone.service[81543]: ERROR keystone.server.flask.application
File "/usr/local/lib/python3.8/dist-packages/decorator.py", line 232, in fun
Sep 29 01:57:36.855431 dv-cinder-740146-21-iscsi devstack@keystone.service[81543]: ERROR keystone.server.flask.application return caller(func, *(extras + args), **kw)
Sep 29 01:57:36.855431 dv-cinder-740146-21-iscsi devstack@keystone.service[81543]: ERROR keystone.server.flask.application
File "/usr/local/lib/python3.8/dist-packages/dogpile/cache/region.py", line 1577, in get_or_create_for_user_func
Sep 29 01:57:36.855431 dv-cinder-740146-21-iscsi devstack@keystone.service[81543]: ERROR keystone.server.flask.application return self.get_or_create(
Sep 29 01:57:36.855431 dv-cinder-740146-21-iscsi devstack@keystone.service[81543]: ERROR keystone.server.flask.application
File "/usr/local/lib/python3.8/dist-packages/dogpile/cache/region.py", line 1042, in get_or_create
Sep 29 01:57:36.855431 dv-cinder-740146-21-iscsi devstack@keystone.service[81543]: ERROR keystone.server.flask.application with Lock(
Sep 29 01:57:36.855431 dv-cinder-740146-21-iscsi devstack@keystone.service[81543]: ERROR keystone.server.flask.application
File "/usr/local/lib/python3.8/dist-packages/dogpile/lock.py", line 185, in __enter__
Sep 29 01:57:36.855431 dv-cinder-740146-21-iscsi devstack@keystone.service[81543]: ERROR keystone.server.flask.application return self._enter()
Sep 29 01:57:36.855431 dv-cinder-740146-21-iscsi devstack@keystone.service[81543]: ERROR keystone.server.flask.application
File "/usr/local/lib/python3.8/dist-packages/dogpile/lock.py", line 94, in _enter
Sep 29 01:57:36.855431 dv-cinder-740146-21-iscsi devstack@keystone.service[81543]: ERROR keystone.server.flask.application generated = self._enter_create(value, createdtime)
Sep 29 01:57:36.856185 dv-cinder-740146-21-iscsi devstack@keystone.service[81543]: ERROR keystone.server.flask.application
File "/usr/local/lib/python3.8/dist-packages/dogpile/lock.py", line 178, in _enter_create
Sep 29 01:57:36.856185 dv-cinder-740146-21-iscsi devstack@keystone.service[81543]: ERROR keystone.server.flask.application return self.creator()
Sep 29 01:57:36.856185 dv-cinder-740146-21-iscsi devstack@keystone.service[81543]: ERROR keystone.server.flask.application
File "/usr/local/lib/python3.8/dist-packages/dogpile/cache/region.py", line 995, in gen_value
Sep 29 01:57:36.856185 dv-cinder-740146-21-iscsi devstack@keystone.service[81543]: ERROR keystone.server.flask.application created_value = creator(
Sep 29 01:57:36.856185 dv-cinder-740146-21-iscsi devstack@keystone.service[81543]: ERROR keystone.server.flask.application
File "/opt/stack/keystone/keystone/assignment/core.py", line 1276, in get_role
Sep 29 01:57:36.856185 dv-cinder-740146-21-iscsi devstack@keystone.service[81543]: ERROR keystone.server.flask.application return self.driver.get_role(role_id)
Sep 29 01:57:36.856185 dv-cinder-740146-21-iscsi devstack@keystone.service[81543]: ERROR keystone.server.flask.application
File "/opt/stack/keystone/keystone/assignment/role_backends/sql.py", line 70, in get_role
Sep 29 01:57:36.856185 dv-cinder-740146-21-iscsi devstack@keystone.service[81543]: ERROR keystone.server.flask.application return self._get_role(session, role_id).to_dict()
Sep 29 01:57:36.856185 dv-cinder-740146-21-iscsi devstack@keystone.service[81543]: ERROR keystone.server.flask.application
File "/opt/stack/keystone/keystone/assignment/role_backends/sql.py", line 65, in _get_role
Sep 29 01:57:36.856185 dv-cinder-740146-21-iscsi devstack@keystone.service[81543]: ERROR keystone.server.flask.application raise exception.RoleNotFound(role_id=role_id)
Sep 29 01:57:36.856185 dv-cinder-740146-21-iscsi devstack@keystone.service[81543]: ERROR keystone.server.flask.application keystone.exception.RoleNotFound: Could not find role: reader.
Sep 29 01:57:36.856185 dv-cinder-740146-21-iscsi devstack@keystone.service[81543]: ERROR keystone.server.flask.application
Sep 29 01:57:36.856185 dv-cinder-740146-21-iscsi devstack@keystone.service[81543]: [pid: 81543|app: 0|req: 51/106] 10.222.0.27 () {56 vars in 1099 bytes} [Thu Sep 29 01:57:36 2022] GET /identity/v3/roles/reader => generated 84 bytes in 184 msecs (HTTP/1.1 404) 5 headers in 183 bytes (1 switches on core 0)
Sep 29 01:57:36.862025 dv-cinder-740146-21-iscsi devstack@keystone.service[81544]: DEBUG keystone.server.flask.request_processing.middleware.auth_context [None req-1740a16e-6f33-423b-8cfc-0b5f8da3a829 None None] Authenticating user token {{(pid=81544) process_request /usr/local/lib/python3.8/dist-packages/keystonemiddleware/auth_token/__init__.py:407}}
Sep 29 01:57:36.962407 dv-cinder-740146-21-iscsi devstack@keystone.service[81543]: DEBUG keystone.server.flask.request_processing.middleware.auth_context [None req-548e145d-7cbf-402f-b5bc-02b08b79b9fb None admin] Authenticating user token {{(pid=81543) process_request /usr/local/lib/python3.8/dist-packages/keystonemiddleware/auth_token/__init__.py:407}}
Sep 29 01:57:36.997761 dv-cinder-740146-21-iscsi devstack@keystone.service[81544]: DEBUG keystone.server.flask.request_processing.middleware.auth_context [None req-1740a16e-6f33-423b-8cfc-0b5f8da3a829 None None] Validating token access rules against request {{(pid=81544) validate_allowed_request /usr/local/lib/python3.8/dist-packages/keystonemiddleware/auth_token/__init__.py:545}}
Sep 29 01:57:37.049343 dv-cinder-740146-21-iscsi devstack@keystone.service[81543]: DEBUG dbcounter [-] [81543] Writing DB stats keystone:SELECT=100 {{(pid=81543) stat_writer /usr/local/lib/python3.8/dist-packages/dbcounter.py:114}}
Sep 29 01:57:37.065468 dv-cinder-740146-21-iscsi devstack@keystone.service[81544]: DEBUG keystone.server.flask.request_processing.middleware.auth_context [None req-d6e333ae-b4d9-4a99-8111-dd58d1b1b63b None admin] RBAC: auth_context: {'token': , 'domain_id': None, 'trust_id': None, 'trustor_id': None, 'trustee_id': None, 'domain_name': None, 'group_ids': [], 'user_id': '90cfae9be7734268a0ec1a4bc2e21b77', 'user_domain_id': 'default', 'system_scope': 'all', 'project_id': None, 'project_domain_id': None, 'roles': ['admin', 'member', 'reader'], 'is_admin_project': True, 'service_user_id': None, 'service_user_domain_id': None, 'service_project_id': None, 'service_project_domain_id': None, 'service_roles': []} {{(pid=81544) fill_context /opt/stack/keystone/keystone/server/flask/request_processing/middleware/auth_context.py:478}}
Sep 29 01:57:37.066102 dv-cinder-740146-21-iscsi devstack@keystone.service[81544]: DEBUG keystone.server.flask.request_processing.req_logging [None req-d6e333ae-b4d9-4a99-8111-dd58d1b1b63b None admin] REQUEST_METHOD: `GET` {{(pid=81544) log_request_info /opt/stack/keystone/keystone/server/flask/request_processing/req_logging.py:27}}
Sep 29 01:57:37.066389 dv-cinder-740146-21-iscsi devstack@keystone.service[81544]: DEBUG keystone.server.flask.request_processing.req_logging [None req-d6e333ae-b4d9-4a99-8111-dd58d1b1b63b None admin] SCRIPT_NAME: `/identity` {{(pid=81544) log_request_info /opt/stack/keystone/keystone/server/flask/request_processing/req_logging.py:28}}
Sep 29 01:57:37.066667 dv-cinder-740146-21-iscsi devstack@keystone.service[81544]: DEBUG keystone.server.flask.request_processing.req_logging [None req-d6e333ae-b4d9-4a99-8111-dd58d1b1b63b None admin] PATH_INFO: `/v3/roles` {{(pid=81544) log_request_info /opt/stack/keystone/keystone/server/flask/request_processing/req_logging.py:29}}
Sep 29 01:57:37.067347 dv-cinder-740146-21-iscsi devstack@keystone.service[81544]: DEBUG keystone.common.rbac_enforcer.enforcer [None req-d6e333ae-b4d9-4a99-8111-dd58d1b1b63b None admin] RBAC: Adding query filter params (name=reader) {{(pid=81544) _extract_filter_values /opt/stack/keystone/keystone/common/rbac_enforcer/enforcer.py:167}}
Sep 29 01:57:37.067659 dv-cinder-740146-21-iscsi devstack@keystone.service[81544]: DEBUG keystone.common.rbac_enforcer.enforcer [None req-d6e333ae-b4d9-4a99-8111-dd58d1b1b63b None admin] RBAC: Authorizing `identity:list_roles()` {{(pid=81544) enforce_call /opt/stack/keystone/keystone/common/rbac_enforcer/enforcer.py:449}}
Sep 29 01:57:37.069083 dv-cinder-740146-21-iscsi devstack@keystone.service[81544]: DEBUG keystone.common.rbac_enforcer.enforcer [None req-d6e333ae-b4d9-4a99-8111-dd58d1b1b63b None admin] RBAC: Authorization granted {{(pid=81544) enforce_call /opt/stack/keystone/keystone/common/rbac_enforcer/enforcer.py:457}}
Sep 29 01:57:37.087147 dv-cinder-740146-21-iscsi devstack@keystone.service[81544]: [pid: 81544|app: 0|req: 56/107] 10.222.0.27 () {56 vars in 1101 bytes} [Thu Sep 29 01:57:36 2022] GET /identity/v3/roles?name=reader => generated 341 bytes in 225 msecs (HTTP/1.1 200) 5 headers in 177 bytes (1 switches on core 0)
Sep 29 01:57:37.093397 dv-cinder-740146-21-iscsi devstack@keystone.service[81544]: DEBUG keystone.server.flask.request_processing.middleware.auth_context [None req-d6e333ae-b4d9-4a99-8111-dd58d1b1b63b None admin] Authenticating user token {{(pid=81544) process_request /usr/local/lib/python3.8/dist-packages/keystonemiddleware/auth_token/__init__.py:407}}
Sep 29 01:57:37.100347 dv-cinder-740146-21-iscsi devstack@keystone.service[81544]: DEBUG dbcounter [-] [81544] Writing DB stats keystone:SELECT=100 {{(pid=81544) stat_writer /usr/local/lib/python3.8/dist-packages/dbcounter.py:114}}
Sep 29 01:57:37.133797 dv-cinder-740146-21-iscsi devstack@keystone.service[81543]: DEBUG keystone.server.flask.request_processing.middleware.auth_context [None req-548e145d-7cbf-402f-b5bc-02b08b79b9fb None admin] Validating token access rules against request {{(pid=81543) validate_allowed_request /usr/local/lib/python3.8/dist-packages/keystonemiddleware/auth_token/__init__.py:545}}
Sep 29 01:57:37.204987 dv-cinder-740146-21-iscsi devstack@keystone.service[81543]: DEBUG keystone.server.flask.request_processing.middleware.auth_context [None req-673d3713-9579-4a0d-b185-13bab1b985ac None admin] RBAC: auth_context: {'token': , 'domain_id': None, 'trust_id': None, 'trustor_id': None, 'trustee_id': None, 'domain_name': None, 'group_ids': [], 'user_id': '90cfae9be7734268a0ec1a4bc2e21b77', 'user_domain_id': 'default', 'system_scope': 'all', 'project_id': None, 'project_domain_id': None, 'roles': ['admin', 'member', 'reader'], 'is_admin_project': True, 'service_user_id': None, 'service_user_domain_id': None, 'service_project_id': None, 'service_project_domain_id': None, 'service_roles': []} {{(pid=81543) fill_context /opt/stack/keystone/keystone/server/flask/request_processing/middleware/auth_context.py:478}}
Sep 29 01:57:37.205621 dv-cinder-740146-21-iscsi devstack@keystone.service[81543]: DEBUG keystone.server.flask.request_processing.req_logging [None req-673d3713-9579-4a0d-b185-13bab1b985ac None admin] REQUEST_METHOD: `GET` {{(pid=81543) log_request_info /opt/stack/keystone/keystone/server/flask/request_processing/req_logging.py:27}}
Sep 29 01:57:37.205903 dv-cinder-740146-21-iscsi devstack@keystone.service[81543]: DEBUG keystone.server.flask.request_processing.req_logging [None req-673d3713-9579-4a0d-b185-13bab1b985ac None admin] SCRIPT_NAME: `/identity` {{(pid=81543) log_request_info /opt/stack/keystone/keystone/server/flask/request_processing/req_logging.py:28}}
Sep 29 01:57:37.206175 dv-cinder-740146-21-iscsi devstack@keystone.service[81543]: DEBUG keystone.server.flask.request_processing.req_logging [None req-673d3713-9579-4a0d-b185-13bab1b985ac None admin] PATH_INFO: `/v3/roles/member` {{(pid=81543) log_request_info /opt/stack/keystone/keystone/server/flask/request_processing/req_logging.py:29}}
Sep 29 01:57:37.222730 dv-cinder-740146-21-iscsi devstack@keystone.service[81543]: DEBUG keystone.common.rbac_enforcer.enforcer [None req-673d3713-9579-4a0d-b185-13bab1b985ac None admin] Extracting inferred target data resulted in "NOT FOUND (404)". {{(pid=81543) enforce_call /opt/stack/keystone/keystone/common/rbac_enforcer/enforcer.py:409}}
Sep 29 01:57:37.229272 dv-cinder-740146-21-iscsi devstack@keystone.service[81543]: ERROR keystone.server.flask.application [None req-673d3713-9579-4a0d-b185-13bab1b985ac None admin] Could not find role: member.: keystone.exception.RoleNotFound: Could not find role: member.
Sep 29 01:57:37.229272 dv-cinder-740146-21-iscsi devstack@keystone.service[81543]: ERROR keystone.server.flask.application
Traceback (most recent call last):
Sep 29 01:57:37.229272 dv-cinder-740146-21-iscsi devstack@keystone.service[81543]: ERROR keystone.server.flask.application
File "/usr/local/lib/python3.8/dist-packages/flask/app.py", line 1820, in full_dispatch_request
Sep 29 01:57:37.229272 dv-cinder-740146-21-iscsi devstack@keystone.service[81543]: ERROR keystone.server.flask.application rv = self.dispatch_request()
Sep 29 01:57:37.229272 dv-cinder-740146-21-iscsi devstack@keystone.service[81543]: ERROR keystone.server.flask.application
File "/usr/local/lib/python3.8/dist-packages/flask/app.py", line 1796, in dispatch_request
Sep 29 01:57:37.229272 dv-cinder-740146-21-iscsi devstack@keystone.service[81543]: ERROR keystone.server.flask.application return self.ensure_sync(self.view_functions[rule.endpoint])(**view_args)
Sep 29 01:57:37.229272 dv-cinder-740146-21-iscsi devstack@keystone.service[81543]: ERROR keystone.server.flask.application
File "/usr/local/lib/python3.8/dist-packages/flask_restful/__init__.py", line 467, in wrapper
Sep 29 01:57:37.229272 dv-cinder-740146-21-iscsi devstack@keystone.service[81543]: ERROR keystone.server.flask.application resp = resource(*args, **kwargs)
Sep 29 01:57:37.229272 dv-cinder-740146-21-iscsi devstack@keystone.service[81543]: ERROR keystone.server.flask.application
File "/usr/local/lib/python3.8/dist-packages/flask/views.py", line 107, in view
Sep 29 01:57:37.229272 dv-cinder-740146-21-iscsi devstack@keystone.service[81543]: ERROR keystone.server.flask.application return current_app.ensure_sync(self.dispatch_request)(**kwargs)
Sep 29 01:57:37.229272 dv-cinder-740146-21-iscsi devstack@keystone.service[81543]: ERROR keystone.server.flask.application
File "/usr/local/lib/python3.8/dist-packages/flask_restful/__init__.py", line 582, in dispatch_request
Sep 29 01:57:37.229272 dv-cinder-740146-21-iscsi devstack@keystone.service[81543]: ERROR keystone.server.flask.application resp = meth(*args, **kwargs)
Sep 29 01:57:37.229272 dv-cinder-740146-21-iscsi devstack@keystone.service[81543]: ERROR keystone.server.flask.application
File "/opt/stack/keystone/keystone/api/roles.py", line 50, in get
Sep 29 01:57:37.229272 dv-cinder-740146-21-iscsi devstack@keystone.service[81543]: ERROR keystone.server.flask.application return self._get_role(role_id)
Sep 29 01:57:37.229272 dv-cinder-740146-21-iscsi devstack@keystone.service[81543]: ERROR keystone.server.flask.application
File "/opt/stack/keystone/keystone/api/roles.py", line 70, in _get_role
Sep 29 01:57:37.229272 dv-cinder-740146-21-iscsi devstack@keystone.service[81543]: ERROR keystone.server.flask.application ENFORCER.enforce_call(action='identity:get_role')
Sep 29 01:57:37.230121 dv-cinder-740146-21-iscsi devstack@keystone.service[81543]: ERROR keystone.server.flask.application
File "/opt/stack/keystone/keystone/common/rbac_enforcer/enforcer.py", line 402, in enforce_call
Sep 29 01:57:37.230121 dv-cinder-740146-21-iscsi devstack@keystone.service[81543]: ERROR keystone.server.flask.application policy_dict.update(cls._extract_member_target_data(
Sep 29 01:57:37.230121 dv-cinder-740146-21-iscsi devstack@keystone.service[81543]: ERROR keystone.server.flask.application
File "/opt/stack/keystone/keystone/common/rbac_enforcer/enforcer.py", line 234, in _extract_member_target_data
Sep 29 01:57:37.230121 dv-cinder-740146-21-iscsi devstack@keystone.service[81543]: ERROR keystone.server.flask.application member_name: func(flask.request.view_args[key])
Sep 29 01:57:37.230121 dv-cinder-740146-21-iscsi devstack@keystone.service[81543]: ERROR keystone.server.flask.application
File "/opt/stack/keystone/keystone/common/manager.py", line 115, in wrapped
Sep 29 01:57:37.230121 dv-cinder-740146-21-iscsi devstack@keystone.service[81543]: ERROR keystone.server.flask.application __ret_val = __f(*args, **kwargs)
Sep 29 01:57:37.230121 dv-cinder-740146-21-iscsi devstack@keystone.service[81543]: ERROR keystone.server.flask.application
File "/usr/local/lib/python3.8/dist-packages/decorator.py", line 232, in fun
Sep 29 01:57:37.230121 dv-cinder-740146-21-iscsi devstack@keystone.service[81543]: ERROR keystone.server.flask.application return caller(func, *(extras + args), **kw)
Sep 29 01:57:37.230121 dv-cinder-740146-21-iscsi devstack@keystone.service[81543]: ERROR keystone.server.flask.application
File "/usr/local/lib/python3.8/dist-packages/dogpile/cache/region.py", line 1577, in get_or_create_for_user_func
Sep 29 01:57:37.230121 dv-cinder-740146-21-iscsi devstack@keystone.service[81543]: ERROR keystone.server.flask.application return self.get_or_create(
Sep 29 01:57:37.230121 dv-cinder-740146-21-iscsi devstack@keystone.service[81543]: ERROR keystone.server.flask.application
File "/usr/local/lib/python3.8/dist-packages/dogpile/cache/region.py", line 1042, in get_or_create
Sep 29 01:57:37.230121 dv-cinder-740146-21-iscsi devstack@keystone.service[81543]: ERROR keystone.server.flask.application with Lock(
Sep 29 01:57:37.230121 dv-cinder-740146-21-iscsi devstack@keystone.service[81543]: ERROR keystone.server.flask.application
File "/usr/local/lib/python3.8/dist-packages/dogpile/lock.py", line 185, in __enter__
Sep 29 01:57:37.230121 dv-cinder-740146-21-iscsi devstack@keystone.service[81543]: ERROR keystone.server.flask.application return self._enter()
Sep 29 01:57:37.230121 dv-cinder-740146-21-iscsi devstack@keystone.service[81543]: ERROR keystone.server.flask.application
File "/usr/local/lib/python3.8/dist-packages/dogpile/lock.py", line 94, in _enter
Sep 29 01:57:37.230121 dv-cinder-740146-21-iscsi devstack@keystone.service[81543]: ERROR keystone.server.flask.application generated = self._enter_create(value, createdtime)
Sep 29 01:57:37.230953 dv-cinder-740146-21-iscsi devstack@keystone.service[81543]: ERROR keystone.server.flask.application
File "/usr/local/lib/python3.8/dist-packages/dogpile/lock.py", line 178, in _enter_create
Sep 29 01:57:37.230953 dv-cinder-740146-21-iscsi devstack@keystone.service[81543]: ERROR keystone.server.flask.application return self.creator()
Sep 29 01:57:37.230953 dv-cinder-740146-21-iscsi devstack@keystone.service[81543]: ERROR keystone.server.flask.application
File "/usr/local/lib/python3.8/dist-packages/dogpile/cache/region.py", line 995, in gen_value
Sep 29 01:57:37.230953 dv-cinder-740146-21-iscsi devstack@keystone.service[81543]: ERROR keystone.server.flask.application created_value = creator(
Sep 29 01:57:37.230953 dv-cinder-740146-21-iscsi devstack@keystone.service[81543]: ERROR keystone.server.flask.application
File "/opt/stack/keystone/keystone/assignment/core.py", line 1276, in get_role
Sep 29 01:57:37.230953 dv-cinder-740146-21-iscsi devstack@keystone.service[81543]: ERROR keystone.server.flask.application return self.driver.get_role(role_id)
Sep 29 01:57:37.230953 dv-cinder-740146-21-iscsi devstack@keystone.service[81543]: ERROR keystone.server.flask.application
File "/opt/stack/keystone/keystone/assignment/role_backends/sql.py", line 70, in get_role
Sep 29 01:57:37.230953 dv-cinder-740146-21-iscsi devstack@keystone.service[81543]: ERROR keystone.server.flask.application return self._get_role(session, role_id).to_dict()
Sep 29 01:57:37.230953 dv-cinder-740146-21-iscsi devstack@keystone.service[81543]: ERROR keystone.server.flask.application
File "/opt/stack/keystone/keystone/assignment/role_backends/sql.py", line 65, in _get_role
Sep 29 01:57:37.230953 dv-cinder-740146-21-iscsi devstack@keystone.service[81543]: ERROR keystone.server.flask.application raise exception.RoleNotFound(role_id=role_id)
Sep 29 01:57:37.230953 dv-cinder-740146-21-iscsi devstack@keystone.service[81543]: ERROR keystone.server.flask.application keystone.exception.RoleNotFound: Could not find role: member.
Sep 29 01:57:37.230953 dv-cinder-740146-21-iscsi devstack@keystone.service[81543]: ERROR keystone.server.flask.application
Sep 29 01:57:37.230953 dv-cinder-740146-21-iscsi devstack@keystone.service[81543]: [pid: 81543|app: 0|req: 52/108] 10.222.0.27 () {56 vars in 1099 bytes} [Thu Sep 29 01:57:36 2022] GET /identity/v3/roles/member => generated 84 bytes in 269 msecs (HTTP/1.1 404) 5 headers in 183 bytes (2 switches on core 0)
Sep 29 01:57:37.239353 dv-cinder-740146-21-iscsi devstack@keystone.service[81543]: DEBUG keystone.server.flask.request_processing.middleware.auth_context [None req-673d3713-9579-4a0d-b185-13bab1b985ac None admin] Authenticating user token {{(pid=81543) process_request /usr/local/lib/python3.8/dist-packages/keystonemiddleware/auth_token/__init__.py:407}}
Sep 29 01:57:37.289880 dv-cinder-740146-21-iscsi devstack@keystone.service[81544]: DEBUG keystone.server.flask.request_processing.middleware.auth_context [None req-d6e333ae-b4d9-4a99-8111-dd58d1b1b63b None admin] Validating token access rules against request {{(pid=81544) validate_allowed_request /usr/local/lib/python3.8/dist-packages/keystonemiddleware/auth_token/__init__.py:545}}
Sep 29 01:57:37.363052 dv-cinder-740146-21-iscsi devstack@keystone.service[81544]: DEBUG keystone.server.flask.request_processing.middleware.auth_context [None req-7c229e56-cdae-4f0a-b345-cf14ea07a372 None admin] RBAC: auth_context: {'token': , 'domain_id': None, 'trust_id': None, 'trustor_id': None, 'trustee_id': None, 'domain_name': None, 'group_ids': [], 'user_id': '90cfae9be7734268a0ec1a4bc2e21b77', 'user_domain_id': 'default', 'system_scope': 'all', 'project_id': None, 'project_domain_id': None, 'roles': ['admin', 'member', 'reader'], 'is_admin_project': True, 'service_user_id': None, 'service_user_domain_id': None, 'service_project_id': None, 'service_project_domain_id': None, 'service_roles': []} {{(pid=81544) fill_context /opt/stack/keystone/keystone/server/flask/request_processing/middleware/auth_context.py:478}}
Sep 29 01:57:37.363618 dv-cinder-740146-21-iscsi devstack@keystone.service[81544]: DEBUG keystone.server.flask.request_processing.req_logging [None req-7c229e56-cdae-4f0a-b345-cf14ea07a372 None admin] REQUEST_METHOD: `GET` {{(pid=81544) log_request_info /opt/stack/keystone/keystone/server/flask/request_processing/req_logging.py:27}}
Sep 29 01:57:37.363900 dv-cinder-740146-21-iscsi devstack@keystone.service[81544]: DEBUG keystone.server.flask.request_processing.req_logging [None req-7c229e56-cdae-4f0a-b345-cf14ea07a372 None admin] SCRIPT_NAME: `/identity` {{(pid=81544) log_request_info /opt/stack/keystone/keystone/server/flask/request_processing/req_logging.py:28}}
Sep 29 01:57:37.364173 dv-cinder-740146-21-iscsi devstack@keystone.service[81544]: DEBUG keystone.server.flask.request_processing.req_logging [None req-7c229e56-cdae-4f0a-b345-cf14ea07a372 None admin] PATH_INFO: `/v3/users/0146ee3f42ca414d92bbab06274620a6` {{(pid=81544) log_request_info /opt/stack/keystone/keystone/server/flask/request_processing/req_logging.py:29}}
Sep 29 01:57:37.393555 dv-cinder-740146-21-iscsi devstack@keystone.service[81544]: DEBUG keystone.common.rbac_enforcer.enforcer [None req-7c229e56-cdae-4f0a-b345-cf14ea07a372 None admin] RBAC: Authorizing `identity:get_user(user_id=0146ee3f42ca414d92bbab06274620a6)` {{(pid=81544) enforce_call /opt/stack/keystone/keystone/common/rbac_enforcer/enforcer.py:449}}
Sep 29 01:57:37.395025 dv-cinder-740146-21-iscsi devstack@keystone.service[81544]: DEBUG keystone.common.rbac_enforcer.enforcer [None req-7c229e56-cdae-4f0a-b345-cf14ea07a372 None admin] RBAC: Authorization granted {{(pid=81544) enforce_call /opt/stack/keystone/keystone/common/rbac_enforcer/enforcer.py:457}}
Sep 29 01:57:37.396913 dv-cinder-740146-21-iscsi devstack@keystone.service[81544]: [pid: 81544|app: 0|req: 57/109] 10.222.0.27 () {56 vars in 1177 bytes} [Thu Sep 29 01:57:37 2022] GET /identity/v3/users/0146ee3f42ca414d92bbab06274620a6 => generated 289 bytes in 304 msecs (HTTP/1.1 200) 5 headers in 177 bytes (1 switches on core 0)
Sep 29 01:57:37.403497 dv-cinder-740146-21-iscsi devstack@keystone.service[81544]: DEBUG keystone.server.flask.request_processing.middleware.auth_context [None req-7c229e56-cdae-4f0a-b345-cf14ea07a372 None admin] Authenticating user token {{(pid=81544) process_request /usr/local/lib/python3.8/dist-packages/keystonemiddleware/auth_token/__init__.py:407}}
Sep 29 01:57:37.419241 dv-cinder-740146-21-iscsi devstack@keystone.service[81543]: DEBUG keystone.server.flask.request_processing.middleware.auth_context [None req-673d3713-9579-4a0d-b185-13bab1b985ac None admin] Validating token access rules against request {{(pid=81543) validate_allowed_request /usr/local/lib/python3.8/dist-packages/keystonemiddleware/auth_token/__init__.py:545}}
Sep 29 01:57:37.455792 dv-cinder-740146-21-iscsi devstack@keystone.service[81543]: DEBUG dbcounter [-] [81543] Writing DB stats keystone:SELECT=100 {{(pid=81543) stat_writer /usr/local/lib/python3.8/dist-packages/dbcounter.py:114}}
Sep 29 01:57:37.494210 dv-cinder-740146-21-iscsi devstack@keystone.service[81543]: DEBUG keystone.server.flask.request_processing.middleware.auth_context [None req-45ef192c-ef1d-4c48-b9e3-d20d782406dc None admin] RBAC: auth_context: {'token': , 'domain_id': None, 'trust_id': None, 'trustor_id': None, 'trustee_id': None, 'domain_name': None, 'group_ids': [], 'user_id': '90cfae9be7734268a0ec1a4bc2e21b77', 'user_domain_id': 'default', 'system_scope': 'all', 'project_id': None, 'project_domain_id': None, 'roles': ['admin', 'member', 'reader'], 'is_admin_project': True, 'service_user_id': None, 'service_user_domain_id': None, 'service_project_id': None, 'service_project_domain_id': None, 'service_roles': []} {{(pid=81543) fill_context /opt/stack/keystone/keystone/server/flask/request_processing/middleware/auth_context.py:478}}
Sep 29 01:57:37.495149 dv-cinder-740146-21-iscsi devstack@keystone.service[81543]: DEBUG keystone.server.flask.request_processing.req_logging [None req-45ef192c-ef1d-4c48-b9e3-d20d782406dc None admin] REQUEST_METHOD: `GET` {{(pid=81543) log_request_info /opt/stack/keystone/keystone/server/flask/request_processing/req_logging.py:27}}
Sep 29 01:57:37.495440 dv-cinder-740146-21-iscsi devstack@keystone.service[81543]: DEBUG keystone.server.flask.request_processing.req_logging [None req-45ef192c-ef1d-4c48-b9e3-d20d782406dc None admin] SCRIPT_NAME: `/identity` {{(pid=81543) log_request_info /opt/stack/keystone/keystone/server/flask/request_processing/req_logging.py:28}}
Sep 29 01:57:37.495722 dv-cinder-740146-21-iscsi devstack@keystone.service[81543]: DEBUG keystone.server.flask.request_processing.req_logging [None req-45ef192c-ef1d-4c48-b9e3-d20d782406dc None admin] PATH_INFO: `/v3/roles` {{(pid=81543) log_request_info /opt/stack/keystone/keystone/server/flask/request_processing/req_logging.py:29}}
Sep 29 01:57:37.496501 dv-cinder-740146-21-iscsi devstack@keystone.service[81543]: DEBUG keystone.common.rbac_enforcer.enforcer [None req-45ef192c-ef1d-4c48-b9e3-d20d782406dc None admin] RBAC: Adding query filter params (name=member) {{(pid=81543) _extract_filter_values /opt/stack/keystone/keystone/common/rbac_enforcer/enforcer.py:167}}
Sep 29 01:57:37.496932 dv-cinder-740146-21-iscsi devstack@keystone.service[81543]: DEBUG keystone.common.rbac_enforcer.enforcer [None req-45ef192c-ef1d-4c48-b9e3-d20d782406dc None admin] RBAC: Authorizing `identity:list_roles()` {{(pid=81543) enforce_call /opt/stack/keystone/keystone/common/rbac_enforcer/enforcer.py:449}}
Sep 29 01:57:37.498340 dv-cinder-740146-21-iscsi devstack@keystone.service[81543]: DEBUG keystone.common.rbac_enforcer.enforcer [None req-45ef192c-ef1d-4c48-b9e3-d20d782406dc None admin] RBAC: Authorization granted {{(pid=81543) enforce_call /opt/stack/keystone/keystone/common/rbac_enforcer/enforcer.py:457}}
Sep 29 01:57:37.517018 dv-cinder-740146-21-iscsi devstack@keystone.service[81543]: [pid: 81543|app: 0|req: 53/110] 10.222.0.27 () {56 vars in 1101 bytes} [Thu Sep 29 01:57:37 2022] GET /identity/v3/roles?name=member => generated 341 bytes in 278 msecs (HTTP/1.1 200) 5 headers in 177 bytes (1 switches on core 0)
Sep 29 01:57:37.523421 dv-cinder-740146-21-iscsi devstack@keystone.service[81543]: DEBUG keystone.server.flask.request_processing.middleware.auth_context [None req-45ef192c-ef1d-4c48-b9e3-d20d782406dc None admin] Authenticating user token {{(pid=81543) process_request /usr/local/lib/python3.8/dist-packages/keystonemiddleware/auth_token/__init__.py:407}}
Sep 29 01:57:37.528432 dv-cinder-740146-21-iscsi devstack@keystone.service[81544]: DEBUG dbcounter [-] [81544] Writing DB stats keystone:SELECT=100 {{(pid=81544) stat_writer /usr/local/lib/python3.8/dist-packages/dbcounter.py:114}}
Sep 29 01:57:37.594813 dv-cinder-740146-21-iscsi devstack@keystone.service[81544]: DEBUG keystone.server.flask.request_processing.middleware.auth_context [None req-7c229e56-cdae-4f0a-b345-cf14ea07a372 None admin] Validating token access rules against request {{(pid=81544) validate_allowed_request /usr/local/lib/python3.8/dist-packages/keystonemiddleware/auth_token/__init__.py:545}}
Sep 29 01:57:37.654770 dv-cinder-740146-21-iscsi devstack@keystone.service[81544]: DEBUG keystone.server.flask.request_processing.middleware.auth_context [None req-93c2a565-be4d-4daa-9a12-85047b5a038d None admin] RBAC: auth_context: {'token': , 'domain_id': None, 'trust_id': None, 'trustor_id': None, 'trustee_id': None, 'domain_name': None, 'group_ids': [], 'user_id': '90cfae9be7734268a0ec1a4bc2e21b77', 'user_domain_id': 'default', 'system_scope': 'all', 'project_id': None, 'project_domain_id': None, 'roles': ['admin', 'member', 'reader'], 'is_admin_project': True, 'service_user_id': None, 'service_user_domain_id': None, 'service_project_id': None, 'service_project_domain_id': None, 'service_roles': []} {{(pid=81544) fill_context /opt/stack/keystone/keystone/server/flask/request_processing/middleware/auth_context.py:478}}
Sep 29 01:57:37.655307 dv-cinder-740146-21-iscsi devstack@keystone.service[81544]: DEBUG keystone.server.flask.request_processing.req_logging [None req-93c2a565-be4d-4daa-9a12-85047b5a038d None admin] REQUEST_METHOD: `GET` {{(pid=81544) log_request_info /opt/stack/keystone/keystone/server/flask/request_processing/req_logging.py:27}}
Sep 29 01:57:37.655589 dv-cinder-740146-21-iscsi devstack@keystone.service[81544]: DEBUG keystone.server.flask.request_processing.req_logging [None req-93c2a565-be4d-4daa-9a12-85047b5a038d None admin] SCRIPT_NAME: `/identity` {{(pid=81544) log_request_info /opt/stack/keystone/keystone/server/flask/request_processing/req_logging.py:28}}
Sep 29 01:57:37.655861 dv-cinder-740146-21-iscsi devstack@keystone.service[81544]: DEBUG keystone.server.flask.request_processing.req_logging [None req-93c2a565-be4d-4daa-9a12-85047b5a038d None admin] PATH_INFO: `/v3/auth/tokens` {{(pid=81544) log_request_info /opt/stack/keystone/keystone/server/flask/request_processing/req_logging.py:29}}
Sep 29 01:57:37.677807 dv-cinder-740146-21-iscsi devstack@keystone.service[81543]: DEBUG keystone.server.flask.request_processing.middleware.auth_context [None req-45ef192c-ef1d-4c48-b9e3-d20d782406dc None admin] Validating token access rules against request {{(pid=81543) validate_allowed_request /usr/local/lib/python3.8/dist-packages/keystonemiddleware/auth_token/__init__.py:545}}
Sep 29 01:57:37.754624 dv-cinder-740146-21-iscsi devstack@keystone.service[81543]: DEBUG keystone.server.flask.request_processing.middleware.auth_context [None req-101ac705-2bf4-445f-809f-7be0486ed4ff None admin] RBAC: auth_context: {'token': , 'domain_id': None, 'trust_id': None, 'trustor_id': None, 'trustee_id': None, 'domain_name': None, 'group_ids': [], 'user_id': '90cfae9be7734268a0ec1a4bc2e21b77', 'user_domain_id': 'default', 'system_scope': 'all', 'project_id': None, 'project_domain_id': None, 'roles': ['admin', 'member', 'reader'], 'is_admin_project': True, 'service_user_id': None, 'service_user_domain_id': None, 'service_project_id': None, 'service_project_domain_id': None, 'service_roles': []} {{(pid=81543) fill_context /opt/stack/keystone/keystone/server/flask/request_processing/middleware/auth_context.py:478}}
Sep 29 01:57:37.755744 dv-cinder-740146-21-iscsi devstack@keystone.service[81543]: DEBUG keystone.server.flask.request_processing.req_logging [None req-101ac705-2bf4-445f-809f-7be0486ed4ff None admin] REQUEST_METHOD: `GET` {{(pid=81543) log_request_info /opt/stack/keystone/keystone/server/flask/request_processing/req_logging.py:27}}
Sep 29 01:57:37.756030 dv-cinder-740146-21-iscsi devstack@keystone.service[81543]: DEBUG keystone.server.flask.request_processing.req_logging [None req-101ac705-2bf4-445f-809f-7be0486ed4ff None admin] SCRIPT_NAME: `/identity` {{(pid=81543) log_request_info /opt/stack/keystone/keystone/server/flask/request_processing/req_logging.py:28}}
Sep 29 01:57:37.756310 dv-cinder-740146-21-iscsi devstack@keystone.service[81543]: DEBUG keystone.server.flask.request_processing.req_logging [None req-101ac705-2bf4-445f-809f-7be0486ed4ff None admin] PATH_INFO: `/v3/users/b2a267a3bc0a40988be575ff351b6ef4` {{(pid=81543) log_request_info /opt/stack/keystone/keystone/server/flask/request_processing/req_logging.py:29}}
Sep 29 01:57:37.757431 dv-cinder-740146-21-iscsi devstack@keystone.service[81544]: DEBUG keystone.common.rbac_enforcer.enforcer [None req-93c2a565-be4d-4daa-9a12-85047b5a038d None admin] RBAC: Authorizing `identity:validate_token()` {{(pid=81544) enforce_call /opt/stack/keystone/keystone/common/rbac_enforcer/enforcer.py:449}}
Sep 29 01:57:37.757801 dv-cinder-740146-21-iscsi devstack@keystone.service[81543]: DEBUG keystone.common.rbac_enforcer.enforcer [None req-101ac705-2bf4-445f-809f-7be0486ed4ff None admin] RBAC: Authorizing `identity:get_user(user_id=b2a267a3bc0a40988be575ff351b6ef4)` {{(pid=81543) enforce_call /opt/stack/keystone/keystone/common/rbac_enforcer/enforcer.py:449}}
Sep 29 01:57:37.759761 dv-cinder-740146-21-iscsi devstack@keystone.service[81543]: DEBUG keystone.common.rbac_enforcer.enforcer [None req-101ac705-2bf4-445f-809f-7be0486ed4ff None admin] RBAC: Authorization granted {{(pid=81543) enforce_call /opt/stack/keystone/keystone/common/rbac_enforcer/enforcer.py:457}}
Sep 29 01:57:37.759974 dv-cinder-740146-21-iscsi devstack@keystone.service[81544]: DEBUG keystone.common.rbac_enforcer.enforcer [None req-93c2a565-be4d-4daa-9a12-85047b5a038d None admin] RBAC: Authorization granted {{(pid=81544) enforce_call /opt/stack/keystone/keystone/common/rbac_enforcer/enforcer.py:457}}
Sep 29 01:57:37.761582 dv-cinder-740146-21-iscsi devstack@keystone.service[81543]: [pid: 81543|app: 0|req: 54/111] 10.222.0.27 () {56 vars in 1177 bytes} [Thu Sep 29 01:57:37 2022] GET /identity/v3/users/b2a267a3bc0a40988be575ff351b6ef4 => generated 275 bytes in 239 msecs (HTTP/1.1 200) 5 headers in 177 bytes (1 switches on core 0)
Sep 29 01:57:37.762495 dv-cinder-740146-21-iscsi devstack@keystone.service[81543]: DEBUG keystone.server.flask.request_processing.req_logging [None req-27310b89-876b-4152-95e8-00ad7d7a148f None None] REQUEST_METHOD: `GET` {{(pid=81543) log_request_info /opt/stack/keystone/keystone/server/flask/request_processing/req_logging.py:27}}
Sep 29 01:57:37.762778 dv-cinder-740146-21-iscsi devstack@keystone.service[81543]: DEBUG keystone.server.flask.request_processing.req_logging [None req-27310b89-876b-4152-95e8-00ad7d7a148f None None] SCRIPT_NAME: `/identity` {{(pid=81543) log_request_info /opt/stack/keystone/keystone/server/flask/request_processing/req_logging.py:28}}
Sep 29 01:57:37.763051 dv-cinder-740146-21-iscsi devstack@keystone.service[81543]: DEBUG keystone.server.flask.request_processing.req_logging [None req-27310b89-876b-4152-95e8-00ad7d7a148f None None] PATH_INFO: `/` {{(pid=81543) log_request_info /opt/stack/keystone/keystone/server/flask/request_processing/req_logging.py:29}}
Sep 29 01:57:37.764404 dv-cinder-740146-21-iscsi devstack@keystone.service[81543]: [pid: 81543|app: 0|req: 55/112] 10.222.0.27 () {54 vars in 927 bytes} [Thu Sep 29 01:57:37 2022] GET /identity => generated 270 bytes in 2 msecs (HTTP/1.1 300) 6 headers in 234 bytes (1 switches on core 0)
Sep 29 01:57:37.774557 dv-cinder-740146-21-iscsi devstack@keystone.service[81543]: DEBUG keystone.server.flask.request_processing.middleware.auth_context [None req-27310b89-876b-4152-95e8-00ad7d7a148f None None] Authenticating user token {{(pid=81543) process_request /usr/local/lib/python3.8/dist-packages/keystonemiddleware/auth_token/__init__.py:407}}
Sep 29 01:57:37.827559 dv-cinder-740146-21-iscsi devstack@keystone.service[81544]: DEBUG dbcounter [-] [81544] Writing DB stats keystone:SELECT=100 {{(pid=81544) stat_writer /usr/local/lib/python3.8/dist-packages/dbcounter.py:114}}
Sep 29 01:57:37.867268 dv-cinder-740146-21-iscsi devstack@keystone.service[81543]: DEBUG dbcounter [-] [81543] Writing DB stats keystone:SELECT=100 {{(pid=81543) stat_writer /usr/local/lib/python3.8/dist-packages/dbcounter.py:114}}
Sep 29 01:57:37.875314 dv-cinder-740146-21-iscsi devstack@keystone.service[81544]: [pid: 81544|app: 0|req: 58/113] 10.222.0.27 () {58 vars in 1282 bytes} [Thu Sep 29 01:57:37 2022] GET /identity/v3/auth/tokens => generated 799 bytes in 472 msecs (HTTP/1.1 200) 6 headers in 358 bytes (1 switches on core 0)
Sep 29 01:57:37.878030 dv-cinder-740146-21-iscsi devstack@keystone.service[81544]: DEBUG keystone.server.flask.request_processing.req_logging [None req-cb532fa1-22ad-4d50-bec9-9007c0004d46 None None] REQUEST_METHOD: `POST` {{(pid=81544) log_request_info /opt/stack/keystone/keystone/server/flask/request_processing/req_logging.py:27}}
Sep 29 01:57:37.878474 dv-cinder-740146-21-iscsi devstack@keystone.service[81544]: DEBUG keystone.server.flask.request_processing.req_logging [None req-cb532fa1-22ad-4d50-bec9-9007c0004d46 None None] SCRIPT_NAME: `/identity` {{(pid=81544) log_request_info /opt/stack/keystone/keystone/server/flask/request_processing/req_logging.py:28}}
Sep 29 01:57:37.879387 dv-cinder-740146-21-iscsi devstack@keystone.service[81544]: DEBUG keystone.server.flask.request_processing.req_logging [None req-cb532fa1-22ad-4d50-bec9-9007c0004d46 None None] PATH_INFO: `/v3/auth/tokens` {{(pid=81544) log_request_info /opt/stack/keystone/keystone/server/flask/request_processing/req_logging.py:29}}
Sep 29 01:57:37.903471 dv-cinder-740146-21-iscsi devstack@keystone.service[81544]: DEBUG keystone.auth.core [None req-cb532fa1-22ad-4d50-bec9-9007c0004d46 None None] MFA Rules not processed for user `90cfae9be7734268a0ec1a4bc2e21b77`. Rule list: `[]` (Enabled: `True`). {{(pid=81544) check_auth_methods_against_rules /opt/stack/keystone/keystone/auth/core.py:438}}
Sep 29 01:57:37.904950 dv-cinder-740146-21-iscsi devstack@keystone.service[81544]: DEBUG keystone.common.fernet_utils [None req-cb532fa1-22ad-4d50-bec9-9007c0004d46 None None] Loaded 2 Fernet keys from /etc/keystone/fernet-keys/, but `[fernet_tokens] max_active_keys = 3`; perhaps there have not been enough key rotations to reach `max_active_keys` yet? {{(pid=81544) load_keys /opt/stack/keystone/keystone/common/fernet_utils.py:286}}
Sep 29 01:57:37.980203 dv-cinder-740146-21-iscsi devstack@keystone.service[81544]: [pid: 81544|app: 0|req: 59/114] 10.222.0.27 () {58 vars in 1024 bytes} [Thu Sep 29 01:57:37 2022] POST /identity/v3/auth/tokens => generated 799 bytes in 104 msecs (HTTP/1.1 201) 6 headers in 363 bytes (1 switches on core 0)
Sep 29 01:57:37.981379 dv-cinder-740146-21-iscsi devstack@keystone.service[81544]: DEBUG keystone.server.flask.request_processing.middleware.auth_context [None req-cb532fa1-22ad-4d50-bec9-9007c0004d46 None None] Authenticating user token {{(pid=81544) process_request /usr/local/lib/python3.8/dist-packages/keystonemiddleware/auth_token/__init__.py:407}}
Sep 29 01:57:38.013668 dv-cinder-740146-21-iscsi devstack@keystone.service[81543]: DEBUG keystone.server.flask.request_processing.middleware.auth_context [None req-27310b89-876b-4152-95e8-00ad7d7a148f None None] Validating token access rules against request {{(pid=81543) validate_allowed_request /usr/local/lib/python3.8/dist-packages/keystonemiddleware/auth_token/__init__.py:545}}
Sep 29 01:57:38.100582 dv-cinder-740146-21-iscsi devstack@keystone.service[81544]: DEBUG keystone.server.flask.request_processing.middleware.auth_context [None req-cb532fa1-22ad-4d50-bec9-9007c0004d46 None None] Validating token access rules against request {{(pid=81544) validate_allowed_request /usr/local/lib/python3.8/dist-packages/keystonemiddleware/auth_token/__init__.py:545}}
Sep 29 01:57:38.114832 dv-cinder-740146-21-iscsi devstack@keystone.service[81544]: DEBUG dbcounter [-] [81544] Writing DB stats keystone:SELECT=100 {{(pid=81544) stat_writer /usr/local/lib/python3.8/dist-packages/dbcounter.py:114}}
Sep 29 01:57:38.140267 dv-cinder-740146-21-iscsi devstack@keystone.service[81544]: DEBUG keystone.server.flask.request_processing.middleware.auth_context [None req-36c6ea90-ec60-4254-8599-ac4ce631c91a None admin] RBAC: auth_context: {'token': , 'domain_id': None, 'trust_id': None, 'trustor_id': None, 'trustee_id': None, 'domain_name': None, 'group_ids': [], 'user_id': '90cfae9be7734268a0ec1a4bc2e21b77', 'user_domain_id': 'default', 'system_scope': 'all', 'project_id': None, 'project_domain_id': None, 'roles': ['admin', 'member', 'reader'], 'is_admin_project': True, 'service_user_id': None, 'service_user_domain_id': None, 'service_project_id': None, 'service_project_domain_id': None, 'service_roles': []} {{(pid=81544) fill_context /opt/stack/keystone/keystone/server/flask/request_processing/middleware/auth_context.py:478}}
Sep 29 01:57:38.141224 dv-cinder-740146-21-iscsi devstack@keystone.service[81544]: DEBUG keystone.server.flask.request_processing.req_logging [None req-36c6ea90-ec60-4254-8599-ac4ce631c91a None admin] REQUEST_METHOD: `GET` {{(pid=81544) log_request_info /opt/stack/keystone/keystone/server/flask/request_processing/req_logging.py:27}}
Sep 29 01:57:38.141731 dv-cinder-740146-21-iscsi devstack@keystone.service[81544]: DEBUG keystone.server.flask.request_processing.req_logging [None req-36c6ea90-ec60-4254-8599-ac4ce631c91a None admin] SCRIPT_NAME: `/identity` {{(pid=81544) log_request_info /opt/stack/keystone/keystone/server/flask/request_processing/req_logging.py:28}}
Sep 29 01:57:38.142210 dv-cinder-740146-21-iscsi devstack@keystone.service[81544]: DEBUG keystone.server.flask.request_processing.req_logging [None req-36c6ea90-ec60-4254-8599-ac4ce631c91a None admin] PATH_INFO: `/v3/projects/881f2ae0820241ec9d3216765931ba06` {{(pid=81544) log_request_info /opt/stack/keystone/keystone/server/flask/request_processing/req_logging.py:29}}
Sep 29 01:57:38.143476 dv-cinder-740146-21-iscsi devstack@keystone.service[81544]: DEBUG keystone.common.rbac_enforcer.enforcer [None req-36c6ea90-ec60-4254-8599-ac4ce631c91a None admin] RBAC: Authorizing `identity:get_project(project_id=881f2ae0820241ec9d3216765931ba06)` {{(pid=81544) enforce_call /opt/stack/keystone/keystone/common/rbac_enforcer/enforcer.py:449}}
Sep 29 01:57:38.145393 dv-cinder-740146-21-iscsi devstack@keystone.service[81544]: DEBUG keystone.common.rbac_enforcer.enforcer [None req-36c6ea90-ec60-4254-8599-ac4ce631c91a None admin] RBAC: Authorization granted {{(pid=81544) enforce_call /opt/stack/keystone/keystone/common/rbac_enforcer/enforcer.py:457}}
Sep 29 01:57:38.146157 dv-cinder-740146-21-iscsi devstack@keystone.service[81543]: DEBUG keystone.server.flask.request_processing.middleware.auth_context [None req-4ff37ecf-d1d2-4d77-ad4c-8a040c063a70 None admin] RBAC: auth_context: {'token': , 'domain_id': None, 'trust_id': None, 'trustor_id': None, 'trustee_id': None, 'domain_name': None, 'group_ids': [], 'user_id': '90cfae9be7734268a0ec1a4bc2e21b77', 'user_domain_id': 'default', 'system_scope': 'all', 'project_id': None, 'project_domain_id': None, 'roles': ['admin', 'member', 'reader'], 'is_admin_project': True, 'service_user_id': None, 'service_user_domain_id': None, 'service_project_id': None, 'service_project_domain_id': None, 'service_roles': []} {{(pid=81543) fill_context /opt/stack/keystone/keystone/server/flask/request_processing/middleware/auth_context.py:478}}
Sep 29 01:57:38.146814 dv-cinder-740146-21-iscsi devstack@keystone.service[81543]: DEBUG keystone.server.flask.request_processing.req_logging [None req-4ff37ecf-d1d2-4d77-ad4c-8a040c063a70 None admin] REQUEST_METHOD: `GET` {{(pid=81543) log_request_info /opt/stack/keystone/keystone/server/flask/request_processing/req_logging.py:27}}
Sep 29 01:57:38.147103 dv-cinder-740146-21-iscsi devstack@keystone.service[81543]: DEBUG keystone.server.flask.request_processing.req_logging [None req-4ff37ecf-d1d2-4d77-ad4c-8a040c063a70 None admin] SCRIPT_NAME: `/identity` {{(pid=81543) log_request_info /opt/stack/keystone/keystone/server/flask/request_processing/req_logging.py:28}}
Sep 29 01:57:38.147388 dv-cinder-740146-21-iscsi devstack@keystone.service[81543]: DEBUG keystone.server.flask.request_processing.req_logging [None req-4ff37ecf-d1d2-4d77-ad4c-8a040c063a70 None admin] PATH_INFO: `/v3/projects/881f2ae0820241ec9d3216765931ba06` {{(pid=81543) log_request_info /opt/stack/keystone/keystone/server/flask/request_processing/req_logging.py:29}}
Sep 29 01:57:38.147916 dv-cinder-740146-21-iscsi devstack@keystone.service[81544]: [pid: 81544|app: 0|req: 60/115] 10.222.0.27 () {56 vars in 1186 bytes} [Thu Sep 29 01:57:37 2022] GET /identity/v3/projects/881f2ae0820241ec9d3216765931ba06 => generated 298 bytes in 167 msecs (HTTP/1.1 200) 5 headers in 177 bytes (1 switches on core 0)
Sep 29 01:57:38.153238 dv-cinder-740146-21-iscsi devstack@keystone.service[81543]: DEBUG keystone.common.rbac_enforcer.enforcer [None req-4ff37ecf-d1d2-4d77-ad4c-8a040c063a70 None admin] RBAC: Authorizing `identity:get_project(project_id=881f2ae0820241ec9d3216765931ba06)` {{(pid=81543) enforce_call /opt/stack/keystone/keystone/common/rbac_enforcer/enforcer.py:449}}
Sep 29 01:57:38.153238 dv-cinder-740146-21-iscsi devstack@keystone.service[81543]: DEBUG keystone.common.rbac_enforcer.enforcer [None req-4ff37ecf-d1d2-4d77-ad4c-8a040c063a70 None admin] RBAC: Authorization granted {{(pid=81543) enforce_call /opt/stack/keystone/keystone/common/rbac_enforcer/enforcer.py:457}}
Sep 29 01:57:38.153657 dv-cinder-740146-21-iscsi devstack@keystone.service[81543]: [pid: 81543|app: 0|req: 56/116] 10.222.0.27 () {56 vars in 1186 bytes} [Thu Sep 29 01:57:37 2022] GET /identity/v3/projects/881f2ae0820241ec9d3216765931ba06 => generated 298 bytes in 380 msecs (HTTP/1.1 200) 5 headers in 177 bytes (1 switches on core 0)
Sep 29 01:57:38.154621 dv-cinder-740146-21-iscsi devstack@keystone.service[81544]: DEBUG keystone.server.flask.request_processing.middleware.auth_context [None req-36c6ea90-ec60-4254-8599-ac4ce631c91a None admin] Authenticating user token {{(pid=81544) process_request /usr/local/lib/python3.8/dist-packages/keystonemiddleware/auth_token/__init__.py:407}}
Sep 29 01:57:38.159269 dv-cinder-740146-21-iscsi devstack@keystone.service[81543]: DEBUG keystone.server.flask.request_processing.middleware.auth_context [None req-4ff37ecf-d1d2-4d77-ad4c-8a040c063a70 None admin] Authenticating user token {{(pid=81543) process_request /usr/local/lib/python3.8/dist-packages/keystonemiddleware/auth_token/__init__.py:407}}
Sep 29 01:57:38.319737 dv-cinder-740146-21-iscsi devstack@keystone.service[81544]: DEBUG keystone.server.flask.request_processing.middleware.auth_context [None req-36c6ea90-ec60-4254-8599-ac4ce631c91a None admin] Validating token access rules against request {{(pid=81544) validate_allowed_request /usr/local/lib/python3.8/dist-packages/keystonemiddleware/auth_token/__init__.py:545}}
Sep 29 01:57:38.330238 dv-cinder-740146-21-iscsi devstack@keystone.service[81543]: DEBUG keystone.server.flask.request_processing.middleware.auth_context [None req-4ff37ecf-d1d2-4d77-ad4c-8a040c063a70 None admin] Validating token access rules against request {{(pid=81543) validate_allowed_request /usr/local/lib/python3.8/dist-packages/keystonemiddleware/auth_token/__init__.py:545}}
Sep 29 01:57:38.347196 dv-cinder-740146-21-iscsi devstack@keystone.service[81543]: DEBUG dbcounter [-] [81543] Writing DB stats keystone:SELECT=100 {{(pid=81543) stat_writer /usr/local/lib/python3.8/dist-packages/dbcounter.py:114}}
Sep 29 01:57:38.359948 dv-cinder-740146-21-iscsi devstack@keystone.service[81544]: DEBUG keystone.server.flask.request_processing.middleware.auth_context [None req-c4623d27-7059-4b12-828b-9bcb0a5d7261 None admin] RBAC: auth_context: {'token': , 'domain_id': None, 'trust_id': None, 'trustor_id': None, 'trustee_id': None, 'domain_name': None, 'group_ids': [], 'user_id': '90cfae9be7734268a0ec1a4bc2e21b77', 'user_domain_id': 'default', 'system_scope': 'all', 'project_id': None, 'project_domain_id': None, 'roles': ['admin', 'member', 'reader'], 'is_admin_project': True, 'service_user_id': None, 'service_user_domain_id': None, 'service_project_id': None, 'service_project_domain_id': None, 'service_roles': []} {{(pid=81544) fill_context /opt/stack/keystone/keystone/server/flask/request_processing/middleware/auth_context.py:478}}
Sep 29 01:57:38.360556 dv-cinder-740146-21-iscsi devstack@keystone.service[81544]: DEBUG keystone.server.flask.request_processing.req_logging [None req-c4623d27-7059-4b12-828b-9bcb0a5d7261 None admin] REQUEST_METHOD: `GET` {{(pid=81544) log_request_info /opt/stack/keystone/keystone/server/flask/request_processing/req_logging.py:27}}
Sep 29 01:57:38.360840 dv-cinder-740146-21-iscsi devstack@keystone.service[81544]: DEBUG keystone.server.flask.request_processing.req_logging [None req-c4623d27-7059-4b12-828b-9bcb0a5d7261 None admin] SCRIPT_NAME: `/identity` {{(pid=81544) log_request_info /opt/stack/keystone/keystone/server/flask/request_processing/req_logging.py:28}}
