Aug 04 02:36:40.279087 dv-cinder-740146-17-smb neutron-server[104796]: DEBUG neutron.db.db_base_plugin_v2 [None req-e25a74f7-d5a1-4d7d-a343-65d1c8220e77 admin admin] Deleting subnet 9ae5de87-c69c-4c56-a6c6-f1db25f5691a {{(pid=104796) delete_subnet /opt/stack/neutron/neutron/db/db_base_plugin_v2.py:1067}}
Aug 04 02:36:40.288628 dv-cinder-740146-17-smb neutron-server[104796]: DEBUG neutron_lib.callbacks.manager [None req-e25a74f7-d5a1-4d7d-a343-65d1c8220e77 admin admin] Publish callbacks [] for subnet (9ae5de87-c69c-4c56-a6c6-f1db25f5691a), before_delete {{(pid=104796) _notify_loop /usr/local/lib/python3.8/dist-packages/neutron_lib/callbacks/manager.py:176}}
Aug 04 02:36:40.333843 dv-cinder-740146-17-smb neutron-server[104798]: DEBUG dbcounter [-] [104798] Writing DB stats neutron:SELECT=94,neutron:UPDATE=5,neutron:INSERT=1 {{(pid=104798) stat_writer /usr/local/lib/python3.8/dist-packages/dbcounter.py:114}}
Aug 04 02:36:40.354198 dv-cinder-740146-17-smb neutron-server[104795]: DEBUG neutron_lib.callbacks.manager [None req-e20ca275-c6c8-4458-9ee0-60278903dc28 admin admin] Publish callbacks ['neutron.plugins.ml2.ovo_rpc._ObjectChangeHandler.handle_event-585590'] for security_group (065e8874-7eca-4572-9d25-fbadedc1861d), after_create {{(pid=104795) _notify_loop /usr/local/lib/python3.8/dist-packages/neutron_lib/callbacks/manager.py:176}}
Aug 04 02:36:40.467782 dv-cinder-740146-17-smb neutron-server[104798]: DEBUG neutron.api.rpc.handlers.resources_rpc [None req-20cb8a55-c24f-423f-ba3a-c3d04432fcda None None] Pushing event updated for resources: {'Port': ['ID=23f8bd08-1b44-411d-b568-fa62f1508efe,revision_number=3']} {{(pid=104798) push /opt/stack/neutron/neutron/api/rpc/handlers/resources_rpc.py:237}}
Aug 04 02:36:40.473960 dv-cinder-740146-17-smb neutron-server[104797]: DEBUG neutron_lib.callbacks.manager [None req-ca8e6ca7-6c8c-44b8-ad8b-e64ec41f7947 None None] Publish callbacks [] for port (546d8fbf-08ce-4677-bf67-4b2629999f84), precommit_update {{(pid=104797) _notify_loop /usr/local/lib/python3.8/dist-packages/neutron_lib/callbacks/manager.py:176}}
Aug 04 02:36:40.486846 dv-cinder-740146-17-smb neutron-server[104796]: DEBUG neutron_lib.callbacks.manager [None req-85aef31a-1e65-4958-adca-93bda0dcdcc8 admin admin] Publish callbacks [] for security_group (44e9b64c-43ed-4c91-b699-83abdd532a1f), before_delete {{(pid=104796) _notify_loop /usr/local/lib/python3.8/dist-packages/neutron_lib/callbacks/manager.py:176}}
Aug 04 02:36:40.498657 dv-cinder-740146-17-smb neutron-server[104796]: DEBUG neutron_lib.callbacks.manager [None req-e25a74f7-d5a1-4d7d-a343-65d1c8220e77 admin admin] Publish callbacks [] for subnet (9ae5de87-c69c-4c56-a6c6-f1db25f5691a), precommit_delete_associations {{(pid=104796) _notify_loop /usr/local/lib/python3.8/dist-packages/neutron_lib/callbacks/manager.py:176}}
Aug 04 02:36:40.538760 dv-cinder-740146-17-smb neutron-server[104797]: DEBUG dbcounter [-] [104797] Writing DB stats neutron:SELECT=97,neutron:UPDATE=3 {{(pid=104797) stat_writer /usr/local/lib/python3.8/dist-packages/dbcounter.py:114}}
Aug 04 02:36:40.543313 dv-cinder-740146-17-smb neutron-server[104797]: DEBUG neutron.api.rpc.handlers.l3_rpc [None req-761fe61d-c776-4fe9-9aa4-9fcbacb11212 None None] Checking router: 2d37e783-6d0c-46c1-9955-046b757fd4d6 for host: dv-cinder-740146-17-smb {{(pid=104797) _ensure_host_set_on_ports /opt/stack/neutron/neutron/api/rpc/handlers/l3_rpc.py:155}}
Aug 04 02:36:40.543313 dv-cinder-740146-17-smb neutron-server[104797]: DEBUG neutron.api.rpc.handlers.l3_rpc [None req-761fe61d-c776-4fe9-9aa4-9fcbacb11212 None None] Updating router 2d37e783-6d0c-46c1-9955-046b757fd4d6 port 56bfe8b1-8128-4dd2-82c9-7f9b80f13a5b binding host dv-cinder-740146-17-smb {{(pid=104797) _ensure_host_set_on_port /opt/stack/neutron/neutron/api/rpc/handlers/l3_rpc.py:205}}
Aug 04 02:36:40.547672 dv-cinder-740146-17-smb neutron-server[104797]: DEBUG neutron.plugins.ml2.plugin [None req-ac51315e-ad80-40f0-808e-febae0b87e7b None None] Current status of the port d18682e6-3684-4100-a67f-502ca567377e is: ACTIVE; New status is: ACTIVE {{(pid=104797) _update_individual_port_db_status /opt/stack/neutron/neutron/plugins/ml2/plugin.py:2292}}
Aug 04 02:36:40.555831 dv-cinder-740146-17-smb neutron-server[104796]: DEBUG dbcounter [-] [104796] Writing DB stats neutron:SELECT=97,neutron:INSERT=2,neutron:DELETE=1 {{(pid=104796) stat_writer /usr/local/lib/python3.8/dist-packages/dbcounter.py:114}}
Aug 04 02:36:40.557255 dv-cinder-740146-17-smb neutron-server[104796]: DEBUG neutron_lib.callbacks.manager [None req-e25a74f7-d5a1-4d7d-a343-65d1c8220e77 admin admin] Publish callbacks ['neutron.plugins.ml2.plugin.Ml2Plugin._subnet_delete_precommit_handler-1518027'] for subnet (9ae5de87-c69c-4c56-a6c6-f1db25f5691a), precommit_delete {{(pid=104796) _notify_loop /usr/local/lib/python3.8/dist-packages/neutron_lib/callbacks/manager.py:176}}
Aug 04 02:36:40.560794 dv-cinder-740146-17-smb neutron-server[104798]: DEBUG neutron.db.l3_dvr_db [None req-296ae93b-8740-4989-bca6-703b5e5d2034 None None] Set router cc51b4dc-8abe-4aa7-86c0-81a5f2386a8e gateway port host: dv-cinder-740146-17-smb {{(pid=104798) _build_routers_list /opt/stack/neutron/neutron/db/l3_dvr_db.py:907}}
Aug 04 02:36:40.596890 dv-cinder-740146-17-smb neutron-server[104797]: DEBUG neutron_lib.callbacks.manager [None req-ca8e6ca7-6c8c-44b8-ad8b-e64ec41f7947 None None] Publish callbacks ['neutron.plugins.ml2.plugin.SecurityGroupServerNotifierRpcMixin._notify_sg_on_port_change-1660591', 'neutron.plugins.ml2.ovo_rpc._ObjectChangeHandler.handle_event-991514', 'neutron.api.rpc.agentnotifiers.dhcp_rpc_agent_api.DhcpAgentNotifyAPI._native_event_send_dhcp_notification-527236', 'neutron.db.l3_db.L3RpcNotifierMixin._notify_gateway_port_ip_changed-8776126470099', 'neutron.db.l3_dvrscheduler_db._notify_l3_agent_port_update-8776126073730', 'neutron.db.l3_hascheduler_db._notify_l3_agent_ha_port_update-8776126073748'] for port (546d8fbf-08ce-4677-bf67-4b2629999f84), after_update {{(pid=104797) _notify_loop /usr/local/lib/python3.8/dist-packages/neutron_lib/callbacks/manager.py:176}}
Aug 04 02:36:40.613678 dv-cinder-740146-17-smb neutron-server[104796]: DEBUG neutron_lib.callbacks.manager [None req-85aef31a-1e65-4958-adca-93bda0dcdcc8 admin admin] Publish callbacks [] for security_group (44e9b64c-43ed-4c91-b699-83abdd532a1f), precommit_delete {{(pid=104796) _notify_loop /usr/local/lib/python3.8/dist-packages/neutron_lib/callbacks/manager.py:176}}
Aug 04 02:36:40.681419 dv-cinder-740146-17-smb neutron-server[104795]: DEBUG neutron_lib.callbacks.manager [None req-a92adb85-76aa-433e-96a4-0f8f8acdbbdd admin admin] Publish callbacks ['neutron.plugins.ml2.plugin.SecurityGroupDbMixin._ensure_default_security_group_handler-1660652'] for port (None), before_create {{(pid=104795) _notify_loop /usr/local/lib/python3.8/dist-packages/neutron_lib/callbacks/manager.py:176}}
Aug 04 02:36:40.691336 dv-cinder-740146-17-smb neutron-server[104795]: INFO neutron.wsgi [None req-e20ca275-c6c8-4458-9ee0-60278903dc28 admin admin] 10.222.0.60 "GET /networking/v2.0/security-groups?tenant_id=f3b8748756a642ea9272a1268792866c&name=default HTTP/1.1" status: 200 len: 2996 time: 2.9297071
Aug 04 02:36:40.697699 dv-cinder-740146-17-smb neutron-server[104796]: DEBUG neutron.wsgi [-] (104796) accepted ('10.222.0.60', 46278) {{(pid=104796) server /usr/local/lib/python3.8/dist-packages/eventlet/wsgi.py:1004}}
Aug 04 02:36:40.705458 dv-cinder-740146-17-smb neutron-server[104795]: DEBUG neutron.api.rpc.handlers.resources_rpc [None req-e20ca275-c6c8-4458-9ee0-60278903dc28 admin admin] Pushing event updated for resources: {'SecurityGroup': ['ID=065e8874-7eca-4572-9d25-fbadedc1861d,revision_number=1']} {{(pid=104795) push /opt/stack/neutron/neutron/api/rpc/handlers/resources_rpc.py:237}}
Aug 04 02:36:40.706599 dv-cinder-740146-17-smb neutron-server[104797]: DEBUG neutron.api.rpc.handlers.resources_rpc [None req-f02d4be0-810b-4475-9139-8ef3cdd0e95b None None] Pushing event updated for resources: {'Port': ['ID=546d8fbf-08ce-4677-bf67-4b2629999f84,revision_number=2']} {{(pid=104797) push /opt/stack/neutron/neutron/api/rpc/handlers/resources_rpc.py:237}}
Aug 04 02:36:40.754138 dv-cinder-740146-17-smb neutron-server[104796]: DEBUG dbcounter [-] [104796] Writing DB stats neutron:DELETE=3,neutron:SELECT=97 {{(pid=104796) stat_writer /usr/local/lib/python3.8/dist-packages/dbcounter.py:114}}
Aug 04 02:36:40.785234 dv-cinder-740146-17-smb neutron-server[104797]: DEBUG neutron_lib.callbacks.manager [None req-761fe61d-c776-4fe9-9aa4-9fcbacb11212 None None] Publish callbacks ['neutron.plugins.ml2.plugin.SecurityGroupDbMixin._ensure_default_security_group_handler-1660652'] for port (56bfe8b1-8128-4dd2-82c9-7f9b80f13a5b), before_update {{(pid=104797) _notify_loop /usr/local/lib/python3.8/dist-packages/neutron_lib/callbacks/manager.py:176}}
Aug 04 02:36:40.801583 dv-cinder-740146-17-smb neutron-server[104797]: DEBUG neutron.plugins.ml2.plugin [None req-525f305d-317c-426c-9d50-99960171ff2a None None] Current status of the port 0a193120-28df-48df-b2ac-708999c01a6f is: ACTIVE; New status is: ACTIVE {{(pid=104797) _update_individual_port_db_status /opt/stack/neutron/neutron/plugins/ml2/plugin.py:2292}}
Aug 04 02:36:40.801583 dv-cinder-740146-17-smb neutron-server[104797]: DEBUG neutron.plugins.ml2.rpc [None req-525f305d-317c-426c-9d50-99960171ff2a None None] Device 101ae405-1850-4b29-9fc6-4564e8da0630 up at agent ovs-agent-dv-cinder-740146-17-smb {{(pid=104797) update_device_up /opt/stack/neutron/neutron/plugins/ml2/rpc.py:296}}
Aug 04 02:36:40.801583 dv-cinder-740146-17-smb neutron-server[104797]: DEBUG neutron.plugins.ml2.managers [None req-ca8e6ca7-6c8c-44b8-ad8b-e64ec41f7947 None None] Attempting to bind port 546d8fbf-08ce-4677-bf67-4b2629999f84 on host dv-cinder-740146-17-smb for vnic_type normal with profile {{(pid=104797) bind_port /opt/stack/neutron/neutron/plugins/ml2/managers.py:810}}
Aug 04 02:36:40.801583 dv-cinder-740146-17-smb neutron-server[104797]: DEBUG neutron.plugins.ml2.managers [None req-ca8e6ca7-6c8c-44b8-ad8b-e64ec41f7947 None None] Attempting to bind port 546d8fbf-08ce-4677-bf67-4b2629999f84 by drivers openvswitch,hyperv on host dv-cinder-740146-17-smb at level 0 using segments [{'id': 'dc94bd69-ea3c-4d63-9943-f840803d63d6', 'network_type': 'flat', 'physical_network': 'physnet1', 'segmentation_id': None, 'network_id': '6618ecaa-a823-45ec-93da-0b2363401a0b'}] {{(pid=104797) _bind_port_level /opt/stack/neutron/neutron/plugins/ml2/managers.py:835}}
Aug 04 02:36:40.801583 dv-cinder-740146-17-smb neutron-server[104797]: DEBUG neutron.plugins.ml2.drivers.mech_agent [None req-ca8e6ca7-6c8c-44b8-ad8b-e64ec41f7947 None None] Attempting to bind port 546d8fbf-08ce-4677-bf67-4b2629999f84 on network 6618ecaa-a823-45ec-93da-0b2363401a0b {{(pid=104797) bind_port /opt/stack/neutron/neutron/plugins/ml2/drivers/mech_agent.py:91}}
Aug 04 02:36:40.810719 dv-cinder-740146-17-smb neutron-server[104795]: DEBUG neutron_lib.callbacks.manager [None req-65df02ce-b551-407c-b990-8916084d0f69 admin admin] Publish callbacks ['neutron.plugins.ml2.plugin.SecurityGroupServerNotifierRpcMixin._notify_sg_on_port_change-1660591', 'neutron.plugins.ml2.ovo_rpc._ObjectChangeHandler.handle_event-991514', 'neutron.api.rpc.agentnotifiers.dhcp_rpc_agent_api.DhcpAgentNotifyAPI._native_event_send_dhcp_notification-527236', 'neutron.db.l3_dvrscheduler_db._notify_l3_agent_new_port-8776126073712'] for port (6ab14451-2790-4669-afab-391b3616777b), after_create {{(pid=104795) _notify_loop /usr/local/lib/python3.8/dist-packages/neutron_lib/callbacks/manager.py:176}}
Aug 04 02:36:40.813576 dv-cinder-740146-17-smb neutron-server[104796]: DEBUG neutron_lib.callbacks.manager [None req-e25a74f7-d5a1-4d7d-a343-65d1c8220e77 admin admin] Publish callbacks ['neutron.plugins.ml2.plugin.Ml2Plugin._subnet_delete_after_delete_handler-1518053', 'neutron.plugins.ml2.ovo_rpc._ObjectChangeHandler.handle_event-606443', 'neutron.api.rpc.agentnotifiers.dhcp_rpc_agent_api.DhcpAgentNotifyAPI._native_event_send_dhcp_notification-527236'] for subnet (9ae5de87-c69c-4c56-a6c6-f1db25f5691a), after_delete {{(pid=104796) _notify_loop /usr/local/lib/python3.8/dist-packages/neutron_lib/callbacks/manager.py:176}}
Aug 04 02:36:40.818678 dv-cinder-740146-17-smb neutron-server[104797]: DEBUG neutron.db.provisioning_blocks [None req-7d5dd02a-bb02-4b0b-b1a7-93691cd1891f None None] Provisioning complete for port 4410e7d4-3dce-4726-b029-fad0fd65f9d8 triggered by entity DHCP. {{(pid=104797) provisioning_complete /opt/stack/neutron/neutron/db/provisioning_blocks.py:145}}
Aug 04 02:36:40.819082 dv-cinder-740146-17-smb neutron-server[104797]: DEBUG neutron_lib.callbacks.manager [None req-7d5dd02a-bb02-4b0b-b1a7-93691cd1891f None None] Publish callbacks ['neutron.plugins.ml2.plugin.Ml2Plugin._port_provisioned-1519445'] for port (4410e7d4-3dce-4726-b029-fad0fd65f9d8), provisioning_complete {{(pid=104797) _notify_loop /usr/local/lib/python3.8/dist-packages/neutron_lib/callbacks/manager.py:176}}
Aug 04 02:36:40.854420 dv-cinder-740146-17-smb neutron-server[104798]: DEBUG neutron.db.l3_hamode_db [None req-296ae93b-8740-4989-bca6-703b5e5d2034 None None] neutron.services.l3_router.l3_router_plugin.L3RouterPlugin method _process_sync_ha_data called with arguments (, [{'id': 'cc51b4dc-8abe-4aa7-86c0-81a5f2386a8e', 'name': 'tempest-ServerRescueNegativeTestJSON-2054484499-router', 'tenant_id': '651f296b94d342488b3cd98998a08e02', 'admin_state_up': True, 'status': 'ACTIVE', 'external_gateway_info': {'network_id': '6618ecaa-a823-45ec-93da-0b2363401a0b', 'external_fixed_ips': [{'subnet_id': 'dd5bd252-a6c8-45c8-8e0d-c8e244c528ee', 'ip_address': '172.28.4.87'}], 'enable_snat': True}, 'gw_port_id': '23f8bd08-1b44-411d-b568-fa62f1508efe', 'description': '', 'availability_zones': ['nova'], 'distributed': False, 'ha': False, 'ha_vr_id': 0, 'availability_zone_hints': [], 'routes': [], 'flavor_id': None, 'tags': [], 'created_at': '2022-08-04T02:36:31Z', 'updated_at': '2022-08-04T02:36:36Z', 'revision_number': 3, 'project_id': '651f296b94d342488b3cd98998a08e02', 'gw_port': {'id': '23f8bd08-1b44-411d-b568-fa62f1508efe', 'name': '', 'network_id': '6618ecaa-a823-45ec-93da-0b2363401a0b', 'tenant_id': '', 'mac_address': 'fa:16:3e:b4:c8:53', 'admin_state_up': True, 'status': 'DOWN', 'device_id': 'cc51b4dc-8abe-4aa7-86c0-81a5f2386a8e', 'device_owner': 'network:router_gateway', 'standard_attr_id': 97, 'fixed_ips': [{'subnet_id': 'dd5bd252-a6c8-45c8-8e0d-c8e244c528ee', 'ip_address': '172.28.4.87', 'prefixlen': 24}], 'allowed_address_pairs': [], 'extra_dhcp_opts': [], 'security_groups': [], 'description': '', 'binding:vnic_type': 'normal', 'binding:profile': {}, 'binding:host_id': 'dv-cinder-740146-17-smb', 'binding:vif_type': 'ovs', 'binding:vif_details': {'connectivity': 'l2', 'port_filter': True, 'ovs_hybrid_plug': False, 'datapath_type': 'system', 'bridge_name': 'br-int', 'bound_drivers': {'0': 'openvswitch'}}, 'port_security_enabled': False, 'tags': [], 'created_at': '2022-08-04T02:36:33Z', 'updated_at': '2022-08-04T02:36:40Z', 'revision_number': 3, 'project_id': '', 'subnets': [{'id': 'dd5bd252-a6c8-45c8-8e0d-c8e244c528ee', 'cidr': '172.28.4.0/24', 'gateway_ip': '172.28.4.1', 'dns_nameservers': [], 'ipv6_ra_mode': None, 'subnetpool_id': None}], 'extra_subnets': [], 'address_scopes': {4: None, 6: None}, 'mtu': 1500}, 'enable_snat': True, 'gw_port_host': 'dv-cinder-740146-17-smb'}], 'dv-cinder-740146-17-smb', False) {} {{(pid=104798) wrapper /usr/local/lib/python3.8/dist-packages/oslo_log/helpers.py:65}}
Aug 04 02:36:40.872396 dv-cinder-740146-17-smb neutron-server[104796]: DEBUG neutron_lib.callbacks.manager [None req-85aef31a-1e65-4958-adca-93bda0dcdcc8 admin admin] Publish callbacks ['neutron.plugins.ml2.ovo_rpc._ObjectChangeHandler.handle_event-585590'] for security_group (44e9b64c-43ed-4c91-b699-83abdd532a1f), after_delete {{(pid=104796) _notify_loop /usr/local/lib/python3.8/dist-packages/neutron_lib/callbacks/manager.py:176}}
Aug 04 02:36:40.875693 dv-cinder-740146-17-smb neutron-server[104796]: DEBUG neutron_lib.callbacks.manager [None req-85aef31a-1e65-4958-adca-93bda0dcdcc8 admin admin] Publish callbacks [] for security_group (None), before_response {{(pid=104796) _notify_loop /usr/local/lib/python3.8/dist-packages/neutron_lib/callbacks/manager.py:176}}
Aug 04 02:36:40.876932 dv-cinder-740146-17-smb neutron-server[104796]: INFO neutron.wsgi [None req-85aef31a-1e65-4958-adca-93bda0dcdcc8 admin admin] 10.222.0.60 "DELETE /networking/v2.0/security-groups/44e9b64c-43ed-4c91-b699-83abdd532a1f HTTP/1.1" status: 204 len: 168 time: 0.9094841
Aug 04 02:36:40.892104 dv-cinder-740146-17-smb neutron-server[104797]: DEBUG neutron.plugins.ml2.drivers.mech_agent [None req-ca8e6ca7-6c8c-44b8-ad8b-e64ec41f7947 None None] Checking agent: {'id': '3e7567a7-3765-479b-b7cf-a6c5b471e1b3', 'agent_type': 'Open vSwitch agent', 'binary': 'neutron-openvswitch-agent', 'topic': 'N/A', 'host': 'dv-cinder-740146-17-smb', 'admin_state_up': True, 'created_at': datetime.datetime(2022, 8, 4, 2, 28, 27), 'started_at': datetime.datetime(2022, 8, 4, 2, 28, 57), 'heartbeat_timestamp': datetime.datetime(2022, 8, 4, 2, 36, 27), 'description': None, 'resources_synced': None, 'availability_zone': None, 'alive': True, 'configurations': {'arp_responder_enabled': False, 'baremetal_smartnic': False, 'bridge_mappings': {'physnet1': 'br-data'}, 'datapath_type': 'system', 'devices': 0, 'enable_distributed_routing': False, 'extensions': [], 'in_distributed_mode': False, 'integration_bridge': 'br-int', 'l2_population': False, 'log_agent_heartbeats': False, 'ovs_capabilities': {'datapath_types': ['netdev', 'system'], 'iface_types': ['erspan', 'geneve', 'gre', 'internal', 'ip6erspan', 'ip6gre', 'lisp', 'patch', 'stt', 'system', 'tap', 'vxlan']}, 'ovs_hybrid_plug': False, 'resource_provider_bandwidths': {}, 'resource_provider_hypervisors': {'br-data': 'dv-cinder-740146-17-smb'}, 'resource_provider_inventory_defaults': {'allocation_ratio': 1.0, 'min_unit': 1, 'step_size': 1, 'reserved': 0}, 'resource_provider_packet_processing_inventory_defaults': {'allocation_ratio': 1.0, 'min_unit': 1, 'step_size': 1, 'reserved': 0}, 'resource_provider_packet_processing_with_direction': {}, 'resource_provider_packet_processing_without_direction': {}, 'tunnel_types': [], 'tunneling_ip': None, 'vhostuser_socket_dir': '/var/run/openvswitch'}, 'resource_versions': {'AddressGroup': '1.2', 'Agent': '1.1', 'ConntrackHelper': '1.0', 'LocalIPAssociation': '1.0', 'Log': '1.0', 'NDPProxy': '1.0', 'Network': '1.1', 'Port': '1.7', 'PortForwarding': '1.3', 'QosPolicy': '1.10', 'SecurityGroup': '1.5', 'SecurityGroupRule': '1.2', 'SubPort': '1.0', 'Subnet': '1.1', 'Trunk': '1.1'}} {{(pid=104797) bind_port /opt/stack/neutron/neutron/plugins/ml2/drivers/mech_agent.py:110}}
Aug 04 02:36:40.893221 dv-cinder-740146-17-smb neutron-server[104797]: DEBUG neutron.plugins.ml2.drivers.mech_agent [None req-ca8e6ca7-6c8c-44b8-ad8b-e64ec41f7947 None None] Checking segment: {'id': 'dc94bd69-ea3c-4d63-9943-f840803d63d6', 'network_type': 'flat', 'physical_network': 'physnet1', 'segmentation_id': None, 'network_id': '6618ecaa-a823-45ec-93da-0b2363401a0b'} for mappings: {'physnet1': 'br-data'} with network types: ['local', 'flat', 'vlan'] {{(pid=104797) check_segment_for_agent /opt/stack/neutron/neutron/plugins/ml2/drivers/mech_agent.py:373}}
Aug 04 02:36:40.893331 dv-cinder-740146-17-smb neutron-server[104798]: DEBUG neutron.api.rpc.handlers.l3_rpc [None req-296ae93b-8740-4989-bca6-703b5e5d2034 None None] The sync data for ids ['cc51b4dc-8abe-4aa7-86c0-81a5f2386a8e'] in dv-cinder-740146-17-smb is: [{'id': 'cc51b4dc-8abe-4aa7-86c0-81a5f2386a8e', 'name': 'tempest-ServerRescueNegativeTestJSON-2054484499-router', 'tenant_id': '651f296b94d342488b3cd98998a08e02', 'admin_state_up': True, 'status': 'ACTIVE', 'external_gateway_info': {'network_id': '6618ecaa-a823-45ec-93da-0b2363401a0b', 'external_fixed_ips': [{'subnet_id': 'dd5bd252-a6c8-45c8-8e0d-c8e244c528ee', 'ip_address': '172.28.4.87'}], 'enable_snat': True}, 'gw_port_id': '23f8bd08-1b44-411d-b568-fa62f1508efe', 'description': '', 'availability_zones': ['nova'], 'distributed': False, 'ha': False, 'ha_vr_id': 0, 'availability_zone_hints': [], 'routes': [], 'flavor_id': None, 'tags': [], 'created_at': '2022-08-04T02:36:31Z', 'updated_at': '2022-08-04T02:36:36Z', 'revision_number': 3, 'project_id': '651f296b94d342488b3cd98998a08e02', 'gw_port': {'id': '23f8bd08-1b44-411d-b568-fa62f1508efe', 'name': '', 'network_id': '6618ecaa-a823-45ec-93da-0b2363401a0b', 'tenant_id': '', 'mac_address': 'fa:16:3e:b4:c8:53', 'admin_state_up': True, 'status': 'DOWN', 'device_id': 'cc51b4dc-8abe-4aa7-86c0-81a5f2386a8e', 'device_owner': 'network:router_gateway', 'standard_attr_id': 97, 'fixed_ips': [{'subnet_id': 'dd5bd252-a6c8-45c8-8e0d-c8e244c528ee', 'ip_address': '172.28.4.87', 'prefixlen': 24}], 'allowed_address_pairs': [], 'extra_dhcp_opts': [], 'security_groups': [], 'description': '', 'binding:vnic_type': 'normal', 'binding:profile': {}, 'binding:host_id': 'dv-cinder-740146-17-smb', 'binding:vif_type': 'ovs', 'binding:vif_details': {'connectivity': 'l2', 'port_filter': True, 'ovs_hybrid_plug': False, 'datapath_type': 'system', 'bridge_name': 'br-int', 'bound_drivers': {'0': 'openvswitch'}}, 'port_security_enabled': False, 'tags': [], 'created_at': '2022-08-04T02:36:33Z', 'updated_at': '2022-08-04T02:36:40Z', 'revision_number': 3, 'project_id': '', 'subnets': [{'id': 'dd5bd252-a6c8-45c8-8e0d-c8e244c528ee', 'cidr': '172.28.4.0/24', 'gateway_ip': '172.28.4.1', 'dns_nameservers': [], 'ipv6_ra_mode': None, 'subnetpool_id': None}], 'extra_subnets': [], 'address_scopes': {4: None, 6: None}, 'mtu': 1500}, 'enable_snat': True, 'gw_port_host': 'dv-cinder-740146-17-smb'}] {{(pid=104798) sync_routers /opt/stack/neutron/neutron/api/rpc/handlers/l3_rpc.py:137}}
Aug 04 02:36:40.893473 dv-cinder-740146-17-smb neutron-server[104797]: DEBUG neutron_lib.callbacks.manager [None req-ca8e6ca7-6c8c-44b8-ad8b-e64ec41f7947 None None] Publish callbacks [] for ovs_bridge_name (None), before_read {{(pid=104797) _notify_loop /usr/local/lib/python3.8/dist-packages/neutron_lib/callbacks/manager.py:176}}
Aug 04 02:36:40.893473 dv-cinder-740146-17-smb neutron-server[104797]: DEBUG neutron.plugins.ml2.drivers.mech_agent [None req-ca8e6ca7-6c8c-44b8-ad8b-e64ec41f7947 None None] Bound using segment: {'id': 'dc94bd69-ea3c-4d63-9943-f840803d63d6', 'network_type': 'flat', 'physical_network': 'physnet1', 'segmentation_id': None, 'network_id': '6618ecaa-a823-45ec-93da-0b2363401a0b'} {{(pid=104797) bind_port /opt/stack/neutron/neutron/plugins/ml2/drivers/mech_agent.py:120}}
Aug 04 02:36:40.898471 dv-cinder-740146-17-smb neutron-server[104797]: DEBUG neutron.plugins.ml2.managers [None req-ca8e6ca7-6c8c-44b8-ad8b-e64ec41f7947 None None] Bound port: 546d8fbf-08ce-4677-bf67-4b2629999f84, host: dv-cinder-740146-17-smb, vif_type: ovs, vif_details: {"connectivity": "l2", "port_filter": true, "ovs_hybrid_plug": false, "datapath_type": "system", "bridge_name": "br-int"}, binding_levels: [{'bound_driver': 'openvswitch', 'bound_segment': {'id': 'dc94bd69-ea3c-4d63-9943-f840803d63d6', 'network_type': 'flat', 'physical_network': 'physnet1', 'segmentation_id': None, 'network_id': '6618ecaa-a823-45ec-93da-0b2363401a0b'}}] {{(pid=104797) _bind_port_level /opt/stack/neutron/neutron/plugins/ml2/managers.py:947}}
Aug 04 02:36:40.898934 dv-cinder-740146-17-smb neutron-server[104797]: DEBUG neutron_lib.callbacks.manager [None req-ca8e6ca7-6c8c-44b8-ad8b-e64ec41f7947 None None] Publish callbacks ['neutron.plugins.ml2.plugin.SecurityGroupDbMixin._ensure_default_security_group_handler-1660652'] for port (546d8fbf-08ce-4677-bf67-4b2629999f84), before_update {{(pid=104797) _notify_loop /usr/local/lib/python3.8/dist-packages/neutron_lib/callbacks/manager.py:176}}
Aug 04 02:36:40.938773 dv-cinder-740146-17-smb neutron-server[104795]: DEBUG neutron.scheduler.dhcp_agent_scheduler [None req-65df02ce-b551-407c-b990-8916084d0f69 admin admin] Network b22a8bf0-7345-42b7-ab28-223e4daaed3c is already hosted by enough agents. {{(pid=104795) _get_dhcp_agents_hosting_network /opt/stack/neutron/neutron/scheduler/dhcp_agent_scheduler.py:275}}
Aug 04 02:36:40.948494 dv-cinder-740146-17-smb neutron-server[104795]: DEBUG neutron.scheduler.base_scheduler [None req-65df02ce-b551-407c-b990-8916084d0f69 admin admin] Resources bound (agent type, host, resource id): {{(pid=104795) schedule /opt/stack/neutron/neutron/scheduler/base_scheduler.py:57}}
Aug 04 02:36:40.958687 dv-cinder-740146-17-smb neutron-server[104795]: DEBUG neutron.db.l3_dvrscheduler_db [None req-65df02ce-b551-407c-b990-8916084d0f69 admin admin] Received port after_create {{(pid=104795) _notify_l3_agent_new_port /opt/stack/neutron/neutron/db/l3_dvrscheduler_db.py:542}}
Aug 04 02:36:40.958913 dv-cinder-740146-17-smb neutron-server[104795]: DEBUG neutron_lib.callbacks.manager [None req-65df02ce-b551-407c-b990-8916084d0f69 admin admin] Publish callbacks ['neutron.services.l3_router.l3_router_plugin.DVRResourceOperationHandler._add_csnat_on_interface_create-418988'] for router_interface (efa846e4-500f-4113-8836-e74ede97259b), before_create {{(pid=104795) _notify_loop /usr/local/lib/python3.8/dist-packages/neutron_lib/callbacks/manager.py:176}}
Aug 04 02:36:40.988217 dv-cinder-740146-17-smb neutron-server[104796]: DEBUG neutron_lib.callbacks.manager [None req-e25a74f7-d5a1-4d7d-a343-65d1c8220e77 admin admin] Publish callbacks ['neutron.api.rpc.agentnotifiers.dhcp_rpc_agent_api.DhcpAgentNotifyAPI._send_dhcp_notification-527222'] for subnet (None), before_response {{(pid=104796) _notify_loop /usr/local/lib/python3.8/dist-packages/neutron_lib/callbacks/manager.py:176}}
Aug 04 02:36:40.994065 dv-cinder-740146-17-smb neutron-server[104796]: INFO neutron.wsgi [None req-e25a74f7-d5a1-4d7d-a343-65d1c8220e77 admin admin] 10.222.0.60 "DELETE /networking/v2.0/subnets/9ae5de87-c69c-4c56-a6c6-f1db25f5691a HTTP/1.1" status: 204 len: 168 time: 1.0250411
Aug 04 02:36:41.018867 dv-cinder-740146-17-smb neutron-server[104795]: DEBUG neutron.api.rpc.handlers.resources_rpc [None req-65df02ce-b551-407c-b990-8916084d0f69 admin admin] Pushing event updated for resources: {'Port': ['ID=6ab14451-2790-4669-afab-391b3616777b,revision_number=1']} {{(pid=104795) push /opt/stack/neutron/neutron/api/rpc/handlers/resources_rpc.py:237}}
Aug 04 02:36:41.021407 dv-cinder-740146-17-smb neutron-server[104795]: DEBUG neutron.wsgi [-] (104795) accepted ('10.222.0.60', 46282) {{(pid=104795) server /usr/local/lib/python3.8/dist-packages/eventlet/wsgi.py:1004}}
Aug 04 02:36:41.048693 dv-cinder-740146-17-smb neutron-server[104796]: DEBUG neutron.api.rpc.handlers.resources_rpc [None req-e25a74f7-d5a1-4d7d-a343-65d1c8220e77 admin admin] Pushing event deleted for resources: {'Subnet': ['ID=9ae5de87-c69c-4c56-a6c6-f1db25f5691a,revision_number=None']} {{(pid=104796) push /opt/stack/neutron/neutron/api/rpc/handlers/resources_rpc.py:237}}
Aug 04 02:36:41.050821 dv-cinder-740146-17-smb neutron-server[104796]: DEBUG neutron_lib.callbacks.manager [None req-4dc2f18a-af3e-4afb-81d1-0c9b5f283856 admin admin] Publish callbacks [] for security_group (065e8874-7eca-4572-9d25-fbadedc1861d), before_delete {{(pid=104796) _notify_loop /usr/local/lib/python3.8/dist-packages/neutron_lib/callbacks/manager.py:176}}
Aug 04 02:36:41.053545 dv-cinder-740146-17-smb neutron-server[104796]: DEBUG neutron_lib.callbacks.manager [None req-cba4565d-88f3-436b-b6d3-e3feef6cb88c admin admin] Publish callbacks ['neutron.plugins.ml2.plugin.SecurityGroupDbMixin._ensure_default_security_group_handler-1660652'] for port (4410e7d4-3dce-4726-b029-fad0fd65f9d8), before_update {{(pid=104796) _notify_loop /usr/local/lib/python3.8/dist-packages/neutron_lib/callbacks/manager.py:176}}
Aug 04 02:36:41.055553 dv-cinder-740146-17-smb neutron-server[104796]: DEBUG neutron.api.rpc.handlers.resources_rpc [None req-85aef31a-1e65-4958-adca-93bda0dcdcc8 admin admin] Pushing event deleted for resources: {'SecurityGroup': ['ID=44e9b64c-43ed-4c91-b699-83abdd532a1f,revision_number=None']} {{(pid=104796) push /opt/stack/neutron/neutron/api/rpc/handlers/resources_rpc.py:237}}
Aug 04 02:36:41.203947 dv-cinder-740146-17-smb neutron-server[104797]: DEBUG neutron.plugins.ml2.plugin [None req-7d5dd02a-bb02-4b0b-b1a7-93691cd1891f None None] Port 4410e7d4-3dce-4726-b029-fad0fd65f9d8 cannot update to ACTIVE because it is not bound. {{(pid=104797) _port_provisioned /opt/stack/neutron/neutron/plugins/ml2/plugin.py:348}}
Aug 04 02:36:41.213667 dv-cinder-740146-17-smb neutron-server[104797]: DEBUG dbcounter [-] [104797] Writing DB stats neutron:SELECT=100 {{(pid=104797) stat_writer /usr/local/lib/python3.8/dist-packages/dbcounter.py:114}}
Aug 04 02:36:41.222131 dv-cinder-740146-17-smb neutron-server[104797]: DEBUG neutron.db.provisioning_blocks [None req-7d5dd02a-bb02-4b0b-b1a7-93691cd1891f None None] Provisioning complete for port 101ae405-1850-4b29-9fc6-4564e8da0630 triggered by entity DHCP. {{(pid=104797) provisioning_complete /opt/stack/neutron/neutron/db/provisioning_blocks.py:145}}
Aug 04 02:36:41.222618 dv-cinder-740146-17-smb neutron-server[104797]: DEBUG neutron_lib.callbacks.manager [None req-7d5dd02a-bb02-4b0b-b1a7-93691cd1891f None None] Publish callbacks ['neutron.plugins.ml2.plugin.Ml2Plugin._port_provisioned-1519445'] for port (101ae405-1850-4b29-9fc6-4564e8da0630), provisioning_complete {{(pid=104797) _notify_loop /usr/local/lib/python3.8/dist-packages/neutron_lib/callbacks/manager.py:176}}
Aug 04 02:36:41.225332 dv-cinder-740146-17-smb neutron-server[104797]: DEBUG neutron.plugins.ml2.db [None req-ca8e6ca7-6c8c-44b8-ad8b-e64ec41f7947 None None] For port 546d8fbf-08ce-4677-bf67-4b2629999f84, host dv-cinder-740146-17-smb, cleared binding levels {{(pid=104797) clear_binding_levels /opt/stack/neutron/neutron/plugins/ml2/db.py:87}}
Aug 04 02:36:41.307186 dv-cinder-740146-17-smb neutron-server[104797]: DEBUG neutron.plugins.ml2.db [None req-ca8e6ca7-6c8c-44b8-ad8b-e64ec41f7947 None None] For port 546d8fbf-08ce-4677-bf67-4b2629999f84, host dv-cinder-740146-17-smb, set binding levels [PortBindingLevel(driver='openvswitch',host='dv-cinder-740146-17-smb',level=0,port_id=546d8fbf-08ce-4677-bf67-4b2629999f84,segment=NetworkSegment(dc94bd69-ea3c-4d63-9943-f840803d63d6),segment_id=dc94bd69-ea3c-4d63-9943-f840803d63d6)] {{(pid=104797) set_binding_levels /opt/stack/neutron/neutron/plugins/ml2/db.py:59}}
Aug 04 02:36:41.376165 dv-cinder-740146-17-smb neutron-server[104797]: DEBUG neutron.db.provisioning_blocks [None req-525f305d-317c-426c-9d50-99960171ff2a None None] Provisioning complete for port 101ae405-1850-4b29-9fc6-4564e8da0630 triggered by entity L2. {{(pid=104797) provisioning_complete /opt/stack/neutron/neutron/db/provisioning_blocks.py:145}}
Aug 04 02:36:41.376312 dv-cinder-740146-17-smb neutron-server[104797]: DEBUG neutron_lib.callbacks.manager [None req-525f305d-317c-426c-9d50-99960171ff2a None None] Publish callbacks ['neutron.plugins.ml2.plugin.Ml2Plugin._port_provisioned-1519445'] for port (101ae405-1850-4b29-9fc6-4564e8da0630), provisioning_complete {{(pid=104797) _notify_loop /usr/local/lib/python3.8/dist-packages/neutron_lib/callbacks/manager.py:176}}
Aug 04 02:36:41.470545 dv-cinder-740146-17-smb neutron-server[104797]: DEBUG neutron_lib.callbacks.manager [None req-ca8e6ca7-6c8c-44b8-ad8b-e64ec41f7947 None None] Publish callbacks ['neutron.plugins.ml2.plugin.SecurityGroupServerNotifierRpcMixin._notify_sg_on_port_change-1660591', 'neutron.plugins.ml2.ovo_rpc._ObjectChangeHandler.handle_event-991514', 'neutron.api.rpc.agentnotifiers.dhcp_rpc_agent_api.DhcpAgentNotifyAPI._native_event_send_dhcp_notification-527236', 'neutron.db.l3_db.L3RpcNotifierMixin._notify_gateway_port_ip_changed-8776126470099', 'neutron.db.l3_dvrscheduler_db._notify_l3_agent_port_update-8776126073730', 'neutron.db.l3_hascheduler_db._notify_l3_agent_ha_port_update-8776126073748'] for port (546d8fbf-08ce-4677-bf67-4b2629999f84), after_update {{(pid=104797) _notify_loop /usr/local/lib/python3.8/dist-packages/neutron_lib/callbacks/manager.py:176}}
Aug 04 02:36:41.476980 dv-cinder-740146-17-smb neutron-server[104796]: DEBUG neutron_lib.callbacks.manager [None req-4dc2f18a-af3e-4afb-81d1-0c9b5f283856 admin admin] Publish callbacks [] for security_group (065e8874-7eca-4572-9d25-fbadedc1861d), precommit_delete {{(pid=104796) _notify_loop /usr/local/lib/python3.8/dist-packages/neutron_lib/callbacks/manager.py:176}}
Aug 04 02:36:41.580234 dv-cinder-740146-17-smb neutron-server[104797]: DEBUG neutron.db.l3_dvrscheduler_db [None req-ca8e6ca7-6c8c-44b8-ad8b-e64ec41f7947 None None] Routers {'c593f0e1-5b63-4ac6-af73-853aa53d7cff'} bound to L3 agent in host dv-cinder-740146-17-smb {{(pid=104797) _get_router_ids_for_agent /opt/stack/neutron/neutron/db/l3_dvrscheduler_db.py:426}}
Aug 04 02:36:41.580898 dv-cinder-740146-17-smb neutron-server[104797]: DEBUG neutron.db.l3_hamode_db [None req-ca8e6ca7-6c8c-44b8-ad8b-e64ec41f7947 None None] neutron.services.l3_router.l3_router_plugin.L3RouterPlugin method get_ha_sync_data_for_host called with arguments (, 'dv-cinder-740146-17-smb', Agent(admin_state_up=True,agent_type='L3 agent',availability_zone='nova',binary='neutron-l3-agent',configurations={"agent_mode": "legacy", "ex_gw_ports": 1, "extensions": [], "floating_ips": 0, "handle_internal_only_routers": true, "interface_driver": "openvswitch", "interfaces": 1, "log_agent_heartbeats": false, "routers": 1},created_at=2022-08-04T02:28:24Z,description=,heartbeat_timestamp=2022-08-04T02:36:24Z,host='dv-cinder-740146-17-smb',id=b69d0c07-1d55-4090-8986-c9115d4e4390,load=0,resource_versions=,resources_synced=,started_at=2022-08-04T02:28:24Z,topic='l3_agent')) {'router_ids': ['c593f0e1-5b63-4ac6-af73-853aa53d7cff'], 'active': True} {{(pid=104797) wrapper /usr/local/lib/python3.8/dist-packages/oslo_log/helpers.py:65}}
Aug 04 02:36:41.696308 dv-cinder-740146-17-smb neutron-server[104795]: DEBUG neutron_lib.callbacks.manager [None req-54e36df8-b7c4-4267-bfaf-84d3ba194ae7 admin admin] Publish callbacks ['neutron.plugins.ml2.plugin.External_net_db_mixin._before_network_delete_handler-1554268'] for network (0a47a6e3-3fce-4245-8b4c-f9341eedd57e), before_delete {{(pid=104795) _notify_loop /usr/local/lib/python3.8/dist-packages/neutron_lib/callbacks/manager.py:176}}
Aug 04 02:36:41.734475 dv-cinder-740146-17-smb neutron-server[104795]: DEBUG dbcounter [-] [104795] Writing DB stats neutron:SELECT=91,neutron:INSERT=6,neutron:UPDATE=1,neutron:DELETE=2 {{(pid=104795) stat_writer /usr/local/lib/python3.8/dist-packages/dbcounter.py:114}}
Aug 04 02:36:41.751393 dv-cinder-740146-17-smb neutron-server[104795]: DEBUG neutron_lib.callbacks.manager [None req-d6575cc2-21d9-429b-ab6d-e1d7069ff074 admin admin] Publish callbacks ['neutron.plugins.ml2.plugin.SecurityGroupDbMixin._ensure_default_security_group_handler-1660652'] for port (None), before_create {{(pid=104795) _notify_loop /usr/local/lib/python3.8/dist-packages/neutron_lib/callbacks/manager.py:176}}
Aug 04 02:36:41.808172 dv-cinder-740146-17-smb neutron-server[104795]: DEBUG neutron.db.db_base_plugin_common [None req-a92adb85-76aa-433e-96a4-0f8f8acdbbdd admin admin] Allocated IP 172.20.0.1 (a1df2c8e-b546-495f-a797-ab719b92ef3e/639b0589-9568-4895-8d2c-c0ea6ebe84c4/d2a61b42-bb3f-43f2-a7c5-893e47d4fd8c) {{(pid=104795) _store_ip_allocation /opt/stack/neutron/neutron/db/db_base_plugin_common.py:131}}
Aug 04 02:36:41.848741 dv-cinder-740146-17-smb neutron-server[104796]: DEBUG neutron_lib.callbacks.manager [None req-cba4565d-88f3-436b-b6d3-e3feef6cb88c admin admin] Publish callbacks [] for port (4410e7d4-3dce-4726-b029-fad0fd65f9d8), precommit_update {{(pid=104796) _notify_loop /usr/local/lib/python3.8/dist-packages/neutron_lib/callbacks/manager.py:176}}
Aug 04 02:36:41.904203 dv-cinder-740146-17-smb neutron-server[104796]: DEBUG neutron_lib.callbacks.manager [None req-4dc2f18a-af3e-4afb-81d1-0c9b5f283856 admin admin] Publish callbacks ['neutron.plugins.ml2.ovo_rpc._ObjectChangeHandler.handle_event-585590'] for security_group (065e8874-7eca-4572-9d25-fbadedc1861d), after_delete {{(pid=104796) _notify_loop /usr/local/lib/python3.8/dist-packages/neutron_lib/callbacks/manager.py:176}}
Aug 04 02:36:41.907607 dv-cinder-740146-17-smb neutron-server[104796]: DEBUG neutron_lib.callbacks.manager [None req-4dc2f18a-af3e-4afb-81d1-0c9b5f283856 admin admin] Publish callbacks [] for security_group (None), before_response {{(pid=104796) _notify_loop /usr/local/lib/python3.8/dist-packages/neutron_lib/callbacks/manager.py:176}}
Aug 04 02:36:41.911333 dv-cinder-740146-17-smb neutron-server[104796]: INFO neutron.wsgi [None req-4dc2f18a-af3e-4afb-81d1-0c9b5f283856 admin admin] 10.222.0.60 "DELETE /networking/v2.0/security-groups/065e8874-7eca-4572-9d25-fbadedc1861d HTTP/1.1" status: 204 len: 168 time: 1.2078335
Aug 04 02:36:41.933156 dv-cinder-740146-17-smb neutron-server[104796]: DEBUG neutron.api.rpc.handlers.resources_rpc [None req-4dc2f18a-af3e-4afb-81d1-0c9b5f283856 admin admin] Pushing event deleted for resources: {'SecurityGroup': ['ID=065e8874-7eca-4572-9d25-fbadedc1861d,revision_number=None']} {{(pid=104796) push /opt/stack/neutron/neutron/api/rpc/handlers/resources_rpc.py:237}}
Aug 04 02:36:41.949035 dv-cinder-740146-17-smb neutron-server[104796]: DEBUG neutron_lib.callbacks.manager [None req-cba4565d-88f3-436b-b6d3-e3feef6cb88c admin admin] Publish callbacks ['neutron.plugins.ml2.plugin.SecurityGroupServerNotifierRpcMixin._notify_sg_on_port_change-1660591', 'neutron.plugins.ml2.ovo_rpc._ObjectChangeHandler.handle_event-991514', 'neutron.api.rpc.agentnotifiers.dhcp_rpc_agent_api.DhcpAgentNotifyAPI._native_event_send_dhcp_notification-527236', 'neutron.db.l3_db.L3RpcNotifierMixin._notify_gateway_port_ip_changed-8776126470099', 'neutron.db.l3_dvrscheduler_db._notify_l3_agent_port_update-8776126073730', 'neutron.db.l3_hascheduler_db._notify_l3_agent_ha_port_update-8776126073748'] for port (4410e7d4-3dce-4726-b029-fad0fd65f9d8), after_update {{(pid=104796) _notify_loop /usr/local/lib/python3.8/dist-packages/neutron_lib/callbacks/manager.py:176}}
Aug 04 02:36:41.950014 dv-cinder-740146-17-smb neutron-server[104796]: DEBUG neutron_lib.callbacks.manager [None req-cba4565d-88f3-436b-b6d3-e3feef6cb88c admin admin] Publish callbacks ['neutron.api.rpc.agentnotifiers.dhcp_rpc_agent_api.DhcpAgentNotifyAPI._after_router_interface_created-527258', 'neutron.services.l3_router.l3_router_plugin.DVRResourceOperationHandler._update_snat_v6_addrs_after_intf_update-417820'] for router_interface (2d37e783-6d0c-46c1-9955-046b757fd4d6), after_create {{(pid=104796) _notify_loop /usr/local/lib/python3.8/dist-packages/neutron_lib/callbacks/manager.py:176}}
Aug 04 02:36:42.095031 dv-cinder-740146-17-smb neutron-server[104796]: DEBUG neutron.api.rpc.handlers.resources_rpc [None req-cba4565d-88f3-436b-b6d3-e3feef6cb88c admin admin] Pushing event updated for resources: {'Port': ['ID=4410e7d4-3dce-4726-b029-fad0fd65f9d8,revision_number=2']} {{(pid=104796) push /opt/stack/neutron/neutron/api/rpc/handlers/resources_rpc.py:237}}
Aug 04 02:36:42.112204 dv-cinder-740146-17-smb neutron-server[104795]: DEBUG neutron_lib.callbacks.manager [None req-65df02ce-b551-407c-b990-8916084d0f69 admin admin] Publish callbacks ['neutron.plugins.ml2.plugin.SecurityGroupDbMixin._ensure_default_security_group_handler-1660652'] for port (6ab14451-2790-4669-afab-391b3616777b), before_update {{(pid=104795) _notify_loop /usr/local/lib/python3.8/dist-packages/neutron_lib/callbacks/manager.py:176}}
Aug 04 02:36:42.153544 dv-cinder-740146-17-smb neutron-server[104797]: DEBUG dbcounter [-] [104797] Writing DB stats neutron:SELECT=98,neutron:UPDATE=2 {{(pid=104797) stat_writer /usr/local/lib/python3.8/dist-packages/dbcounter.py:114}}
Aug 04 02:36:42.170325 dv-cinder-740146-17-smb neutron-server[104797]: DEBUG dbcounter [-] [104797] Writing DB stats neutron:SELECT=99,neutron:UPDATE=1 {{(pid=104797) stat_writer /usr/local/lib/python3.8/dist-packages/dbcounter.py:114}}
Aug 04 02:36:42.188976 dv-cinder-740146-17-smb neutron-server[104795]: DEBUG neutron_lib.callbacks.manager [None req-54e36df8-b7c4-4267-bfaf-84d3ba194ae7 admin admin] Publish callbacks ['neutron.plugins.ml2.plugin.Ml2Plugin._network_delete_precommit_handler-1520054', 'neutron.services.segments.db._delete_segments_for_network-8776126557157'] for network (0a47a6e3-3fce-4245-8b4c-f9341eedd57e), precommit_delete {{(pid=104795) _notify_loop /usr/local/lib/python3.8/dist-packages/neutron_lib/callbacks/manager.py:176}}
Aug 04 02:36:42.219275 dv-cinder-740146-17-smb neutron-server[104796]: DEBUG dbcounter [-] [104796] Writing DB stats neutron:SELECT=90,neutron:INSERT=6,neutron:UPDATE=4 {{(pid=104796) stat_writer /usr/local/lib/python3.8/dist-packages/dbcounter.py:114}}
Aug 04 02:36:42.239646 dv-cinder-740146-17-smb neutron-server[104796]: DEBUG neutron.scheduler.dhcp_agent_scheduler [None req-cba4565d-88f3-436b-b6d3-e3feef6cb88c admin admin] Network 2539fd77-5f3f-491b-8161-212d663eb63d is already hosted by enough agents. {{(pid=104796) _get_dhcp_agents_hosting_network /opt/stack/neutron/neutron/scheduler/dhcp_agent_scheduler.py:275}}
Aug 04 02:36:42.244055 dv-cinder-740146-17-smb neutron-server[104796]: DEBUG neutron.scheduler.base_scheduler [None req-cba4565d-88f3-436b-b6d3-e3feef6cb88c admin admin] Resources bound (agent type, host, resource id): {{(pid=104796) schedule /opt/stack/neutron/neutron/scheduler/base_scheduler.py:57}}
Aug 04 02:36:42.274704 dv-cinder-740146-17-smb neutron-server[104797]: DEBUG neutron.plugins.ml2.plugin [None req-7d5dd02a-bb02-4b0b-b1a7-93691cd1891f None None] Current status of the port 101ae405-1850-4b29-9fc6-4564e8da0630 is: ACTIVE; New status is: ACTIVE {{(pid=104797) _update_individual_port_db_status /opt/stack/neutron/neutron/plugins/ml2/plugin.py:2292}}
Aug 04 02:36:42.338229 dv-cinder-740146-17-smb neutron-server[104795]: DEBUG neutron_lib.callbacks.manager [None req-54e36df8-b7c4-4267-bfaf-84d3ba194ae7 admin admin] Subscribe: > segment before_delete 55550000 {{(pid=104795) subscribe /usr/local/lib/python3.8/dist-packages/neutron_lib/callbacks/manager.py:45}}
Aug 04 02:36:42.338460 dv-cinder-740146-17-smb neutron-server[104795]: DEBUG neutron_lib.callbacks.manager [None req-54e36df8-b7c4-4267-bfaf-84d3ba194ae7 admin admin] Subscribe: > subnet precommit_delete_associations 55550000 {{(pid=104795) subscribe /usr/local/lib/python3.8/dist-packages/neutron_lib/callbacks/manager.py:45}}
Aug 04 02:36:42.342567 dv-cinder-740146-17-smb neutron-server[104795]: DEBUG neutron_lib.callbacks.manager [None req-54e36df8-b7c4-4267-bfaf-84d3ba194ae7 admin admin] Subscribe: > segment_host_mapping after_create 55550000 {{(pid=104795) subscribe /usr/local/lib/python3.8/dist-packages/neutron_lib/callbacks/manager.py:45}}
Aug 04 02:36:42.346363 dv-cinder-740146-17-smb neutron-server[104795]: DEBUG neutron_lib.callbacks.manager [None req-54e36df8-b7c4-4267-bfaf-84d3ba194ae7 admin admin] Subscribe: > port after_create 55550000 {{(pid=104795) subscribe /usr/local/lib/python3.8/dist-packages/neutron_lib/callbacks/manager.py:45}}
Aug 04 02:36:42.346363 dv-cinder-740146-17-smb neutron-server[104795]: DEBUG neutron_lib.callbacks.manager [None req-54e36df8-b7c4-4267-bfaf-84d3ba194ae7 admin admin] Subscribe: > port after_delete 55550000 {{(pid=104795) subscribe /usr/local/lib/python3.8/dist-packages/neutron_lib/callbacks/manager.py:45}}
Aug 04 02:36:42.346363 dv-cinder-740146-17-smb neutron-server[104795]: DEBUG neutron_lib.callbacks.manager [None req-54e36df8-b7c4-4267-bfaf-84d3ba194ae7 admin admin] Subscribe: > port after_update 55550000 {{(pid=104795) subscribe /usr/local/lib/python3.8/dist-packages/neutron_lib/callbacks/manager.py:45}}
Aug 04 02:36:42.346363 dv-cinder-740146-17-smb neutron-server[104795]: DEBUG neutron_lib.callbacks.manager [None req-54e36df8-b7c4-4267-bfaf-84d3ba194ae7 admin admin] Subscribe: > segment after_delete 55550000 {{(pid=104795) subscribe /usr/local/lib/python3.8/dist-packages/neutron_lib/callbacks/manager.py:45}}
Aug 04 02:36:42.346363 dv-cinder-740146-17-smb neutron-server[104795]: DEBUG neutron_lib.callbacks.manager [None req-54e36df8-b7c4-4267-bfaf-84d3ba194ae7 admin admin] Subscribe: > subnet after_create 55550000 {{(pid=104795) subscribe /usr/local/lib/python3.8/dist-packages/neutron_lib/callbacks/manager.py:45}}
Aug 04 02:36:42.346363 dv-cinder-740146-17-smb neutron-server[104795]: DEBUG neutron_lib.callbacks.manager [None req-54e36df8-b7c4-4267-bfaf-84d3ba194ae7 admin admin] Subscribe: > subnet after_delete 55550000 {{(pid=104795) subscribe /usr/local/lib/python3.8/dist-packages/neutron_lib/callbacks/manager.py:45}}
Aug 04 02:36:42.346363 dv-cinder-740146-17-smb neutron-server[104795]: DEBUG neutron_lib.callbacks.manager [None req-54e36df8-b7c4-4267-bfaf-84d3ba194ae7 admin admin] Subscribe: > subnet after_update 55550000 {{(pid=104795) subscribe /usr/local/lib/python3.8/dist-packages/neutron_lib/callbacks/manager.py:45}}
Aug 04 02:36:42.351256 dv-cinder-740146-17-smb neutron-server[104797]: DEBUG neutron.api.rpc.handlers.resources_rpc [None req-f02d4be0-810b-4475-9139-8ef3cdd0e95b None None] Pushing event updated for resources: {'Port': ['ID=546d8fbf-08ce-4677-bf67-4b2629999f84,revision_number=3']} {{(pid=104797) push /opt/stack/neutron/neutron/api/rpc/handlers/resources_rpc.py:237}}
Aug 04 02:36:42.393051 dv-cinder-740146-17-smb neutron-server[104797]: DEBUG neutron.plugins.ml2.plugin [None req-525f305d-317c-426c-9d50-99960171ff2a None None] Current status of the port 101ae405-1850-4b29-9fc6-4564e8da0630 is: ACTIVE; New status is: ACTIVE {{(pid=104797) _update_individual_port_db_status /opt/stack/neutron/neutron/plugins/ml2/plugin.py:2292}}
Aug 04 02:36:42.436245 dv-cinder-740146-17-smb neutron-server[104797]: DEBUG neutron.db.provisioning_blocks [None req-7d5dd02a-bb02-4b0b-b1a7-93691cd1891f None None] Provisioning complete for port 0a193120-28df-48df-b2ac-708999c01a6f triggered by entity DHCP. {{(pid=104797) provisioning_complete /opt/stack/neutron/neutron/db/provisioning_blocks.py:145}}
Aug 04 02:36:42.438437 dv-cinder-740146-17-smb neutron-server[104797]: DEBUG neutron_lib.callbacks.manager [None req-7d5dd02a-bb02-4b0b-b1a7-93691cd1891f None None] Publish callbacks ['neutron.plugins.ml2.plugin.Ml2Plugin._port_provisioned-1519445'] for port (0a193120-28df-48df-b2ac-708999c01a6f), provisioning_complete {{(pid=104797) _notify_loop /usr/local/lib/python3.8/dist-packages/neutron_lib/callbacks/manager.py:176}}
Aug 04 02:36:42.443921 dv-cinder-740146-17-smb neutron-server[104797]: DEBUG neutron.db.l3_dvr_db [None req-ca8e6ca7-6c8c-44b8-ad8b-e64ec41f7947 None None] Set router c593f0e1-5b63-4ac6-af73-853aa53d7cff gateway port host: dv-cinder-740146-17-smb {{(pid=104797) _build_routers_list /opt/stack/neutron/neutron/db/l3_dvr_db.py:907}}
Aug 04 02:36:42.486722 dv-cinder-740146-17-smb neutron-server[104796]: DEBUG neutron.scheduler.l3_agent_scheduler [None req-cba4565d-88f3-436b-b6d3-e3feef6cb88c admin admin] Router 2d37e783-6d0c-46c1-9955-046b757fd4d6 has already been hosted by L3 agent b69d0c07-1d55-4090-8986-c9115d4e4390 {{(pid=104796) _get_candidates /opt/stack/neutron/neutron/scheduler/l3_agent_scheduler.py:126}}
Aug 04 02:36:42.614705 dv-cinder-740146-17-smb neutron-server[104797]: DEBUG neutron_lib.callbacks.manager [None req-761fe61d-c776-4fe9-9aa4-9fcbacb11212 None None] Publish callbacks [] for port (56bfe8b1-8128-4dd2-82c9-7f9b80f13a5b), precommit_update {{(pid=104797) _notify_loop /usr/local/lib/python3.8/dist-packages/neutron_lib/callbacks/manager.py:176}}
Aug 04 02:36:42.699172 dv-cinder-740146-17-smb neutron-server[104797]: DEBUG neutron_lib.callbacks.manager [None req-761fe61d-c776-4fe9-9aa4-9fcbacb11212 None None] Publish callbacks ['neutron.plugins.ml2.plugin.SecurityGroupServerNotifierRpcMixin._notify_sg_on_port_change-1660591', 'neutron.plugins.ml2.ovo_rpc._ObjectChangeHandler.handle_event-991514', 'neutron.api.rpc.agentnotifiers.dhcp_rpc_agent_api.DhcpAgentNotifyAPI._native_event_send_dhcp_notification-527236', 'neutron.db.l3_db.L3RpcNotifierMixin._notify_gateway_port_ip_changed-8776126470099', 'neutron.db.l3_dvrscheduler_db._notify_l3_agent_port_update-8776126073730', 'neutron.db.l3_hascheduler_db._notify_l3_agent_ha_port_update-8776126073748'] for port (56bfe8b1-8128-4dd2-82c9-7f9b80f13a5b), after_update {{(pid=104797) _notify_loop /usr/local/lib/python3.8/dist-packages/neutron_lib/callbacks/manager.py:176}}
Aug 04 02:36:42.703614 dv-cinder-740146-17-smb neutron-server[104796]: DEBUG neutron.api.rpc.agentnotifiers.l3_rpc_agent_api [None req-cba4565d-88f3-436b-b6d3-e3feef6cb88c admin admin] Notify agent at l3_agent.dv-cinder-740146-17-smb the message routers_updated {{(pid=104796) _agent_notification /opt/stack/neutron/neutron/api/rpc/agentnotifiers/l3_rpc_agent_api.py:65}}
Aug 04 02:36:42.716195 dv-cinder-740146-17-smb neutron-server[104796]: INFO neutron.wsgi [None req-cba4565d-88f3-436b-b6d3-e3feef6cb88c admin admin] 10.222.0.60 "PUT /networking/v2.0/routers/2d37e783-6d0c-46c1-9955-046b757fd4d6/add_router_interface HTTP/1.1" status: 200 len: 503 time: 4.6467047
Aug 04 02:36:42.717703 dv-cinder-740146-17-smb neutron-server[104797]: DEBUG neutron.plugins.ml2.managers [None req-761fe61d-c776-4fe9-9aa4-9fcbacb11212 None None] Attempting to bind port 56bfe8b1-8128-4dd2-82c9-7f9b80f13a5b on host dv-cinder-740146-17-smb for vnic_type normal with profile {{(pid=104797) bind_port /opt/stack/neutron/neutron/plugins/ml2/managers.py:810}}
