Aug 04 02:37:01.855655 dv-cinder-740146-17-smb devstack@c-api.service[111643]: INFO cinder.api.openstack.wsgi [None req-b7227bff-04ca-4d67-afa9-d4b186ed4d13 tempest-SnapshotsActionsTest-890009331 tempest-SnapshotsActionsTest-890009331-project] http://10.222.0.60/volume/v3/6df40c69575b408db6795130f3149754/snapshots/b3f06b56-da0f-4645-a7ab-8bba43c75ceb returned with HTTP 200
Aug 04 02:37:01.876092 dv-cinder-740146-17-smb devstack@c-api.service[111643]: [pid: 111643|app: 0|req: 40/100] 10.222.0.60 () {58 vars in 1331 bytes} [Thu Aug 4 02:37:01 2022] GET /volume/v3/6df40c69575b408db6795130f3149754/snapshots/b3f06b56-da0f-4645-a7ab-8bba43c75ceb => generated 439 bytes in 42 msecs (HTTP/1.1 200) 7 headers in 285 bytes (1 switches on core 0)
Aug 04 02:37:01.876092 dv-cinder-740146-17-smb devstack@c-api.service[111643]: DEBUG cinder.api.middleware.request_id [None req-90dd9505-8b4d-45aa-bd9f-ccc9482a87a8 None None] RequestId filter calling following filter/app {{(pid=111643) _context_setter /opt/stack/cinder/cinder/api/middleware/request_id.py:62}}
Aug 04 02:37:01.876092 dv-cinder-740146-17-smb devstack@c-api.service[111643]: INFO cinder.api.openstack.wsgi [None req-90dd9505-8b4d-45aa-bd9f-ccc9482a87a8 tempest-GroupsV314Test-1956559088 tempest-GroupsV314Test-1956559088-project] GET http://10.222.0.60/volume/v3/483bcf92aca649f1b1e5d2f9a451b8f4/volumes/detail
Aug 04 02:37:01.876092 dv-cinder-740146-17-smb devstack@c-api.service[111643]: DEBUG cinder.api.openstack.wsgi [None req-90dd9505-8b4d-45aa-bd9f-ccc9482a87a8 tempest-GroupsV314Test-1956559088 tempest-GroupsV314Test-1956559088-project] Empty body provided in request {{(pid=111643) get_body /opt/stack/cinder/cinder/api/openstack/wsgi.py:715}}
Aug 04 02:37:01.876092 dv-cinder-740146-17-smb devstack@c-api.service[111643]: DEBUG cinder.api.openstack.wsgi [None req-90dd9505-8b4d-45aa-bd9f-ccc9482a87a8 tempest-GroupsV314Test-1956559088 tempest-GroupsV314Test-1956559088-project] Calling method 'detail' {{(pid=111643) _process_stack /opt/stack/cinder/cinder/api/openstack/wsgi.py:868}}
Aug 04 02:37:01.876092 dv-cinder-740146-17-smb devstack@c-api.service[111643]: DEBUG cinder.api.api_utils [None req-90dd9505-8b4d-45aa-bd9f-ccc9482a87a8 tempest-GroupsV314Test-1956559088 tempest-GroupsV314Test-1956559088-project] Removing options '' from query. {{(pid=111643) remove_invalid_filter_options /opt/stack/cinder/cinder/api/api_utils.py:83}}
Aug 04 02:37:01.876092 dv-cinder-740146-17-smb devstack@c-api.service[111643]: DEBUG cinder.volume.api [None req-90dd9505-8b4d-45aa-bd9f-ccc9482a87a8 tempest-GroupsV314Test-1956559088 tempest-GroupsV314Test-1956559088-project] Searching by: MultiDict([('no_migration_targets', True)]). {{(pid=111643) get_all /opt/stack/cinder/cinder/volume/api.py:664}}
Aug 04 02:37:01.954729 dv-cinder-740146-17-smb devstack@c-api.service[111643]: INFO cinder.volume.api [None req-90dd9505-8b4d-45aa-bd9f-ccc9482a87a8 tempest-GroupsV314Test-1956559088 tempest-GroupsV314Test-1956559088-project] Get all volumes completed successfully.
Aug 04 02:37:01.956419 dv-cinder-740146-17-smb devstack@c-api.service[111643]: WARNING stevedore.named [None req-90dd9505-8b4d-45aa-bd9f-ccc9482a87a8 tempest-GroupsV314Test-1956559088 tempest-GroupsV314Test-1956559088-project] Could not load cinder.keymgr.conf_key_mgr.ConfKeyManager
Aug 04 02:37:01.956811 dv-cinder-740146-17-smb devstack@c-api.service[111643]: WARNING castellan.key_manager [None req-90dd9505-8b4d-45aa-bd9f-ccc9482a87a8 tempest-GroupsV314Test-1956559088 tempest-GroupsV314Test-1956559088-project] Deprecation Warning : cinder.keymgr.conf_key_mgr.ConfKeyManager is not a stevedore based driver, trying to load it as a class: stevedore.exception.NoMatches: No 'castellan.drivers' driver found, looking for 'cinder.keymgr.conf_key_mgr.ConfKeyManager'
Aug 04 02:37:01.962758 dv-cinder-740146-17-smb devstack@c-api.service[111644]: INFO cinder.api.openstack.wsgi [None req-ca89f535-3b5e-4887-a992-ad01ca330f4d tempest-GroupSnapshotsTest-1717533814 tempest-GroupSnapshotsTest-1717533814-project] http://10.222.0.60/volume/v3/3e2ea8e413ef416fbe828cdf5e02de4e/group_snapshots/81ee48a7-4d2b-435e-81cc-b7108226c93a returned with HTTP 202
Aug 04 02:37:01.965645 dv-cinder-740146-17-smb devstack@c-api.service[111644]: [pid: 111644|app: 0|req: 61/101] 10.222.0.60 () {60 vars in 1393 bytes} [Thu Aug 4 02:37:01 2022] DELETE /volume/v3/3e2ea8e413ef416fbe828cdf5e02de4e/group_snapshots/81ee48a7-4d2b-435e-81cc-b7108226c93a => generated 0 bytes in 394 msecs (HTTP/1.1 202) 6 headers in 234 bytes (1 switches on core 0)
Aug 04 02:37:01.973697 dv-cinder-740146-17-smb devstack@c-api.service[111644]: DEBUG cinder.api.middleware.request_id [None req-6a53e22b-30cc-4c4f-a28c-7850b5db5a2e None None] RequestId filter calling following filter/app {{(pid=111644) _context_setter /opt/stack/cinder/cinder/api/middleware/request_id.py:62}}
Aug 04 02:37:01.976972 dv-cinder-740146-17-smb devstack@c-api.service[111643]: DEBUG oslo_db.sqlalchemy.engines [None req-90dd9505-8b4d-45aa-bd9f-ccc9482a87a8 tempest-GroupsV314Test-1956559088 tempest-GroupsV314Test-1956559088-project] MySQL server mode set to STRICT_TRANS_TABLES,STRICT_ALL_TABLES,NO_ZERO_IN_DATE,NO_ZERO_DATE,ERROR_FOR_DIVISION_BY_ZERO,TRADITIONAL,NO_ENGINE_SUBSTITUTION {{(pid=111643) _check_effective_sql_mode /usr/local/lib/python3.8/dist-packages/oslo_db/sqlalchemy/engines.py:314}}
Aug 04 02:37:01.978692 dv-cinder-740146-17-smb devstack@c-api.service[111644]: INFO cinder.api.openstack.wsgi [None req-6a53e22b-30cc-4c4f-a28c-7850b5db5a2e tempest-GroupSnapshotsTest-1717533814 tempest-GroupSnapshotsTest-1717533814-project] GET http://10.222.0.60/volume/v3/3e2ea8e413ef416fbe828cdf5e02de4e/volumes/detail
Aug 04 02:37:01.979430 dv-cinder-740146-17-smb devstack@c-api.service[111644]: DEBUG cinder.api.openstack.wsgi [None req-6a53e22b-30cc-4c4f-a28c-7850b5db5a2e tempest-GroupSnapshotsTest-1717533814 tempest-GroupSnapshotsTest-1717533814-project] Empty body provided in request {{(pid=111644) get_body /opt/stack/cinder/cinder/api/openstack/wsgi.py:715}}
Aug 04 02:37:01.980180 dv-cinder-740146-17-smb devstack@c-api.service[111644]: DEBUG cinder.api.openstack.wsgi [None req-6a53e22b-30cc-4c4f-a28c-7850b5db5a2e tempest-GroupSnapshotsTest-1717533814 tempest-GroupSnapshotsTest-1717533814-project] Calling method 'detail' {{(pid=111644) _process_stack /opt/stack/cinder/cinder/api/openstack/wsgi.py:868}}
Aug 04 02:37:01.981143 dv-cinder-740146-17-smb devstack@c-api.service[111644]: DEBUG cinder.api.api_utils [None req-6a53e22b-30cc-4c4f-a28c-7850b5db5a2e tempest-GroupSnapshotsTest-1717533814 tempest-GroupSnapshotsTest-1717533814-project] Removing options '' from query. {{(pid=111644) remove_invalid_filter_options /opt/stack/cinder/cinder/api/api_utils.py:83}}
Aug 04 02:37:01.982878 dv-cinder-740146-17-smb devstack@c-api.service[111644]: /usr/local/lib/python3.8/dist-packages/oslo_context/context.py:100: DeprecationWarning: Policy enforcement is depending on the value of is_admin. This key is deprecated. Please update your policy file to use the standard policy values.
Aug 04 02:37:01.982878 dv-cinder-740146-17-smb devstack@c-api.service[111644]: warnings.warn('Policy enforcement is depending on the value of '
Aug 04 02:37:01.990168 dv-cinder-740146-17-smb devstack@c-api.service[111643]: /usr/local/lib/python3.8/dist-packages/oslo_context/context.py:100: DeprecationWarning: Policy enforcement is depending on the value of is_admin. This key is deprecated. Please update your policy file to use the standard policy values.
Aug 04 02:37:01.990168 dv-cinder-740146-17-smb devstack@c-api.service[111643]: warnings.warn('Policy enforcement is depending on the value of '
Aug 04 02:37:01.992542 dv-cinder-740146-17-smb devstack@c-api.service[111644]: DEBUG cinder.volume.api [None req-6a53e22b-30cc-4c4f-a28c-7850b5db5a2e tempest-GroupSnapshotsTest-1717533814 tempest-GroupSnapshotsTest-1717533814-project] Searching by: MultiDict([('no_migration_targets', True)]). {{(pid=111644) get_all /opt/stack/cinder/cinder/volume/api.py:664}}
Aug 04 02:37:02.001089 dv-cinder-740146-17-smb devstack@c-api.service[111643]: WARNING stevedore.named [None req-90dd9505-8b4d-45aa-bd9f-ccc9482a87a8 tempest-GroupsV314Test-1956559088 tempest-GroupsV314Test-1956559088-project] Could not load cinder.keymgr.conf_key_mgr.ConfKeyManager
Aug 04 02:37:02.002169 dv-cinder-740146-17-smb devstack@c-api.service[111643]: WARNING castellan.key_manager [None req-90dd9505-8b4d-45aa-bd9f-ccc9482a87a8 tempest-GroupsV314Test-1956559088 tempest-GroupsV314Test-1956559088-project] Deprecation Warning : cinder.keymgr.conf_key_mgr.ConfKeyManager is not a stevedore based driver, trying to load it as a class: stevedore.exception.NoMatches: No 'castellan.drivers' driver found, looking for 'cinder.keymgr.conf_key_mgr.ConfKeyManager'
Aug 04 02:37:02.012800 dv-cinder-740146-17-smb devstack@c-api.service[111643]: DEBUG oslo_db.sqlalchemy.engines [None req-90dd9505-8b4d-45aa-bd9f-ccc9482a87a8 tempest-GroupsV314Test-1956559088 tempest-GroupsV314Test-1956559088-project] MySQL server mode set to STRICT_TRANS_TABLES,STRICT_ALL_TABLES,NO_ZERO_IN_DATE,NO_ZERO_DATE,ERROR_FOR_DIVISION_BY_ZERO,TRADITIONAL,NO_ENGINE_SUBSTITUTION {{(pid=111643) _check_effective_sql_mode /usr/local/lib/python3.8/dist-packages/oslo_db/sqlalchemy/engines.py:314}}
Aug 04 02:37:02.056097 dv-cinder-740146-17-smb devstack@c-api.service[111643]: /usr/local/lib/python3.8/dist-packages/oslo_context/context.py:100: DeprecationWarning: Policy enforcement is depending on the value of is_admin. This key is deprecated. Please update your policy file to use the standard policy values.
Aug 04 02:37:02.056097 dv-cinder-740146-17-smb devstack@c-api.service[111643]: warnings.warn('Policy enforcement is depending on the value of '
Aug 04 02:37:02.079784 dv-cinder-740146-17-smb devstack@c-api.service[111644]: DEBUG dbcounter [-] [111644] Writing DB stats cinder:SELECT=87,cinder:UPDATE=5,cinder:INSERT=8 {{(pid=111644) stat_writer /usr/local/lib/python3.8/dist-packages/dbcounter.py:114}}
Aug 04 02:37:02.088775 dv-cinder-740146-17-smb devstack@c-api.service[111643]: INFO cinder.api.openstack.wsgi [None req-90dd9505-8b4d-45aa-bd9f-ccc9482a87a8 tempest-GroupsV314Test-1956559088 tempest-GroupsV314Test-1956559088-project] http://10.222.0.60/volume/v3/483bcf92aca649f1b1e5d2f9a451b8f4/volumes/detail returned with HTTP 200
Aug 04 02:37:02.088775 dv-cinder-740146-17-smb devstack@c-api.service[111643]: [pid: 111643|app: 0|req: 41/102] 10.222.0.60 () {60 vars in 1276 bytes} [Thu Aug 4 02:37:01 2022] GET /volume/v3/483bcf92aca649f1b1e5d2f9a451b8f4/volumes/detail => generated 1972 bytes in 224 msecs (HTTP/1.1 200) 7 headers in 287 bytes (1 switches on core 0)
Aug 04 02:37:02.088990 dv-cinder-740146-17-smb devstack@c-api.service[111644]: INFO cinder.volume.api [None req-6a53e22b-30cc-4c4f-a28c-7850b5db5a2e tempest-GroupSnapshotsTest-1717533814 tempest-GroupSnapshotsTest-1717533814-project] Get all volumes completed successfully.
Aug 04 02:37:02.088990 dv-cinder-740146-17-smb devstack@c-api.service[111644]: WARNING stevedore.named [None req-6a53e22b-30cc-4c4f-a28c-7850b5db5a2e tempest-GroupSnapshotsTest-1717533814 tempest-GroupSnapshotsTest-1717533814-project] Could not load cinder.keymgr.conf_key_mgr.ConfKeyManager
Aug 04 02:37:02.088990 dv-cinder-740146-17-smb devstack@c-api.service[111644]: WARNING castellan.key_manager [None req-6a53e22b-30cc-4c4f-a28c-7850b5db5a2e tempest-GroupSnapshotsTest-1717533814 tempest-GroupSnapshotsTest-1717533814-project] Deprecation Warning : cinder.keymgr.conf_key_mgr.ConfKeyManager is not a stevedore based driver, trying to load it as a class: stevedore.exception.NoMatches: No 'castellan.drivers' driver found, looking for 'cinder.keymgr.conf_key_mgr.ConfKeyManager'
Aug 04 02:37:02.108444 dv-cinder-740146-17-smb devstack@c-api.service[111644]: DEBUG oslo_db.sqlalchemy.engines [None req-6a53e22b-30cc-4c4f-a28c-7850b5db5a2e tempest-GroupSnapshotsTest-1717533814 tempest-GroupSnapshotsTest-1717533814-project] MySQL server mode set to STRICT_TRANS_TABLES,STRICT_ALL_TABLES,NO_ZERO_IN_DATE,NO_ZERO_DATE,ERROR_FOR_DIVISION_BY_ZERO,TRADITIONAL,NO_ENGINE_SUBSTITUTION {{(pid=111644) _check_effective_sql_mode /usr/local/lib/python3.8/dist-packages/oslo_db/sqlalchemy/engines.py:314}}
Aug 04 02:37:02.113850 dv-cinder-740146-17-smb devstack@c-api.service[111643]: DEBUG cinder.api.middleware.request_id [None req-e6a454ec-1e7f-4b8d-8fa5-c935f1ed2f60 None None] RequestId filter calling following filter/app {{(pid=111643) _context_setter /opt/stack/cinder/cinder/api/middleware/request_id.py:62}}
Aug 04 02:37:02.115678 dv-cinder-740146-17-smb devstack@c-api.service[111644]: /usr/local/lib/python3.8/dist-packages/oslo_context/context.py:100: DeprecationWarning: Policy enforcement is depending on the value of is_admin. This key is deprecated. Please update your policy file to use the standard policy values.
Aug 04 02:37:02.115678 dv-cinder-740146-17-smb devstack@c-api.service[111644]: warnings.warn('Policy enforcement is depending on the value of '
Aug 04 02:37:02.127111 dv-cinder-740146-17-smb devstack@c-api.service[111643]: INFO cinder.api.openstack.wsgi [None req-e6a454ec-1e7f-4b8d-8fa5-c935f1ed2f60 tempest-GroupsV314Test-1956559088 tempest-GroupsV314Test-1956559088-project] POST http://10.222.0.60/volume/v3/483bcf92aca649f1b1e5d2f9a451b8f4/groups/14394e5c-2bec-404d-9713-235d9bfb7982/action
Aug 04 02:37:02.129742 dv-cinder-740146-17-smb devstack@c-api.service[111643]: DEBUG cinder.api.openstack.wsgi [None req-e6a454ec-1e7f-4b8d-8fa5-c935f1ed2f60 tempest-GroupsV314Test-1956559088 tempest-GroupsV314Test-1956559088-project] Action body: b'{"delete": {"delete-volumes": true}}' {{(pid=111643) get_method /opt/stack/cinder/cinder/api/openstack/wsgi.py:983}}
Aug 04 02:37:02.131329 dv-cinder-740146-17-smb devstack@c-api.service[111643]: DEBUG cinder.api.openstack.wsgi [None req-e6a454ec-1e7f-4b8d-8fa5-c935f1ed2f60 tempest-GroupsV314Test-1956559088 tempest-GroupsV314Test-1956559088-project] Action: 'action', calling method: version_select, body: {"delete": {"delete-volumes": true}} {{(pid=111643) _process_stack /opt/stack/cinder/cinder/api/openstack/wsgi.py:866}}
Aug 04 02:37:02.144508 dv-cinder-740146-17-smb devstack@c-api.service[111643]: DEBUG cinder.api.v3.groups [None req-e6a454ec-1e7f-4b8d-8fa5-c935f1ed2f60 tempest-GroupsV314Test-1956559088 tempest-GroupsV314Test-1956559088-project] delete called for group 14394e5c-2bec-404d-9713-235d9bfb7982 {{(pid=111643) _delete /opt/stack/cinder/cinder/api/v3/groups.py:117}}
Aug 04 02:37:02.146367 dv-cinder-740146-17-smb devstack@c-api.service[111643]: INFO cinder.api.v3.groups [None req-e6a454ec-1e7f-4b8d-8fa5-c935f1ed2f60 tempest-GroupsV314Test-1956559088 tempest-GroupsV314Test-1956559088-project] Delete group with id: 14394e5c-2bec-404d-9713-235d9bfb7982
Aug 04 02:37:02.168057 dv-cinder-740146-17-smb devstack@c-api.service[111644]: INFO cinder.api.openstack.wsgi [None req-6a53e22b-30cc-4c4f-a28c-7850b5db5a2e tempest-GroupSnapshotsTest-1717533814 tempest-GroupSnapshotsTest-1717533814-project] http://10.222.0.60/volume/v3/3e2ea8e413ef416fbe828cdf5e02de4e/volumes/detail returned with HTTP 200
Aug 04 02:37:02.171351 dv-cinder-740146-17-smb devstack@c-api.service[111644]: [pid: 111644|app: 0|req: 62/103] 10.222.0.60 () {60 vars in 1276 bytes} [Thu Aug 4 02:37:01 2022] GET /volume/v3/3e2ea8e413ef416fbe828cdf5e02de4e/volumes/detail => generated 1002 bytes in 197 msecs (HTTP/1.1 200) 7 headers in 287 bytes (2 switches on core 0)
Aug 04 02:37:02.181871 dv-cinder-740146-17-smb devstack@c-api.service[111643]: /usr/local/lib/python3.8/dist-packages/oslo_context/context.py:100: DeprecationWarning: Policy enforcement is depending on the value of is_admin. This key is deprecated. Please update your policy file to use the standard policy values.
Aug 04 02:37:02.181871 dv-cinder-740146-17-smb devstack@c-api.service[111643]: warnings.warn('Policy enforcement is depending on the value of '
Aug 04 02:37:02.187793 dv-cinder-740146-17-smb devstack@c-api.service[111644]: DEBUG cinder.api.middleware.request_id [None req-899b0c33-cf30-4978-8e30-c1a282309c66 None None] RequestId filter calling following filter/app {{(pid=111644) _context_setter /opt/stack/cinder/cinder/api/middleware/request_id.py:62}}
Aug 04 02:37:02.193813 dv-cinder-740146-17-smb devstack@c-api.service[111644]: INFO cinder.api.openstack.wsgi [None req-899b0c33-cf30-4978-8e30-c1a282309c66 tempest-GroupSnapshotsTest-1717533814 tempest-GroupSnapshotsTest-1717533814-project] GET http://10.222.0.60/volume/v3/3e2ea8e413ef416fbe828cdf5e02de4e/snapshots/detail
Aug 04 02:37:02.194788 dv-cinder-740146-17-smb devstack@c-api.service[111644]: DEBUG cinder.api.openstack.wsgi [None req-899b0c33-cf30-4978-8e30-c1a282309c66 tempest-GroupSnapshotsTest-1717533814 tempest-GroupSnapshotsTest-1717533814-project] Empty body provided in request {{(pid=111644) get_body /opt/stack/cinder/cinder/api/openstack/wsgi.py:715}}
Aug 04 02:37:02.195531 dv-cinder-740146-17-smb devstack@c-api.service[111644]: DEBUG cinder.api.openstack.wsgi [None req-899b0c33-cf30-4978-8e30-c1a282309c66 tempest-GroupSnapshotsTest-1717533814 tempest-GroupSnapshotsTest-1717533814-project] Calling method 'detail' {{(pid=111644) _process_stack /opt/stack/cinder/cinder/api/openstack/wsgi.py:868}}
Aug 04 02:37:02.213297 dv-cinder-740146-17-smb devstack@c-api.service[111644]: DEBUG cinder.api.api_utils [None req-899b0c33-cf30-4978-8e30-c1a282309c66 tempest-GroupSnapshotsTest-1717533814 tempest-GroupSnapshotsTest-1717533814-project] Removing options '' from query. {{(pid=111644) remove_invalid_filter_options /opt/stack/cinder/cinder/api/api_utils.py:83}}
Aug 04 02:37:02.218920 dv-cinder-740146-17-smb devstack@c-api.service[111644]: DEBUG cinder.db.sqlalchemy.api [None req-899b0c33-cf30-4978-8e30-c1a282309c66 tempest-GroupSnapshotsTest-1717533814 tempest-GroupSnapshotsTest-1717533814-project] Building query based on filter {{(pid=111644) _process_snaps_filters /opt/stack/cinder/cinder/db/sqlalchemy/api.py:3885}}
Aug 04 02:37:02.266174 dv-cinder-740146-17-smb devstack@c-api.service[111644]: INFO cinder.volume.api [None req-899b0c33-cf30-4978-8e30-c1a282309c66 tempest-GroupSnapshotsTest-1717533814 tempest-GroupSnapshotsTest-1717533814-project] Get all snapshots completed successfully.
Aug 04 02:37:02.267640 dv-cinder-740146-17-smb devstack@c-api.service[111644]: /usr/local/lib/python3.8/dist-packages/oslo_context/context.py:100: DeprecationWarning: Policy enforcement is depending on the value of is_admin. This key is deprecated. Please update your policy file to use the standard policy values.
Aug 04 02:37:02.267640 dv-cinder-740146-17-smb devstack@c-api.service[111644]: warnings.warn('Policy enforcement is depending on the value of '
Aug 04 02:37:02.272227 dv-cinder-740146-17-smb devstack@c-api.service[111644]: INFO cinder.api.openstack.wsgi [None req-899b0c33-cf30-4978-8e30-c1a282309c66 tempest-GroupSnapshotsTest-1717533814 tempest-GroupSnapshotsTest-1717533814-project] http://10.222.0.60/volume/v3/3e2ea8e413ef416fbe828cdf5e02de4e/snapshots/detail returned with HTTP 200
Aug 04 02:37:02.282742 dv-cinder-740146-17-smb devstack@c-api.service[111644]: [pid: 111644|app: 0|req: 63/104] 10.222.0.60 () {58 vars in 1241 bytes} [Thu Aug 4 02:37:02 2022] GET /volume/v3/3e2ea8e413ef416fbe828cdf5e02de4e/snapshots/detail => generated 519 bytes in 88 msecs (HTTP/1.1 200) 7 headers in 285 bytes (1 switches on core 0)
Aug 04 02:37:02.285534 dv-cinder-740146-17-smb devstack@c-api.service[111644]: DEBUG cinder.api.middleware.request_id [None req-48206a7b-0e18-43ed-8fd2-7b7f1c0ad6ea None None] RequestId filter calling following filter/app {{(pid=111644) _context_setter /opt/stack/cinder/cinder/api/middleware/request_id.py:62}}
Aug 04 02:37:02.292245 dv-cinder-740146-17-smb devstack@c-api.service[111644]: INFO cinder.api.openstack.wsgi [None req-48206a7b-0e18-43ed-8fd2-7b7f1c0ad6ea tempest-GroupSnapshotsTest-1717533814 tempest-GroupSnapshotsTest-1717533814-project] GET http://10.222.0.60/volume/v3/3e2ea8e413ef416fbe828cdf5e02de4e/snapshots/a4e45850-f729-47c2-b4f6-4a17c49b7c2a
Aug 04 02:37:02.294402 dv-cinder-740146-17-smb devstack@c-api.service[111644]: DEBUG cinder.api.openstack.wsgi [None req-48206a7b-0e18-43ed-8fd2-7b7f1c0ad6ea tempest-GroupSnapshotsTest-1717533814 tempest-GroupSnapshotsTest-1717533814-project] Empty body provided in request {{(pid=111644) get_body /opt/stack/cinder/cinder/api/openstack/wsgi.py:715}}
Aug 04 02:37:02.295726 dv-cinder-740146-17-smb devstack@c-api.service[111644]: DEBUG cinder.api.openstack.wsgi [None req-48206a7b-0e18-43ed-8fd2-7b7f1c0ad6ea tempest-GroupSnapshotsTest-1717533814 tempest-GroupSnapshotsTest-1717533814-project] Calling method 'show' {{(pid=111644) _process_stack /opt/stack/cinder/cinder/api/openstack/wsgi.py:868}}
Aug 04 02:37:02.326467 dv-cinder-740146-17-smb devstack@c-api.service[111644]: /usr/local/lib/python3.8/dist-packages/oslo_context/context.py:100: DeprecationWarning: Policy enforcement is depending on the value of is_admin. This key is deprecated. Please update your policy file to use the standard policy values.
Aug 04 02:37:02.326467 dv-cinder-740146-17-smb devstack@c-api.service[111644]: warnings.warn('Policy enforcement is depending on the value of '
Aug 04 02:37:02.335488 dv-cinder-740146-17-smb devstack@c-api.service[111644]: INFO cinder.volume.api [None req-48206a7b-0e18-43ed-8fd2-7b7f1c0ad6ea tempest-GroupSnapshotsTest-1717533814 tempest-GroupSnapshotsTest-1717533814-project] Snapshot retrieved successfully.
Aug 04 02:37:02.339326 dv-cinder-740146-17-smb devstack@c-api.service[111644]: INFO cinder.api.openstack.wsgi [None req-48206a7b-0e18-43ed-8fd2-7b7f1c0ad6ea tempest-GroupSnapshotsTest-1717533814 tempest-GroupSnapshotsTest-1717533814-project] http://10.222.0.60/volume/v3/3e2ea8e413ef416fbe828cdf5e02de4e/snapshots/a4e45850-f729-47c2-b4f6-4a17c49b7c2a returned with HTTP 200
Aug 04 02:37:02.343043 dv-cinder-740146-17-smb devstack@c-api.service[111644]: [pid: 111644|app: 0|req: 64/105] 10.222.0.60 () {58 vars in 1331 bytes} [Thu Aug 4 02:37:02 2022] GET /volume/v3/3e2ea8e413ef416fbe828cdf5e02de4e/snapshots/a4e45850-f729-47c2-b4f6-4a17c49b7c2a => generated 516 bytes in 60 msecs (HTTP/1.1 200) 7 headers in 285 bytes (2 switches on core 0)
Aug 04 02:37:02.592909 dv-cinder-740146-17-smb devstack@c-api.service[111644]: DEBUG cinder.api.middleware.request_id [None req-ff655daf-bdde-499a-a267-e3b3b1349c60 None None] RequestId filter calling following filter/app {{(pid=111644) _context_setter /opt/stack/cinder/cinder/api/middleware/request_id.py:62}}
Aug 04 02:37:02.597432 dv-cinder-740146-17-smb devstack@c-api.service[111643]: INFO cinder.api.openstack.wsgi [None req-e6a454ec-1e7f-4b8d-8fa5-c935f1ed2f60 tempest-GroupsV314Test-1956559088 tempest-GroupsV314Test-1956559088-project] http://10.222.0.60/volume/v3/483bcf92aca649f1b1e5d2f9a451b8f4/groups/14394e5c-2bec-404d-9713-235d9bfb7982/action returned with HTTP 202
Aug 04 02:37:02.598184 dv-cinder-740146-17-smb devstack@c-api.service[111644]: INFO cinder.api.openstack.wsgi [None req-ff655daf-bdde-499a-a267-e3b3b1349c60 tempest-VolumesImageMetadata-1865160232 tempest-VolumesImageMetadata-1865160232-project] GET http://10.222.0.60/volume/v3/220c954b2cff4f86abc2ba09c9e33326/volumes/4ce45a62-ddf3-446d-b8c7-7b45b0e1ba57
Aug 04 02:37:02.598423 dv-cinder-740146-17-smb devstack@c-api.service[111643]: [pid: 111643|app: 0|req: 42/106] 10.222.0.60 () {62 vars in 1405 bytes} [Thu Aug 4 02:37:02 2022] POST /volume/v3/483bcf92aca649f1b1e5d2f9a451b8f4/groups/14394e5c-2bec-404d-9713-235d9bfb7982/action => generated 0 bytes in 494 msecs (HTTP/1.1 202) 6 headers in 234 bytes (1 switches on core 0)
Aug 04 02:37:02.610714 dv-cinder-740146-17-smb devstack@c-api.service[111644]: DEBUG cinder.api.openstack.wsgi [None req-ff655daf-bdde-499a-a267-e3b3b1349c60 tempest-VolumesImageMetadata-1865160232 tempest-VolumesImageMetadata-1865160232-project] Empty body provided in request {{(pid=111644) get_body /opt/stack/cinder/cinder/api/openstack/wsgi.py:715}}
Aug 04 02:37:02.610714 dv-cinder-740146-17-smb devstack@c-api.service[111644]: DEBUG cinder.api.openstack.wsgi [None req-ff655daf-bdde-499a-a267-e3b3b1349c60 tempest-VolumesImageMetadata-1865160232 tempest-VolumesImageMetadata-1865160232-project] Calling method 'show' {{(pid=111644) _process_stack /opt/stack/cinder/cinder/api/openstack/wsgi.py:868}}
Aug 04 02:37:02.610946 dv-cinder-740146-17-smb devstack@c-api.service[111643]: DEBUG cinder.api.middleware.request_id [None req-1f0ffb79-a284-4900-b2c2-f3f9f14ca478 None None] RequestId filter calling following filter/app {{(pid=111643) _context_setter /opt/stack/cinder/cinder/api/middleware/request_id.py:62}}
Aug 04 02:37:02.610946 dv-cinder-740146-17-smb devstack@c-api.service[111643]: INFO cinder.api.openstack.wsgi [None req-1f0ffb79-a284-4900-b2c2-f3f9f14ca478 tempest-GroupsV314Test-1956559088 tempest-GroupsV314Test-1956559088-project] GET http://10.222.0.60/volume/v3/483bcf92aca649f1b1e5d2f9a451b8f4/volumes/b6056a8b-55d4-4b7e-b68d-6214980a9104
Aug 04 02:37:02.610946 dv-cinder-740146-17-smb devstack@c-api.service[111643]: DEBUG cinder.api.openstack.wsgi [None req-1f0ffb79-a284-4900-b2c2-f3f9f14ca478 tempest-GroupsV314Test-1956559088 tempest-GroupsV314Test-1956559088-project] Empty body provided in request {{(pid=111643) get_body /opt/stack/cinder/cinder/api/openstack/wsgi.py:715}}
Aug 04 02:37:02.610946 dv-cinder-740146-17-smb devstack@c-api.service[111643]: DEBUG cinder.api.openstack.wsgi [None req-1f0ffb79-a284-4900-b2c2-f3f9f14ca478 tempest-GroupsV314Test-1956559088 tempest-GroupsV314Test-1956559088-project] Calling method 'show' {{(pid=111643) _process_stack /opt/stack/cinder/cinder/api/openstack/wsgi.py:868}}
Aug 04 02:37:02.618666 dv-cinder-740146-17-smb devstack@c-api.service[111644]: /usr/local/lib/python3.8/dist-packages/oslo_context/context.py:100: DeprecationWarning: Policy enforcement is depending on the value of is_admin. This key is deprecated. Please update your policy file to use the standard policy values.
Aug 04 02:37:02.618666 dv-cinder-740146-17-smb devstack@c-api.service[111644]: warnings.warn('Policy enforcement is depending on the value of '
Aug 04 02:37:02.636723 dv-cinder-740146-17-smb devstack@c-api.service[111644]: INFO cinder.volume.api [None req-ff655daf-bdde-499a-a267-e3b3b1349c60 tempest-VolumesImageMetadata-1865160232 tempest-VolumesImageMetadata-1865160232-project] Volume info retrieved successfully.
Aug 04 02:37:02.655305 dv-cinder-740146-17-smb devstack@c-api.service[111643]: /usr/local/lib/python3.8/dist-packages/oslo_context/context.py:100: DeprecationWarning: Policy enforcement is depending on the value of is_admin. This key is deprecated. Please update your policy file to use the standard policy values.
Aug 04 02:37:02.655305 dv-cinder-740146-17-smb devstack@c-api.service[111643]: warnings.warn('Policy enforcement is depending on the value of '
Aug 04 02:37:02.681361 dv-cinder-740146-17-smb devstack@c-api.service[111644]: INFO cinder.api.openstack.wsgi [None req-ff655daf-bdde-499a-a267-e3b3b1349c60 tempest-VolumesImageMetadata-1865160232 tempest-VolumesImageMetadata-1865160232-project] http://10.222.0.60/volume/v3/220c954b2cff4f86abc2ba09c9e33326/volumes/4ce45a62-ddf3-446d-b8c7-7b45b0e1ba57 returned with HTTP 200
Aug 04 02:37:02.717084 dv-cinder-740146-17-smb devstack@c-api.service[111644]: [pid: 111644|app: 0|req: 65/107] 10.222.0.60 () {58 vars in 1325 bytes} [Thu Aug 4 02:37:02 2022] GET /volume/v3/220c954b2cff4f86abc2ba09c9e33326/volumes/4ce45a62-ddf3-446d-b8c7-7b45b0e1ba57 => generated 911 bytes in 91 msecs (HTTP/1.1 200) 7 headers in 285 bytes (1 switches on core 0)
Aug 04 02:37:02.718691 dv-cinder-740146-17-smb devstack@c-api.service[111643]: INFO cinder.volume.api [None req-1f0ffb79-a284-4900-b2c2-f3f9f14ca478 tempest-GroupsV314Test-1956559088 tempest-GroupsV314Test-1956559088-project] Volume info retrieved successfully.
Aug 04 02:37:02.718691 dv-cinder-740146-17-smb devstack@c-api.service[111643]: WARNING stevedore.named [None req-1f0ffb79-a284-4900-b2c2-f3f9f14ca478 tempest-GroupsV314Test-1956559088 tempest-GroupsV314Test-1956559088-project] Could not load cinder.keymgr.conf_key_mgr.ConfKeyManager
Aug 04 02:37:02.718691 dv-cinder-740146-17-smb devstack@c-api.service[111643]: WARNING castellan.key_manager [None req-1f0ffb79-a284-4900-b2c2-f3f9f14ca478 tempest-GroupsV314Test-1956559088 tempest-GroupsV314Test-1956559088-project] Deprecation Warning : cinder.keymgr.conf_key_mgr.ConfKeyManager is not a stevedore based driver, trying to load it as a class: stevedore.exception.NoMatches: No 'castellan.drivers' driver found, looking for 'cinder.keymgr.conf_key_mgr.ConfKeyManager'
Aug 04 02:37:02.718691 dv-cinder-740146-17-smb devstack@c-api.service[111643]: DEBUG oslo_db.sqlalchemy.engines [None req-1f0ffb79-a284-4900-b2c2-f3f9f14ca478 tempest-GroupsV314Test-1956559088 tempest-GroupsV314Test-1956559088-project] MySQL server mode set to STRICT_TRANS_TABLES,STRICT_ALL_TABLES,NO_ZERO_IN_DATE,NO_ZERO_DATE,ERROR_FOR_DIVISION_BY_ZERO,TRADITIONAL,NO_ENGINE_SUBSTITUTION {{(pid=111643) _check_effective_sql_mode /usr/local/lib/python3.8/dist-packages/oslo_db/sqlalchemy/engines.py:314}}
Aug 04 02:37:02.720918 dv-cinder-740146-17-smb devstack@c-api.service[111643]: /usr/local/lib/python3.8/dist-packages/oslo_context/context.py:100: DeprecationWarning: Policy enforcement is depending on the value of is_admin. This key is deprecated. Please update your policy file to use the standard policy values.
Aug 04 02:37:02.720918 dv-cinder-740146-17-smb devstack@c-api.service[111643]: warnings.warn('Policy enforcement is depending on the value of '
Aug 04 02:37:02.766062 dv-cinder-740146-17-smb devstack@c-api.service[111643]: INFO cinder.api.openstack.wsgi [None req-1f0ffb79-a284-4900-b2c2-f3f9f14ca478 tempest-GroupsV314Test-1956559088 tempest-GroupsV314Test-1956559088-project] http://10.222.0.60/volume/v3/483bcf92aca649f1b1e5d2f9a451b8f4/volumes/b6056a8b-55d4-4b7e-b68d-6214980a9104 returned with HTTP 200
Aug 04 02:37:02.790843 dv-cinder-740146-17-smb devstack@c-api.service[111643]: [pid: 111643|app: 0|req: 43/108] 10.222.0.60 () {60 vars in 1366 bytes} [Thu Aug 4 02:37:02 2022] GET /volume/v3/483bcf92aca649f1b1e5d2f9a451b8f4/volumes/b6056a8b-55d4-4b7e-b68d-6214980a9104 => generated 987 bytes in 189 msecs (HTTP/1.1 200) 7 headers in 286 bytes (2 switches on core 0)
Aug 04 02:37:02.881164 dv-cinder-740146-17-smb devstack@c-api.service[111644]: DEBUG cinder.api.middleware.request_id [None req-b27687c9-7405-4d26-b864-b808dd1dc781 None None] RequestId filter calling following filter/app {{(pid=111644) _context_setter /opt/stack/cinder/cinder/api/middleware/request_id.py:62}}
Aug 04 02:37:02.886394 dv-cinder-740146-17-smb devstack@c-api.service[111644]: INFO cinder.api.openstack.wsgi [None req-b27687c9-7405-4d26-b864-b808dd1dc781 tempest-SnapshotsActionsTest-890009331 tempest-SnapshotsActionsTest-890009331-project] GET http://10.222.0.60/volume/v3/6df40c69575b408db6795130f3149754/snapshots/b3f06b56-da0f-4645-a7ab-8bba43c75ceb
Aug 04 02:37:02.887501 dv-cinder-740146-17-smb devstack@c-api.service[111644]: DEBUG cinder.api.openstack.wsgi [None req-b27687c9-7405-4d26-b864-b808dd1dc781 tempest-SnapshotsActionsTest-890009331 tempest-SnapshotsActionsTest-890009331-project] Empty body provided in request {{(pid=111644) get_body /opt/stack/cinder/cinder/api/openstack/wsgi.py:715}}
Aug 04 02:37:02.889095 dv-cinder-740146-17-smb devstack@c-api.service[111644]: DEBUG cinder.api.openstack.wsgi [None req-b27687c9-7405-4d26-b864-b808dd1dc781 tempest-SnapshotsActionsTest-890009331 tempest-SnapshotsActionsTest-890009331-project] Calling method 'show' {{(pid=111644) _process_stack /opt/stack/cinder/cinder/api/openstack/wsgi.py:868}}
Aug 04 02:37:02.908378 dv-cinder-740146-17-smb devstack@c-api.service[111644]: /usr/local/lib/python3.8/dist-packages/oslo_context/context.py:100: DeprecationWarning: Policy enforcement is depending on the value of is_admin. This key is deprecated. Please update your policy file to use the standard policy values.
Aug 04 02:37:02.908378 dv-cinder-740146-17-smb devstack@c-api.service[111644]: warnings.warn('Policy enforcement is depending on the value of '
Aug 04 02:37:02.914201 dv-cinder-740146-17-smb devstack@c-api.service[111644]: INFO cinder.volume.api [None req-b27687c9-7405-4d26-b864-b808dd1dc781 tempest-SnapshotsActionsTest-890009331 tempest-SnapshotsActionsTest-890009331-project] Snapshot retrieved successfully.
Aug 04 02:37:02.917066 dv-cinder-740146-17-smb devstack@c-api.service[111644]: INFO cinder.api.openstack.wsgi [None req-b27687c9-7405-4d26-b864-b808dd1dc781 tempest-SnapshotsActionsTest-890009331 tempest-SnapshotsActionsTest-890009331-project] http://10.222.0.60/volume/v3/6df40c69575b408db6795130f3149754/snapshots/b3f06b56-da0f-4645-a7ab-8bba43c75ceb returned with HTTP 200
Aug 04 02:37:02.918426 dv-cinder-740146-17-smb devstack@c-api.service[111644]: [pid: 111644|app: 0|req: 66/109] 10.222.0.60 () {58 vars in 1331 bytes} [Thu Aug 4 02:37:02 2022] GET /volume/v3/6df40c69575b408db6795130f3149754/snapshots/b3f06b56-da0f-4645-a7ab-8bba43c75ceb => generated 532 bytes in 39 msecs (HTTP/1.1 200) 7 headers in 285 bytes (1 switches on core 0)
Aug 04 02:37:02.927376 dv-cinder-740146-17-smb devstack@c-api.service[111643]: DEBUG cinder.api.middleware.request_id [None req-96cd3a84-d5cd-43d6-83e9-c6368390361f None None] RequestId filter calling following filter/app {{(pid=111643) _context_setter /opt/stack/cinder/cinder/api/middleware/request_id.py:62}}
Aug 04 02:37:03.349774 dv-cinder-740146-17-smb devstack@c-api.service[111644]: DEBUG cinder.api.middleware.request_id [None req-ac239fc6-be91-4f3f-89c1-4d5092b4a189 None None] RequestId filter calling following filter/app {{(pid=111644) _context_setter /opt/stack/cinder/cinder/api/middleware/request_id.py:62}}
Aug 04 02:37:03.353760 dv-cinder-740146-17-smb devstack@c-api.service[111644]: INFO cinder.api.openstack.wsgi [None req-ac239fc6-be91-4f3f-89c1-4d5092b4a189 tempest-GroupSnapshotsTest-1717533814 tempest-GroupSnapshotsTest-1717533814-project] GET http://10.222.0.60/volume/v3/3e2ea8e413ef416fbe828cdf5e02de4e/snapshots/a4e45850-f729-47c2-b4f6-4a17c49b7c2a
Aug 04 02:37:03.354214 dv-cinder-740146-17-smb devstack@c-api.service[111644]: DEBUG cinder.api.openstack.wsgi [None req-ac239fc6-be91-4f3f-89c1-4d5092b4a189 tempest-GroupSnapshotsTest-1717533814 tempest-GroupSnapshotsTest-1717533814-project] Empty body provided in request {{(pid=111644) get_body /opt/stack/cinder/cinder/api/openstack/wsgi.py:715}}
Aug 04 02:37:03.354758 dv-cinder-740146-17-smb devstack@c-api.service[111644]: DEBUG cinder.api.openstack.wsgi [None req-ac239fc6-be91-4f3f-89c1-4d5092b4a189 tempest-GroupSnapshotsTest-1717533814 tempest-GroupSnapshotsTest-1717533814-project] Calling method 'show' {{(pid=111644) _process_stack /opt/stack/cinder/cinder/api/openstack/wsgi.py:868}}
Aug 04 02:37:03.377708 dv-cinder-740146-17-smb devstack@c-api.service[111644]: INFO cinder.api.openstack.wsgi [None req-ac239fc6-be91-4f3f-89c1-4d5092b4a189 tempest-GroupSnapshotsTest-1717533814 tempest-GroupSnapshotsTest-1717533814-project] http://10.222.0.60/volume/v3/3e2ea8e413ef416fbe828cdf5e02de4e/snapshots/a4e45850-f729-47c2-b4f6-4a17c49b7c2a returned with HTTP 404
Aug 04 02:37:03.383637 dv-cinder-740146-17-smb devstack@c-api.service[111644]: [pid: 111644|app: 0|req: 67/110] 10.222.0.60 () {58 vars in 1331 bytes} [Thu Aug 4 02:37:03 2022] GET /volume/v3/3e2ea8e413ef416fbe828cdf5e02de4e/snapshots/a4e45850-f729-47c2-b4f6-4a17c49b7c2a => generated 111 bytes in 35 msecs (HTTP/1.1 404) 7 headers in 292 bytes (1 switches on core 0)
Aug 04 02:37:03.385218 dv-cinder-740146-17-smb devstack@c-api.service[111644]: DEBUG cinder.api.middleware.request_id [None req-94bb25bc-cff1-445b-b6aa-95fed0f5811e None None] RequestId filter calling following filter/app {{(pid=111644) _context_setter /opt/stack/cinder/cinder/api/middleware/request_id.py:62}}
Aug 04 02:37:03.404935 dv-cinder-740146-17-smb devstack@c-api.service[111644]: INFO cinder.api.openstack.wsgi [None req-94bb25bc-cff1-445b-b6aa-95fed0f5811e tempest-GroupSnapshotsTest-1717533814 tempest-GroupSnapshotsTest-1717533814-project] GET http://10.222.0.60/volume/v3/3e2ea8e413ef416fbe828cdf5e02de4e/group_snapshots/81ee48a7-4d2b-435e-81cc-b7108226c93a
Aug 04 02:37:03.406562 dv-cinder-740146-17-smb devstack@c-api.service[111644]: DEBUG cinder.api.openstack.wsgi [None req-94bb25bc-cff1-445b-b6aa-95fed0f5811e tempest-GroupSnapshotsTest-1717533814 tempest-GroupSnapshotsTest-1717533814-project] Empty body provided in request {{(pid=111644) get_body /opt/stack/cinder/cinder/api/openstack/wsgi.py:715}}
Aug 04 02:37:03.408021 dv-cinder-740146-17-smb devstack@c-api.service[111644]: DEBUG cinder.api.openstack.wsgi [None req-94bb25bc-cff1-445b-b6aa-95fed0f5811e tempest-GroupSnapshotsTest-1717533814 tempest-GroupSnapshotsTest-1717533814-project] Calling method 'version_select' {{(pid=111644) _process_stack /opt/stack/cinder/cinder/api/openstack/wsgi.py:868}}
Aug 04 02:37:03.408364 dv-cinder-740146-17-smb devstack@c-api.service[111644]: DEBUG cinder.api.v3.group_snapshots [None req-94bb25bc-cff1-445b-b6aa-95fed0f5811e tempest-GroupSnapshotsTest-1717533814 tempest-GroupSnapshotsTest-1717533814-project] show called for member 81ee48a7-4d2b-435e-81cc-b7108226c93a {{(pid=111644) show /opt/stack/cinder/cinder/api/v3/group_snapshots.py:58}}
Aug 04 02:37:03.466852 dv-cinder-740146-17-smb devstack@c-api.service[111644]: INFO cinder.api.openstack.wsgi [None req-94bb25bc-cff1-445b-b6aa-95fed0f5811e tempest-GroupSnapshotsTest-1717533814 tempest-GroupSnapshotsTest-1717533814-project] http://10.222.0.60/volume/v3/3e2ea8e413ef416fbe828cdf5e02de4e/group_snapshots/81ee48a7-4d2b-435e-81cc-b7108226c93a returned with HTTP 404
Aug 04 02:37:03.467914 dv-cinder-740146-17-smb devstack@c-api.service[111644]: [pid: 111644|app: 0|req: 68/111] 10.222.0.60 () {60 vars in 1390 bytes} [Thu Aug 4 02:37:03 2022] GET /volume/v3/3e2ea8e413ef416fbe828cdf5e02de4e/group_snapshots/81ee48a7-4d2b-435e-81cc-b7108226c93a => generated 116 bytes in 84 msecs (HTTP/1.1 404) 7 headers in 293 bytes (1 switches on core 0)
Aug 04 02:37:03.475992 dv-cinder-740146-17-smb devstack@c-api.service[111644]: DEBUG cinder.api.middleware.request_id [None req-b1a6b169-d2bb-4972-a17a-dffcaf0bdf11 None None] RequestId filter calling following filter/app {{(pid=111644) _context_setter /opt/stack/cinder/cinder/api/middleware/request_id.py:62}}
Aug 04 02:37:03.494897 dv-cinder-740146-17-smb devstack@c-api.service[111644]: INFO cinder.api.openstack.wsgi [None req-b1a6b169-d2bb-4972-a17a-dffcaf0bdf11 tempest-GroupSnapshotsTest-1717533814 tempest-GroupSnapshotsTest-1717533814-project] GET http://10.222.0.60/volume/v3/3e2ea8e413ef416fbe828cdf5e02de4e/volumes/detail
Aug 04 02:37:03.497229 dv-cinder-740146-17-smb devstack@c-api.service[111644]: DEBUG cinder.api.openstack.wsgi [None req-b1a6b169-d2bb-4972-a17a-dffcaf0bdf11 tempest-GroupSnapshotsTest-1717533814 tempest-GroupSnapshotsTest-1717533814-project] Empty body provided in request {{(pid=111644) get_body /opt/stack/cinder/cinder/api/openstack/wsgi.py:715}}
Aug 04 02:37:03.502829 dv-cinder-740146-17-smb devstack@c-api.service[111644]: DEBUG cinder.api.openstack.wsgi [None req-b1a6b169-d2bb-4972-a17a-dffcaf0bdf11 tempest-GroupSnapshotsTest-1717533814 tempest-GroupSnapshotsTest-1717533814-project] Calling method 'detail' {{(pid=111644) _process_stack /opt/stack/cinder/cinder/api/openstack/wsgi.py:868}}
Aug 04 02:37:03.503848 dv-cinder-740146-17-smb devstack@c-api.service[111644]: DEBUG cinder.api.api_utils [None req-b1a6b169-d2bb-4972-a17a-dffcaf0bdf11 tempest-GroupSnapshotsTest-1717533814 tempest-GroupSnapshotsTest-1717533814-project] Removing options '' from query. {{(pid=111644) remove_invalid_filter_options /opt/stack/cinder/cinder/api/api_utils.py:83}}
Aug 04 02:37:03.508235 dv-cinder-740146-17-smb devstack@c-api.service[111644]: DEBUG cinder.volume.api [None req-b1a6b169-d2bb-4972-a17a-dffcaf0bdf11 tempest-GroupSnapshotsTest-1717533814 tempest-GroupSnapshotsTest-1717533814-project] Searching by: MultiDict([('no_migration_targets', True)]). {{(pid=111644) get_all /opt/stack/cinder/cinder/volume/api.py:664}}
Aug 04 02:37:03.539007 dv-cinder-740146-17-smb devstack@c-api.service[111643]: INFO cinder.api.openstack.wsgi [None req-96cd3a84-d5cd-43d6-83e9-c6368390361f tempest-SnapshotsActionsTest-2085215415 tempest-SnapshotsActionsTest-2085215415-project-admin] POST http://10.222.0.60/volume/v3/099404abe7834a7a865f6100ef5181cb/snapshots/b3f06b56-da0f-4645-a7ab-8bba43c75ceb/action
Aug 04 02:37:03.545813 dv-cinder-740146-17-smb devstack@c-api.service[111643]: DEBUG cinder.api.openstack.wsgi [None req-96cd3a84-d5cd-43d6-83e9-c6368390361f tempest-SnapshotsActionsTest-2085215415 tempest-SnapshotsActionsTest-2085215415-project-admin] Action body: b'{"os-reset_status": {"status": "creating"}}' {{(pid=111643) get_method /opt/stack/cinder/cinder/api/openstack/wsgi.py:983}}
Aug 04 02:37:03.546225 dv-cinder-740146-17-smb devstack@c-api.service[111643]: DEBUG cinder.api.openstack.wsgi [None req-96cd3a84-d5cd-43d6-83e9-c6368390361f tempest-SnapshotsActionsTest-2085215415 tempest-SnapshotsActionsTest-2085215415-project-admin] Action: 'action', calling method: _reset_status, body: {"os-reset_status": {"status": "creating"}} {{(pid=111643) _process_stack /opt/stack/cinder/cinder/api/openstack/wsgi.py:866}}
Aug 04 02:37:03.548412 dv-cinder-740146-17-smb devstack@c-api.service[111643]: DEBUG cinder.api.contrib.admin_actions [None req-96cd3a84-d5cd-43d6-83e9-c6368390361f tempest-SnapshotsActionsTest-2085215415 tempest-SnapshotsActionsTest-2085215415-project-admin] Updating snapshot 'b3f06b56-da0f-4645-a7ab-8bba43c75ceb' with '{'status': 'creating'}' {{(pid=111643) _reset_status /opt/stack/cinder/cinder/api/contrib/admin_actions.py:100}}
Aug 04 02:37:03.651767 dv-cinder-740146-17-smb devstack@c-api.service[111644]: INFO cinder.volume.api [None req-b1a6b169-d2bb-4972-a17a-dffcaf0bdf11 tempest-GroupSnapshotsTest-1717533814 tempest-GroupSnapshotsTest-1717533814-project] Get all volumes completed successfully.
Aug 04 02:37:03.654619 dv-cinder-740146-17-smb devstack@c-api.service[111644]: WARNING stevedore.named [None req-b1a6b169-d2bb-4972-a17a-dffcaf0bdf11 tempest-GroupSnapshotsTest-1717533814 tempest-GroupSnapshotsTest-1717533814-project] Could not load cinder.keymgr.conf_key_mgr.ConfKeyManager
Aug 04 02:37:03.676490 dv-cinder-740146-17-smb devstack@c-api.service[111644]: WARNING castellan.key_manager [None req-b1a6b169-d2bb-4972-a17a-dffcaf0bdf11 tempest-GroupSnapshotsTest-1717533814 tempest-GroupSnapshotsTest-1717533814-project] Deprecation Warning : cinder.keymgr.conf_key_mgr.ConfKeyManager is not a stevedore based driver, trying to load it as a class: stevedore.exception.NoMatches: No 'castellan.drivers' driver found, looking for 'cinder.keymgr.conf_key_mgr.ConfKeyManager'
Aug 04 02:37:03.676490 dv-cinder-740146-17-smb devstack@c-api.service[111644]: DEBUG oslo_db.sqlalchemy.engines [None req-b1a6b169-d2bb-4972-a17a-dffcaf0bdf11 tempest-GroupSnapshotsTest-1717533814 tempest-GroupSnapshotsTest-1717533814-project] MySQL server mode set to STRICT_TRANS_TABLES,STRICT_ALL_TABLES,NO_ZERO_IN_DATE,NO_ZERO_DATE,ERROR_FOR_DIVISION_BY_ZERO,TRADITIONAL,NO_ENGINE_SUBSTITUTION {{(pid=111644) _check_effective_sql_mode /usr/local/lib/python3.8/dist-packages/oslo_db/sqlalchemy/engines.py:314}}
Aug 04 02:37:03.688481 dv-cinder-740146-17-smb devstack@c-api.service[111644]: /usr/local/lib/python3.8/dist-packages/oslo_context/context.py:100: DeprecationWarning: Policy enforcement is depending on the value of is_admin. This key is deprecated. Please update your policy file to use the standard policy values.
Aug 04 02:37:03.688481 dv-cinder-740146-17-smb devstack@c-api.service[111644]: warnings.warn('Policy enforcement is depending on the value of '
Aug 04 02:37:03.692147 dv-cinder-740146-17-smb devstack@c-api.service[111643]: /usr/local/lib/python3.8/dist-packages/oslo_context/context.py:100: DeprecationWarning: Policy enforcement is depending on the value of is_admin. This key is deprecated. Please update your policy file to use the standard policy values.
Aug 04 02:37:03.692147 dv-cinder-740146-17-smb devstack@c-api.service[111643]: warnings.warn('Policy enforcement is depending on the value of '
Aug 04 02:37:03.723359 dv-cinder-740146-17-smb devstack@c-api.service[111644]: INFO cinder.api.openstack.wsgi [None req-b1a6b169-d2bb-4972-a17a-dffcaf0bdf11 tempest-GroupSnapshotsTest-1717533814 tempest-GroupSnapshotsTest-1717533814-project] http://10.222.0.60/volume/v3/3e2ea8e413ef416fbe828cdf5e02de4e/volumes/detail returned with HTTP 200
Aug 04 02:37:03.736675 dv-cinder-740146-17-smb devstack@c-api.service[111644]: [pid: 111644|app: 0|req: 69/112] 10.222.0.60 () {60 vars in 1276 bytes} [Thu Aug 4 02:37:03 2022] GET /volume/v3/3e2ea8e413ef416fbe828cdf5e02de4e/volumes/detail => generated 1002 bytes in 255 msecs (HTTP/1.1 200) 7 headers in 287 bytes (1 switches on core 0)
Aug 04 02:37:03.736675 dv-cinder-740146-17-smb devstack@c-api.service[111644]: DEBUG cinder.api.middleware.request_id [None req-06595d97-82d6-4247-804c-33b959dbd285 None None] RequestId filter calling following filter/app {{(pid=111644) _context_setter /opt/stack/cinder/cinder/api/middleware/request_id.py:62}}
Aug 04 02:37:03.742189 dv-cinder-740146-17-smb devstack@c-api.service[111644]: INFO cinder.api.openstack.wsgi [None req-06595d97-82d6-4247-804c-33b959dbd285 tempest-VolumesImageMetadata-1865160232 tempest-VolumesImageMetadata-1865160232-project] GET http://10.222.0.60/volume/v3/220c954b2cff4f86abc2ba09c9e33326/volumes/4ce45a62-ddf3-446d-b8c7-7b45b0e1ba57
Aug 04 02:37:03.743009 dv-cinder-740146-17-smb devstack@c-api.service[111644]: DEBUG cinder.api.openstack.wsgi [None req-06595d97-82d6-4247-804c-33b959dbd285 tempest-VolumesImageMetadata-1865160232 tempest-VolumesImageMetadata-1865160232-project] Empty body provided in request {{(pid=111644) get_body /opt/stack/cinder/cinder/api/openstack/wsgi.py:715}}
Aug 04 02:37:03.743817 dv-cinder-740146-17-smb devstack@c-api.service[111644]: DEBUG cinder.api.openstack.wsgi [None req-06595d97-82d6-4247-804c-33b959dbd285 tempest-VolumesImageMetadata-1865160232 tempest-VolumesImageMetadata-1865160232-project] Calling method 'show' {{(pid=111644) _process_stack /opt/stack/cinder/cinder/api/openstack/wsgi.py:868}}
Aug 04 02:37:03.764217 dv-cinder-740146-17-smb devstack@c-api.service[111644]: /usr/local/lib/python3.8/dist-packages/oslo_context/context.py:100: DeprecationWarning: Policy enforcement is depending on the value of is_admin. This key is deprecated. Please update your policy file to use the standard policy values.
Aug 04 02:37:03.764217 dv-cinder-740146-17-smb devstack@c-api.service[111644]: warnings.warn('Policy enforcement is depending on the value of '
Aug 04 02:37:03.776140 dv-cinder-740146-17-smb devstack@c-api.service[111644]: INFO cinder.volume.api [None req-06595d97-82d6-4247-804c-33b959dbd285 tempest-VolumesImageMetadata-1865160232 tempest-VolumesImageMetadata-1865160232-project] Volume info retrieved successfully.
Aug 04 02:37:03.790959 dv-cinder-740146-17-smb devstack@c-api.service[111644]: INFO cinder.api.openstack.wsgi [None req-06595d97-82d6-4247-804c-33b959dbd285 tempest-VolumesImageMetadata-1865160232 tempest-VolumesImageMetadata-1865160232-project] http://10.222.0.60/volume/v3/220c954b2cff4f86abc2ba09c9e33326/volumes/4ce45a62-ddf3-446d-b8c7-7b45b0e1ba57 returned with HTTP 200
Aug 04 02:37:03.806426 dv-cinder-740146-17-smb devstack@c-api.service[111644]: [pid: 111644|app: 0|req: 70/113] 10.222.0.60 () {58 vars in 1325 bytes} [Thu Aug 4 02:37:03 2022] GET /volume/v3/220c954b2cff4f86abc2ba09c9e33326/volumes/4ce45a62-ddf3-446d-b8c7-7b45b0e1ba57 => generated 911 bytes in 66 msecs (HTTP/1.1 200) 7 headers in 285 bytes (1 switches on core 0)
Aug 04 02:37:03.808982 dv-cinder-740146-17-smb devstack@c-api.service[111644]: DEBUG cinder.api.middleware.request_id [None req-3a64a4f0-16da-4f8f-aa91-13265fc11fa8 None None] RequestId filter calling following filter/app {{(pid=111644) _context_setter /opt/stack/cinder/cinder/api/middleware/request_id.py:62}}
Aug 04 02:37:03.813937 dv-cinder-740146-17-smb devstack@c-api.service[111644]: INFO cinder.api.openstack.wsgi [None req-3a64a4f0-16da-4f8f-aa91-13265fc11fa8 tempest-GroupSnapshotsTest-1717533814 tempest-GroupSnapshotsTest-1717533814-project] POST http://10.222.0.60/volume/v3/3e2ea8e413ef416fbe828cdf5e02de4e/groups/282377e1-c993-4191-90e9-30c6e6897597/action
Aug 04 02:37:03.825577 dv-cinder-740146-17-smb devstack@c-api.service[111644]: DEBUG cinder.api.openstack.wsgi [None req-3a64a4f0-16da-4f8f-aa91-13265fc11fa8 tempest-GroupSnapshotsTest-1717533814 tempest-GroupSnapshotsTest-1717533814-project] Action body: b'{"delete": {"delete-volumes": true}}' {{(pid=111644) get_method /opt/stack/cinder/cinder/api/openstack/wsgi.py:983}}
Aug 04 02:37:03.830689 dv-cinder-740146-17-smb devstack@c-api.service[111644]: DEBUG cinder.api.openstack.wsgi [None req-3a64a4f0-16da-4f8f-aa91-13265fc11fa8 tempest-GroupSnapshotsTest-1717533814 tempest-GroupSnapshotsTest-1717533814-project] Action: 'action', calling method: delete_group, body: {"delete": {"delete-volumes": true}} {{(pid=111644) _process_stack /opt/stack/cinder/cinder/api/openstack/wsgi.py:866}}
Aug 04 02:37:03.833736 dv-cinder-740146-17-smb devstack@c-api.service[111644]: DEBUG cinder.api.v3.groups [None req-3a64a4f0-16da-4f8f-aa91-13265fc11fa8 tempest-GroupSnapshotsTest-1717533814 tempest-GroupSnapshotsTest-1717533814-project] delete called for group 282377e1-c993-4191-90e9-30c6e6897597 {{(pid=111644) _delete /opt/stack/cinder/cinder/api/v3/groups.py:117}}
