Jun 07 08:19:45.621240 dv-cinder-740146-15-iscsi devstack@keystone.service[80358]: DEBUG keystone.server.flask.request_processing.req_logging [None req-c67f2c6e-a24b-4540-b7a9-8383923e2c74 None None] PATH_INFO: `/` {{(pid=80358) log_request_info /opt/stack/keystone/keystone/server/flask/request_processing/req_logging.py:29}}
Jun 07 08:19:45.622649 dv-cinder-740146-15-iscsi devstack@keystone.service[80358]: [pid: 80358|app: 0|req: 187/364] 10.222.0.17 () {54 vars in 926 bytes} [Tue Jun 7 08:19:45 2022] GET /identity => generated 270 bytes in 3 msecs (HTTP/1.1 300) 6 headers in 234 bytes (1 switches on core 0)
Jun 07 08:19:45.626964 dv-cinder-740146-15-iscsi devstack@keystone.service[80357]: DEBUG keystone.common.rbac_enforcer.enforcer [None req-14b0002c-e7ad-4c31-b5ab-1d8c74806ca7 None admin] RBAC: Authorizing `identity:validate_token()` {{(pid=80357) enforce_call /opt/stack/keystone/keystone/common/rbac_enforcer/enforcer.py:449}}
Jun 07 08:19:45.626964 dv-cinder-740146-15-iscsi devstack@keystone.service[80357]: DEBUG keystone.common.rbac_enforcer.enforcer [None req-14b0002c-e7ad-4c31-b5ab-1d8c74806ca7 None admin] RBAC: Authorization granted {{(pid=80357) enforce_call /opt/stack/keystone/keystone/common/rbac_enforcer/enforcer.py:457}}
Jun 07 08:19:45.628904 dv-cinder-740146-15-iscsi devstack@keystone.service[80358]: DEBUG keystone.server.flask.request_processing.middleware.auth_context [None req-c67f2c6e-a24b-4540-b7a9-8383923e2c74 None None] Authenticating user token {{(pid=80358) process_request /usr/local/lib/python3.8/dist-packages/keystonemiddleware/auth_token/__init__.py:407}}
Jun 07 08:19:45.669372 dv-cinder-740146-15-iscsi devstack@keystone.service[80357]: DEBUG dbcounter [-] [80357] Writing DB stats keystone:SELECT=100 {{(pid=80357) stat_writer /usr/local/lib/python3.8/dist-packages/dbcounter.py:114}}
Jun 07 08:19:45.747751 dv-cinder-740146-15-iscsi devstack@keystone.service[80358]: DEBUG keystone.server.flask.request_processing.middleware.auth_context [None req-c67f2c6e-a24b-4540-b7a9-8383923e2c74 None None] Validating token access rules against request {{(pid=80358) validate_allowed_request /usr/local/lib/python3.8/dist-packages/keystonemiddleware/auth_token/__init__.py:545}}
Jun 07 08:19:45.751738 dv-cinder-740146-15-iscsi devstack@keystone.service[80357]: [pid: 80357|app: 0|req: 178/365] 10.222.0.17 () {58 vars in 1282 bytes} [Tue Jun 7 08:19:45 2022] GET /identity/v3/auth/tokens => generated 799 bytes in 378 msecs (HTTP/1.1 200) 6 headers in 358 bytes (1 switches on core 0)
Jun 07 08:19:45.753170 dv-cinder-740146-15-iscsi devstack@keystone.service[80357]: DEBUG keystone.server.flask.request_processing.req_logging [None req-ec84526e-5a60-4173-ace2-3ef21b9a027c None None] REQUEST_METHOD: `POST` {{(pid=80357) log_request_info /opt/stack/keystone/keystone/server/flask/request_processing/req_logging.py:27}}
Jun 07 08:19:45.753550 dv-cinder-740146-15-iscsi devstack@keystone.service[80357]: DEBUG keystone.server.flask.request_processing.req_logging [None req-ec84526e-5a60-4173-ace2-3ef21b9a027c None None] SCRIPT_NAME: `/identity` {{(pid=80357) log_request_info /opt/stack/keystone/keystone/server/flask/request_processing/req_logging.py:28}}
Jun 07 08:19:45.753920 dv-cinder-740146-15-iscsi devstack@keystone.service[80357]: DEBUG keystone.server.flask.request_processing.req_logging [None req-ec84526e-5a60-4173-ace2-3ef21b9a027c None None] PATH_INFO: `/v3/auth/tokens` {{(pid=80357) log_request_info /opt/stack/keystone/keystone/server/flask/request_processing/req_logging.py:29}}
Jun 07 08:19:45.772305 dv-cinder-740146-15-iscsi devstack@keystone.service[80357]: DEBUG keystone.auth.core [None req-ec84526e-5a60-4173-ace2-3ef21b9a027c None None] MFA Rules not processed for user `4ce5a782a83f41fbb386c88e6d77ba55`. Rule list: `[]` (Enabled: `True`). {{(pid=80357) check_auth_methods_against_rules /opt/stack/keystone/keystone/auth/core.py:438}}
Jun 07 08:19:45.773682 dv-cinder-740146-15-iscsi devstack@keystone.service[80357]: DEBUG keystone.common.fernet_utils [None req-ec84526e-5a60-4173-ace2-3ef21b9a027c None None] Loaded 2 Fernet keys from /etc/keystone/fernet-keys/, but `[fernet_tokens] max_active_keys = 3`; perhaps there have not been enough key rotations to reach `max_active_keys` yet? {{(pid=80357) load_keys /opt/stack/keystone/keystone/common/fernet_utils.py:286}}
Jun 07 08:19:45.786449 dv-cinder-740146-15-iscsi devstack@keystone.service[80358]: DEBUG keystone.server.flask.request_processing.middleware.auth_context [None req-52411764-dc28-4ce6-8c65-cae67cc7c9d0 None admin] RBAC: auth_context: {'token': , 'domain_id': None, 'trust_id': None, 'trustor_id': None, 'trustee_id': None, 'domain_name': None, 'group_ids': [], 'user_id': '4ce5a782a83f41fbb386c88e6d77ba55', 'user_domain_id': 'default', 'system_scope': 'all', 'project_id': None, 'project_domain_id': None, 'roles': ['admin', 'member', 'reader'], 'is_admin_project': True, 'service_user_id': None, 'service_user_domain_id': None, 'service_project_id': None, 'service_project_domain_id': None, 'service_roles': []} {{(pid=80358) fill_context /opt/stack/keystone/keystone/server/flask/request_processing/middleware/auth_context.py:478}}
Jun 07 08:19:45.787841 dv-cinder-740146-15-iscsi devstack@keystone.service[80358]: DEBUG keystone.server.flask.request_processing.req_logging [None req-52411764-dc28-4ce6-8c65-cae67cc7c9d0 None admin] REQUEST_METHOD: `GET` {{(pid=80358) log_request_info /opt/stack/keystone/keystone/server/flask/request_processing/req_logging.py:27}}
Jun 07 08:19:45.788336 dv-cinder-740146-15-iscsi devstack@keystone.service[80358]: DEBUG keystone.server.flask.request_processing.req_logging [None req-52411764-dc28-4ce6-8c65-cae67cc7c9d0 None admin] SCRIPT_NAME: `/identity` {{(pid=80358) log_request_info /opt/stack/keystone/keystone/server/flask/request_processing/req_logging.py:28}}
Jun 07 08:19:45.788818 dv-cinder-740146-15-iscsi devstack@keystone.service[80358]: DEBUG keystone.server.flask.request_processing.req_logging [None req-52411764-dc28-4ce6-8c65-cae67cc7c9d0 None admin] PATH_INFO: `/v3/roles` {{(pid=80358) log_request_info /opt/stack/keystone/keystone/server/flask/request_processing/req_logging.py:29}}
Jun 07 08:19:45.789890 dv-cinder-740146-15-iscsi devstack@keystone.service[80358]: DEBUG keystone.common.rbac_enforcer.enforcer [None req-52411764-dc28-4ce6-8c65-cae67cc7c9d0 None admin] RBAC: Adding query filter params (name=admin) {{(pid=80358) _extract_filter_values /opt/stack/keystone/keystone/common/rbac_enforcer/enforcer.py:167}}
Jun 07 08:19:45.790408 dv-cinder-740146-15-iscsi devstack@keystone.service[80358]: DEBUG keystone.common.rbac_enforcer.enforcer [None req-52411764-dc28-4ce6-8c65-cae67cc7c9d0 None admin] RBAC: Authorizing `identity:list_roles()` {{(pid=80358) enforce_call /opt/stack/keystone/keystone/common/rbac_enforcer/enforcer.py:449}}
Jun 07 08:19:45.792033 dv-cinder-740146-15-iscsi devstack@keystone.service[80358]: DEBUG keystone.common.rbac_enforcer.enforcer [None req-52411764-dc28-4ce6-8c65-cae67cc7c9d0 None admin] RBAC: Authorization granted {{(pid=80358) enforce_call /opt/stack/keystone/keystone/common/rbac_enforcer/enforcer.py:457}}
Jun 07 08:19:45.802521 dv-cinder-740146-15-iscsi devstack@keystone.service[80358]: [pid: 80358|app: 0|req: 188/366] 10.222.0.17 () {56 vars in 1099 bytes} [Tue Jun 7 08:19:45 2022] GET /identity/v3/roles?name=admin => generated 339 bytes in 174 msecs (HTTP/1.1 200) 5 headers in 177 bytes (1 switches on core 0)
Jun 07 08:19:45.803721 dv-cinder-740146-15-iscsi devstack@keystone.service[80358]: DEBUG keystone.server.flask.request_processing.middleware.auth_context [None req-52411764-dc28-4ce6-8c65-cae67cc7c9d0 None admin] Authenticating user token {{(pid=80358) process_request /usr/local/lib/python3.8/dist-packages/keystonemiddleware/auth_token/__init__.py:407}}
Jun 07 08:19:45.856101 dv-cinder-740146-15-iscsi devstack@keystone.service[80357]: [pid: 80357|app: 0|req: 179/367] 10.222.0.17 () {58 vars in 1023 bytes} [Tue Jun 7 08:19:45 2022] POST /identity/v3/auth/tokens => generated 799 bytes in 104 msecs (HTTP/1.1 201) 6 headers in 363 bytes (1 switches on core 0)
Jun 07 08:19:45.856955 dv-cinder-740146-15-iscsi devstack@keystone.service[80357]: DEBUG keystone.server.flask.request_processing.middleware.auth_context [None req-ec84526e-5a60-4173-ace2-3ef21b9a027c None None] Authenticating user token {{(pid=80357) process_request /usr/local/lib/python3.8/dist-packages/keystonemiddleware/auth_token/__init__.py:407}}
Jun 07 08:19:45.865845 dv-cinder-740146-15-iscsi devstack@keystone.service[80358]: DEBUG dbcounter [-] [80358] Writing DB stats keystone:SELECT=100 {{(pid=80358) stat_writer /usr/local/lib/python3.8/dist-packages/dbcounter.py:114}}
Jun 07 08:19:45.939407 dv-cinder-740146-15-iscsi devstack@keystone.service[80357]: DEBUG dbcounter [-] [80357] Writing DB stats keystone:SELECT=100 {{(pid=80357) stat_writer /usr/local/lib/python3.8/dist-packages/dbcounter.py:114}}
Jun 07 08:19:45.942751 dv-cinder-740146-15-iscsi devstack@keystone.service[80358]: DEBUG keystone.server.flask.request_processing.middleware.auth_context [None req-52411764-dc28-4ce6-8c65-cae67cc7c9d0 None admin] Validating token access rules against request {{(pid=80358) validate_allowed_request /usr/local/lib/python3.8/dist-packages/keystonemiddleware/auth_token/__init__.py:545}}
Jun 07 08:19:45.989070 dv-cinder-740146-15-iscsi devstack@keystone.service[80358]: DEBUG keystone.server.flask.request_processing.middleware.auth_context [None req-a3881d6a-b338-4539-a824-fe811de56690 None admin] RBAC: auth_context: {'token': , 'domain_id': None, 'trust_id': None, 'trustor_id': None, 'trustee_id': None, 'domain_name': None, 'group_ids': [], 'user_id': '4ce5a782a83f41fbb386c88e6d77ba55', 'user_domain_id': 'default', 'system_scope': 'all', 'project_id': None, 'project_domain_id': None, 'roles': ['admin', 'member', 'reader'], 'is_admin_project': True, 'service_user_id': None, 'service_user_domain_id': None, 'service_project_id': None, 'service_project_domain_id': None, 'service_roles': []} {{(pid=80358) fill_context /opt/stack/keystone/keystone/server/flask/request_processing/middleware/auth_context.py:478}}
Jun 07 08:19:45.990418 dv-cinder-740146-15-iscsi devstack@keystone.service[80358]: DEBUG keystone.server.flask.request_processing.req_logging [None req-a3881d6a-b338-4539-a824-fe811de56690 None admin] REQUEST_METHOD: `GET` {{(pid=80358) log_request_info /opt/stack/keystone/keystone/server/flask/request_processing/req_logging.py:27}}
Jun 07 08:19:45.990904 dv-cinder-740146-15-iscsi devstack@keystone.service[80358]: DEBUG keystone.server.flask.request_processing.req_logging [None req-a3881d6a-b338-4539-a824-fe811de56690 None admin] SCRIPT_NAME: `/identity` {{(pid=80358) log_request_info /opt/stack/keystone/keystone/server/flask/request_processing/req_logging.py:28}}
Jun 07 08:19:45.991501 dv-cinder-740146-15-iscsi devstack@keystone.service[80358]: DEBUG keystone.server.flask.request_processing.req_logging [None req-a3881d6a-b338-4539-a824-fe811de56690 None admin] PATH_INFO: `/v3/projects/914fc5f0eaf745279782c417df7acf69` {{(pid=80358) log_request_info /opt/stack/keystone/keystone/server/flask/request_processing/req_logging.py:29}}
Jun 07 08:19:45.993609 dv-cinder-740146-15-iscsi devstack@keystone.service[80358]: DEBUG keystone.common.rbac_enforcer.enforcer [None req-a3881d6a-b338-4539-a824-fe811de56690 None admin] RBAC: Authorizing `identity:get_project(project_id=914fc5f0eaf745279782c417df7acf69)` {{(pid=80358) enforce_call /opt/stack/keystone/keystone/common/rbac_enforcer/enforcer.py:449}}
Jun 07 08:19:45.995589 dv-cinder-740146-15-iscsi devstack@keystone.service[80358]: DEBUG keystone.common.rbac_enforcer.enforcer [None req-a3881d6a-b338-4539-a824-fe811de56690 None admin] RBAC: Authorization granted {{(pid=80358) enforce_call /opt/stack/keystone/keystone/common/rbac_enforcer/enforcer.py:457}}
Jun 07 08:19:45.998470 dv-cinder-740146-15-iscsi devstack@keystone.service[80358]: [pid: 80358|app: 0|req: 189/368] 10.222.0.17 () {56 vars in 1186 bytes} [Tue Jun 7 08:19:45 2022] GET /identity/v3/projects/914fc5f0eaf745279782c417df7acf69 => generated 302 bytes in 195 msecs (HTTP/1.1 200) 5 headers in 177 bytes (1 switches on core 0)
Jun 07 08:19:45.999941 dv-cinder-740146-15-iscsi devstack@keystone.service[80358]: DEBUG keystone.server.flask.request_processing.middleware.auth_context [None req-a3881d6a-b338-4539-a824-fe811de56690 None admin] Authenticating user token {{(pid=80358) process_request /usr/local/lib/python3.8/dist-packages/keystonemiddleware/auth_token/__init__.py:407}}
Jun 07 08:19:46.017443 dv-cinder-740146-15-iscsi devstack@keystone.service[80357]: DEBUG keystone.server.flask.request_processing.middleware.auth_context [None req-ec84526e-5a60-4173-ace2-3ef21b9a027c None None] Validating token access rules against request {{(pid=80357) validate_allowed_request /usr/local/lib/python3.8/dist-packages/keystonemiddleware/auth_token/__init__.py:545}}
Jun 07 08:19:46.055723 dv-cinder-740146-15-iscsi devstack@keystone.service[80357]: DEBUG keystone.server.flask.request_processing.middleware.auth_context [None req-5e1bce1e-d02c-4ac8-ba2e-c28f8c0f0536 None admin] RBAC: auth_context: {'token': , 'domain_id': None, 'trust_id': None, 'trustor_id': None, 'trustee_id': None, 'domain_name': None, 'group_ids': [], 'user_id': '4ce5a782a83f41fbb386c88e6d77ba55', 'user_domain_id': 'default', 'system_scope': 'all', 'project_id': None, 'project_domain_id': None, 'roles': ['admin', 'member', 'reader'], 'is_admin_project': True, 'service_user_id': None, 'service_user_domain_id': None, 'service_project_id': None, 'service_project_domain_id': None, 'service_roles': []} {{(pid=80357) fill_context /opt/stack/keystone/keystone/server/flask/request_processing/middleware/auth_context.py:478}}
Jun 07 08:19:46.056850 dv-cinder-740146-15-iscsi devstack@keystone.service[80357]: DEBUG keystone.server.flask.request_processing.req_logging [None req-5e1bce1e-d02c-4ac8-ba2e-c28f8c0f0536 None admin] REQUEST_METHOD: `GET` {{(pid=80357) log_request_info /opt/stack/keystone/keystone/server/flask/request_processing/req_logging.py:27}}
Jun 07 08:19:46.057361 dv-cinder-740146-15-iscsi devstack@keystone.service[80357]: DEBUG keystone.server.flask.request_processing.req_logging [None req-5e1bce1e-d02c-4ac8-ba2e-c28f8c0f0536 None admin] SCRIPT_NAME: `/identity` {{(pid=80357) log_request_info /opt/stack/keystone/keystone/server/flask/request_processing/req_logging.py:28}}
Jun 07 08:19:46.057827 dv-cinder-740146-15-iscsi devstack@keystone.service[80357]: DEBUG keystone.server.flask.request_processing.req_logging [None req-5e1bce1e-d02c-4ac8-ba2e-c28f8c0f0536 None admin] PATH_INFO: `/v3/auth/tokens` {{(pid=80357) log_request_info /opt/stack/keystone/keystone/server/flask/request_processing/req_logging.py:29}}
Jun 07 08:19:46.114825 dv-cinder-740146-15-iscsi devstack@keystone.service[80358]: DEBUG keystone.server.flask.request_processing.middleware.auth_context [None req-a3881d6a-b338-4539-a824-fe811de56690 None admin] Validating token access rules against request {{(pid=80358) validate_allowed_request /usr/local/lib/python3.8/dist-packages/keystonemiddleware/auth_token/__init__.py:545}}
Jun 07 08:19:46.130082 dv-cinder-740146-15-iscsi devstack@keystone.service[80358]: DEBUG dbcounter [-] [80358] Writing DB stats keystone:SELECT=100 {{(pid=80358) stat_writer /usr/local/lib/python3.8/dist-packages/dbcounter.py:114}}
Jun 07 08:19:46.137057 dv-cinder-740146-15-iscsi devstack@keystone.service[80357]: DEBUG keystone.common.rbac_enforcer.enforcer [None req-5e1bce1e-d02c-4ac8-ba2e-c28f8c0f0536 None admin] RBAC: Authorizing `identity:validate_token()` {{(pid=80357) enforce_call /opt/stack/keystone/keystone/common/rbac_enforcer/enforcer.py:449}}
Jun 07 08:19:46.138766 dv-cinder-740146-15-iscsi devstack@keystone.service[80357]: DEBUG keystone.common.rbac_enforcer.enforcer [None req-5e1bce1e-d02c-4ac8-ba2e-c28f8c0f0536 None admin] RBAC: Authorization granted {{(pid=80357) enforce_call /opt/stack/keystone/keystone/common/rbac_enforcer/enforcer.py:457}}
Jun 07 08:19:46.151510 dv-cinder-740146-15-iscsi devstack@keystone.service[80358]: DEBUG keystone.server.flask.request_processing.middleware.auth_context [None req-82034a87-c361-4af4-9a5e-baa4990f31fa None admin] RBAC: auth_context: {'token': , 'domain_id': None, 'trust_id': None, 'trustor_id': None, 'trustee_id': None, 'domain_name': None, 'group_ids': [], 'user_id': '4ce5a782a83f41fbb386c88e6d77ba55', 'user_domain_id': 'default', 'system_scope': 'all', 'project_id': None, 'project_domain_id': None, 'roles': ['admin', 'member', 'reader'], 'is_admin_project': True, 'service_user_id': None, 'service_user_domain_id': None, 'service_project_id': None, 'service_project_domain_id': None, 'service_roles': []} {{(pid=80358) fill_context /opt/stack/keystone/keystone/server/flask/request_processing/middleware/auth_context.py:478}}
Jun 07 08:19:46.152326 dv-cinder-740146-15-iscsi devstack@keystone.service[80358]: DEBUG keystone.server.flask.request_processing.req_logging [None req-82034a87-c361-4af4-9a5e-baa4990f31fa None admin] REQUEST_METHOD: `GET` {{(pid=80358) log_request_info /opt/stack/keystone/keystone/server/flask/request_processing/req_logging.py:27}}
Jun 07 08:19:46.152609 dv-cinder-740146-15-iscsi devstack@keystone.service[80358]: DEBUG keystone.server.flask.request_processing.req_logging [None req-82034a87-c361-4af4-9a5e-baa4990f31fa None admin] SCRIPT_NAME: `/identity` {{(pid=80358) log_request_info /opt/stack/keystone/keystone/server/flask/request_processing/req_logging.py:28}}
Jun 07 08:19:46.152955 dv-cinder-740146-15-iscsi devstack@keystone.service[80358]: DEBUG keystone.server.flask.request_processing.req_logging [None req-82034a87-c361-4af4-9a5e-baa4990f31fa None admin] PATH_INFO: `/v3/roles/anotherrole` {{(pid=80358) log_request_info /opt/stack/keystone/keystone/server/flask/request_processing/req_logging.py:29}}
Jun 07 08:19:46.165889 dv-cinder-740146-15-iscsi devstack@keystone.service[80358]: DEBUG keystone.common.rbac_enforcer.enforcer [None req-82034a87-c361-4af4-9a5e-baa4990f31fa None admin] Extracting inferred target data resulted in "NOT FOUND (404)". {{(pid=80358) enforce_call /opt/stack/keystone/keystone/common/rbac_enforcer/enforcer.py:409}}
Jun 07 08:19:46.175792 dv-cinder-740146-15-iscsi devstack@keystone.service[80358]: ERROR keystone.server.flask.application [None req-82034a87-c361-4af4-9a5e-baa4990f31fa None admin] Could not find role: anotherrole.: keystone.exception.RoleNotFound: Could not find role: anotherrole.
Jun 07 08:19:46.175792 dv-cinder-740146-15-iscsi devstack@keystone.service[80358]: ERROR keystone.server.flask.application
Traceback (most recent call last):
Jun 07 08:19:46.175792 dv-cinder-740146-15-iscsi devstack@keystone.service[80358]: ERROR keystone.server.flask.application
File "/usr/local/lib/python3.8/dist-packages/flask/app.py", line 1523, in full_dispatch_request
Jun 07 08:19:46.175792 dv-cinder-740146-15-iscsi devstack@keystone.service[80358]: ERROR keystone.server.flask.application rv = self.dispatch_request()
Jun 07 08:19:46.175792 dv-cinder-740146-15-iscsi devstack@keystone.service[80358]: ERROR keystone.server.flask.application
File "/usr/local/lib/python3.8/dist-packages/flask/app.py", line 1509, in dispatch_request
Jun 07 08:19:46.175792 dv-cinder-740146-15-iscsi devstack@keystone.service[80358]: ERROR keystone.server.flask.application return self.ensure_sync(self.view_functions[rule.endpoint])(**req.view_args)
Jun 07 08:19:46.175792 dv-cinder-740146-15-iscsi devstack@keystone.service[80358]: ERROR keystone.server.flask.application
File "/usr/local/lib/python3.8/dist-packages/flask_restful/__init__.py", line 467, in wrapper
Jun 07 08:19:46.175792 dv-cinder-740146-15-iscsi devstack@keystone.service[80358]: ERROR keystone.server.flask.application resp = resource(*args, **kwargs)
Jun 07 08:19:46.175792 dv-cinder-740146-15-iscsi devstack@keystone.service[80358]: ERROR keystone.server.flask.application
File "/usr/local/lib/python3.8/dist-packages/flask/views.py", line 84, in view
Jun 07 08:19:46.175792 dv-cinder-740146-15-iscsi devstack@keystone.service[80358]: ERROR keystone.server.flask.application return current_app.ensure_sync(self.dispatch_request)(*args, **kwargs)
Jun 07 08:19:46.175792 dv-cinder-740146-15-iscsi devstack@keystone.service[80358]: ERROR keystone.server.flask.application
File "/usr/local/lib/python3.8/dist-packages/flask_restful/__init__.py", line 582, in dispatch_request
Jun 07 08:19:46.175792 dv-cinder-740146-15-iscsi devstack@keystone.service[80358]: ERROR keystone.server.flask.application resp = meth(*args, **kwargs)
Jun 07 08:19:46.175792 dv-cinder-740146-15-iscsi devstack@keystone.service[80358]: ERROR keystone.server.flask.application
File "/opt/stack/keystone/keystone/api/roles.py", line 50, in get
Jun 07 08:19:46.175792 dv-cinder-740146-15-iscsi devstack@keystone.service[80358]: ERROR keystone.server.flask.application return self._get_role(role_id)
Jun 07 08:19:46.175792 dv-cinder-740146-15-iscsi devstack@keystone.service[80358]: ERROR keystone.server.flask.application
File "/opt/stack/keystone/keystone/api/roles.py", line 70, in _get_role
Jun 07 08:19:46.175792 dv-cinder-740146-15-iscsi devstack@keystone.service[80358]: ERROR keystone.server.flask.application ENFORCER.enforce_call(action='identity:get_role')
Jun 07 08:19:46.176724 dv-cinder-740146-15-iscsi devstack@keystone.service[80358]: ERROR keystone.server.flask.application
File "/opt/stack/keystone/keystone/common/rbac_enforcer/enforcer.py", line 402, in enforce_call
Jun 07 08:19:46.176724 dv-cinder-740146-15-iscsi devstack@keystone.service[80358]: ERROR keystone.server.flask.application policy_dict.update(cls._extract_member_target_data(
Jun 07 08:19:46.176724 dv-cinder-740146-15-iscsi devstack@keystone.service[80358]: ERROR keystone.server.flask.application
File "/opt/stack/keystone/keystone/common/rbac_enforcer/enforcer.py", line 234, in _extract_member_target_data
Jun 07 08:19:46.176724 dv-cinder-740146-15-iscsi devstack@keystone.service[80358]: ERROR keystone.server.flask.application member_name: func(flask.request.view_args[key])
Jun 07 08:19:46.176724 dv-cinder-740146-15-iscsi devstack@keystone.service[80358]: ERROR keystone.server.flask.application
File "/opt/stack/keystone/keystone/common/manager.py", line 115, in wrapped
Jun 07 08:19:46.176724 dv-cinder-740146-15-iscsi devstack@keystone.service[80358]: ERROR keystone.server.flask.application __ret_val = __f(*args, **kwargs)
Jun 07 08:19:46.176724 dv-cinder-740146-15-iscsi devstack@keystone.service[80358]: ERROR keystone.server.flask.application
File "/usr/local/lib/python3.8/dist-packages/decorator.py", line 232, in fun
Jun 07 08:19:46.176724 dv-cinder-740146-15-iscsi devstack@keystone.service[80358]: ERROR keystone.server.flask.application return caller(func, *(extras + args), **kw)
Jun 07 08:19:46.176724 dv-cinder-740146-15-iscsi devstack@keystone.service[80358]: ERROR keystone.server.flask.application
File "/usr/local/lib/python3.8/dist-packages/dogpile/cache/region.py", line 1577, in get_or_create_for_user_func
Jun 07 08:19:46.176724 dv-cinder-740146-15-iscsi devstack@keystone.service[80358]: ERROR keystone.server.flask.application return self.get_or_create(
Jun 07 08:19:46.176724 dv-cinder-740146-15-iscsi devstack@keystone.service[80358]: ERROR keystone.server.flask.application
File "/usr/local/lib/python3.8/dist-packages/dogpile/cache/region.py", line 1042, in get_or_create
Jun 07 08:19:46.176724 dv-cinder-740146-15-iscsi devstack@keystone.service[80358]: ERROR keystone.server.flask.application with Lock(
Jun 07 08:19:46.176724 dv-cinder-740146-15-iscsi devstack@keystone.service[80358]: ERROR keystone.server.flask.application
File "/usr/local/lib/python3.8/dist-packages/dogpile/lock.py", line 185, in __enter__
Jun 07 08:19:46.176724 dv-cinder-740146-15-iscsi devstack@keystone.service[80358]: ERROR keystone.server.flask.application return self._enter()
Jun 07 08:19:46.176724 dv-cinder-740146-15-iscsi devstack@keystone.service[80358]: ERROR keystone.server.flask.application
File "/usr/local/lib/python3.8/dist-packages/dogpile/lock.py", line 94, in _enter
Jun 07 08:19:46.176724 dv-cinder-740146-15-iscsi devstack@keystone.service[80358]: ERROR keystone.server.flask.application generated = self._enter_create(value, createdtime)
Jun 07 08:19:46.177541 dv-cinder-740146-15-iscsi devstack@keystone.service[80358]: ERROR keystone.server.flask.application
File "/usr/local/lib/python3.8/dist-packages/dogpile/lock.py", line 178, in _enter_create
Jun 07 08:19:46.177541 dv-cinder-740146-15-iscsi devstack@keystone.service[80358]: ERROR keystone.server.flask.application return self.creator()
Jun 07 08:19:46.177541 dv-cinder-740146-15-iscsi devstack@keystone.service[80358]: ERROR keystone.server.flask.application
File "/usr/local/lib/python3.8/dist-packages/dogpile/cache/region.py", line 995, in gen_value
Jun 07 08:19:46.177541 dv-cinder-740146-15-iscsi devstack@keystone.service[80358]: ERROR keystone.server.flask.application created_value = creator(
Jun 07 08:19:46.177541 dv-cinder-740146-15-iscsi devstack@keystone.service[80358]: ERROR keystone.server.flask.application
File "/opt/stack/keystone/keystone/assignment/core.py", line 1276, in get_role
Jun 07 08:19:46.177541 dv-cinder-740146-15-iscsi devstack@keystone.service[80358]: ERROR keystone.server.flask.application return self.driver.get_role(role_id)
Jun 07 08:19:46.177541 dv-cinder-740146-15-iscsi devstack@keystone.service[80358]: ERROR keystone.server.flask.application
File "/opt/stack/keystone/keystone/assignment/role_backends/sql.py", line 70, in get_role
Jun 07 08:19:46.177541 dv-cinder-740146-15-iscsi devstack@keystone.service[80358]: ERROR keystone.server.flask.application return self._get_role(session, role_id).to_dict()
Jun 07 08:19:46.177541 dv-cinder-740146-15-iscsi devstack@keystone.service[80358]: ERROR keystone.server.flask.application
File "/opt/stack/keystone/keystone/assignment/role_backends/sql.py", line 65, in _get_role
Jun 07 08:19:46.177541 dv-cinder-740146-15-iscsi devstack@keystone.service[80358]: ERROR keystone.server.flask.application raise exception.RoleNotFound(role_id=role_id)
Jun 07 08:19:46.177541 dv-cinder-740146-15-iscsi devstack@keystone.service[80358]: ERROR keystone.server.flask.application keystone.exception.RoleNotFound: Could not find role: anotherrole.
Jun 07 08:19:46.177541 dv-cinder-740146-15-iscsi devstack@keystone.service[80358]: ERROR keystone.server.flask.application
Jun 07 08:19:46.177541 dv-cinder-740146-15-iscsi devstack@keystone.service[80358]: [pid: 80358|app: 0|req: 190/369] 10.222.0.17 () {56 vars in 1114 bytes} [Tue Jun 7 08:19:45 2022] GET /identity/v3/roles/anotherrole => generated 89 bytes in 177 msecs (HTTP/1.1 404) 5 headers in 183 bytes (1 switches on core 0)
Jun 07 08:19:46.178174 dv-cinder-740146-15-iscsi devstack@keystone.service[80358]: DEBUG keystone.server.flask.request_processing.middleware.auth_context [None req-82034a87-c361-4af4-9a5e-baa4990f31fa None admin] Authenticating user token {{(pid=80358) process_request /usr/local/lib/python3.8/dist-packages/keystonemiddleware/auth_token/__init__.py:407}}
Jun 07 08:19:46.198851 dv-cinder-740146-15-iscsi devstack@keystone.service[80357]: DEBUG dbcounter [-] [80357] Writing DB stats keystone:SELECT=100 {{(pid=80357) stat_writer /usr/local/lib/python3.8/dist-packages/dbcounter.py:114}}
Jun 07 08:19:46.258499 dv-cinder-740146-15-iscsi devstack@keystone.service[80357]: [pid: 80357|app: 0|req: 180/370] 10.222.0.17 () {58 vars in 1282 bytes} [Tue Jun 7 08:19:45 2022] GET /identity/v3/auth/tokens => generated 799 bytes in 402 msecs (HTTP/1.1 200) 6 headers in 358 bytes (1 switches on core 0)
Jun 07 08:19:46.259490 dv-cinder-740146-15-iscsi devstack@keystone.service[80357]: DEBUG keystone.server.flask.request_processing.middleware.auth_context [None req-5e1bce1e-d02c-4ac8-ba2e-c28f8c0f0536 None admin] Authenticating user token {{(pid=80357) process_request /usr/local/lib/python3.8/dist-packages/keystonemiddleware/auth_token/__init__.py:407}}
Jun 07 08:19:46.298794 dv-cinder-740146-15-iscsi devstack@keystone.service[80358]: DEBUG keystone.server.flask.request_processing.middleware.auth_context [None req-82034a87-c361-4af4-9a5e-baa4990f31fa None admin] Validating token access rules against request {{(pid=80358) validate_allowed_request /usr/local/lib/python3.8/dist-packages/keystonemiddleware/auth_token/__init__.py:545}}
Jun 07 08:19:46.337066 dv-cinder-740146-15-iscsi devstack@keystone.service[80358]: DEBUG keystone.server.flask.request_processing.middleware.auth_context [None req-b3eecd0f-d212-4d84-8ce7-83c71ad03a62 None admin] RBAC: auth_context: {'token': , 'domain_id': None, 'trust_id': None, 'trustor_id': None, 'trustee_id': None, 'domain_name': None, 'group_ids': [], 'user_id': '4ce5a782a83f41fbb386c88e6d77ba55', 'user_domain_id': 'default', 'system_scope': 'all', 'project_id': None, 'project_domain_id': None, 'roles': ['admin', 'member', 'reader'], 'is_admin_project': True, 'service_user_id': None, 'service_user_domain_id': None, 'service_project_id': None, 'service_project_domain_id': None, 'service_roles': []} {{(pid=80358) fill_context /opt/stack/keystone/keystone/server/flask/request_processing/middleware/auth_context.py:478}}
Jun 07 08:19:46.338174 dv-cinder-740146-15-iscsi devstack@keystone.service[80358]: DEBUG keystone.server.flask.request_processing.req_logging [None req-b3eecd0f-d212-4d84-8ce7-83c71ad03a62 None admin] REQUEST_METHOD: `GET` {{(pid=80358) log_request_info /opt/stack/keystone/keystone/server/flask/request_processing/req_logging.py:27}}
Jun 07 08:19:46.338610 dv-cinder-740146-15-iscsi devstack@keystone.service[80358]: DEBUG keystone.server.flask.request_processing.req_logging [None req-b3eecd0f-d212-4d84-8ce7-83c71ad03a62 None admin] SCRIPT_NAME: `/identity` {{(pid=80358) log_request_info /opt/stack/keystone/keystone/server/flask/request_processing/req_logging.py:28}}
Jun 07 08:19:46.339041 dv-cinder-740146-15-iscsi devstack@keystone.service[80358]: DEBUG keystone.server.flask.request_processing.req_logging [None req-b3eecd0f-d212-4d84-8ce7-83c71ad03a62 None admin] PATH_INFO: `/v3/groups/730ea508c3fd4575af2609bb7f189405` {{(pid=80358) log_request_info /opt/stack/keystone/keystone/server/flask/request_processing/req_logging.py:29}}
Jun 07 08:19:46.340411 dv-cinder-740146-15-iscsi devstack@keystone.service[80358]: DEBUG keystone.common.rbac_enforcer.enforcer [None req-b3eecd0f-d212-4d84-8ce7-83c71ad03a62 None admin] RBAC: Authorizing `identity:get_group(group_id=730ea508c3fd4575af2609bb7f189405)` {{(pid=80358) enforce_call /opt/stack/keystone/keystone/common/rbac_enforcer/enforcer.py:449}}
Jun 07 08:19:46.342202 dv-cinder-740146-15-iscsi devstack@keystone.service[80358]: DEBUG keystone.common.rbac_enforcer.enforcer [None req-b3eecd0f-d212-4d84-8ce7-83c71ad03a62 None admin] RBAC: Authorization granted {{(pid=80358) enforce_call /opt/stack/keystone/keystone/common/rbac_enforcer/enforcer.py:457}}
Jun 07 08:19:46.344451 dv-cinder-740146-15-iscsi devstack@keystone.service[80358]: [pid: 80358|app: 0|req: 191/371] 10.222.0.17 () {56 vars in 1180 bytes} [Tue Jun 7 08:19:46 2022] GET /identity/v3/groups/730ea508c3fd4575af2609bb7f189405 => generated 226 bytes in 167 msecs (HTTP/1.1 200) 5 headers in 177 bytes (1 switches on core 0)
Jun 07 08:19:46.349560 dv-cinder-740146-15-iscsi devstack@keystone.service[80358]: DEBUG keystone.server.flask.request_processing.middleware.auth_context [None req-b3eecd0f-d212-4d84-8ce7-83c71ad03a62 None admin] Authenticating user token {{(pid=80358) process_request /usr/local/lib/python3.8/dist-packages/keystonemiddleware/auth_token/__init__.py:407}}
Jun 07 08:19:46.368000 dv-cinder-740146-15-iscsi devstack@keystone.service[80357]: DEBUG keystone.server.flask.request_processing.middleware.auth_context [None req-5e1bce1e-d02c-4ac8-ba2e-c28f8c0f0536 None admin] Validating token access rules against request {{(pid=80357) validate_allowed_request /usr/local/lib/python3.8/dist-packages/keystonemiddleware/auth_token/__init__.py:545}}
Jun 07 08:19:46.396893 dv-cinder-740146-15-iscsi devstack@keystone.service[80358]: DEBUG dbcounter [-] [80358] Writing DB stats keystone:SELECT=100 {{(pid=80358) stat_writer /usr/local/lib/python3.8/dist-packages/dbcounter.py:114}}
Jun 07 08:19:46.407929 dv-cinder-740146-15-iscsi devstack@keystone.service[80357]: DEBUG keystone.server.flask.request_processing.middleware.auth_context [None req-b98772c8-6b94-478d-8dee-65eb37bb3e82 None admin] RBAC: auth_context: {'token': , 'domain_id': None, 'trust_id': None, 'trustor_id': None, 'trustee_id': None, 'domain_name': None, 'group_ids': [], 'user_id': '4ce5a782a83f41fbb386c88e6d77ba55', 'user_domain_id': 'default', 'system_scope': 'all', 'project_id': None, 'project_domain_id': None, 'roles': ['admin', 'member', 'reader'], 'is_admin_project': True, 'service_user_id': None, 'service_user_domain_id': None, 'service_project_id': None, 'service_project_domain_id': None, 'service_roles': []} {{(pid=80357) fill_context /opt/stack/keystone/keystone/server/flask/request_processing/middleware/auth_context.py:478}}
Jun 07 08:19:46.409050 dv-cinder-740146-15-iscsi devstack@keystone.service[80357]: DEBUG keystone.server.flask.request_processing.req_logging [None req-b98772c8-6b94-478d-8dee-65eb37bb3e82 None admin] REQUEST_METHOD: `GET` {{(pid=80357) log_request_info /opt/stack/keystone/keystone/server/flask/request_processing/req_logging.py:27}}
Jun 07 08:19:46.409334 dv-cinder-740146-15-iscsi devstack@keystone.service[80357]: DEBUG keystone.server.flask.request_processing.req_logging [None req-b98772c8-6b94-478d-8dee-65eb37bb3e82 None admin] SCRIPT_NAME: `/identity` {{(pid=80357) log_request_info /opt/stack/keystone/keystone/server/flask/request_processing/req_logging.py:28}}
Jun 07 08:19:46.409564 dv-cinder-740146-15-iscsi devstack@keystone.service[80357]: DEBUG keystone.server.flask.request_processing.req_logging [None req-b98772c8-6b94-478d-8dee-65eb37bb3e82 None admin] PATH_INFO: `/v3/roles` {{(pid=80357) log_request_info /opt/stack/keystone/keystone/server/flask/request_processing/req_logging.py:29}}
Jun 07 08:19:46.410406 dv-cinder-740146-15-iscsi devstack@keystone.service[80357]: DEBUG keystone.common.rbac_enforcer.enforcer [None req-b98772c8-6b94-478d-8dee-65eb37bb3e82 None admin] RBAC: Adding query filter params (name=anotherrole) {{(pid=80357) _extract_filter_values /opt/stack/keystone/keystone/common/rbac_enforcer/enforcer.py:167}}
Jun 07 08:19:46.410804 dv-cinder-740146-15-iscsi devstack@keystone.service[80357]: DEBUG keystone.common.rbac_enforcer.enforcer [None req-b98772c8-6b94-478d-8dee-65eb37bb3e82 None admin] RBAC: Authorizing `identity:list_roles()` {{(pid=80357) enforce_call /opt/stack/keystone/keystone/common/rbac_enforcer/enforcer.py:449}}
Jun 07 08:19:46.412261 dv-cinder-740146-15-iscsi devstack@keystone.service[80357]: DEBUG keystone.common.rbac_enforcer.enforcer [None req-b98772c8-6b94-478d-8dee-65eb37bb3e82 None admin] RBAC: Authorization granted {{(pid=80357) enforce_call /opt/stack/keystone/keystone/common/rbac_enforcer/enforcer.py:457}}
Jun 07 08:19:46.420550 dv-cinder-740146-15-iscsi devstack@keystone.service[80357]: [pid: 80357|app: 0|req: 181/372] 10.222.0.17 () {56 vars in 1111 bytes} [Tue Jun 7 08:19:46 2022] GET /identity/v3/roles?name=anotherrole => generated 334 bytes in 161 msecs (HTTP/1.1 200) 5 headers in 177 bytes (1 switches on core 0)
Jun 07 08:19:46.425812 dv-cinder-740146-15-iscsi devstack@keystone.service[80357]: DEBUG keystone.server.flask.request_processing.middleware.auth_context [None req-b98772c8-6b94-478d-8dee-65eb37bb3e82 None admin] Authenticating user token {{(pid=80357) process_request /usr/local/lib/python3.8/dist-packages/keystonemiddleware/auth_token/__init__.py:407}}
Jun 07 08:19:46.438847 dv-cinder-740146-15-iscsi devstack@keystone.service[80357]: DEBUG dbcounter [-] [80357] Writing DB stats keystone:SELECT=100 {{(pid=80357) stat_writer /usr/local/lib/python3.8/dist-packages/dbcounter.py:114}}
Jun 07 08:19:46.461130 dv-cinder-740146-15-iscsi devstack@keystone.service[80358]: DEBUG keystone.server.flask.request_processing.middleware.auth_context [None req-b3eecd0f-d212-4d84-8ce7-83c71ad03a62 None admin] Validating token access rules against request {{(pid=80358) validate_allowed_request /usr/local/lib/python3.8/dist-packages/keystonemiddleware/auth_token/__init__.py:545}}
Jun 07 08:19:46.497679 dv-cinder-740146-15-iscsi devstack@keystone.service[80358]: DEBUG keystone.server.flask.request_processing.middleware.auth_context [None req-16edd897-1979-4142-b497-75d13f4dcf9d None admin] RBAC: auth_context: {'token': , 'domain_id': None, 'trust_id': None, 'trustor_id': None, 'trustee_id': None, 'domain_name': None, 'group_ids': [], 'user_id': '4ce5a782a83f41fbb386c88e6d77ba55', 'user_domain_id': 'default', 'system_scope': 'all', 'project_id': None, 'project_domain_id': None, 'roles': ['admin', 'member', 'reader'], 'is_admin_project': True, 'service_user_id': None, 'service_user_domain_id': None, 'service_project_id': None, 'service_project_domain_id': None, 'service_roles': []} {{(pid=80358) fill_context /opt/stack/keystone/keystone/server/flask/request_processing/middleware/auth_context.py:478}}
Jun 07 08:19:46.499397 dv-cinder-740146-15-iscsi devstack@keystone.service[80358]: DEBUG keystone.server.flask.request_processing.req_logging [None req-16edd897-1979-4142-b497-75d13f4dcf9d None admin] REQUEST_METHOD: `GET` {{(pid=80358) log_request_info /opt/stack/keystone/keystone/server/flask/request_processing/req_logging.py:27}}
Jun 07 08:19:46.499949 dv-cinder-740146-15-iscsi devstack@keystone.service[80358]: DEBUG keystone.server.flask.request_processing.req_logging [None req-16edd897-1979-4142-b497-75d13f4dcf9d None admin] SCRIPT_NAME: `/identity` {{(pid=80358) log_request_info /opt/stack/keystone/keystone/server/flask/request_processing/req_logging.py:28}}
Jun 07 08:19:46.500432 dv-cinder-740146-15-iscsi devstack@keystone.service[80358]: DEBUG keystone.server.flask.request_processing.req_logging [None req-16edd897-1979-4142-b497-75d13f4dcf9d None admin] PATH_INFO: `/v3/projects/df1e3ab9af2d4109a302f1229baa02a8` {{(pid=80358) log_request_info /opt/stack/keystone/keystone/server/flask/request_processing/req_logging.py:29}}
Jun 07 08:19:46.501835 dv-cinder-740146-15-iscsi devstack@keystone.service[80358]: DEBUG keystone.common.rbac_enforcer.enforcer [None req-16edd897-1979-4142-b497-75d13f4dcf9d None admin] RBAC: Authorizing `identity:get_project(project_id=df1e3ab9af2d4109a302f1229baa02a8)` {{(pid=80358) enforce_call /opt/stack/keystone/keystone/common/rbac_enforcer/enforcer.py:449}}
Jun 07 08:19:46.503662 dv-cinder-740146-15-iscsi devstack@keystone.service[80358]: DEBUG keystone.common.rbac_enforcer.enforcer [None req-16edd897-1979-4142-b497-75d13f4dcf9d None admin] RBAC: Authorization granted {{(pid=80358) enforce_call /opt/stack/keystone/keystone/common/rbac_enforcer/enforcer.py:457}}
Jun 07 08:19:46.505564 dv-cinder-740146-15-iscsi devstack@keystone.service[80358]: [pid: 80358|app: 0|req: 192/373] 10.222.0.17 () {56 vars in 1186 bytes} [Tue Jun 7 08:19:46 2022] GET /identity/v3/projects/df1e3ab9af2d4109a302f1229baa02a8 => generated 344 bytes in 160 msecs (HTTP/1.1 200) 5 headers in 177 bytes (1 switches on core 0)
Jun 07 08:19:46.506513 dv-cinder-740146-15-iscsi devstack@keystone.service[80358]: DEBUG keystone.server.flask.request_processing.middleware.auth_context [None req-16edd897-1979-4142-b497-75d13f4dcf9d None admin] Authenticating user token {{(pid=80358) process_request /usr/local/lib/python3.8/dist-packages/keystonemiddleware/auth_token/__init__.py:407}}
Jun 07 08:19:46.536823 dv-cinder-740146-15-iscsi devstack@keystone.service[80357]: DEBUG keystone.server.flask.request_processing.middleware.auth_context [None req-b98772c8-6b94-478d-8dee-65eb37bb3e82 None admin] Validating token access rules against request {{(pid=80357) validate_allowed_request /usr/local/lib/python3.8/dist-packages/keystonemiddleware/auth_token/__init__.py:545}}
Jun 07 08:19:46.573738 dv-cinder-740146-15-iscsi devstack@keystone.service[80357]: DEBUG keystone.server.flask.request_processing.middleware.auth_context [None req-bd05c12d-d346-4130-aab1-0bace8cb72fd None admin] RBAC: auth_context: {'token': , 'domain_id': None, 'trust_id': None, 'trustor_id': None, 'trustee_id': None, 'domain_name': None, 'group_ids': [], 'user_id': '4ce5a782a83f41fbb386c88e6d77ba55', 'user_domain_id': 'default', 'system_scope': 'all', 'project_id': None, 'project_domain_id': None, 'roles': ['admin', 'member', 'reader'], 'is_admin_project': True, 'service_user_id': None, 'service_user_domain_id': None, 'service_project_id': None, 'service_project_domain_id': None, 'service_roles': []} {{(pid=80357) fill_context /opt/stack/keystone/keystone/server/flask/request_processing/middleware/auth_context.py:478}}
Jun 07 08:19:46.574388 dv-cinder-740146-15-iscsi devstack@keystone.service[80357]: DEBUG keystone.server.flask.request_processing.req_logging [None req-bd05c12d-d346-4130-aab1-0bace8cb72fd None admin] REQUEST_METHOD: `GET` {{(pid=80357) log_request_info /opt/stack/keystone/keystone/server/flask/request_processing/req_logging.py:27}}
Jun 07 08:19:46.574666 dv-cinder-740146-15-iscsi devstack@keystone.service[80357]: DEBUG keystone.server.flask.request_processing.req_logging [None req-bd05c12d-d346-4130-aab1-0bace8cb72fd None admin] SCRIPT_NAME: `/identity` {{(pid=80357) log_request_info /opt/stack/keystone/keystone/server/flask/request_processing/req_logging.py:28}}
Jun 07 08:19:46.574935 dv-cinder-740146-15-iscsi devstack@keystone.service[80357]: DEBUG keystone.server.flask.request_processing.req_logging [None req-bd05c12d-d346-4130-aab1-0bace8cb72fd None admin] PATH_INFO: `/v3/role_assignments` {{(pid=80357) log_request_info /opt/stack/keystone/keystone/server/flask/request_processing/req_logging.py:29}}
Jun 07 08:19:46.575759 dv-cinder-740146-15-iscsi devstack@keystone.service[80357]: DEBUG keystone.common.rbac_enforcer.enforcer [None req-bd05c12d-d346-4130-aab1-0bace8cb72fd None admin] RBAC: Adding query filter params (group.id=730ea508c3fd4575af2609bb7f189405, role.id=67111011e94c4e08928dd5e6b7a46af1, scope.project.id=914fc5f0eaf745279782c417df7acf69) {{(pid=80357) _extract_filter_values /opt/stack/keystone/keystone/common/rbac_enforcer/enforcer.py:167}}
Jun 07 08:19:46.576063 dv-cinder-740146-15-iscsi devstack@keystone.service[80357]: DEBUG keystone.common.rbac_enforcer.enforcer [None req-bd05c12d-d346-4130-aab1-0bace8cb72fd None admin] RBAC: Authorizing `identity:list_role_assignments()` {{(pid=80357) enforce_call /opt/stack/keystone/keystone/common/rbac_enforcer/enforcer.py:449}}
Jun 07 08:19:46.578306 dv-cinder-740146-15-iscsi devstack@keystone.service[80357]: DEBUG keystone.common.rbac_enforcer.enforcer [None req-bd05c12d-d346-4130-aab1-0bace8cb72fd None admin] RBAC: Authorization granted {{(pid=80357) enforce_call /opt/stack/keystone/keystone/common/rbac_enforcer/enforcer.py:457}}
Jun 07 08:19:46.584422 dv-cinder-740146-15-iscsi devstack@keystone.service[80357]: [pid: 80357|app: 0|req: 182/374] 10.222.0.17 () {56 vars in 1376 bytes} [Tue Jun 7 08:19:46 2022] GET /identity/v3/role_assignments?group.id=730ea508c3fd4575af2609bb7f189405&scope.project.id=914fc5f0eaf745279782c417df7acf69&role.id=67111011e94c4e08928dd5e6b7a46af1 => generated 260 bytes in 163 msecs (HTTP/1.1 200) 5 headers in 177 bytes (1 switches on core 0)
Jun 07 08:19:46.585256 dv-cinder-740146-15-iscsi devstack@keystone.service[80357]: DEBUG keystone.server.flask.request_processing.middleware.auth_context [None req-bd05c12d-d346-4130-aab1-0bace8cb72fd None admin] Authenticating user token {{(pid=80357) process_request /usr/local/lib/python3.8/dist-packages/keystonemiddleware/auth_token/__init__.py:407}}
Jun 07 08:19:46.618039 dv-cinder-740146-15-iscsi devstack@keystone.service[80358]: DEBUG keystone.server.flask.request_processing.middleware.auth_context [None req-16edd897-1979-4142-b497-75d13f4dcf9d None admin] Validating token access rules against request {{(pid=80358) validate_allowed_request /usr/local/lib/python3.8/dist-packages/keystonemiddleware/auth_token/__init__.py:545}}
Jun 07 08:19:46.631456 dv-cinder-740146-15-iscsi devstack@keystone.service[80358]: DEBUG dbcounter [-] [80358] Writing DB stats keystone:SELECT=100 {{(pid=80358) stat_writer /usr/local/lib/python3.8/dist-packages/dbcounter.py:114}}
Jun 07 08:19:46.661346 dv-cinder-740146-15-iscsi devstack@keystone.service[80358]: DEBUG keystone.server.flask.request_processing.middleware.auth_context [None req-dd2768e0-0c06-4bff-acc0-d75cfa88005a None admin] RBAC: auth_context: {'token': , 'domain_id': None, 'trust_id': None, 'trustor_id': None, 'trustee_id': None, 'domain_name': None, 'group_ids': [], 'user_id': '4ce5a782a83f41fbb386c88e6d77ba55', 'user_domain_id': 'default', 'system_scope': 'all', 'project_id': None, 'project_domain_id': None, 'roles': ['admin', 'member', 'reader'], 'is_admin_project': True, 'service_user_id': None, 'service_user_domain_id': None, 'service_project_id': None, 'service_project_domain_id': None, 'service_roles': []} {{(pid=80358) fill_context /opt/stack/keystone/keystone/server/flask/request_processing/middleware/auth_context.py:478}}
Jun 07 08:19:46.662367 dv-cinder-740146-15-iscsi devstack@keystone.service[80358]: DEBUG keystone.server.flask.request_processing.req_logging [None req-dd2768e0-0c06-4bff-acc0-d75cfa88005a None admin] REQUEST_METHOD: `GET` {{(pid=80358) log_request_info /opt/stack/keystone/keystone/server/flask/request_processing/req_logging.py:27}}
Jun 07 08:19:46.662878 dv-cinder-740146-15-iscsi devstack@keystone.service[80358]: DEBUG keystone.server.flask.request_processing.req_logging [None req-dd2768e0-0c06-4bff-acc0-d75cfa88005a None admin] SCRIPT_NAME: `/identity` {{(pid=80358) log_request_info /opt/stack/keystone/keystone/server/flask/request_processing/req_logging.py:28}}
Jun 07 08:19:46.663361 dv-cinder-740146-15-iscsi devstack@keystone.service[80358]: DEBUG keystone.server.flask.request_processing.req_logging [None req-dd2768e0-0c06-4bff-acc0-d75cfa88005a None admin] PATH_INFO: `/v3/auth/tokens` {{(pid=80358) log_request_info /opt/stack/keystone/keystone/server/flask/request_processing/req_logging.py:29}}
Jun 07 08:19:46.691819 dv-cinder-740146-15-iscsi devstack@keystone.service[80357]: DEBUG dbcounter [-] [80357] Writing DB stats keystone:SELECT=100 {{(pid=80357) stat_writer /usr/local/lib/python3.8/dist-packages/dbcounter.py:114}}
Jun 07 08:19:46.745420 dv-cinder-740146-15-iscsi devstack@keystone.service[80358]: DEBUG keystone.common.rbac_enforcer.enforcer [None req-dd2768e0-0c06-4bff-acc0-d75cfa88005a None admin] RBAC: Authorizing `identity:validate_token()` {{(pid=80358) enforce_call /opt/stack/keystone/keystone/common/rbac_enforcer/enforcer.py:449}}
Jun 07 08:19:46.746137 dv-cinder-740146-15-iscsi devstack@keystone.service[80357]: DEBUG keystone.server.flask.request_processing.middleware.auth_context [None req-bd05c12d-d346-4130-aab1-0bace8cb72fd None admin] Validating token access rules against request {{(pid=80357) validate_allowed_request /usr/local/lib/python3.8/dist-packages/keystonemiddleware/auth_token/__init__.py:545}}
Jun 07 08:19:46.747552 dv-cinder-740146-15-iscsi devstack@keystone.service[80358]: DEBUG keystone.common.rbac_enforcer.enforcer [None req-dd2768e0-0c06-4bff-acc0-d75cfa88005a None admin] RBAC: Authorization granted {{(pid=80358) enforce_call /opt/stack/keystone/keystone/common/rbac_enforcer/enforcer.py:457}}
Jun 07 08:19:46.803330 dv-cinder-740146-15-iscsi devstack@keystone.service[80357]: DEBUG keystone.server.flask.request_processing.middleware.auth_context [None req-8e476ac4-5e0e-4228-a07e-043a562643ae None admin] RBAC: auth_context: {'token': , 'domain_id': None, 'trust_id': None, 'trustor_id': None, 'trustee_id': None, 'domain_name': None, 'group_ids': [], 'user_id': '4ce5a782a83f41fbb386c88e6d77ba55', 'user_domain_id': 'default', 'system_scope': 'all', 'project_id': None, 'project_domain_id': None, 'roles': ['admin', 'member', 'reader'], 'is_admin_project': True, 'service_user_id': None, 'service_user_domain_id': None, 'service_project_id': None, 'service_project_domain_id': None, 'service_roles': []} {{(pid=80357) fill_context /opt/stack/keystone/keystone/server/flask/request_processing/middleware/auth_context.py:478}}
Jun 07 08:19:46.804213 dv-cinder-740146-15-iscsi devstack@keystone.service[80357]: DEBUG keystone.server.flask.request_processing.req_logging [None req-8e476ac4-5e0e-4228-a07e-043a562643ae None admin] REQUEST_METHOD: `GET` {{(pid=80357) log_request_info /opt/stack/keystone/keystone/server/flask/request_processing/req_logging.py:27}}
Jun 07 08:19:46.804492 dv-cinder-740146-15-iscsi devstack@keystone.service[80357]: DEBUG keystone.server.flask.request_processing.req_logging [None req-8e476ac4-5e0e-4228-a07e-043a562643ae None admin] SCRIPT_NAME: `/identity` {{(pid=80357) log_request_info /opt/stack/keystone/keystone/server/flask/request_processing/req_logging.py:28}}
Jun 07 08:19:46.804768 dv-cinder-740146-15-iscsi devstack@keystone.service[80357]: DEBUG keystone.server.flask.request_processing.req_logging [None req-8e476ac4-5e0e-4228-a07e-043a562643ae None admin] PATH_INFO: `/v3/groups/250dc22123cd4c95a2884a5b83d0abd4` {{(pid=80357) log_request_info /opt/stack/keystone/keystone/server/flask/request_processing/req_logging.py:29}}
Jun 07 08:19:46.817916 dv-cinder-740146-15-iscsi devstack@keystone.service[80357]: DEBUG keystone.common.rbac_enforcer.enforcer [None req-8e476ac4-5e0e-4228-a07e-043a562643ae None admin] RBAC: Authorizing `identity:get_group(group_id=250dc22123cd4c95a2884a5b83d0abd4)` {{(pid=80357) enforce_call /opt/stack/keystone/keystone/common/rbac_enforcer/enforcer.py:449}}
