Mar 11 02:54:53.296696 dv-cinder-740146-14-smb devstack@c-api.service[109920]: warnings.warn('Policy enforcement is depending on the value of '
Mar 11 02:54:53.300581 dv-cinder-740146-14-smb devstack@c-api.service[109921]: DEBUG cinder.volume.api [None req-23296a96-e877-4c9c-b6dd-2bde5b99ef3a tempest-GroupsV314Test-41547245 tempest-GroupsV314Test-41547245-project] Task 'cinder.volume.flows.api.create_volume.VolumeCastTask;volume:create' (ad9670cf-7af3-4a85-90a8-f78c1a5d3fda) transitioned into state 'RUNNING' from state 'PENDING' {{(pid=109921) _task_receiver /usr/local/lib/python3.8/dist-packages/taskflow/listeners/logging.py:190}}
Mar 11 02:54:53.314759 dv-cinder-740146-14-smb devstack@c-api.service[109920]: INFO cinder.volume.api [None req-483ca49b-34c1-4c20-bfec-a8c25f08a3fe tempest-VolumesTestJSON-1427382157 tempest-VolumesTestJSON-1427382157-project] Volume info retrieved successfully.
Mar 11 02:54:53.329099 dv-cinder-740146-14-smb devstack@c-api.service[109920]: INFO cinder.api.openstack.wsgi [None req-483ca49b-34c1-4c20-bfec-a8c25f08a3fe tempest-VolumesTestJSON-1427382157 tempest-VolumesTestJSON-1427382157-project] http://10.222.0.20/volume/v3/40851efb2ef741c089e15aac1de812a5/volumes/d80baecc-4a35-4356-ac0f-25a389924a38 returned with HTTP 200
Mar 11 02:54:53.359492 dv-cinder-740146-14-smb devstack@c-api.service[109920]: [pid: 109920|app: 0|req: 21/31] 10.222.0.20 () {58 vars in 1324 bytes} [Fri Mar 11 02:54:53 2022] GET /volume/v3/40851efb2ef741c089e15aac1de812a5/volumes/d80baecc-4a35-4356-ac0f-25a389924a38 => generated 922 bytes in 92 msecs (HTTP/1.1 200) 7 headers in 285 bytes (1 switches on core 0)
Mar 11 02:54:53.365593 dv-cinder-740146-14-smb devstack@c-api.service[109921]: DEBUG cinder.volume.api [None req-23296a96-e877-4c9c-b6dd-2bde5b99ef3a tempest-GroupsV314Test-41547245 tempest-GroupsV314Test-41547245-project] Task 'cinder.volume.flows.api.create_volume.VolumeCastTask;volume:create' (ad9670cf-7af3-4a85-90a8-f78c1a5d3fda) transitioned into state 'SUCCESS' from state 'RUNNING' with result 'None' {{(pid=109921) _task_receiver /usr/local/lib/python3.8/dist-packages/taskflow/listeners/logging.py:178}}
Mar 11 02:54:53.372152 dv-cinder-740146-14-smb devstack@c-api.service[109921]: DEBUG cinder.volume.api [None req-23296a96-e877-4c9c-b6dd-2bde5b99ef3a tempest-GroupsV314Test-41547245 tempest-GroupsV314Test-41547245-project] Flow 'volume_create_api' (cf313131-ebd9-4be3-8064-fbe89a78496f) transitioned into state 'SUCCESS' from state 'RUNNING' {{(pid=109921) _flow_receiver /usr/local/lib/python3.8/dist-packages/taskflow/listeners/logging.py:141}}
Mar 11 02:54:53.373145 dv-cinder-740146-14-smb devstack@c-api.service[109921]: INFO cinder.volume.api [None req-23296a96-e877-4c9c-b6dd-2bde5b99ef3a tempest-GroupsV314Test-41547245 tempest-GroupsV314Test-41547245-project] Create volume request issued successfully.
Mar 11 02:54:53.374279 dv-cinder-740146-14-smb devstack@c-api.service[109920]: DEBUG cinder.api.middleware.request_id [req-55f3511e-1a9c-4647-b2e8-2437a61cd318 req-fcaa9b86-435a-4931-a0de-a76017484110 None None] RequestId filter calling following filter/app {{(pid=109920) _context_setter /opt/stack/cinder/cinder/api/middleware/request_id.py:62}}
Mar 11 02:54:53.374881 dv-cinder-740146-14-smb devstack@c-api.service[109921]: WARNING stevedore.named [None req-23296a96-e877-4c9c-b6dd-2bde5b99ef3a tempest-GroupsV314Test-41547245 tempest-GroupsV314Test-41547245-project] Could not load cinder.keymgr.conf_key_mgr.ConfKeyManager
Mar 11 02:54:53.375389 dv-cinder-740146-14-smb devstack@c-api.service[109921]: WARNING castellan.key_manager [None req-23296a96-e877-4c9c-b6dd-2bde5b99ef3a tempest-GroupsV314Test-41547245 tempest-GroupsV314Test-41547245-project] Deprecation Warning : cinder.keymgr.conf_key_mgr.ConfKeyManager is not a stevedore based driver, trying to load it as a class: stevedore.exception.NoMatches: No 'castellan.drivers' driver found, looking for 'cinder.keymgr.conf_key_mgr.ConfKeyManager'
Mar 11 02:54:53.383469 dv-cinder-740146-14-smb devstack@c-api.service[109920]: INFO cinder.api.openstack.wsgi [req-55f3511e-1a9c-4647-b2e8-2437a61cd318 req-fcaa9b86-435a-4931-a0de-a76017484110 tempest-VolumesTestJSON-1427382157 tempest-VolumesTestJSON-1427382157-project] GET http://10.222.0.20/volume/v3/40851efb2ef741c089e15aac1de812a5/volumes/d80baecc-4a35-4356-ac0f-25a389924a38
Mar 11 02:54:53.383469 dv-cinder-740146-14-smb devstack@c-api.service[109920]: DEBUG cinder.api.openstack.wsgi [req-55f3511e-1a9c-4647-b2e8-2437a61cd318 req-fcaa9b86-435a-4931-a0de-a76017484110 tempest-VolumesTestJSON-1427382157 tempest-VolumesTestJSON-1427382157-project] Empty body provided in request {{(pid=109920) get_body /opt/stack/cinder/cinder/api/openstack/wsgi.py:715}}
Mar 11 02:54:53.383469 dv-cinder-740146-14-smb devstack@c-api.service[109920]: DEBUG cinder.api.openstack.wsgi [req-55f3511e-1a9c-4647-b2e8-2437a61cd318 req-fcaa9b86-435a-4931-a0de-a76017484110 tempest-VolumesTestJSON-1427382157 tempest-VolumesTestJSON-1427382157-project] Calling method 'show' {{(pid=109920) _process_stack /opt/stack/cinder/cinder/api/openstack/wsgi.py:868}}
Mar 11 02:54:53.388922 dv-cinder-740146-14-smb devstack@c-api.service[109921]: DEBUG oslo_db.sqlalchemy.engines [None req-23296a96-e877-4c9c-b6dd-2bde5b99ef3a tempest-GroupsV314Test-41547245 tempest-GroupsV314Test-41547245-project] MySQL server mode set to STRICT_TRANS_TABLES,STRICT_ALL_TABLES,NO_ZERO_IN_DATE,NO_ZERO_DATE,ERROR_FOR_DIVISION_BY_ZERO,TRADITIONAL,NO_ENGINE_SUBSTITUTION {{(pid=109921) _check_effective_sql_mode /usr/local/lib/python3.8/dist-packages/oslo_db/sqlalchemy/engines.py:314}}
Mar 11 02:54:53.406082 dv-cinder-740146-14-smb devstack@c-api.service[109921]: /usr/local/lib/python3.8/dist-packages/oslo_context/context.py:100: DeprecationWarning: Policy enforcement is depending on the value of is_admin. This key is deprecated. Please update your policy file to use the standard policy values.
Mar 11 02:54:53.406082 dv-cinder-740146-14-smb devstack@c-api.service[109921]: warnings.warn('Policy enforcement is depending on the value of '
Mar 11 02:54:53.426063 dv-cinder-740146-14-smb devstack@c-api.service[109920]: /usr/local/lib/python3.8/dist-packages/oslo_context/context.py:100: DeprecationWarning: Policy enforcement is depending on the value of is_admin. This key is deprecated. Please update your policy file to use the standard policy values.
Mar 11 02:54:53.426063 dv-cinder-740146-14-smb devstack@c-api.service[109920]: warnings.warn('Policy enforcement is depending on the value of '
Mar 11 02:54:53.427135 dv-cinder-740146-14-smb devstack@c-api.service[109921]: INFO cinder.api.openstack.wsgi [None req-23296a96-e877-4c9c-b6dd-2bde5b99ef3a tempest-GroupsV314Test-41547245 tempest-GroupsV314Test-41547245-project] http://10.222.0.20/volume/v3/6eb96fa32113487d8f121e98b3ee1683/volumes returned with HTTP 202
Mar 11 02:54:53.439192 dv-cinder-740146-14-smb devstack@c-api.service[109921]: [pid: 109921|app: 0|req: 11/32] 10.222.0.20 () {62 vars in 1276 bytes} [Fri Mar 11 02:54:52 2022] POST /volume/v3/6eb96fa32113487d8f121e98b3ee1683/volumes => generated 897 bytes in 756 msecs (HTTP/1.1 202) 7 headers in 292 bytes (1 switches on core 0)
Mar 11 02:54:53.444421 dv-cinder-740146-14-smb devstack@c-api.service[109921]: DEBUG cinder.api.middleware.request_id [None req-63d278f9-4633-458b-a702-767db191a88d None None] RequestId filter calling following filter/app {{(pid=109921) _context_setter /opt/stack/cinder/cinder/api/middleware/request_id.py:62}}
Mar 11 02:54:53.455140 dv-cinder-740146-14-smb devstack@c-api.service[109920]: INFO cinder.volume.api [req-55f3511e-1a9c-4647-b2e8-2437a61cd318 req-fcaa9b86-435a-4931-a0de-a76017484110 tempest-VolumesTestJSON-1427382157 tempest-VolumesTestJSON-1427382157-project] Volume info retrieved successfully.
Mar 11 02:54:53.455564 dv-cinder-740146-14-smb devstack@c-api.service[109921]: INFO cinder.api.openstack.wsgi [None req-63d278f9-4633-458b-a702-767db191a88d tempest-GroupSnapshotsV319Test-469476966 tempest-GroupSnapshotsV319Test-469476966-project] GET http://10.222.0.20/volume/v3/e709e303d4544a4fbd464adb18cd0525/volumes/339c9a41-c4b7-457e-b655-93a7b5df0217
Mar 11 02:54:53.456284 dv-cinder-740146-14-smb devstack@c-api.service[109921]: DEBUG cinder.api.openstack.wsgi [None req-63d278f9-4633-458b-a702-767db191a88d tempest-GroupSnapshotsV319Test-469476966 tempest-GroupSnapshotsV319Test-469476966-project] Empty body provided in request {{(pid=109921) get_body /opt/stack/cinder/cinder/api/openstack/wsgi.py:715}}
Mar 11 02:54:53.459027 dv-cinder-740146-14-smb devstack@c-api.service[109921]: DEBUG cinder.api.openstack.wsgi [None req-63d278f9-4633-458b-a702-767db191a88d tempest-GroupSnapshotsV319Test-469476966 tempest-GroupSnapshotsV319Test-469476966-project] Calling method 'show' {{(pid=109921) _process_stack /opt/stack/cinder/cinder/api/openstack/wsgi.py:868}}
Mar 11 02:54:53.481308 dv-cinder-740146-14-smb devstack@c-api.service[109920]: INFO cinder.api.openstack.wsgi [req-55f3511e-1a9c-4647-b2e8-2437a61cd318 req-fcaa9b86-435a-4931-a0de-a76017484110 tempest-VolumesTestJSON-1427382157 tempest-VolumesTestJSON-1427382157-project] http://10.222.0.20/volume/v3/40851efb2ef741c089e15aac1de812a5/volumes/d80baecc-4a35-4356-ac0f-25a389924a38 returned with HTTP 200
Mar 11 02:54:53.486531 dv-cinder-740146-14-smb devstack@c-api.service[109920]: [pid: 109920|app: 0|req: 22/33] 10.222.0.20 () {60 vars in 1578 bytes} [Fri Mar 11 02:54:53 2022] GET /volume/v3/40851efb2ef741c089e15aac1de812a5/volumes/d80baecc-4a35-4356-ac0f-25a389924a38 => generated 922 bytes in 113 msecs (HTTP/1.1 200) 7 headers in 285 bytes (1 switches on core 0)
Mar 11 02:54:53.486708 dv-cinder-740146-14-smb devstack@c-api.service[109920]: DEBUG cinder.api.middleware.request_id [None req-48f30819-f6c1-451c-a007-42cd23f65dee None None] RequestId filter calling following filter/app {{(pid=109920) _context_setter /opt/stack/cinder/cinder/api/middleware/request_id.py:62}}
Mar 11 02:54:53.489974 dv-cinder-740146-14-smb devstack@c-api.service[109921]: /usr/local/lib/python3.8/dist-packages/oslo_context/context.py:100: DeprecationWarning: Policy enforcement is depending on the value of is_admin. This key is deprecated. Please update your policy file to use the standard policy values.
Mar 11 02:54:53.489974 dv-cinder-740146-14-smb devstack@c-api.service[109921]: warnings.warn('Policy enforcement is depending on the value of '
Mar 11 02:54:53.500033 dv-cinder-740146-14-smb devstack@c-api.service[109920]: INFO cinder.api.openstack.wsgi [None req-48f30819-f6c1-451c-a007-42cd23f65dee tempest-GroupsV314Test-41547245 tempest-GroupsV314Test-41547245-project] GET http://10.222.0.20/volume/v3/6eb96fa32113487d8f121e98b3ee1683/volumes/276c2af0-ec53-4826-b9d9-c1ed9ac75312
Mar 11 02:54:53.500536 dv-cinder-740146-14-smb devstack@c-api.service[109920]: DEBUG cinder.api.openstack.wsgi [None req-48f30819-f6c1-451c-a007-42cd23f65dee tempest-GroupsV314Test-41547245 tempest-GroupsV314Test-41547245-project] Empty body provided in request {{(pid=109920) get_body /opt/stack/cinder/cinder/api/openstack/wsgi.py:715}}
Mar 11 02:54:53.500985 dv-cinder-740146-14-smb devstack@c-api.service[109920]: DEBUG cinder.api.openstack.wsgi [None req-48f30819-f6c1-451c-a007-42cd23f65dee tempest-GroupsV314Test-41547245 tempest-GroupsV314Test-41547245-project] Calling method 'show' {{(pid=109920) _process_stack /opt/stack/cinder/cinder/api/openstack/wsgi.py:868}}
Mar 11 02:54:53.512822 dv-cinder-740146-14-smb devstack@c-api.service[109921]: INFO cinder.volume.api [None req-63d278f9-4633-458b-a702-767db191a88d tempest-GroupSnapshotsV319Test-469476966 tempest-GroupSnapshotsV319Test-469476966-project] Volume info retrieved successfully.
Mar 11 02:54:53.520188 dv-cinder-740146-14-smb devstack@c-api.service[109921]: WARNING stevedore.named [None req-63d278f9-4633-458b-a702-767db191a88d tempest-GroupSnapshotsV319Test-469476966 tempest-GroupSnapshotsV319Test-469476966-project] Could not load cinder.keymgr.conf_key_mgr.ConfKeyManager
Mar 11 02:54:53.520731 dv-cinder-740146-14-smb devstack@c-api.service[109921]: WARNING castellan.key_manager [None req-63d278f9-4633-458b-a702-767db191a88d tempest-GroupSnapshotsV319Test-469476966 tempest-GroupSnapshotsV319Test-469476966-project] Deprecation Warning : cinder.keymgr.conf_key_mgr.ConfKeyManager is not a stevedore based driver, trying to load it as a class: stevedore.exception.NoMatches: No 'castellan.drivers' driver found, looking for 'cinder.keymgr.conf_key_mgr.ConfKeyManager'
Mar 11 02:54:53.534749 dv-cinder-740146-14-smb devstack@c-api.service[109920]: /usr/local/lib/python3.8/dist-packages/oslo_context/context.py:100: DeprecationWarning: Policy enforcement is depending on the value of is_admin. This key is deprecated. Please update your policy file to use the standard policy values.
Mar 11 02:54:53.534749 dv-cinder-740146-14-smb devstack@c-api.service[109920]: warnings.warn('Policy enforcement is depending on the value of '
Mar 11 02:54:53.535531 dv-cinder-740146-14-smb devstack@c-api.service[109921]: DEBUG oslo_db.sqlalchemy.engines [None req-63d278f9-4633-458b-a702-767db191a88d tempest-GroupSnapshotsV319Test-469476966 tempest-GroupSnapshotsV319Test-469476966-project] MySQL server mode set to STRICT_TRANS_TABLES,STRICT_ALL_TABLES,NO_ZERO_IN_DATE,NO_ZERO_DATE,ERROR_FOR_DIVISION_BY_ZERO,TRADITIONAL,NO_ENGINE_SUBSTITUTION {{(pid=109921) _check_effective_sql_mode /usr/local/lib/python3.8/dist-packages/oslo_db/sqlalchemy/engines.py:314}}
Mar 11 02:54:53.543477 dv-cinder-740146-14-smb devstack@c-api.service[109921]: /usr/local/lib/python3.8/dist-packages/oslo_context/context.py:100: DeprecationWarning: Policy enforcement is depending on the value of is_admin. This key is deprecated. Please update your policy file to use the standard policy values.
Mar 11 02:54:53.543477 dv-cinder-740146-14-smb devstack@c-api.service[109921]: warnings.warn('Policy enforcement is depending on the value of '
Mar 11 02:54:53.560953 dv-cinder-740146-14-smb devstack@c-api.service[109920]: INFO cinder.volume.api [None req-48f30819-f6c1-451c-a007-42cd23f65dee tempest-GroupsV314Test-41547245 tempest-GroupsV314Test-41547245-project] Volume info retrieved successfully.
Mar 11 02:54:53.563781 dv-cinder-740146-14-smb devstack@c-api.service[109920]: WARNING stevedore.named [None req-48f30819-f6c1-451c-a007-42cd23f65dee tempest-GroupsV314Test-41547245 tempest-GroupsV314Test-41547245-project] Could not load cinder.keymgr.conf_key_mgr.ConfKeyManager
Mar 11 02:54:53.564181 dv-cinder-740146-14-smb devstack@c-api.service[109920]: WARNING castellan.key_manager [None req-48f30819-f6c1-451c-a007-42cd23f65dee tempest-GroupsV314Test-41547245 tempest-GroupsV314Test-41547245-project] Deprecation Warning : cinder.keymgr.conf_key_mgr.ConfKeyManager is not a stevedore based driver, trying to load it as a class: stevedore.exception.NoMatches: No 'castellan.drivers' driver found, looking for 'cinder.keymgr.conf_key_mgr.ConfKeyManager'
Mar 11 02:54:53.576834 dv-cinder-740146-14-smb devstack@c-api.service[109920]: DEBUG oslo_db.sqlalchemy.engines [None req-48f30819-f6c1-451c-a007-42cd23f65dee tempest-GroupsV314Test-41547245 tempest-GroupsV314Test-41547245-project] MySQL server mode set to STRICT_TRANS_TABLES,STRICT_ALL_TABLES,NO_ZERO_IN_DATE,NO_ZERO_DATE,ERROR_FOR_DIVISION_BY_ZERO,TRADITIONAL,NO_ENGINE_SUBSTITUTION {{(pid=109920) _check_effective_sql_mode /usr/local/lib/python3.8/dist-packages/oslo_db/sqlalchemy/engines.py:314}}
Mar 11 02:54:53.584167 dv-cinder-740146-14-smb devstack@c-api.service[109921]: INFO cinder.api.openstack.wsgi [None req-63d278f9-4633-458b-a702-767db191a88d tempest-GroupSnapshotsV319Test-469476966 tempest-GroupSnapshotsV319Test-469476966-project] http://10.222.0.20/volume/v3/e709e303d4544a4fbd464adb18cd0525/volumes/339c9a41-c4b7-457e-b655-93a7b5df0217 returned with HTTP 200
Mar 11 02:54:53.587787 dv-cinder-740146-14-smb devstack@c-api.service[109920]: /usr/local/lib/python3.8/dist-packages/oslo_context/context.py:100: DeprecationWarning: Policy enforcement is depending on the value of is_admin. This key is deprecated. Please update your policy file to use the standard policy values.
Mar 11 02:54:53.587787 dv-cinder-740146-14-smb devstack@c-api.service[109920]: warnings.warn('Policy enforcement is depending on the value of '
Mar 11 02:54:53.588305 dv-cinder-740146-14-smb devstack@c-api.service[109921]: [pid: 109921|app: 0|req: 12/34] 10.222.0.20 () {60 vars in 1365 bytes} [Fri Mar 11 02:54:53 2022] GET /volume/v3/e709e303d4544a4fbd464adb18cd0525/volumes/339c9a41-c4b7-457e-b655-93a7b5df0217 => generated 1008 bytes in 146 msecs (HTTP/1.1 200) 7 headers in 287 bytes (1 switches on core 0)
Mar 11 02:54:53.589857 dv-cinder-740146-14-smb devstack@c-api.service[109921]: DEBUG cinder.api.middleware.request_id [None req-fb59abee-56fd-4b0c-b55a-86e87e8a03fc None None] RequestId filter calling following filter/app {{(pid=109921) _context_setter /opt/stack/cinder/cinder/api/middleware/request_id.py:62}}
Mar 11 02:54:53.600367 dv-cinder-740146-14-smb devstack@c-api.service[109921]: INFO cinder.api.openstack.wsgi [None req-fb59abee-56fd-4b0c-b55a-86e87e8a03fc tempest-VolumesTestJSON-1427382157 tempest-VolumesTestJSON-1427382157-project] POST http://10.222.0.20/volume/v3/40851efb2ef741c089e15aac1de812a5/volumes
Mar 11 02:54:53.601326 dv-cinder-740146-14-smb devstack@c-api.service[109921]: DEBUG cinder.api.openstack.wsgi [None req-fb59abee-56fd-4b0c-b55a-86e87e8a03fc tempest-VolumesTestJSON-1427382157 tempest-VolumesTestJSON-1427382157-project] Action: 'create', calling method: create, body: {"volume": {"metadata": {"Type": "work"}, "size": 1, "display_name": "tempest-VolumesTestJSON-volume-1282657282"}} {{(pid=109921) _process_stack /opt/stack/cinder/cinder/api/openstack/wsgi.py:866}}
Mar 11 02:54:53.605094 dv-cinder-740146-14-smb devstack@c-api.service[109921]: DEBUG cinder.api.v3.volumes [None req-fb59abee-56fd-4b0c-b55a-86e87e8a03fc tempest-VolumesTestJSON-1427382157 tempest-VolumesTestJSON-1427382157-project] Create volume request body: {'volume': {'metadata': {'Type': 'work'}, 'size': 1, 'display_name': 'tempest-VolumesTestJSON-volume-1282657282'}} {{(pid=109921) create /opt/stack/cinder/cinder/api/v3/volumes.py:298}}
Mar 11 02:54:53.606815 dv-cinder-740146-14-smb devstack@c-api.service[109921]: INFO cinder.api.v3.volumes [None req-fb59abee-56fd-4b0c-b55a-86e87e8a03fc tempest-VolumesTestJSON-1427382157 tempest-VolumesTestJSON-1427382157-project] Create volume of 1 GB
Mar 11 02:54:53.624347 dv-cinder-740146-14-smb devstack@c-api.service[109921]: INFO cinder.volume.api [None req-fb59abee-56fd-4b0c-b55a-86e87e8a03fc tempest-VolumesTestJSON-1427382157 tempest-VolumesTestJSON-1427382157-project] Availability Zones retrieved successfully.
Mar 11 02:54:53.629310 dv-cinder-740146-14-smb devstack@c-api.service[109920]: INFO cinder.api.openstack.wsgi [None req-48f30819-f6c1-451c-a007-42cd23f65dee tempest-GroupsV314Test-41547245 tempest-GroupsV314Test-41547245-project] http://10.222.0.20/volume/v3/6eb96fa32113487d8f121e98b3ee1683/volumes/276c2af0-ec53-4826-b9d9-c1ed9ac75312 returned with HTTP 200
Mar 11 02:54:53.632143 dv-cinder-740146-14-smb devstack@c-api.service[109920]: [pid: 109920|app: 0|req: 23/35] 10.222.0.20 () {60 vars in 1365 bytes} [Fri Mar 11 02:54:53 2022] GET /volume/v3/6eb96fa32113487d8f121e98b3ee1683/volumes/276c2af0-ec53-4826-b9d9-c1ed9ac75312 => generated 965 bytes in 146 msecs (HTTP/1.1 200) 7 headers in 286 bytes (1 switches on core 0)
Mar 11 02:54:53.642506 dv-cinder-740146-14-smb devstack@c-api.service[109920]: DEBUG cinder.api.middleware.request_id [None req-6ac27d0d-1547-44c9-be4a-28dfcf0e4279 None None] RequestId filter calling following filter/app {{(pid=109920) _context_setter /opt/stack/cinder/cinder/api/middleware/request_id.py:62}}
Mar 11 02:54:53.652570 dv-cinder-740146-14-smb devstack@c-api.service[109920]: INFO cinder.api.openstack.wsgi [None req-6ac27d0d-1547-44c9-be4a-28dfcf0e4279 tempest-GroupSnapshotsV319Test-469476966 tempest-GroupSnapshotsV319Test-469476966-project] POST http://10.222.0.20/volume/v3/e709e303d4544a4fbd464adb18cd0525/group_snapshots
Mar 11 02:54:53.653360 dv-cinder-740146-14-smb devstack@c-api.service[109920]: DEBUG cinder.api.openstack.wsgi [None req-6ac27d0d-1547-44c9-be4a-28dfcf0e4279 tempest-GroupSnapshotsV319Test-469476966 tempest-GroupSnapshotsV319Test-469476966-project] Action: 'create', calling method: version_select, body: {"group_snapshot": {"group_id": "9a410980-148a-4144-9c4b-ff3da5dd0e57", "name": "tempest-GroupSnapshotsV319Test-Group_Snapshot-899387386"}} {{(pid=109920) _process_stack /opt/stack/cinder/cinder/api/openstack/wsgi.py:866}}
Mar 11 02:54:53.654252 dv-cinder-740146-14-smb devstack@c-api.service[109920]: DEBUG cinder.api.v3.group_snapshots [None req-6ac27d0d-1547-44c9-be4a-28dfcf0e4279 tempest-GroupSnapshotsV319Test-469476966 tempest-GroupSnapshotsV319Test-469476966-project] Creating new group_snapshot {'group_snapshot': {'group_id': '9a410980-148a-4144-9c4b-ff3da5dd0e57', 'name': 'tempest-GroupSnapshotsV319Test-Group_Snapshot-899387386'}} {{(pid=109920) create /opt/stack/cinder/cinder/api/v3/group_snapshots.py:154}}
Mar 11 02:54:53.669017 dv-cinder-740146-14-smb devstack@c-api.service[109920]: /usr/local/lib/python3.8/dist-packages/oslo_context/context.py:100: DeprecationWarning: Policy enforcement is depending on the value of is_admin. This key is deprecated. Please update your policy file to use the standard policy values.
Mar 11 02:54:53.669017 dv-cinder-740146-14-smb devstack@c-api.service[109920]: warnings.warn('Policy enforcement is depending on the value of '
Mar 11 02:54:53.672844 dv-cinder-740146-14-smb devstack@c-api.service[109921]: DEBUG cinder.volume.api [None req-fb59abee-56fd-4b0c-b55a-86e87e8a03fc tempest-VolumesTestJSON-1427382157 tempest-VolumesTestJSON-1427382157-project] Flow 'volume_create_api' (08337c08-8235-4f85-b431-dad1207d8f23) transitioned into state 'RUNNING' from state 'PENDING' {{(pid=109921) _flow_receiver /usr/local/lib/python3.8/dist-packages/taskflow/listeners/logging.py:141}}
Mar 11 02:54:53.675409 dv-cinder-740146-14-smb devstack@c-api.service[109921]: DEBUG cinder.volume.api [None req-fb59abee-56fd-4b0c-b55a-86e87e8a03fc tempest-VolumesTestJSON-1427382157 tempest-VolumesTestJSON-1427382157-project] Task 'cinder.volume.flows.api.create_volume.ExtractVolumeRequestTask;volume:create' (4956bbc1-67d4-4e1a-b8d8-f14609c281cd) transitioned into state 'RUNNING' from state 'PENDING' {{(pid=109921) _task_receiver /usr/local/lib/python3.8/dist-packages/taskflow/listeners/logging.py:190}}
Mar 11 02:54:53.677911 dv-cinder-740146-14-smb devstack@c-api.service[109921]: DEBUG cinder.volume.flows.api.create_volume [None req-fb59abee-56fd-4b0c-b55a-86e87e8a03fc tempest-VolumesTestJSON-1427382157 tempest-VolumesTestJSON-1427382157-project] Validating volume size '1' using validate_int {{(pid=109921) _extract_size /opt/stack/cinder/cinder/volume/flows/api/create_volume.py:225}}
Mar 11 02:54:53.684803 dv-cinder-740146-14-smb devstack@c-api.service[109920]: INFO cinder.api.v3.group_snapshots [None req-6ac27d0d-1547-44c9-be4a-28dfcf0e4279 tempest-GroupSnapshotsV319Test-469476966 tempest-GroupSnapshotsV319Test-469476966-project] Creating group_snapshot tempest-GroupSnapshotsV319Test-Group_Snapshot-899387386.
Mar 11 02:54:53.761293 dv-cinder-740146-14-smb devstack@c-api.service[109921]: DEBUG cinder.volume.api [None req-fb59abee-56fd-4b0c-b55a-86e87e8a03fc tempest-VolumesTestJSON-1427382157 tempest-VolumesTestJSON-1427382157-project] Task 'cinder.volume.flows.api.create_volume.ExtractVolumeRequestTask;volume:create' (4956bbc1-67d4-4e1a-b8d8-f14609c281cd) transitioned into state 'SUCCESS' from state 'RUNNING' with result '{'size': 1, 'snapshot_id': None, 'source_volid': None, 'volume_type': VolumeType(created_at=2022-03-11T02:44:44Z,deleted=False,deleted_at=None,description='Default Volume Type',extra_specs={},id=c0b13295-f753-4a0e-956b-a8d53776e630,is_public=True,name='__DEFAULT__',projects=[],qos_specs=,qos_specs_id=None,updated_at=2022-03-11T02:44:44Z), 'volume_type_id': 'c0b13295-f753-4a0e-956b-a8d53776e630', 'encryption_key_id': None, 'qos_specs': None, 'consistencygroup_id': None, 'cgsnapshot_id': None, 'group_id': None, 'replication_status': 'disabled', 'refresh_az': False, 'backup_id': None, 'multiattach': False, 'availability_zones': ['nova']}' {{(pid=109921) _task_receiver /usr/local/lib/python3.8/dist-packages/taskflow/listeners/logging.py:178}}
Mar 11 02:54:53.763347 dv-cinder-740146-14-smb devstack@c-api.service[109921]: DEBUG cinder.volume.api [None req-fb59abee-56fd-4b0c-b55a-86e87e8a03fc tempest-VolumesTestJSON-1427382157 tempest-VolumesTestJSON-1427382157-project] Task 'cinder.volume.flows.api.create_volume.QuotaReserveTask;volume:create' (ce561406-030b-4e4d-9c26-e270afcf8415) transitioned into state 'RUNNING' from state 'PENDING' {{(pid=109921) _task_receiver /usr/local/lib/python3.8/dist-packages/taskflow/listeners/logging.py:190}}
Mar 11 02:54:53.812873 dv-cinder-740146-14-smb devstack@c-api.service[109920]: /usr/local/lib/python3.8/dist-packages/oslo_context/context.py:100: DeprecationWarning: Policy enforcement is depending on the value of is_admin. This key is deprecated. Please update your policy file to use the standard policy values.
Mar 11 02:54:53.812873 dv-cinder-740146-14-smb devstack@c-api.service[109920]: warnings.warn('Policy enforcement is depending on the value of '
Mar 11 02:54:53.858821 dv-cinder-740146-14-smb devstack@c-api.service[109920]: WARNING cinder.quota [None req-6ac27d0d-1547-44c9-be4a-28dfcf0e4279 tempest-GroupSnapshotsV319Test-469476966 tempest-GroupSnapshotsV319Test-469476966-project] Deprecated: Default quota for resource: gigabytes_tempest-GroupSnapshotsV319Test-volume-type-1236109254 is set by the default quota flag: quota_gigabytes_tempest-GroupSnapshotsV319Test-volume-type-1236109254, it is now deprecated. Please use the default quota class for default quota.
Mar 11 02:54:53.861549 dv-cinder-740146-14-smb devstack@c-api.service[109920]: WARNING cinder.quota [None req-6ac27d0d-1547-44c9-be4a-28dfcf0e4279 tempest-GroupSnapshotsV319Test-469476966 tempest-GroupSnapshotsV319Test-469476966-project] Deprecated: Default quota for resource: snapshots_tempest-GroupSnapshotsV319Test-volume-type-1236109254 is set by the default quota flag: quota_snapshots_tempest-GroupSnapshotsV319Test-volume-type-1236109254, it is now deprecated. Please use the default quota class for default quota.
Mar 11 02:54:53.888037 dv-cinder-740146-14-smb devstack@c-api.service[109921]: DEBUG cinder.quota [None req-fb59abee-56fd-4b0c-b55a-86e87e8a03fc tempest-VolumesTestJSON-1427382157 tempest-VolumesTestJSON-1427382157-project] Created reservations ['befebd4d-6769-4f4c-94d2-7096bb8d9758', 'ee13e9a1-b3d2-4521-9691-33b1028e9f2c', '2afce1e9-1e11-4ce8-a29b-3a72edce1a04', 'fc411f34-103a-40e6-bfbd-c6565b395439'] {{(pid=109921) reserve /opt/stack/cinder/cinder/quota.py:755}}
Mar 11 02:54:53.890354 dv-cinder-740146-14-smb devstack@c-api.service[109921]: DEBUG cinder.volume.api [None req-fb59abee-56fd-4b0c-b55a-86e87e8a03fc tempest-VolumesTestJSON-1427382157 tempest-VolumesTestJSON-1427382157-project] Task 'cinder.volume.flows.api.create_volume.QuotaReserveTask;volume:create' (ce561406-030b-4e4d-9c26-e270afcf8415) transitioned into state 'SUCCESS' from state 'RUNNING' with result '{'reservations': ['befebd4d-6769-4f4c-94d2-7096bb8d9758', 'ee13e9a1-b3d2-4521-9691-33b1028e9f2c', '2afce1e9-1e11-4ce8-a29b-3a72edce1a04', 'fc411f34-103a-40e6-bfbd-c6565b395439']}' {{(pid=109921) _task_receiver /usr/local/lib/python3.8/dist-packages/taskflow/listeners/logging.py:178}}
Mar 11 02:54:53.893294 dv-cinder-740146-14-smb devstack@c-api.service[109921]: DEBUG cinder.volume.api [None req-fb59abee-56fd-4b0c-b55a-86e87e8a03fc tempest-VolumesTestJSON-1427382157 tempest-VolumesTestJSON-1427382157-project] Task 'cinder.volume.flows.api.create_volume.EntryCreateTask;volume:create' (76b0fdf5-bd78-4bba-8bb2-7e258d6ed2cd) transitioned into state 'RUNNING' from state 'PENDING' {{(pid=109921) _task_receiver /usr/local/lib/python3.8/dist-packages/taskflow/listeners/logging.py:190}}
Mar 11 02:54:53.935952 dv-cinder-740146-14-smb devstack@c-api.service[109921]: DEBUG cinder.volume.api [None req-fb59abee-56fd-4b0c-b55a-86e87e8a03fc tempest-VolumesTestJSON-1427382157 tempest-VolumesTestJSON-1427382157-project] Task 'cinder.volume.flows.api.create_volume.EntryCreateTask;volume:create' (76b0fdf5-bd78-4bba-8bb2-7e258d6ed2cd) transitioned into state 'SUCCESS' from state 'RUNNING' with result '{'volume_id': '74971b2e-404f-41cc-a6a9-ed38d7ee48f9', 'volume_properties': VolumeProperties(attach_status='detached',availability_zone='nova',cgsnapshot_id=None,consistencygroup_id=None,display_description=None,display_name='tempest-VolumesTestJSON-volume-1282657282',encryption_key_id=None,group_id=None,group_type_id=,metadata={Type='work'},multiattach=False,project_id='40851efb2ef741c089e15aac1de812a5',qos_specs=None,replication_status=,reservations=['befebd4d-6769-4f4c-94d2-7096bb8d9758','ee13e9a1-b3d2-4521-9691-33b1028e9f2c','2afce1e9-1e11-4ce8-a29b-3a72edce1a04','fc411f34-103a-40e6-bfbd-c6565b395439'],size=1,snapshot_id=None,source_replicaid=,source_volid=None,status='creating',user_id='165cbbb61599459dac61ef22a8653de0',volume_type_id=c0b13295-f753-4a0e-956b-a8d53776e630), 'volume': Volume(_name_id=None,admin_metadata=,attach_status='detached',availability_zone='nova',bootable=False,cluster=,cluster_name=None,consistencygroup=,consistencygroup_id=None,created_at=2022-03-11T02:54:53Z,deleted=False,deleted_at=None,display_description=None,display_name='tempest-VolumesTestJSON-volume-1282657282',ec2_id=None,encryption_key_id=None,glance_metadata=,group=,group_id=None,host=None,id=74971b2e-404f-41cc-a6a9-ed38d7ee48f9,launched_at=None,metadata={Type='work'},migration_status=None,multiattach=False,previous_status=None,project_id='40851efb2ef741c089e15aac1de812a5',provider_auth=None,provider_geometry=None,provider_id=None,provider_location=None,replication_driver_data=None,replication_extended_status=None,replication_status=None,scheduled_at=None,service_uuid=None,shared_targets=True,size=1,snapshot_id=None,snapshots=,source_volid=None,status='creating',terminated_at=None,updated_at=None,use_quota=True,user_id='165cbbb61599459dac61ef22a8653de0',volume_attachment=VolumeAttachmentList,volume_type=VolumeType(c0b13295-f753-4a0e-956b-a8d53776e630),volume_type_id=c0b13295-f753-4a0e-956b-a8d53776e630)}' {{(pid=109921) _task_receiver /usr/local/lib/python3.8/dist-packages/taskflow/listeners/logging.py:178}}
Mar 11 02:54:53.938027 dv-cinder-740146-14-smb devstack@c-api.service[109921]: DEBUG cinder.volume.api [None req-fb59abee-56fd-4b0c-b55a-86e87e8a03fc tempest-VolumesTestJSON-1427382157 tempest-VolumesTestJSON-1427382157-project] Task 'cinder.volume.flows.api.create_volume.QuotaCommitTask;volume:create' (d9863397-f6f0-4306-8adb-b29f1df6b234) transitioned into state 'RUNNING' from state 'PENDING' {{(pid=109921) _task_receiver /usr/local/lib/python3.8/dist-packages/taskflow/listeners/logging.py:190}}
Mar 11 02:54:53.940800 dv-cinder-740146-14-smb devstack@c-api.service[109920]: DEBUG cinder.quota [None req-6ac27d0d-1547-44c9-be4a-28dfcf0e4279 tempest-GroupSnapshotsV319Test-469476966 tempest-GroupSnapshotsV319Test-469476966-project] Created reservations ['d3b3f67e-c412-4db6-ab06-8ac5247b7799', '975b87e3-d4c3-4b18-b78c-3bf746e6c65c', '57a5d063-2d33-4407-b5f2-5274dc6d99b0', '940096cd-f7ea-4f4c-bd36-2bb66ddca496'] {{(pid=109920) reserve /opt/stack/cinder/cinder/quota.py:755}}
Mar 11 02:54:53.991981 dv-cinder-740146-14-smb devstack@c-api.service[109921]: DEBUG cinder.volume.api [None req-fb59abee-56fd-4b0c-b55a-86e87e8a03fc tempest-VolumesTestJSON-1427382157 tempest-VolumesTestJSON-1427382157-project] Task 'cinder.volume.flows.api.create_volume.QuotaCommitTask;volume:create' (d9863397-f6f0-4306-8adb-b29f1df6b234) transitioned into state 'SUCCESS' from state 'RUNNING' with result '{'volume_properties': VolumeProperties(attach_status='detached',availability_zone='nova',cgsnapshot_id=None,consistencygroup_id=None,display_description=None,display_name='tempest-VolumesTestJSON-volume-1282657282',encryption_key_id=None,group_id=None,group_type_id=,metadata={Type='work'},multiattach=False,project_id='40851efb2ef741c089e15aac1de812a5',qos_specs=None,replication_status=,reservations=['befebd4d-6769-4f4c-94d2-7096bb8d9758','ee13e9a1-b3d2-4521-9691-33b1028e9f2c','2afce1e9-1e11-4ce8-a29b-3a72edce1a04','fc411f34-103a-40e6-bfbd-c6565b395439'],size=1,snapshot_id=None,source_replicaid=,source_volid=None,status='creating',user_id='165cbbb61599459dac61ef22a8653de0',volume_type_id=c0b13295-f753-4a0e-956b-a8d53776e630)}' {{(pid=109921) _task_receiver /usr/local/lib/python3.8/dist-packages/taskflow/listeners/logging.py:178}}
Mar 11 02:54:54.002740 dv-cinder-740146-14-smb devstack@c-api.service[109921]: DEBUG cinder.volume.api [None req-fb59abee-56fd-4b0c-b55a-86e87e8a03fc tempest-VolumesTestJSON-1427382157 tempest-VolumesTestJSON-1427382157-project] Task 'cinder.volume.flows.api.create_volume.VolumeCastTask;volume:create' (51c67791-f195-49fa-aba4-a1a8d4860074) transitioned into state 'RUNNING' from state 'PENDING' {{(pid=109921) _task_receiver /usr/local/lib/python3.8/dist-packages/taskflow/listeners/logging.py:190}}
Mar 11 02:54:54.052480 dv-cinder-740146-14-smb devstack@c-api.service[109921]: DEBUG cinder.volume.api [None req-fb59abee-56fd-4b0c-b55a-86e87e8a03fc tempest-VolumesTestJSON-1427382157 tempest-VolumesTestJSON-1427382157-project] Task 'cinder.volume.flows.api.create_volume.VolumeCastTask;volume:create' (51c67791-f195-49fa-aba4-a1a8d4860074) transitioned into state 'SUCCESS' from state 'RUNNING' with result 'None' {{(pid=109921) _task_receiver /usr/local/lib/python3.8/dist-packages/taskflow/listeners/logging.py:178}}
Mar 11 02:54:54.077541 dv-cinder-740146-14-smb devstack@c-api.service[109921]: DEBUG cinder.volume.api [None req-fb59abee-56fd-4b0c-b55a-86e87e8a03fc tempest-VolumesTestJSON-1427382157 tempest-VolumesTestJSON-1427382157-project] Flow 'volume_create_api' (08337c08-8235-4f85-b431-dad1207d8f23) transitioned into state 'SUCCESS' from state 'RUNNING' {{(pid=109921) _flow_receiver /usr/local/lib/python3.8/dist-packages/taskflow/listeners/logging.py:141}}
Mar 11 02:54:54.078278 dv-cinder-740146-14-smb devstack@c-api.service[109921]: INFO cinder.volume.api [None req-fb59abee-56fd-4b0c-b55a-86e87e8a03fc tempest-VolumesTestJSON-1427382157 tempest-VolumesTestJSON-1427382157-project] Create volume request issued successfully.
Mar 11 02:54:54.079688 dv-cinder-740146-14-smb devstack@c-api.service[109921]: INFO cinder.api.openstack.wsgi [None req-fb59abee-56fd-4b0c-b55a-86e87e8a03fc tempest-VolumesTestJSON-1427382157 tempest-VolumesTestJSON-1427382157-project] http://10.222.0.20/volume/v3/40851efb2ef741c089e15aac1de812a5/volumes returned with HTTP 202
Mar 11 02:54:54.093747 dv-cinder-740146-14-smb devstack@c-api.service[109921]: [pid: 109921|app: 0|req: 13/36] 10.222.0.20 () {60 vars in 1235 bytes} [Fri Mar 11 02:54:53 2022] POST /volume/v3/40851efb2ef741c089e15aac1de812a5/volumes => generated 829 bytes in 496 msecs (HTTP/1.1 202) 7 headers in 291 bytes (1 switches on core 0)
Mar 11 02:54:54.096198 dv-cinder-740146-14-smb devstack@c-api.service[109921]: DEBUG cinder.api.middleware.request_id [None req-969b9aee-cd78-41ca-8418-0541f5c3cc66 None None] RequestId filter calling following filter/app {{(pid=109921) _context_setter /opt/stack/cinder/cinder/api/middleware/request_id.py:62}}
Mar 11 02:54:54.109180 dv-cinder-740146-14-smb devstack@c-api.service[109921]: INFO cinder.api.openstack.wsgi [None req-969b9aee-cd78-41ca-8418-0541f5c3cc66 tempest-VolumesTestJSON-1427382157 tempest-VolumesTestJSON-1427382157-project] GET http://10.222.0.20/volume/v3/40851efb2ef741c089e15aac1de812a5/volumes/74971b2e-404f-41cc-a6a9-ed38d7ee48f9
Mar 11 02:54:54.109812 dv-cinder-740146-14-smb devstack@c-api.service[109921]: DEBUG cinder.api.openstack.wsgi [None req-969b9aee-cd78-41ca-8418-0541f5c3cc66 tempest-VolumesTestJSON-1427382157 tempest-VolumesTestJSON-1427382157-project] Empty body provided in request {{(pid=109921) get_body /opt/stack/cinder/cinder/api/openstack/wsgi.py:715}}
Mar 11 02:54:54.116646 dv-cinder-740146-14-smb devstack@c-api.service[109921]: DEBUG cinder.api.openstack.wsgi [None req-969b9aee-cd78-41ca-8418-0541f5c3cc66 tempest-VolumesTestJSON-1427382157 tempest-VolumesTestJSON-1427382157-project] Calling method 'show' {{(pid=109921) _process_stack /opt/stack/cinder/cinder/api/openstack/wsgi.py:868}}
Mar 11 02:54:54.123545 dv-cinder-740146-14-smb devstack@c-api.service[109920]: INFO cinder.api.openstack.wsgi [None req-6ac27d0d-1547-44c9-be4a-28dfcf0e4279 tempest-GroupSnapshotsV319Test-469476966 tempest-GroupSnapshotsV319Test-469476966-project] http://10.222.0.20/volume/v3/e709e303d4544a4fbd464adb18cd0525/group_snapshots returned with HTTP 202
Mar 11 02:54:54.124663 dv-cinder-740146-14-smb devstack@c-api.service[109920]: [pid: 109920|app: 0|req: 24/37] 10.222.0.20 () {62 vars in 1300 bytes} [Fri Mar 11 02:54:53 2022] POST /volume/v3/e709e303d4544a4fbd464adb18cd0525/group_snapshots => generated 190 bytes in 492 msecs (HTTP/1.1 202) 7 headers in 292 bytes (1 switches on core 0)
Mar 11 02:54:54.133226 dv-cinder-740146-14-smb devstack@c-api.service[109920]: DEBUG cinder.api.middleware.request_id [None req-8672f360-fc1b-494a-9c1e-ec4eaeb9d34c None None] RequestId filter calling following filter/app {{(pid=109920) _context_setter /opt/stack/cinder/cinder/api/middleware/request_id.py:62}}
Mar 11 02:54:54.145996 dv-cinder-740146-14-smb devstack@c-api.service[109920]: INFO cinder.api.openstack.wsgi [None req-8672f360-fc1b-494a-9c1e-ec4eaeb9d34c tempest-GroupSnapshotsV319Test-469476966 tempest-GroupSnapshotsV319Test-469476966-project] GET http://10.222.0.20/volume/v3/e709e303d4544a4fbd464adb18cd0525/group_snapshots/99fc6482-80cf-4d9a-a422-6d78630355cf
Mar 11 02:54:54.147557 dv-cinder-740146-14-smb devstack@c-api.service[109920]: DEBUG cinder.api.openstack.wsgi [None req-8672f360-fc1b-494a-9c1e-ec4eaeb9d34c tempest-GroupSnapshotsV319Test-469476966 tempest-GroupSnapshotsV319Test-469476966-project] Empty body provided in request {{(pid=109920) get_body /opt/stack/cinder/cinder/api/openstack/wsgi.py:715}}
Mar 11 02:54:54.148036 dv-cinder-740146-14-smb devstack@c-api.service[109920]: DEBUG cinder.api.openstack.wsgi [None req-8672f360-fc1b-494a-9c1e-ec4eaeb9d34c tempest-GroupSnapshotsV319Test-469476966 tempest-GroupSnapshotsV319Test-469476966-project] Calling method 'version_select' {{(pid=109920) _process_stack /opt/stack/cinder/cinder/api/openstack/wsgi.py:868}}
Mar 11 02:54:54.149356 dv-cinder-740146-14-smb devstack@c-api.service[109920]: DEBUG cinder.api.v3.group_snapshots [None req-8672f360-fc1b-494a-9c1e-ec4eaeb9d34c tempest-GroupSnapshotsV319Test-469476966 tempest-GroupSnapshotsV319Test-469476966-project] show called for member 99fc6482-80cf-4d9a-a422-6d78630355cf {{(pid=109920) show /opt/stack/cinder/cinder/api/v3/group_snapshots.py:58}}
Mar 11 02:54:54.160422 dv-cinder-740146-14-smb devstack@c-api.service[109921]: /usr/local/lib/python3.8/dist-packages/oslo_context/context.py:100: DeprecationWarning: Policy enforcement is depending on the value of is_admin. This key is deprecated. Please update your policy file to use the standard policy values.
Mar 11 02:54:54.160422 dv-cinder-740146-14-smb devstack@c-api.service[109921]: warnings.warn('Policy enforcement is depending on the value of '
Mar 11 02:54:54.164219 dv-cinder-740146-14-smb devstack@c-api.service[109920]: /usr/local/lib/python3.8/dist-packages/oslo_context/context.py:100: DeprecationWarning: Policy enforcement is depending on the value of is_admin. This key is deprecated. Please update your policy file to use the standard policy values.
Mar 11 02:54:54.164219 dv-cinder-740146-14-smb devstack@c-api.service[109920]: warnings.warn('Policy enforcement is depending on the value of '
Mar 11 02:54:54.176847 dv-cinder-740146-14-smb devstack@c-api.service[109920]: INFO cinder.api.openstack.wsgi [None req-8672f360-fc1b-494a-9c1e-ec4eaeb9d34c tempest-GroupSnapshotsV319Test-469476966 tempest-GroupSnapshotsV319Test-469476966-project] http://10.222.0.20/volume/v3/e709e303d4544a4fbd464adb18cd0525/group_snapshots/99fc6482-80cf-4d9a-a422-6d78630355cf returned with HTTP 200
Mar 11 02:54:54.179114 dv-cinder-740146-14-smb devstack@c-api.service[109920]: [pid: 109920|app: 0|req: 25/38] 10.222.0.20 () {60 vars in 1389 bytes} [Fri Mar 11 02:54:54 2022] GET /volume/v3/e709e303d4544a4fbd464adb18cd0525/group_snapshots/99fc6482-80cf-4d9a-a422-6d78630355cf => generated 329 bytes in 48 msecs (HTTP/1.1 200) 7 headers in 286 bytes (1 switches on core 0)
Mar 11 02:54:54.189840 dv-cinder-740146-14-smb devstack@c-api.service[109921]: INFO cinder.volume.api [None req-969b9aee-cd78-41ca-8418-0541f5c3cc66 tempest-VolumesTestJSON-1427382157 tempest-VolumesTestJSON-1427382157-project] Volume info retrieved successfully.
Mar 11 02:54:54.208874 dv-cinder-740146-14-smb devstack@c-api.service[109920]: DEBUG cinder.api.middleware.request_id [req-a3556d99-e724-4b6e-9fd1-e66cf980473f req-c935701d-f736-45a3-9388-a8f2c4badcd4 None None] RequestId filter calling following filter/app {{(pid=109920) _context_setter /opt/stack/cinder/cinder/api/middleware/request_id.py:62}}
Mar 11 02:54:54.214164 dv-cinder-740146-14-smb devstack@c-api.service[109920]: INFO cinder.api.openstack.wsgi [req-a3556d99-e724-4b6e-9fd1-e66cf980473f req-c935701d-f736-45a3-9388-a8f2c4badcd4 tempest-VolumesGetTestJSON-2037591953 tempest-VolumesGetTestJSON-2037591953-project] GET http://10.222.0.20/volume/v3/4df0290477d941c1bf6c804c03725ce3/volumes/6fca377d-48b0-4a71-97f0-7004f65f56e0
Mar 11 02:54:54.215531 dv-cinder-740146-14-smb devstack@c-api.service[109920]: DEBUG cinder.api.openstack.wsgi [req-a3556d99-e724-4b6e-9fd1-e66cf980473f req-c935701d-f736-45a3-9388-a8f2c4badcd4 tempest-VolumesGetTestJSON-2037591953 tempest-VolumesGetTestJSON-2037591953-project] Empty body provided in request {{(pid=109920) get_body /opt/stack/cinder/cinder/api/openstack/wsgi.py:715}}
Mar 11 02:54:54.215966 dv-cinder-740146-14-smb devstack@c-api.service[109920]: DEBUG cinder.api.openstack.wsgi [req-a3556d99-e724-4b6e-9fd1-e66cf980473f req-c935701d-f736-45a3-9388-a8f2c4badcd4 tempest-VolumesGetTestJSON-2037591953 tempest-VolumesGetTestJSON-2037591953-project] Calling method 'show' {{(pid=109920) _process_stack /opt/stack/cinder/cinder/api/openstack/wsgi.py:868}}
Mar 11 02:54:54.230611 dv-cinder-740146-14-smb devstack@c-api.service[109921]: INFO cinder.api.openstack.wsgi [None req-969b9aee-cd78-41ca-8418-0541f5c3cc66 tempest-VolumesTestJSON-1427382157 tempest-VolumesTestJSON-1427382157-project] http://10.222.0.20/volume/v3/40851efb2ef741c089e15aac1de812a5/volumes/74971b2e-404f-41cc-a6a9-ed38d7ee48f9 returned with HTTP 200
Mar 11 02:54:54.247542 dv-cinder-740146-14-smb devstack@c-api.service[109920]: INFO cinder.api.openstack.wsgi [req-a3556d99-e724-4b6e-9fd1-e66cf980473f req-c935701d-f736-45a3-9388-a8f2c4badcd4 tempest-VolumesGetTestJSON-2037591953 tempest-VolumesGetTestJSON-2037591953-project] http://10.222.0.20/volume/v3/4df0290477d941c1bf6c804c03725ce3/volumes/6fca377d-48b0-4a71-97f0-7004f65f56e0 returned with HTTP 404
Mar 11 02:54:54.260295 dv-cinder-740146-14-smb devstack@c-api.service[109921]: [pid: 109921|app: 0|req: 14/40] 10.222.0.20 () {58 vars in 1324 bytes} [Fri Mar 11 02:54:54 2022] GET /volume/v3/40851efb2ef741c089e15aac1de812a5/volumes/74971b2e-404f-41cc-a6a9-ed38d7ee48f9 => generated 897 bytes in 166 msecs (HTTP/1.1 200) 7 headers in 285 bytes (2 switches on core 0)
Mar 11 02:54:54.260503 dv-cinder-740146-14-smb devstack@c-api.service[109920]: [pid: 109920|app: 0|req: 26/40] 10.222.0.20 () {60 vars in 1578 bytes} [Fri Mar 11 02:54:54 2022] GET /volume/v3/4df0290477d941c1bf6c804c03725ce3/volumes/6fca377d-48b0-4a71-97f0-7004f65f56e0 => generated 109 bytes in 49 msecs (HTTP/1.1 404) 7 headers in 292 bytes (2 switches on core 0)
Mar 11 02:54:54.644548 dv-cinder-740146-14-smb devstack@c-api.service[109921]: DEBUG cinder.api.middleware.request_id [None req-695985c4-70ad-483f-b792-21ef102ea94d None None] RequestId filter calling following filter/app {{(pid=109921) _context_setter /opt/stack/cinder/cinder/api/middleware/request_id.py:62}}
Mar 11 02:54:54.649664 dv-cinder-740146-14-smb devstack@c-api.service[109921]: INFO cinder.api.openstack.wsgi [None req-695985c4-70ad-483f-b792-21ef102ea94d tempest-GroupsV314Test-41547245 tempest-GroupsV314Test-41547245-project] GET http://10.222.0.20/volume/v3/6eb96fa32113487d8f121e98b3ee1683/volumes/276c2af0-ec53-4826-b9d9-c1ed9ac75312
Mar 11 02:54:54.650377 dv-cinder-740146-14-smb devstack@c-api.service[109921]: DEBUG cinder.api.openstack.wsgi [None req-695985c4-70ad-483f-b792-21ef102ea94d tempest-GroupsV314Test-41547245 tempest-GroupsV314Test-41547245-project] Empty body provided in request {{(pid=109921) get_body /opt/stack/cinder/cinder/api/openstack/wsgi.py:715}}
Mar 11 02:54:54.651007 dv-cinder-740146-14-smb devstack@c-api.service[109921]: DEBUG cinder.api.openstack.wsgi [None req-695985c4-70ad-483f-b792-21ef102ea94d tempest-GroupsV314Test-41547245 tempest-GroupsV314Test-41547245-project] Calling method 'show' {{(pid=109921) _process_stack /opt/stack/cinder/cinder/api/openstack/wsgi.py:868}}
Mar 11 02:54:54.675338 dv-cinder-740146-14-smb devstack@c-api.service[109921]: /usr/local/lib/python3.8/dist-packages/oslo_context/context.py:100: DeprecationWarning: Policy enforcement is depending on the value of is_admin. This key is deprecated. Please update your policy file to use the standard policy values.
Mar 11 02:54:54.675338 dv-cinder-740146-14-smb devstack@c-api.service[109921]: warnings.warn('Policy enforcement is depending on the value of '
Mar 11 02:54:54.694258 dv-cinder-740146-14-smb devstack@c-api.service[109921]: INFO cinder.volume.api [None req-695985c4-70ad-483f-b792-21ef102ea94d tempest-GroupsV314Test-41547245 tempest-GroupsV314Test-41547245-project] Volume info retrieved successfully.
Mar 11 02:54:54.694709 dv-cinder-740146-14-smb devstack@c-api.service[109921]: WARNING stevedore.named [None req-695985c4-70ad-483f-b792-21ef102ea94d tempest-GroupsV314Test-41547245 tempest-GroupsV314Test-41547245-project] Could not load cinder.keymgr.conf_key_mgr.ConfKeyManager
Mar 11 02:54:54.695109 dv-cinder-740146-14-smb devstack@c-api.service[109921]: WARNING castellan.key_manager [None req-695985c4-70ad-483f-b792-21ef102ea94d tempest-GroupsV314Test-41547245 tempest-GroupsV314Test-41547245-project] Deprecation Warning : cinder.keymgr.conf_key_mgr.ConfKeyManager is not a stevedore based driver, trying to load it as a class: stevedore.exception.NoMatches: No 'castellan.drivers' driver found, looking for 'cinder.keymgr.conf_key_mgr.ConfKeyManager'
Mar 11 02:54:54.712760 dv-cinder-740146-14-smb devstack@c-api.service[109921]: DEBUG oslo_db.sqlalchemy.engines [None req-695985c4-70ad-483f-b792-21ef102ea94d tempest-GroupsV314Test-41547245 tempest-GroupsV314Test-41547245-project] MySQL server mode set to STRICT_TRANS_TABLES,STRICT_ALL_TABLES,NO_ZERO_IN_DATE,NO_ZERO_DATE,ERROR_FOR_DIVISION_BY_ZERO,TRADITIONAL,NO_ENGINE_SUBSTITUTION {{(pid=109921) _check_effective_sql_mode /usr/local/lib/python3.8/dist-packages/oslo_db/sqlalchemy/engines.py:314}}
Mar 11 02:54:54.718249 dv-cinder-740146-14-smb devstack@c-api.service[109921]: /usr/local/lib/python3.8/dist-packages/oslo_context/context.py:100: DeprecationWarning: Policy enforcement is depending on the value of is_admin. This key is deprecated. Please update your policy file to use the standard policy values.
Mar 11 02:54:54.718249 dv-cinder-740146-14-smb devstack@c-api.service[109921]: warnings.warn('Policy enforcement is depending on the value of '
Mar 11 02:54:54.743280 dv-cinder-740146-14-smb devstack@c-api.service[109921]: INFO cinder.api.openstack.wsgi [None req-695985c4-70ad-483f-b792-21ef102ea94d tempest-GroupsV314Test-41547245 tempest-GroupsV314Test-41547245-project] http://10.222.0.20/volume/v3/6eb96fa32113487d8f121e98b3ee1683/volumes/276c2af0-ec53-4826-b9d9-c1ed9ac75312 returned with HTTP 200
Mar 11 02:54:54.744276 dv-cinder-740146-14-smb devstack@c-api.service[109921]: [pid: 109921|app: 0|req: 15/41] 10.222.0.20 () {60 vars in 1365 bytes} [Fri Mar 11 02:54:54 2022] GET /volume/v3/6eb96fa32113487d8f121e98b3ee1683/volumes/276c2af0-ec53-4826-b9d9-c1ed9ac75312 => generated 990 bytes in 101 msecs (HTTP/1.1 200) 7 headers in 286 bytes (1 switches on core 0)
Mar 11 02:54:54.756003 dv-cinder-740146-14-smb devstack@c-api.service[109920]: DEBUG cinder.api.middleware.request_id [None req-2ba90f0e-a8e0-4959-bc66-49b2b6bfd182 None None] RequestId filter calling following filter/app {{(pid=109920) _context_setter /opt/stack/cinder/cinder/api/middleware/request_id.py:62}}
Mar 11 02:54:54.760436 dv-cinder-740146-14-smb devstack@c-api.service[109920]: INFO cinder.api.openstack.wsgi [None req-2ba90f0e-a8e0-4959-bc66-49b2b6bfd182 tempest-GroupsV314Test-41547245 tempest-GroupsV314Test-41547245-project] POST http://10.222.0.20/volume/v3/6eb96fa32113487d8f121e98b3ee1683/groups/action
Mar 11 02:54:54.761581 dv-cinder-740146-14-smb devstack@c-api.service[109920]: DEBUG cinder.api.openstack.wsgi [None req-2ba90f0e-a8e0-4959-bc66-49b2b6bfd182 tempest-GroupsV314Test-41547245 tempest-GroupsV314Test-41547245-project] Action body: b'{"create-from-src": {"source_group_id": "80621411-5050-43a2-bdba-6a854ca5a479", "name": "tempest-Group_from_grp-614107948"}}' {{(pid=109920) get_method /opt/stack/cinder/cinder/api/openstack/wsgi.py:983}}
