Mar 08 04:19:30.034153 dv-cinder-740146-13-smb devstack@c-api.service[109993]: INFO cinder.volume.api [None req-fbbc8ebb-f245-4b37-9367-74866f784d18 tempest-VolumesActionsTest-1038334238 tempest-VolumesActionsTest-1038334238-project] Availability Zones retrieved successfully.
Mar 08 04:19:30.051186 dv-cinder-740146-13-smb devstack@c-api.service[109993]: DEBUG cinder.volume.api [None req-fbbc8ebb-f245-4b37-9367-74866f784d18 tempest-VolumesActionsTest-1038334238 tempest-VolumesActionsTest-1038334238-project] Flow 'volume_create_api' (d66d88da-de92-4a1d-8d57-77786dcf7378) transitioned into state 'RUNNING' from state 'PENDING' {{(pid=109993) _flow_receiver /usr/local/lib/python3.8/dist-packages/taskflow/listeners/logging.py:141}}
Mar 08 04:19:30.054077 dv-cinder-740146-13-smb devstack@c-api.service[109993]: DEBUG cinder.volume.api [None req-fbbc8ebb-f245-4b37-9367-74866f784d18 tempest-VolumesActionsTest-1038334238 tempest-VolumesActionsTest-1038334238-project] Task 'cinder.volume.flows.api.create_volume.ExtractVolumeRequestTask;volume:create' (a29209ab-233e-479f-bbe9-f1445974adea) transitioned into state 'RUNNING' from state 'PENDING' {{(pid=109993) _task_receiver /usr/local/lib/python3.8/dist-packages/taskflow/listeners/logging.py:190}}
Mar 08 04:19:30.057592 dv-cinder-740146-13-smb devstack@c-api.service[109993]: DEBUG cinder.volume.flows.api.create_volume [None req-fbbc8ebb-f245-4b37-9367-74866f784d18 tempest-VolumesActionsTest-1038334238 tempest-VolumesActionsTest-1038334238-project] Validating volume size '1' using validate_int {{(pid=109993) _extract_size /opt/stack/cinder/cinder/volume/flows/api/create_volume.py:225}}
Mar 08 04:19:30.090657 dv-cinder-740146-13-smb devstack@c-api.service[109993]: DEBUG cinder.volume.api [None req-fbbc8ebb-f245-4b37-9367-74866f784d18 tempest-VolumesActionsTest-1038334238 tempest-VolumesActionsTest-1038334238-project] Task 'cinder.volume.flows.api.create_volume.ExtractVolumeRequestTask;volume:create' (a29209ab-233e-479f-bbe9-f1445974adea) transitioned into state 'SUCCESS' from state 'RUNNING' with result '{'size': 1, 'snapshot_id': None, 'source_volid': None, 'volume_type': VolumeType(created_at=2022-03-08T04:08:04Z,deleted=False,deleted_at=None,description='Default Volume Type',extra_specs={},id=7ac80b14-2179-49bc-ac10-fe5fe4c64159,is_public=True,name='__DEFAULT__',projects=[],qos_specs=,qos_specs_id=None,updated_at=2022-03-08T04:08:04Z), 'volume_type_id': '7ac80b14-2179-49bc-ac10-fe5fe4c64159', 'encryption_key_id': None, 'qos_specs': None, 'consistencygroup_id': None, 'cgsnapshot_id': None, 'group_id': None, 'replication_status': 'disabled', 'refresh_az': False, 'backup_id': None, 'multiattach': False, 'availability_zones': ['nova']}' {{(pid=109993) _task_receiver /usr/local/lib/python3.8/dist-packages/taskflow/listeners/logging.py:178}}
Mar 08 04:19:30.093557 dv-cinder-740146-13-smb devstack@c-api.service[109993]: DEBUG cinder.volume.api [None req-fbbc8ebb-f245-4b37-9367-74866f784d18 tempest-VolumesActionsTest-1038334238 tempest-VolumesActionsTest-1038334238-project] Task 'cinder.volume.flows.api.create_volume.QuotaReserveTask;volume:create' (553affe9-9bd8-4aa8-afea-438b505ddd1e) transitioned into state 'RUNNING' from state 'PENDING' {{(pid=109993) _task_receiver /usr/local/lib/python3.8/dist-packages/taskflow/listeners/logging.py:190}}
Mar 08 04:19:30.129774 dv-cinder-740146-13-smb devstack@c-api.service[109994]: DEBUG cinder.api.middleware.request_id [None req-a9ad59cf-45b7-441d-b799-402a8b6b0b61 None None] RequestId filter calling following filter/app {{(pid=109994) _context_setter /opt/stack/cinder/cinder/api/middleware/request_id.py:62}}
Mar 08 04:19:30.133383 dv-cinder-740146-13-smb devstack@c-api.service[109994]: INFO cinder.api.openstack.wsgi [None req-a9ad59cf-45b7-441d-b799-402a8b6b0b61 tempest-VolumesImageMetadata-2106086911 tempest-VolumesImageMetadata-2106086911-project] GET http://10.222.0.20/volume/v3/c14c01dbc38e46baa261e798b6d65122/volumes/885392fe-ea8b-4ef1-98c7-080b6b167bda
Mar 08 04:19:30.133826 dv-cinder-740146-13-smb devstack@c-api.service[109994]: DEBUG cinder.api.openstack.wsgi [None req-a9ad59cf-45b7-441d-b799-402a8b6b0b61 tempest-VolumesImageMetadata-2106086911 tempest-VolumesImageMetadata-2106086911-project] Empty body provided in request {{(pid=109994) get_body /opt/stack/cinder/cinder/api/openstack/wsgi.py:715}}
Mar 08 04:19:30.134277 dv-cinder-740146-13-smb devstack@c-api.service[109994]: DEBUG cinder.api.openstack.wsgi [None req-a9ad59cf-45b7-441d-b799-402a8b6b0b61 tempest-VolumesImageMetadata-2106086911 tempest-VolumesImageMetadata-2106086911-project] Calling method 'show' {{(pid=109994) _process_stack /opt/stack/cinder/cinder/api/openstack/wsgi.py:868}}
Mar 08 04:19:30.149790 dv-cinder-740146-13-smb devstack@c-api.service[109994]: /usr/local/lib/python3.8/dist-packages/oslo_context/context.py:100: DeprecationWarning: Policy enforcement is depending on the value of is_admin. This key is deprecated. Please update your policy file to use the standard policy values.
Mar 08 04:19:30.149790 dv-cinder-740146-13-smb devstack@c-api.service[109994]: warnings.warn('Policy enforcement is depending on the value of '
Mar 08 04:19:30.160883 dv-cinder-740146-13-smb devstack@c-api.service[109994]: INFO cinder.volume.api [None req-a9ad59cf-45b7-441d-b799-402a8b6b0b61 tempest-VolumesImageMetadata-2106086911 tempest-VolumesImageMetadata-2106086911-project] Volume info retrieved successfully.
Mar 08 04:19:30.170716 dv-cinder-740146-13-smb devstack@c-api.service[109994]: INFO cinder.api.openstack.wsgi [None req-a9ad59cf-45b7-441d-b799-402a8b6b0b61 tempest-VolumesImageMetadata-2106086911 tempest-VolumesImageMetadata-2106086911-project] http://10.222.0.20/volume/v3/c14c01dbc38e46baa261e798b6d65122/volumes/885392fe-ea8b-4ef1-98c7-080b6b167bda returned with HTTP 200
Mar 08 04:19:30.172159 dv-cinder-740146-13-smb devstack@c-api.service[109994]: [pid: 109994|app: 0|req: 194/371] 10.222.0.20 () {58 vars in 1324 bytes} [Tue Mar 8 04:19:30 2022] GET /volume/v3/c14c01dbc38e46baa261e798b6d65122/volumes/885392fe-ea8b-4ef1-98c7-080b6b167bda => generated 911 bytes in 43 msecs (HTTP/1.1 200) 7 headers in 285 bytes (2 switches on core 0)
Mar 08 04:19:30.207945 dv-cinder-740146-13-smb devstack@c-api.service[109993]: DEBUG cinder.quota [None req-fbbc8ebb-f245-4b37-9367-74866f784d18 tempest-VolumesActionsTest-1038334238 tempest-VolumesActionsTest-1038334238-project] Created reservations ['7fa9a352-d4d2-4d7f-ac82-1e82423e781b', 'd9148514-b6db-477f-aebc-8476ec12f09e', '68cfa747-23d0-4877-9664-f97b0698aee1', 'a29e9558-4824-461d-baca-ff17c1fcfbf0'] {{(pid=109993) reserve /opt/stack/cinder/cinder/quota.py:755}}
Mar 08 04:19:30.209753 dv-cinder-740146-13-smb devstack@c-api.service[109993]: DEBUG cinder.volume.api [None req-fbbc8ebb-f245-4b37-9367-74866f784d18 tempest-VolumesActionsTest-1038334238 tempest-VolumesActionsTest-1038334238-project] Task 'cinder.volume.flows.api.create_volume.QuotaReserveTask;volume:create' (553affe9-9bd8-4aa8-afea-438b505ddd1e) transitioned into state 'SUCCESS' from state 'RUNNING' with result '{'reservations': ['7fa9a352-d4d2-4d7f-ac82-1e82423e781b', 'd9148514-b6db-477f-aebc-8476ec12f09e', '68cfa747-23d0-4877-9664-f97b0698aee1', 'a29e9558-4824-461d-baca-ff17c1fcfbf0']}' {{(pid=109993) _task_receiver /usr/local/lib/python3.8/dist-packages/taskflow/listeners/logging.py:178}}
Mar 08 04:19:30.212367 dv-cinder-740146-13-smb devstack@c-api.service[109993]: DEBUG cinder.volume.api [None req-fbbc8ebb-f245-4b37-9367-74866f784d18 tempest-VolumesActionsTest-1038334238 tempest-VolumesActionsTest-1038334238-project] Task 'cinder.volume.flows.api.create_volume.EntryCreateTask;volume:create' (5c093ba8-d8d4-4ead-8013-7c4c24cdd674) transitioned into state 'RUNNING' from state 'PENDING' {{(pid=109993) _task_receiver /usr/local/lib/python3.8/dist-packages/taskflow/listeners/logging.py:190}}
Mar 08 04:19:30.240801 dv-cinder-740146-13-smb devstack@c-api.service[109993]: DEBUG cinder.volume.api [None req-fbbc8ebb-f245-4b37-9367-74866f784d18 tempest-VolumesActionsTest-1038334238 tempest-VolumesActionsTest-1038334238-project] Task 'cinder.volume.flows.api.create_volume.EntryCreateTask;volume:create' (5c093ba8-d8d4-4ead-8013-7c4c24cdd674) transitioned into state 'SUCCESS' from state 'RUNNING' with result '{'volume_id': '2098ef0e-cdad-4062-abea-714dd3703c3e', 'volume_properties': VolumeProperties(attach_status='detached',availability_zone='nova',cgsnapshot_id=None,consistencygroup_id=None,display_description=None,display_name='tempest-VolumesActionsTest-Volume-1875856461',encryption_key_id=None,group_id=None,group_type_id=,metadata={},multiattach=False,project_id='5df3c8ffbc8c4f76bdc4554ffd0100c1',qos_specs=None,replication_status=,reservations=['7fa9a352-d4d2-4d7f-ac82-1e82423e781b','d9148514-b6db-477f-aebc-8476ec12f09e','68cfa747-23d0-4877-9664-f97b0698aee1','a29e9558-4824-461d-baca-ff17c1fcfbf0'],size=1,snapshot_id=None,source_replicaid=,source_volid=None,status='creating',user_id='7edb6125d5a3496f9bb1bf0f5116c4a3',volume_type_id=7ac80b14-2179-49bc-ac10-fe5fe4c64159), 'volume': Volume(_name_id=None,admin_metadata=,attach_status='detached',availability_zone='nova',bootable=False,cluster=,cluster_name=None,consistencygroup=,consistencygroup_id=None,created_at=2022-03-08T04:19:30Z,deleted=False,deleted_at=None,display_description=None,display_name='tempest-VolumesActionsTest-Volume-1875856461',ec2_id=None,encryption_key_id=None,glance_metadata=,group=,group_id=None,host=None,id=2098ef0e-cdad-4062-abea-714dd3703c3e,launched_at=None,metadata={},migration_status=None,multiattach=False,previous_status=None,project_id='5df3c8ffbc8c4f76bdc4554ffd0100c1',provider_auth=None,provider_geometry=None,provider_id=None,provider_location=None,replication_driver_data=None,replication_extended_status=None,replication_status=None,scheduled_at=None,service_uuid=None,shared_targets=True,size=1,snapshot_id=None,snapshots=,source_volid=None,status='creating',terminated_at=None,updated_at=None,use_quota=True,user_id='7edb6125d5a3496f9bb1bf0f5116c4a3',volume_attachment=VolumeAttachmentList,volume_type=VolumeType(7ac80b14-2179-49bc-ac10-fe5fe4c64159),volume_type_id=7ac80b14-2179-49bc-ac10-fe5fe4c64159)}' {{(pid=109993) _task_receiver /usr/local/lib/python3.8/dist-packages/taskflow/listeners/logging.py:178}}
Mar 08 04:19:30.243020 dv-cinder-740146-13-smb devstack@c-api.service[109993]: DEBUG cinder.volume.api [None req-fbbc8ebb-f245-4b37-9367-74866f784d18 tempest-VolumesActionsTest-1038334238 tempest-VolumesActionsTest-1038334238-project] Task 'cinder.volume.flows.api.create_volume.QuotaCommitTask;volume:create' (6b805bfe-74ef-4991-8b29-4489cb4efdd0) transitioned into state 'RUNNING' from state 'PENDING' {{(pid=109993) _task_receiver /usr/local/lib/python3.8/dist-packages/taskflow/listeners/logging.py:190}}
Mar 08 04:19:30.273775 dv-cinder-740146-13-smb devstack@c-api.service[109993]: DEBUG cinder.volume.api [None req-fbbc8ebb-f245-4b37-9367-74866f784d18 tempest-VolumesActionsTest-1038334238 tempest-VolumesActionsTest-1038334238-project] Task 'cinder.volume.flows.api.create_volume.QuotaCommitTask;volume:create' (6b805bfe-74ef-4991-8b29-4489cb4efdd0) transitioned into state 'SUCCESS' from state 'RUNNING' with result '{'volume_properties': VolumeProperties(attach_status='detached',availability_zone='nova',cgsnapshot_id=None,consistencygroup_id=None,display_description=None,display_name='tempest-VolumesActionsTest-Volume-1875856461',encryption_key_id=None,group_id=None,group_type_id=,metadata={},multiattach=False,project_id='5df3c8ffbc8c4f76bdc4554ffd0100c1',qos_specs=None,replication_status=,reservations=['7fa9a352-d4d2-4d7f-ac82-1e82423e781b','d9148514-b6db-477f-aebc-8476ec12f09e','68cfa747-23d0-4877-9664-f97b0698aee1','a29e9558-4824-461d-baca-ff17c1fcfbf0'],size=1,snapshot_id=None,source_replicaid=,source_volid=None,status='creating',user_id='7edb6125d5a3496f9bb1bf0f5116c4a3',volume_type_id=7ac80b14-2179-49bc-ac10-fe5fe4c64159)}' {{(pid=109993) _task_receiver /usr/local/lib/python3.8/dist-packages/taskflow/listeners/logging.py:178}}
Mar 08 04:19:30.275726 dv-cinder-740146-13-smb devstack@c-api.service[109993]: DEBUG cinder.volume.api [None req-fbbc8ebb-f245-4b37-9367-74866f784d18 tempest-VolumesActionsTest-1038334238 tempest-VolumesActionsTest-1038334238-project] Task 'cinder.volume.flows.api.create_volume.VolumeCastTask;volume:create' (22172896-7a31-41b9-a858-8dc78db03dee) transitioned into state 'RUNNING' from state 'PENDING' {{(pid=109993) _task_receiver /usr/local/lib/python3.8/dist-packages/taskflow/listeners/logging.py:190}}
Mar 08 04:19:30.295659 dv-cinder-740146-13-smb devstack@c-api.service[109993]: DEBUG cinder.volume.api [None req-fbbc8ebb-f245-4b37-9367-74866f784d18 tempest-VolumesActionsTest-1038334238 tempest-VolumesActionsTest-1038334238-project] Task 'cinder.volume.flows.api.create_volume.VolumeCastTask;volume:create' (22172896-7a31-41b9-a858-8dc78db03dee) transitioned into state 'SUCCESS' from state 'RUNNING' with result 'None' {{(pid=109993) _task_receiver /usr/local/lib/python3.8/dist-packages/taskflow/listeners/logging.py:178}}
Mar 08 04:19:30.298183 dv-cinder-740146-13-smb devstack@c-api.service[109993]: DEBUG cinder.volume.api [None req-fbbc8ebb-f245-4b37-9367-74866f784d18 tempest-VolumesActionsTest-1038334238 tempest-VolumesActionsTest-1038334238-project] Flow 'volume_create_api' (d66d88da-de92-4a1d-8d57-77786dcf7378) transitioned into state 'SUCCESS' from state 'RUNNING' {{(pid=109993) _flow_receiver /usr/local/lib/python3.8/dist-packages/taskflow/listeners/logging.py:141}}
Mar 08 04:19:30.298987 dv-cinder-740146-13-smb devstack@c-api.service[109993]: INFO cinder.volume.api [None req-fbbc8ebb-f245-4b37-9367-74866f784d18 tempest-VolumesActionsTest-1038334238 tempest-VolumesActionsTest-1038334238-project] Create volume request issued successfully.
Mar 08 04:19:30.300362 dv-cinder-740146-13-smb devstack@c-api.service[109993]: INFO cinder.api.openstack.wsgi [None req-fbbc8ebb-f245-4b37-9367-74866f784d18 tempest-VolumesActionsTest-1038334238 tempest-VolumesActionsTest-1038334238-project] http://10.222.0.20/volume/v3/5df3c8ffbc8c4f76bdc4554ffd0100c1/volumes returned with HTTP 202
Mar 08 04:19:30.301411 dv-cinder-740146-13-smb devstack@c-api.service[109993]: [pid: 109993|app: 0|req: 178/372] 10.222.0.20 () {60 vars in 1234 bytes} [Tue Mar 8 04:19:29 2022] POST /volume/v3/5df3c8ffbc8c4f76bdc4554ffd0100c1/volumes => generated 818 bytes in 393 msecs (HTTP/1.1 202) 7 headers in 291 bytes (1 switches on core 0)
Mar 08 04:19:30.312443 dv-cinder-740146-13-smb devstack@c-api.service[109994]: DEBUG cinder.api.middleware.request_id [None req-f420b49e-ca75-46d1-9e33-5ec439ca747b None None] RequestId filter calling following filter/app {{(pid=109994) _context_setter /opt/stack/cinder/cinder/api/middleware/request_id.py:62}}
Mar 08 04:19:30.316847 dv-cinder-740146-13-smb devstack@c-api.service[109994]: INFO cinder.api.openstack.wsgi [None req-f420b49e-ca75-46d1-9e33-5ec439ca747b tempest-VolumesActionsTest-1038334238 tempest-VolumesActionsTest-1038334238-project] GET http://10.222.0.20/volume/v3/5df3c8ffbc8c4f76bdc4554ffd0100c1/volumes/2098ef0e-cdad-4062-abea-714dd3703c3e
Mar 08 04:19:30.317595 dv-cinder-740146-13-smb devstack@c-api.service[109994]: DEBUG cinder.api.openstack.wsgi [None req-f420b49e-ca75-46d1-9e33-5ec439ca747b tempest-VolumesActionsTest-1038334238 tempest-VolumesActionsTest-1038334238-project] Empty body provided in request {{(pid=109994) get_body /opt/stack/cinder/cinder/api/openstack/wsgi.py:715}}
Mar 08 04:19:30.318236 dv-cinder-740146-13-smb devstack@c-api.service[109994]: DEBUG cinder.api.openstack.wsgi [None req-f420b49e-ca75-46d1-9e33-5ec439ca747b tempest-VolumesActionsTest-1038334238 tempest-VolumesActionsTest-1038334238-project] Calling method 'show' {{(pid=109994) _process_stack /opt/stack/cinder/cinder/api/openstack/wsgi.py:868}}
Mar 08 04:19:30.333269 dv-cinder-740146-13-smb devstack@c-api.service[109993]: DEBUG cinder.api.middleware.request_id [None req-f6467a68-e0c4-4d35-b8ab-46b146000b76 None None] RequestId filter calling following filter/app {{(pid=109993) _context_setter /opt/stack/cinder/cinder/api/middleware/request_id.py:62}}
Mar 08 04:19:30.336863 dv-cinder-740146-13-smb devstack@c-api.service[109994]: /usr/local/lib/python3.8/dist-packages/oslo_context/context.py:100: DeprecationWarning: Policy enforcement is depending on the value of is_admin. This key is deprecated. Please update your policy file to use the standard policy values.
Mar 08 04:19:30.336863 dv-cinder-740146-13-smb devstack@c-api.service[109994]: warnings.warn('Policy enforcement is depending on the value of '
Mar 08 04:19:30.345888 dv-cinder-740146-13-smb devstack@c-api.service[109994]: INFO cinder.volume.api [None req-f420b49e-ca75-46d1-9e33-5ec439ca747b tempest-VolumesActionsTest-1038334238 tempest-VolumesActionsTest-1038334238-project] Volume info retrieved successfully.
Mar 08 04:19:30.356704 dv-cinder-740146-13-smb devstack@c-api.service[109994]: INFO cinder.api.openstack.wsgi [None req-f420b49e-ca75-46d1-9e33-5ec439ca747b tempest-VolumesActionsTest-1038334238 tempest-VolumesActionsTest-1038334238-project] http://10.222.0.20/volume/v3/5df3c8ffbc8c4f76bdc4554ffd0100c1/volumes/2098ef0e-cdad-4062-abea-714dd3703c3e returned with HTTP 200
Mar 08 04:19:30.358195 dv-cinder-740146-13-smb devstack@c-api.service[109994]: [pid: 109994|app: 0|req: 195/373] 10.222.0.20 () {58 vars in 1324 bytes} [Tue Mar 8 04:19:30 2022] GET /volume/v3/5df3c8ffbc8c4f76bdc4554ffd0100c1/volumes/2098ef0e-cdad-4062-abea-714dd3703c3e => generated 886 bytes in 47 msecs (HTTP/1.1 200) 7 headers in 285 bytes (1 switches on core 0)
Mar 08 04:19:30.451521 dv-cinder-740146-13-smb devstack@c-api.service[109993]: INFO cinder.api.openstack.wsgi [None req-f6467a68-e0c4-4d35-b8ab-46b146000b76 tempest-QosSpecsTestJSON-893047648 tempest-QosSpecsTestJSON-893047648-project-admin] POST http://10.222.0.20/volume/v3/ca5fb544cafc4e02aa00bbc06d38863d/qos-specs
Mar 08 04:19:30.452329 dv-cinder-740146-13-smb devstack@c-api.service[109993]: DEBUG cinder.api.openstack.wsgi [None req-f6467a68-e0c4-4d35-b8ab-46b146000b76 tempest-QosSpecsTestJSON-893047648 tempest-QosSpecsTestJSON-893047648-project-admin] Action: 'create', calling method: create, body: {"qos_specs": {"name": "tempest-QosSpecsTestJSON-QoS-889898563", "consumer": "front-end", "read_iops_sec": "2000"}} {{(pid=109993) _process_stack /opt/stack/cinder/cinder/api/openstack/wsgi.py:866}}
Mar 08 04:19:30.453364 dv-cinder-740146-13-smb devstack@c-api.service[109993]: /usr/local/lib/python3.8/dist-packages/oslo_context/context.py:100: DeprecationWarning: Policy enforcement is depending on the value of is_admin. This key is deprecated. Please update your policy file to use the standard policy values.
Mar 08 04:19:30.453364 dv-cinder-740146-13-smb devstack@c-api.service[109993]: warnings.warn('Policy enforcement is depending on the value of '
Mar 08 04:19:30.454022 dv-cinder-740146-13-smb devstack@c-api.service[109993]: DEBUG cinder.volume.qos_specs [None req-f6467a68-e0c4-4d35-b8ab-46b146000b76 tempest-QosSpecsTestJSON-893047648 tempest-QosSpecsTestJSON-893047648-project-admin] Dict for qos_specs: {'name': 'tempest-QosSpecsTestJSON-QoS-889898563', 'consumer': 'front-end', 'specs': {'read_iops_sec': '2000'}} {{(pid=109993) create /opt/stack/cinder/cinder/volume/qos_specs.py:64}}
Mar 08 04:19:30.465357 dv-cinder-740146-13-smb devstack@c-api.service[109993]: DEBUG cinder.db.sqlalchemy.api [None req-f6467a68-e0c4-4d35-b8ab-46b146000b76 tempest-QosSpecsTestJSON-893047648 tempest-QosSpecsTestJSON-893047648-project-admin] DB qos_specs_create(): root {'id': '33f019b5-ab30-4f93-86e5-2e475d720f00', 'key': 'QoS_Specs_Name', 'value': 'tempest-QosSpecsTestJSON-QoS-889898563'} {{(pid=109993) qos_specs_create /opt/stack/cinder/cinder/db/sqlalchemy/api.py:4634}}
Mar 08 04:19:30.475751 dv-cinder-740146-13-smb devstack@c-api.service[109993]: INFO cinder.api.openstack.wsgi [None req-f6467a68-e0c4-4d35-b8ab-46b146000b76 tempest-QosSpecsTestJSON-893047648 tempest-QosSpecsTestJSON-893047648-project-admin] http://10.222.0.20/volume/v3/ca5fb544cafc4e02aa00bbc06d38863d/qos-specs returned with HTTP 200
Mar 08 04:19:30.476543 dv-cinder-740146-13-smb devstack@c-api.service[109993]: [pid: 109993|app: 0|req: 179/374] 10.222.0.20 () {60 vars in 1241 bytes} [Tue Mar 8 04:19:30 2022] POST /volume/v3/ca5fb544cafc4e02aa00bbc06d38863d/qos-specs => generated 458 bytes in 145 msecs (HTTP/1.1 200) 7 headers in 285 bytes (1 switches on core 0)
Mar 08 04:19:30.484035 dv-cinder-740146-13-smb devstack@c-api.service[109994]: DEBUG cinder.api.middleware.request_id [None req-33a087d1-fc18-4797-818e-edea44f435b8 None None] RequestId filter calling following filter/app {{(pid=109994) _context_setter /opt/stack/cinder/cinder/api/middleware/request_id.py:62}}
Mar 08 04:19:30.487709 dv-cinder-740146-13-smb devstack@c-api.service[109994]: INFO cinder.api.openstack.wsgi [None req-33a087d1-fc18-4797-818e-edea44f435b8 tempest-QosSpecsTestJSON-893047648 tempest-QosSpecsTestJSON-893047648-project-admin] POST http://10.222.0.20/volume/v3/ca5fb544cafc4e02aa00bbc06d38863d/types
Mar 08 04:19:30.488492 dv-cinder-740146-13-smb devstack@c-api.service[109994]: DEBUG cinder.api.openstack.wsgi [None req-33a087d1-fc18-4797-818e-edea44f435b8 tempest-QosSpecsTestJSON-893047648 tempest-QosSpecsTestJSON-893047648-project-admin] Action: 'create', calling method: _create, body: {"volume_type": {"name": "tempest-QosSpecsTestJSON-volume-type-1349197123"}} {{(pid=109994) _process_stack /opt/stack/cinder/cinder/api/openstack/wsgi.py:866}}
Mar 08 04:19:30.510749 dv-cinder-740146-13-smb devstack@c-api.service[109994]: INFO cinder.api.openstack.wsgi [None req-33a087d1-fc18-4797-818e-edea44f435b8 tempest-QosSpecsTestJSON-893047648 tempest-QosSpecsTestJSON-893047648-project-admin] http://10.222.0.20/volume/v3/ca5fb544cafc4e02aa00bbc06d38863d/types returned with HTTP 200
Mar 08 04:19:30.516302 dv-cinder-740146-13-smb devstack@c-api.service[109994]: [pid: 109994|app: 0|req: 196/375] 10.222.0.20 () {60 vars in 1228 bytes} [Tue Mar 8 04:19:30 2022] POST /volume/v3/ca5fb544cafc4e02aa00bbc06d38863d/types => generated 222 bytes in 29 msecs (HTTP/1.1 200) 7 headers in 285 bytes (1 switches on core 0)
Mar 08 04:19:30.517742 dv-cinder-740146-13-smb devstack@c-api.service[109993]: DEBUG cinder.api.middleware.request_id [None req-e4633eef-c340-4651-8d3c-bf40d18144af None None] RequestId filter calling following filter/app {{(pid=109993) _context_setter /opt/stack/cinder/cinder/api/middleware/request_id.py:62}}
Mar 08 04:19:30.521438 dv-cinder-740146-13-smb devstack@c-api.service[109993]: INFO cinder.api.openstack.wsgi [None req-e4633eef-c340-4651-8d3c-bf40d18144af tempest-QosSpecsTestJSON-893047648 tempest-QosSpecsTestJSON-893047648-project-admin] POST http://10.222.0.20/volume/v3/ca5fb544cafc4e02aa00bbc06d38863d/types
Mar 08 04:19:30.522175 dv-cinder-740146-13-smb devstack@c-api.service[109993]: DEBUG cinder.api.openstack.wsgi [None req-e4633eef-c340-4651-8d3c-bf40d18144af tempest-QosSpecsTestJSON-893047648 tempest-QosSpecsTestJSON-893047648-project-admin] Action: 'create', calling method: _create, body: {"volume_type": {"name": "tempest-QosSpecsTestJSON-volume-type-671135262"}} {{(pid=109993) _process_stack /opt/stack/cinder/cinder/api/openstack/wsgi.py:866}}
Mar 08 04:19:30.523301 dv-cinder-740146-13-smb devstack@c-api.service[109993]: /usr/local/lib/python3.8/dist-packages/oslo_context/context.py:100: DeprecationWarning: Policy enforcement is depending on the value of is_admin. This key is deprecated. Please update your policy file to use the standard policy values.
Mar 08 04:19:30.523301 dv-cinder-740146-13-smb devstack@c-api.service[109993]: warnings.warn('Policy enforcement is depending on the value of '
Mar 08 04:19:30.546129 dv-cinder-740146-13-smb devstack@c-api.service[109993]: INFO cinder.api.openstack.wsgi [None req-e4633eef-c340-4651-8d3c-bf40d18144af tempest-QosSpecsTestJSON-893047648 tempest-QosSpecsTestJSON-893047648-project-admin] http://10.222.0.20/volume/v3/ca5fb544cafc4e02aa00bbc06d38863d/types returned with HTTP 200
Mar 08 04:19:30.546741 dv-cinder-740146-13-smb devstack@c-api.service[109993]: [pid: 109993|app: 0|req: 180/376] 10.222.0.20 () {60 vars in 1228 bytes} [Tue Mar 8 04:19:30 2022] POST /volume/v3/ca5fb544cafc4e02aa00bbc06d38863d/types => generated 221 bytes in 30 msecs (HTTP/1.1 200) 7 headers in 285 bytes (1 switches on core 0)
Mar 08 04:19:30.552785 dv-cinder-740146-13-smb devstack@c-api.service[109994]: DEBUG cinder.api.middleware.request_id [None req-1291f7bd-83ad-4cd1-8be0-e2833dea19ca None None] RequestId filter calling following filter/app {{(pid=109994) _context_setter /opt/stack/cinder/cinder/api/middleware/request_id.py:62}}
Mar 08 04:19:30.556721 dv-cinder-740146-13-smb devstack@c-api.service[109994]: INFO cinder.api.openstack.wsgi [None req-1291f7bd-83ad-4cd1-8be0-e2833dea19ca tempest-QosSpecsTestJSON-893047648 tempest-QosSpecsTestJSON-893047648-project-admin] POST http://10.222.0.20/volume/v3/ca5fb544cafc4e02aa00bbc06d38863d/types
Mar 08 04:19:30.557450 dv-cinder-740146-13-smb devstack@c-api.service[109994]: DEBUG cinder.api.openstack.wsgi [None req-1291f7bd-83ad-4cd1-8be0-e2833dea19ca tempest-QosSpecsTestJSON-893047648 tempest-QosSpecsTestJSON-893047648-project-admin] Action: 'create', calling method: _create, body: {"volume_type": {"name": "tempest-QosSpecsTestJSON-volume-type-252366303"}} {{(pid=109994) _process_stack /opt/stack/cinder/cinder/api/openstack/wsgi.py:866}}
Mar 08 04:19:30.580419 dv-cinder-740146-13-smb devstack@c-api.service[109993]: DEBUG cinder.api.middleware.request_id [None req-2738c3e8-1054-4aa3-823e-969adc4e8317 None None] RequestId filter calling following filter/app {{(pid=109993) _context_setter /opt/stack/cinder/cinder/api/middleware/request_id.py:62}}
Mar 08 04:19:30.581932 dv-cinder-740146-13-smb devstack@c-api.service[109994]: INFO cinder.api.openstack.wsgi [None req-1291f7bd-83ad-4cd1-8be0-e2833dea19ca tempest-QosSpecsTestJSON-893047648 tempest-QosSpecsTestJSON-893047648-project-admin] http://10.222.0.20/volume/v3/ca5fb544cafc4e02aa00bbc06d38863d/types returned with HTTP 200
Mar 08 04:19:30.582893 dv-cinder-740146-13-smb devstack@c-api.service[109994]: [pid: 109994|app: 0|req: 197/377] 10.222.0.20 () {60 vars in 1228 bytes} [Tue Mar 8 04:19:30 2022] POST /volume/v3/ca5fb544cafc4e02aa00bbc06d38863d/types => generated 221 bytes in 31 msecs (HTTP/1.1 200) 7 headers in 285 bytes (2 switches on core 0)
Mar 08 04:19:30.588861 dv-cinder-740146-13-smb devstack@c-api.service[109994]: DEBUG cinder.api.middleware.request_id [None req-1dc87f63-9830-4f67-b1c4-3a5426a84849 None None] RequestId filter calling following filter/app {{(pid=109994) _context_setter /opt/stack/cinder/cinder/api/middleware/request_id.py:62}}
Mar 08 04:19:30.593707 dv-cinder-740146-13-smb devstack@c-api.service[109994]: INFO cinder.api.openstack.wsgi [None req-1dc87f63-9830-4f67-b1c4-3a5426a84849 tempest-QosSpecsTestJSON-893047648 tempest-QosSpecsTestJSON-893047648-project-admin] GET http://10.222.0.20/volume/v3/ca5fb544cafc4e02aa00bbc06d38863d/qos-specs/33f019b5-ab30-4f93-86e5-2e475d720f00/associate?vol_type_id=32e4784f-1ef8-407c-bae3-a5af14039a89
Mar 08 04:19:30.594239 dv-cinder-740146-13-smb devstack@c-api.service[109994]: DEBUG cinder.api.openstack.wsgi [None req-1dc87f63-9830-4f67-b1c4-3a5426a84849 tempest-QosSpecsTestJSON-893047648 tempest-QosSpecsTestJSON-893047648-project-admin] Empty body provided in request {{(pid=109994) get_body /opt/stack/cinder/cinder/api/openstack/wsgi.py:715}}
Mar 08 04:19:30.594752 dv-cinder-740146-13-smb devstack@c-api.service[109994]: DEBUG cinder.api.openstack.wsgi [None req-1dc87f63-9830-4f67-b1c4-3a5426a84849 tempest-QosSpecsTestJSON-893047648 tempest-QosSpecsTestJSON-893047648-project-admin] Calling method 'associate' {{(pid=109994) _process_stack /opt/stack/cinder/cinder/api/openstack/wsgi.py:868}}
Mar 08 04:19:30.596059 dv-cinder-740146-13-smb devstack@c-api.service[109994]: DEBUG cinder.api.contrib.qos_specs_manage [None req-1dc87f63-9830-4f67-b1c4-3a5426a84849 tempest-QosSpecsTestJSON-893047648 tempest-QosSpecsTestJSON-893047648-project-admin] Associate qos_spec: 33f019b5-ab30-4f93-86e5-2e475d720f00 with type: 32e4784f-1ef8-407c-bae3-a5af14039a89 {{(pid=109994) associate /opt/stack/cinder/cinder/api/contrib/qos_specs_manage.py:275}}
Mar 08 04:19:30.627514 dv-cinder-740146-13-smb devstack@c-api.service[109994]: INFO cinder.api.openstack.wsgi [None req-1dc87f63-9830-4f67-b1c4-3a5426a84849 tempest-QosSpecsTestJSON-893047648 tempest-QosSpecsTestJSON-893047648-project-admin] http://10.222.0.20/volume/v3/ca5fb544cafc4e02aa00bbc06d38863d/qos-specs/33f019b5-ab30-4f93-86e5-2e475d720f00/associate?vol_type_id=32e4784f-1ef8-407c-bae3-a5af14039a89 returned with HTTP 202
Mar 08 04:19:30.628266 dv-cinder-740146-13-smb devstack@c-api.service[109994]: [pid: 109994|app: 0|req: 198/378] 10.222.0.20 () {58 vars in 1457 bytes} [Tue Mar 8 04:19:30 2022] GET /volume/v3/ca5fb544cafc4e02aa00bbc06d38863d/qos-specs/33f019b5-ab30-4f93-86e5-2e475d720f00/associate?vol_type_id=32e4784f-1ef8-407c-bae3-a5af14039a89 => generated 0 bytes in 40 msecs (HTTP/1.1 202) 6 headers in 233 bytes (2 switches on core 0)
Mar 08 04:19:30.629505 dv-cinder-740146-13-smb devstack@c-api.service[109994]: DEBUG cinder.api.middleware.request_id [None req-28d2081e-d133-4063-82d2-e7d12b17b93d None None] RequestId filter calling following filter/app {{(pid=109994) _context_setter /opt/stack/cinder/cinder/api/middleware/request_id.py:62}}
Mar 08 04:19:30.633282 dv-cinder-740146-13-smb devstack@c-api.service[109994]: INFO cinder.api.openstack.wsgi [None req-28d2081e-d133-4063-82d2-e7d12b17b93d tempest-VolumesSnapshotListTestJSON-1812547987 tempest-VolumesSnapshotListTestJSON-1812547987-project] GET http://10.222.0.20/volume/v3/63c6757d8ab84d2b817cf185f6ee79cc/snapshots/64413576-dbb2-4c5c-9a3d-ff2c448a144f
Mar 08 04:19:30.633716 dv-cinder-740146-13-smb devstack@c-api.service[109994]: DEBUG cinder.api.openstack.wsgi [None req-28d2081e-d133-4063-82d2-e7d12b17b93d tempest-VolumesSnapshotListTestJSON-1812547987 tempest-VolumesSnapshotListTestJSON-1812547987-project] Empty body provided in request {{(pid=109994) get_body /opt/stack/cinder/cinder/api/openstack/wsgi.py:715}}
Mar 08 04:19:30.634162 dv-cinder-740146-13-smb devstack@c-api.service[109994]: DEBUG cinder.api.openstack.wsgi [None req-28d2081e-d133-4063-82d2-e7d12b17b93d tempest-VolumesSnapshotListTestJSON-1812547987 tempest-VolumesSnapshotListTestJSON-1812547987-project] Calling method 'show' {{(pid=109994) _process_stack /opt/stack/cinder/cinder/api/openstack/wsgi.py:868}}
Mar 08 04:19:30.641821 dv-cinder-740146-13-smb devstack@c-api.service[109994]: INFO cinder.api.openstack.wsgi [None req-28d2081e-d133-4063-82d2-e7d12b17b93d tempest-VolumesSnapshotListTestJSON-1812547987 tempest-VolumesSnapshotListTestJSON-1812547987-project] http://10.222.0.20/volume/v3/63c6757d8ab84d2b817cf185f6ee79cc/snapshots/64413576-dbb2-4c5c-9a3d-ff2c448a144f returned with HTTP 404
Mar 08 04:19:30.642787 dv-cinder-740146-13-smb devstack@c-api.service[109994]: [pid: 109994|app: 0|req: 199/379] 10.222.0.20 () {58 vars in 1330 bytes} [Tue Mar 8 04:19:30 2022] GET /volume/v3/63c6757d8ab84d2b817cf185f6ee79cc/snapshots/64413576-dbb2-4c5c-9a3d-ff2c448a144f => generated 111 bytes in 14 msecs (HTTP/1.1 404) 7 headers in 292 bytes (1 switches on core 0)
Mar 08 04:19:30.642787 dv-cinder-740146-13-smb devstack@c-api.service[109994]: DEBUG cinder.api.middleware.request_id [None req-f2ec0c12-0e6d-4760-bd09-ef161fb65bce None None] RequestId filter calling following filter/app {{(pid=109994) _context_setter /opt/stack/cinder/cinder/api/middleware/request_id.py:62}}
Mar 08 04:19:30.648661 dv-cinder-740146-13-smb devstack@c-api.service[109994]: INFO cinder.api.openstack.wsgi [None req-f2ec0c12-0e6d-4760-bd09-ef161fb65bce tempest-QosSpecsTestJSON-893047648 tempest-QosSpecsTestJSON-893047648-project-admin] GET http://10.222.0.20/volume/v3/ca5fb544cafc4e02aa00bbc06d38863d/qos-specs/33f019b5-ab30-4f93-86e5-2e475d720f00/associate?vol_type_id=1e4e5f55-68b5-4a6b-89e9-68312027ada9
Mar 08 04:19:30.649097 dv-cinder-740146-13-smb devstack@c-api.service[109994]: DEBUG cinder.api.openstack.wsgi [None req-f2ec0c12-0e6d-4760-bd09-ef161fb65bce tempest-QosSpecsTestJSON-893047648 tempest-QosSpecsTestJSON-893047648-project-admin] Empty body provided in request {{(pid=109994) get_body /opt/stack/cinder/cinder/api/openstack/wsgi.py:715}}
Mar 08 04:19:30.649541 dv-cinder-740146-13-smb devstack@c-api.service[109994]: DEBUG cinder.api.openstack.wsgi [None req-f2ec0c12-0e6d-4760-bd09-ef161fb65bce tempest-QosSpecsTestJSON-893047648 tempest-QosSpecsTestJSON-893047648-project-admin] Calling method 'associate' {{(pid=109994) _process_stack /opt/stack/cinder/cinder/api/openstack/wsgi.py:868}}
Mar 08 04:19:30.650146 dv-cinder-740146-13-smb devstack@c-api.service[109994]: /usr/local/lib/python3.8/dist-packages/oslo_context/context.py:100: DeprecationWarning: Policy enforcement is depending on the value of is_admin. This key is deprecated. Please update your policy file to use the standard policy values.
Mar 08 04:19:30.650146 dv-cinder-740146-13-smb devstack@c-api.service[109994]: warnings.warn('Policy enforcement is depending on the value of '
Mar 08 04:19:30.651001 dv-cinder-740146-13-smb devstack@c-api.service[109994]: DEBUG cinder.api.contrib.qos_specs_manage [None req-f2ec0c12-0e6d-4760-bd09-ef161fb65bce tempest-QosSpecsTestJSON-893047648 tempest-QosSpecsTestJSON-893047648-project-admin] Associate qos_spec: 33f019b5-ab30-4f93-86e5-2e475d720f00 with type: 1e4e5f55-68b5-4a6b-89e9-68312027ada9 {{(pid=109994) associate /opt/stack/cinder/cinder/api/contrib/qos_specs_manage.py:275}}
Mar 08 04:19:30.676427 dv-cinder-740146-13-smb devstack@c-api.service[109994]: INFO cinder.api.openstack.wsgi [None req-f2ec0c12-0e6d-4760-bd09-ef161fb65bce tempest-QosSpecsTestJSON-893047648 tempest-QosSpecsTestJSON-893047648-project-admin] http://10.222.0.20/volume/v3/ca5fb544cafc4e02aa00bbc06d38863d/qos-specs/33f019b5-ab30-4f93-86e5-2e475d720f00/associate?vol_type_id=1e4e5f55-68b5-4a6b-89e9-68312027ada9 returned with HTTP 202
Mar 08 04:19:30.677205 dv-cinder-740146-13-smb devstack@c-api.service[109994]: [pid: 109994|app: 0|req: 200/380] 10.222.0.20 () {58 vars in 1457 bytes} [Tue Mar 8 04:19:30 2022] GET /volume/v3/ca5fb544cafc4e02aa00bbc06d38863d/qos-specs/33f019b5-ab30-4f93-86e5-2e475d720f00/associate?vol_type_id=1e4e5f55-68b5-4a6b-89e9-68312027ada9 => generated 0 bytes in 34 msecs (HTTP/1.1 202) 6 headers in 233 bytes (1 switches on core 0)
Mar 08 04:19:30.678728 dv-cinder-740146-13-smb devstack@c-api.service[109994]: DEBUG cinder.api.middleware.request_id [None req-31162ee6-2a33-45a1-85ad-967c4bc065a1 None None] RequestId filter calling following filter/app {{(pid=109994) _context_setter /opt/stack/cinder/cinder/api/middleware/request_id.py:62}}
Mar 08 04:19:30.683182 dv-cinder-740146-13-smb devstack@c-api.service[109993]: INFO cinder.api.openstack.wsgi [None req-2738c3e8-1054-4aa3-823e-969adc4e8317 tempest-AvailabilityZoneTestJSON-1316442376 tempest-AvailabilityZoneTestJSON-1316442376-project] GET http://10.222.0.20/volume/v3/eb2f85e92f534ec89acea176cddebde1/os-availability-zone
Mar 08 04:19:30.683795 dv-cinder-740146-13-smb devstack@c-api.service[109993]: DEBUG cinder.api.openstack.wsgi [None req-2738c3e8-1054-4aa3-823e-969adc4e8317 tempest-AvailabilityZoneTestJSON-1316442376 tempest-AvailabilityZoneTestJSON-1316442376-project] Empty body provided in request {{(pid=109993) get_body /opt/stack/cinder/cinder/api/openstack/wsgi.py:715}}
Mar 08 04:19:30.684383 dv-cinder-740146-13-smb devstack@c-api.service[109993]: DEBUG cinder.api.openstack.wsgi [None req-2738c3e8-1054-4aa3-823e-969adc4e8317 tempest-AvailabilityZoneTestJSON-1316442376 tempest-AvailabilityZoneTestJSON-1316442376-project] Calling method 'index' {{(pid=109993) _process_stack /opt/stack/cinder/cinder/api/openstack/wsgi.py:868}}
Mar 08 04:19:30.685943 dv-cinder-740146-13-smb devstack@c-api.service[109994]: INFO cinder.api.openstack.wsgi [None req-31162ee6-2a33-45a1-85ad-967c4bc065a1 tempest-VolumesSnapshotListTestJSON-1812547987 tempest-VolumesSnapshotListTestJSON-1812547987-project] DELETE http://10.222.0.20/volume/v3/63c6757d8ab84d2b817cf185f6ee79cc/volumes/a8c9316d-9b95-44d4-be63-3fda405b43a8
Mar 08 04:19:30.686398 dv-cinder-740146-13-smb devstack@c-api.service[109994]: DEBUG cinder.api.openstack.wsgi [None req-31162ee6-2a33-45a1-85ad-967c4bc065a1 tempest-VolumesSnapshotListTestJSON-1812547987 tempest-VolumesSnapshotListTestJSON-1812547987-project] Empty body provided in request {{(pid=109994) get_body /opt/stack/cinder/cinder/api/openstack/wsgi.py:715}}
Mar 08 04:19:30.686960 dv-cinder-740146-13-smb devstack@c-api.service[109994]: DEBUG cinder.api.openstack.wsgi [None req-31162ee6-2a33-45a1-85ad-967c4bc065a1 tempest-VolumesSnapshotListTestJSON-1812547987 tempest-VolumesSnapshotListTestJSON-1812547987-project] Calling method 'delete' {{(pid=109994) _process_stack /opt/stack/cinder/cinder/api/openstack/wsgi.py:868}}
Mar 08 04:19:30.687351 dv-cinder-740146-13-smb devstack@c-api.service[109994]: INFO cinder.api.v3.volumes [None req-31162ee6-2a33-45a1-85ad-967c4bc065a1 tempest-VolumesSnapshotListTestJSON-1812547987 tempest-VolumesSnapshotListTestJSON-1812547987-project] Delete volume with id: a8c9316d-9b95-44d4-be63-3fda405b43a8
Mar 08 04:19:30.689601 dv-cinder-740146-13-smb devstack@c-api.service[109993]: INFO cinder.volume.api [None req-2738c3e8-1054-4aa3-823e-969adc4e8317 tempest-AvailabilityZoneTestJSON-1316442376 tempest-AvailabilityZoneTestJSON-1316442376-project] Availability Zones retrieved successfully.
Mar 08 04:19:30.690113 dv-cinder-740146-13-smb devstack@c-api.service[109993]: INFO cinder.api.openstack.wsgi [None req-2738c3e8-1054-4aa3-823e-969adc4e8317 tempest-AvailabilityZoneTestJSON-1316442376 tempest-AvailabilityZoneTestJSON-1316442376-project] http://10.222.0.20/volume/v3/eb2f85e92f534ec89acea176cddebde1/os-availability-zone returned with HTTP 200
Mar 08 04:19:30.690848 dv-cinder-740146-13-smb devstack@c-api.service[109993]: [pid: 109993|app: 0|req: 181/381] 10.222.0.20 () {58 vars in 1252 bytes} [Tue Mar 8 04:19:30 2022] GET /volume/v3/eb2f85e92f534ec89acea176cddebde1/os-availability-zone => generated 82 bytes in 112 msecs (HTTP/1.1 200) 7 headers in 284 bytes (2 switches on core 0)
Mar 08 04:19:30.692291 dv-cinder-740146-13-smb devstack@c-api.service[109993]: DEBUG cinder.api.middleware.request_id [None req-76902abf-1bbc-4fd5-b091-2b6354c58737 None None] RequestId filter calling following filter/app {{(pid=109993) _context_setter /opt/stack/cinder/cinder/api/middleware/request_id.py:62}}
Mar 08 04:19:30.697262 dv-cinder-740146-13-smb devstack@c-api.service[109993]: INFO cinder.api.openstack.wsgi [None req-76902abf-1bbc-4fd5-b091-2b6354c58737 tempest-QosSpecsTestJSON-893047648 tempest-QosSpecsTestJSON-893047648-project-admin] GET http://10.222.0.20/volume/v3/ca5fb544cafc4e02aa00bbc06d38863d/qos-specs/33f019b5-ab30-4f93-86e5-2e475d720f00/associate?vol_type_id=778766c3-1a8d-4a5a-8f44-9cf2fb3d5862
Mar 08 04:19:30.698267 dv-cinder-740146-13-smb devstack@c-api.service[109993]: DEBUG cinder.api.openstack.wsgi [None req-76902abf-1bbc-4fd5-b091-2b6354c58737 tempest-QosSpecsTestJSON-893047648 tempest-QosSpecsTestJSON-893047648-project-admin] Empty body provided in request {{(pid=109993) get_body /opt/stack/cinder/cinder/api/openstack/wsgi.py:715}}
Mar 08 04:19:30.698714 dv-cinder-740146-13-smb devstack@c-api.service[109993]: DEBUG cinder.api.openstack.wsgi [None req-76902abf-1bbc-4fd5-b091-2b6354c58737 tempest-QosSpecsTestJSON-893047648 tempest-QosSpecsTestJSON-893047648-project-admin] Calling method 'associate' {{(pid=109993) _process_stack /opt/stack/cinder/cinder/api/openstack/wsgi.py:868}}
Mar 08 04:19:30.700026 dv-cinder-740146-13-smb devstack@c-api.service[109993]: DEBUG cinder.api.contrib.qos_specs_manage [None req-76902abf-1bbc-4fd5-b091-2b6354c58737 tempest-QosSpecsTestJSON-893047648 tempest-QosSpecsTestJSON-893047648-project-admin] Associate qos_spec: 33f019b5-ab30-4f93-86e5-2e475d720f00 with type: 778766c3-1a8d-4a5a-8f44-9cf2fb3d5862 {{(pid=109993) associate /opt/stack/cinder/cinder/api/contrib/qos_specs_manage.py:275}}
Mar 08 04:19:30.706391 dv-cinder-740146-13-smb devstack@c-api.service[109994]: /usr/local/lib/python3.8/dist-packages/oslo_context/context.py:100: DeprecationWarning: Policy enforcement is depending on the value of is_admin. This key is deprecated. Please update your policy file to use the standard policy values.
Mar 08 04:19:30.706391 dv-cinder-740146-13-smb devstack@c-api.service[109994]: warnings.warn('Policy enforcement is depending on the value of '
Mar 08 04:19:30.707447 dv-cinder-740146-13-smb devstack@c-api.service[109994]: INFO cinder.volume.api [None req-31162ee6-2a33-45a1-85ad-967c4bc065a1 tempest-VolumesSnapshotListTestJSON-1812547987 tempest-VolumesSnapshotListTestJSON-1812547987-project] Volume info retrieved successfully.
Mar 08 04:19:30.731583 dv-cinder-740146-13-smb devstack@c-api.service[109993]: INFO cinder.api.openstack.wsgi [None req-76902abf-1bbc-4fd5-b091-2b6354c58737 tempest-QosSpecsTestJSON-893047648 tempest-QosSpecsTestJSON-893047648-project-admin] http://10.222.0.20/volume/v3/ca5fb544cafc4e02aa00bbc06d38863d/qos-specs/33f019b5-ab30-4f93-86e5-2e475d720f00/associate?vol_type_id=778766c3-1a8d-4a5a-8f44-9cf2fb3d5862 returned with HTTP 202
Mar 08 04:19:30.732357 dv-cinder-740146-13-smb devstack@c-api.service[109993]: [pid: 109993|app: 0|req: 182/382] 10.222.0.20 () {58 vars in 1457 bytes} [Tue Mar 8 04:19:30 2022] GET /volume/v3/ca5fb544cafc4e02aa00bbc06d38863d/qos-specs/33f019b5-ab30-4f93-86e5-2e475d720f00/associate?vol_type_id=778766c3-1a8d-4a5a-8f44-9cf2fb3d5862 => generated 0 bytes in 41 msecs (HTTP/1.1 202) 6 headers in 233 bytes (1 switches on core 0)
Mar 08 04:19:30.737209 dv-cinder-740146-13-smb devstack@c-api.service[109993]: DEBUG cinder.api.middleware.request_id [None req-176b2577-b5ba-45f8-9f1a-5ab1dfdacbc9 None None] RequestId filter calling following filter/app {{(pid=109993) _context_setter /opt/stack/cinder/cinder/api/middleware/request_id.py:62}}
Mar 08 04:19:30.738726 dv-cinder-740146-13-smb devstack@c-api.service[109994]: INFO cinder.volume.api [None req-31162ee6-2a33-45a1-85ad-967c4bc065a1 tempest-VolumesSnapshotListTestJSON-1812547987 tempest-VolumesSnapshotListTestJSON-1812547987-project] Delete volume request issued successfully.
Mar 08 04:19:30.739230 dv-cinder-740146-13-smb devstack@c-api.service[109994]: INFO cinder.api.openstack.wsgi [None req-31162ee6-2a33-45a1-85ad-967c4bc065a1 tempest-VolumesSnapshotListTestJSON-1812547987 tempest-VolumesSnapshotListTestJSON-1812547987-project] http://10.222.0.20/volume/v3/63c6757d8ab84d2b817cf185f6ee79cc/volumes/a8c9316d-9b95-44d4-be63-3fda405b43a8 returned with HTTP 202
Mar 08 04:19:30.740065 dv-cinder-740146-13-smb devstack@c-api.service[109994]: [pid: 109994|app: 0|req: 201/383] 10.222.0.20 () {58 vars in 1327 bytes} [Tue Mar 8 04:19:30 2022] DELETE /volume/v3/63c6757d8ab84d2b817cf185f6ee79cc/volumes/a8c9316d-9b95-44d4-be63-3fda405b43a8 => generated 0 bytes in 62 msecs (HTTP/1.1 202) 6 headers in 233 bytes (1 switches on core 0)
Mar 08 04:19:30.744378 dv-cinder-740146-13-smb devstack@c-api.service[109994]: DEBUG cinder.api.middleware.request_id [None req-42e0377e-b898-4de3-8a22-b7461ffb306b None None] RequestId filter calling following filter/app {{(pid=109994) _context_setter /opt/stack/cinder/cinder/api/middleware/request_id.py:62}}
Mar 08 04:19:30.744502 dv-cinder-740146-13-smb devstack@c-api.service[109993]: INFO cinder.api.openstack.wsgi [None req-176b2577-b5ba-45f8-9f1a-5ab1dfdacbc9 tempest-QosSpecsTestJSON-893047648 tempest-QosSpecsTestJSON-893047648-project-admin] GET http://10.222.0.20/volume/v3/ca5fb544cafc4e02aa00bbc06d38863d/qos-specs/33f019b5-ab30-4f93-86e5-2e475d720f00/associations
Mar 08 04:19:30.745239 dv-cinder-740146-13-smb devstack@c-api.service[109993]: DEBUG cinder.api.openstack.wsgi [None req-176b2577-b5ba-45f8-9f1a-5ab1dfdacbc9 tempest-QosSpecsTestJSON-893047648 tempest-QosSpecsTestJSON-893047648-project-admin] Empty body provided in request {{(pid=109993) get_body /opt/stack/cinder/cinder/api/openstack/wsgi.py:715}}
Mar 08 04:19:30.745721 dv-cinder-740146-13-smb devstack@c-api.service[109993]: DEBUG cinder.api.openstack.wsgi [None req-176b2577-b5ba-45f8-9f1a-5ab1dfdacbc9 tempest-QosSpecsTestJSON-893047648 tempest-QosSpecsTestJSON-893047648-project-admin] Calling method 'associations' {{(pid=109993) _process_stack /opt/stack/cinder/cinder/api/openstack/wsgi.py:868}}
Mar 08 04:19:30.746526 dv-cinder-740146-13-smb devstack@c-api.service[109993]: /usr/local/lib/python3.8/dist-packages/oslo_context/context.py:100: DeprecationWarning: Policy enforcement is depending on the value of is_admin. This key is deprecated. Please update your policy file to use the standard policy values.
Mar 08 04:19:30.746526 dv-cinder-740146-13-smb devstack@c-api.service[109993]: warnings.warn('Policy enforcement is depending on the value of '
Mar 08 04:19:30.747588 dv-cinder-740146-13-smb devstack@c-api.service[109993]: DEBUG cinder.api.contrib.qos_specs_manage [None req-176b2577-b5ba-45f8-9f1a-5ab1dfdacbc9 tempest-QosSpecsTestJSON-893047648 tempest-QosSpecsTestJSON-893047648-project-admin] Get associations for qos_spec id: 33f019b5-ab30-4f93-86e5-2e475d720f00 {{(pid=109993) associations /opt/stack/cinder/cinder/api/contrib/qos_specs_manage.py:233}}
Mar 08 04:19:30.748307 dv-cinder-740146-13-smb devstack@c-api.service[109994]: INFO cinder.api.openstack.wsgi [None req-42e0377e-b898-4de3-8a22-b7461ffb306b tempest-VolumesSnapshotListTestJSON-1812547987 tempest-VolumesSnapshotListTestJSON-1812547987-project] GET http://10.222.0.20/volume/v3/63c6757d8ab84d2b817cf185f6ee79cc/volumes/a8c9316d-9b95-44d4-be63-3fda405b43a8
Mar 08 04:19:30.748814 dv-cinder-740146-13-smb devstack@c-api.service[109994]: DEBUG cinder.api.openstack.wsgi [None req-42e0377e-b898-4de3-8a22-b7461ffb306b tempest-VolumesSnapshotListTestJSON-1812547987 tempest-VolumesSnapshotListTestJSON-1812547987-project] Empty body provided in request {{(pid=109994) get_body /opt/stack/cinder/cinder/api/openstack/wsgi.py:715}}
Mar 08 04:19:30.749266 dv-cinder-740146-13-smb devstack@c-api.service[109994]: DEBUG cinder.api.openstack.wsgi [None req-42e0377e-b898-4de3-8a22-b7461ffb306b tempest-VolumesSnapshotListTestJSON-1812547987 tempest-VolumesSnapshotListTestJSON-1812547987-project] Calling method 'show' {{(pid=109994) _process_stack /opt/stack/cinder/cinder/api/openstack/wsgi.py:868}}
Mar 08 04:19:30.763395 dv-cinder-740146-13-smb devstack@c-api.service[109994]: /usr/local/lib/python3.8/dist-packages/oslo_context/context.py:100: DeprecationWarning: Policy enforcement is depending on the value of is_admin. This key is deprecated. Please update your policy file to use the standard policy values.
Mar 08 04:19:30.763395 dv-cinder-740146-13-smb devstack@c-api.service[109994]: warnings.warn('Policy enforcement is depending on the value of '
Mar 08 04:19:30.768722 dv-cinder-740146-13-smb devstack@c-api.service[109993]: INFO cinder.api.openstack.wsgi [None req-176b2577-b5ba-45f8-9f1a-5ab1dfdacbc9 tempest-QosSpecsTestJSON-893047648 tempest-QosSpecsTestJSON-893047648-project-admin] http://10.222.0.20/volume/v3/ca5fb544cafc4e02aa00bbc06d38863d/qos-specs/33f019b5-ab30-4f93-86e5-2e475d720f00/associations returned with HTTP 200
Mar 08 04:19:30.769580 dv-cinder-740146-13-smb devstack@c-api.service[109993]: [pid: 109993|app: 0|req: 183/384] 10.222.0.20 () {58 vars in 1369 bytes} [Tue Mar 8 04:19:30 2022] GET /volume/v3/ca5fb544cafc4e02aa00bbc06d38863d/qos-specs/33f019b5-ab30-4f93-86e5-2e475d720f00/associations => generated 446 bytes in 33 msecs (HTTP/1.1 200) 7 headers in 285 bytes (2 switches on core 0)
Mar 08 04:19:30.770853 dv-cinder-740146-13-smb devstack@c-api.service[109994]: INFO cinder.volume.api [None req-42e0377e-b898-4de3-8a22-b7461ffb306b tempest-VolumesSnapshotListTestJSON-1812547987 tempest-VolumesSnapshotListTestJSON-1812547987-project] Volume info retrieved successfully.
Mar 08 04:19:30.776849 dv-cinder-740146-13-smb devstack@c-api.service[109993]: DEBUG cinder.api.middleware.request_id [None req-2934c644-c299-4133-88f3-0767054dd46f None None] RequestId filter calling following filter/app {{(pid=109993) _context_setter /opt/stack/cinder/cinder/api/middleware/request_id.py:62}}
Mar 08 04:19:30.782128 dv-cinder-740146-13-smb devstack@c-api.service[109994]: INFO cinder.api.openstack.wsgi [None req-42e0377e-b898-4de3-8a22-b7461ffb306b tempest-VolumesSnapshotListTestJSON-1812547987 tempest-VolumesSnapshotListTestJSON-1812547987-project] http://10.222.0.20/volume/v3/63c6757d8ab84d2b817cf185f6ee79cc/volumes/a8c9316d-9b95-44d4-be63-3fda405b43a8 returned with HTTP 200
Mar 08 04:19:30.782305 dv-cinder-740146-13-smb devstack@c-api.service[109993]: INFO cinder.api.openstack.wsgi [None req-2934c644-c299-4133-88f3-0767054dd46f tempest-QosSpecsTestJSON-893047648 tempest-QosSpecsTestJSON-893047648-project-admin] GET http://10.222.0.20/volume/v3/ca5fb544cafc4e02aa00bbc06d38863d/qos-specs/33f019b5-ab30-4f93-86e5-2e475d720f00/disassociate?vol_type_id=32e4784f-1ef8-407c-bae3-a5af14039a89
Mar 08 04:19:30.782722 dv-cinder-740146-13-smb devstack@c-api.service[109993]: DEBUG cinder.api.openstack.wsgi [None req-2934c644-c299-4133-88f3-0767054dd46f tempest-QosSpecsTestJSON-893047648 tempest-QosSpecsTestJSON-893047648-project-admin] Empty body provided in request {{(pid=109993) get_body /opt/stack/cinder/cinder/api/openstack/wsgi.py:715}}
Mar 08 04:19:30.783327 dv-cinder-740146-13-smb devstack@c-api.service[109993]: DEBUG cinder.api.openstack.wsgi [None req-2934c644-c299-4133-88f3-0767054dd46f tempest-QosSpecsTestJSON-893047648 tempest-QosSpecsTestJSON-893047648-project-admin] Calling method 'disassociate' {{(pid=109993) _process_stack /opt/stack/cinder/cinder/api/openstack/wsgi.py:868}}
