Mar 08 04:44:18.418298 dv-cinder-740146-13-iscsi neutron-server[110146]: DEBUG neutron.plugins.ml2.rpc [None req-09ec45cc-20c0-4bb7-acf9-ae7fc9234151 None None] Device 9841aff5-0100-4c8c-9bca-2896ea981bcf up at agent hyperv_hv-cinder-74014 {{(pid=110146) update_device_up /opt/stack/neutron/neutron/plugins/ml2/rpc.py:296}}
Mar 08 04:44:18.436567 dv-cinder-740146-13-iscsi neutron-server[110145]: DEBUG neutron.pecan_wsgi.hooks.policy_enforcement [req-20757fe6-37db-40fa-9f4f-f492d8eaebf0 req-a455002a-66ae-425d-ba33-d444b4b15f75 tempest-AttachVolumeShelveTestJSON-2089031217 tempest-AttachVolumeShelveTestJSON-2089031217-project] Attributes excluded by policy engine: ['standard_attr_id', 'binding:profile', 'binding:host_id', 'binding:vif_type', 'binding:vif_details'] {{(pid=110145) _exclude_attributes_by_policy /opt/stack/neutron/neutron/pecan_wsgi/hooks/policy_enforcement.py:255}}
Mar 08 04:44:18.438095 dv-cinder-740146-13-iscsi neutron-server[110145]: INFO neutron.wsgi [req-20757fe6-37db-40fa-9f4f-f492d8eaebf0 req-a455002a-66ae-425d-ba33-d444b4b15f75 tempest-AttachVolumeShelveTestJSON-2089031217 tempest-AttachVolumeShelveTestJSON-2089031217-project] 10.222.0.35 "GET /v2.0/ports?device_id=6aeefc38-6e1e-4a20-958d-55aeeb908d35 HTTP/1.1" status: 200 len: 945 time: 0.0518789
Mar 08 04:44:18.491800 dv-cinder-740146-13-iscsi neutron-server[110145]: INFO neutron.wsgi [req-20757fe6-37db-40fa-9f4f-f492d8eaebf0 req-4de73b1f-48ee-4037-838b-ec172947db84 tempest-AttachVolumeShelveTestJSON-2089031217 tempest-AttachVolumeShelveTestJSON-2089031217-project] 10.222.0.35 "GET /v2.0/security-groups?id=f0b9d6c9-c1f1-4af7-99cf-62b12d72211b&fields=id&fields=name HTTP/1.1" status: 200 len: 312 time: 0.0478795
Mar 08 04:44:18.506534 dv-cinder-740146-13-iscsi neutron-server[110146]: DEBUG neutron.api.rpc.handlers.resources_rpc [None req-09ec45cc-20c0-4bb7-acf9-ae7fc9234151 None None] Pushing event updated for resources: {'Port': ['ID=773994d5-ad91-4559-b1ef-e0288cc192d7,revision_number=5']} {{(pid=110146) push /opt/stack/neutron/neutron/api/rpc/handlers/resources_rpc.py:237}}
Mar 08 04:44:18.558525 dv-cinder-740146-13-iscsi neutron-server[110144]: DEBUG neutron.pecan_wsgi.hooks.policy_enforcement [req-5af8fa25-076f-4233-86c0-84a75ecccf2c req-196a8d98-0b58-4a77-80de-8903a808d804 service neutron] Attributes excluded by policy engine: ['standard_attr_id'] {{(pid=110144) _exclude_attributes_by_policy /opt/stack/neutron/neutron/pecan_wsgi/hooks/policy_enforcement.py:255}}
Mar 08 04:44:18.560041 dv-cinder-740146-13-iscsi neutron-server[110144]: INFO neutron.wsgi [req-5af8fa25-076f-4233-86c0-84a75ecccf2c req-196a8d98-0b58-4a77-80de-8903a808d804 service neutron] 10.222.0.18 "GET /v2.0/ports?device_id=b7edea90-2d80-460e-9e07-196b80f72e77 HTTP/1.1" status: 200 len: 1129 time: 0.0820074
Mar 08 04:44:18.585582 dv-cinder-740146-13-iscsi neutron-server[110144]: DEBUG neutron_lib.callbacks.manager [req-5af8fa25-076f-4233-86c0-84a75ecccf2c req-5b117af4-9716-45b8-8afb-08d3b6102f51 service neutron] Publish callbacks [] for security_group (None), before_create {{(pid=110144) _notify_loop /usr/local/lib/python3.8/dist-packages/neutron_lib/callbacks/manager.py:176}}
Mar 08 04:44:18.588733 dv-cinder-740146-13-iscsi neutron-server[110146]: DEBUG neutron.db.provisioning_blocks [None req-09ec45cc-20c0-4bb7-acf9-ae7fc9234151 None None] Provisioning for port 9841aff5-0100-4c8c-9bca-2896ea981bcf completed by entity L2. {{(pid=110146) provisioning_complete /opt/stack/neutron/neutron/db/provisioning_blocks.py:134}}
Mar 08 04:44:18.592675 dv-cinder-740146-13-iscsi neutron-server[110146]: DEBUG neutron.db.provisioning_blocks [None req-09ec45cc-20c0-4bb7-acf9-ae7fc9234151 None None] Provisioning complete for port 9841aff5-0100-4c8c-9bca-2896ea981bcf triggered by entity L2. {{(pid=110146) provisioning_complete /opt/stack/neutron/neutron/db/provisioning_blocks.py:140}}
Mar 08 04:44:18.593048 dv-cinder-740146-13-iscsi neutron-server[110146]: DEBUG neutron_lib.callbacks.manager [None req-09ec45cc-20c0-4bb7-acf9-ae7fc9234151 None None] Publish callbacks ['neutron.plugins.ml2.plugin.Ml2Plugin._port_provisioned-3755240'] for port (9841aff5-0100-4c8c-9bca-2896ea981bcf), provisioning_complete {{(pid=110146) _notify_loop /usr/local/lib/python3.8/dist-packages/neutron_lib/callbacks/manager.py:176}}
Mar 08 04:44:18.654511 dv-cinder-740146-13-iscsi neutron-server[110144]: DEBUG neutron.pecan_wsgi.hooks.policy_enforcement [req-0d14c224-96a4-4ee8-915c-bb52ef5e0656 req-d696d37c-810b-4b7a-a9e0-846fceae3397 tempest-ServerRescueNegativeTestJSON-1317680256 tempest-ServerRescueNegativeTestJSON-1317680256-project] Attributes excluded by policy engine: ['standard_attr_id', 'binding:profile', 'binding:host_id', 'binding:vif_type', 'binding:vif_details'] {{(pid=110144) _exclude_attributes_by_policy /opt/stack/neutron/neutron/pecan_wsgi/hooks/policy_enforcement.py:255}}
Mar 08 04:44:18.655922 dv-cinder-740146-13-iscsi neutron-server[110146]: DEBUG neutron_lib.callbacks.manager [None req-c3f72cc5-63e2-401e-a482-b938055eaed5 None None] Publish callbacks ['neutron.services.segments.db._update_segment_host_mapping_for_agent-8769087550293', 'neutron.plugins.ml2.plugin.Ml2Plugin._retry_binding_revived_agents-3755150'] for agent (52708c47-3cfb-4d7d-904c-ff038df87aea), after_update {{(pid=110146) _notify_loop /usr/local/lib/python3.8/dist-packages/neutron_lib/callbacks/manager.py:176}}
Mar 08 04:44:18.656094 dv-cinder-740146-13-iscsi neutron-server[110144]: INFO neutron.wsgi [req-0d14c224-96a4-4ee8-915c-bb52ef5e0656 req-d696d37c-810b-4b7a-a9e0-846fceae3397 tempest-ServerRescueNegativeTestJSON-1317680256 tempest-ServerRescueNegativeTestJSON-1317680256-project] 10.222.0.35 "GET /v2.0/ports?device_id=2de7d9f6-aafe-4651-9130-bbc9896c1ddb HTTP/1.1" status: 200 len: 944 time: 0.0851705
Mar 08 04:44:18.671496 dv-cinder-740146-13-iscsi neutron-server[110146]: DEBUG neutron.plugins.ml2.plugin [None req-09ec45cc-20c0-4bb7-acf9-ae7fc9234151 None None] Current status of the port 9841aff5-0100-4c8c-9bca-2896ea981bcf is: BUILD; New status is: ACTIVE {{(pid=110146) _update_individual_port_db_status /opt/stack/neutron/neutron/plugins/ml2/plugin.py:2232}}
Mar 08 04:44:18.671882 dv-cinder-740146-13-iscsi neutron-server[110146]: DEBUG neutron_lib.callbacks.manager [None req-09ec45cc-20c0-4bb7-acf9-ae7fc9234151 None None] Publish callbacks ['neutron.plugins.ml2.plugin.SecurityGroupDbMixin._ensure_default_security_group_handler-3748575'] for port (9841aff5-0100-4c8c-9bca-2896ea981bcf), before_update {{(pid=110146) _notify_loop /usr/local/lib/python3.8/dist-packages/neutron_lib/callbacks/manager.py:176}}
Mar 08 04:44:18.712818 dv-cinder-740146-13-iscsi neutron-server[110146]: DEBUG neutron.plugins.ml2.db [None req-09ec45cc-20c0-4bb7-acf9-ae7fc9234151 None None] For port 9841aff5-0100-4c8c-9bca-2896ea981bcf, host hv-cinder-74014, got binding levels [PortBindingLevel(driver='hyperv',host='hv-cinder-74014',level=0,port_id=9841aff5-0100-4c8c-9bca-2896ea981bcf,segment=NetworkSegment(1aa10c85-3fb3-4da4-8720-cb7a8e9e737f),segment_id=1aa10c85-3fb3-4da4-8720-cb7a8e9e737f)] {{(pid=110146) get_binding_level_objs /opt/stack/neutron/neutron/plugins/ml2/db.py:74}}
Mar 08 04:44:18.727124 dv-cinder-740146-13-iscsi neutron-server[110144]: INFO neutron.wsgi [req-0d14c224-96a4-4ee8-915c-bb52ef5e0656 req-387ed4b2-1246-486b-a1c4-4a6247281c81 tempest-ServerRescueNegativeTestJSON-1317680256 tempest-ServerRescueNegativeTestJSON-1317680256-project] 10.222.0.35 "GET /v2.0/security-groups?id=40f9c215-de70-4a10-b81e-80a59fdda24b&fields=id&fields=name HTTP/1.1" status: 200 len: 286 time: 0.0656333
Mar 08 04:44:18.735640 dv-cinder-740146-13-iscsi neutron-server[110144]: DEBUG neutron_lib.callbacks.manager [req-5af8fa25-076f-4233-86c0-84a75ecccf2c req-5b117af4-9716-45b8-8afb-08d3b6102f51 service neutron] Publish callbacks [] for security_group (4fa9ec7b-a2a6-482f-9c98-3dad8a23c6f9), precommit_create {{(pid=110144) _notify_loop /usr/local/lib/python3.8/dist-packages/neutron_lib/callbacks/manager.py:176}}
Mar 08 04:44:18.840291 dv-cinder-740146-13-iscsi neutron-server[110144]: DEBUG neutron_lib.callbacks.manager [req-5af8fa25-076f-4233-86c0-84a75ecccf2c req-5b117af4-9716-45b8-8afb-08d3b6102f51 service neutron] Publish callbacks ['neutron.plugins.ml2.ovo_rpc._ObjectChangeHandler.handle_event-575895'] for security_group (4fa9ec7b-a2a6-482f-9c98-3dad8a23c6f9), after_create {{(pid=110144) _notify_loop /usr/local/lib/python3.8/dist-packages/neutron_lib/callbacks/manager.py:176}}
Mar 08 04:44:18.840439 dv-cinder-740146-13-iscsi neutron-server[110146]: DEBUG neutron_lib.callbacks.manager [None req-09ec45cc-20c0-4bb7-acf9-ae7fc9234151 None None] Publish callbacks ['neutron.plugins.ml2.plugin.SecurityGroupServerNotifierRpcMixin._notify_sg_on_port_change-3748496', 'neutron.plugins.ml2.ovo_rpc._ObjectChangeHandler.handle_event-401468', 'neutron.api.rpc.agentnotifiers.dhcp_rpc_agent_api.DhcpAgentNotifyAPI._native_event_send_dhcp_notification-633093', 'neutron.db.l3_db.L3RpcNotifierMixin._notify_gateway_port_ip_changed-8769087612600', 'neutron.db.l3_dvrscheduler_db._notify_l3_agent_port_update-8769087239873', 'neutron.db.l3_hascheduler_db._notify_l3_agent_ha_port_update-8769087239891'] for port (9841aff5-0100-4c8c-9bca-2896ea981bcf), after_update {{(pid=110146) _notify_loop /usr/local/lib/python3.8/dist-packages/neutron_lib/callbacks/manager.py:176}}
Mar 08 04:44:18.841178 dv-cinder-740146-13-iscsi neutron-server[110146]: DEBUG neutron.plugins.ml2.rpc [None req-09ec45cc-20c0-4bb7-acf9-ae7fc9234151 None None] Device 89ba8554-558b-4ef7-9d8d-d0018128cb1c up at agent hyperv_hv-cinder-74014 {{(pid=110146) update_device_up /opt/stack/neutron/neutron/plugins/ml2/rpc.py:296}}
Mar 08 04:44:18.889469 dv-cinder-740146-13-iscsi neutron-server[110144]: INFO neutron.wsgi [req-5af8fa25-076f-4233-86c0-84a75ecccf2c req-5b117af4-9716-45b8-8afb-08d3b6102f51 service neutron] 10.222.0.18 "GET /v2.0/security-groups?id=755507b1-b3bf-420c-8a60-51b9b7108477&fields=id&fields=name HTTP/1.1" status: 200 len: 312 time: 0.3239429
Mar 08 04:44:18.890217 dv-cinder-740146-13-iscsi neutron-server[110144]: DEBUG neutron.api.rpc.handlers.resources_rpc [None req-5b117af4-9716-45b8-8afb-08d3b6102f51 service neutron] Pushing event updated for resources: {'SecurityGroup': ['ID=4fa9ec7b-a2a6-482f-9c98-3dad8a23c6f9,revision_number=1']} {{(pid=110144) push /opt/stack/neutron/neutron/api/rpc/handlers/resources_rpc.py:237}}
Mar 08 04:44:18.934435 dv-cinder-740146-13-iscsi neutron-server[110146]: DEBUG neutron.api.rpc.handlers.resources_rpc [None req-09ec45cc-20c0-4bb7-acf9-ae7fc9234151 None None] Pushing event updated for resources: {'Port': ['ID=9841aff5-0100-4c8c-9bca-2896ea981bcf,revision_number=5']} {{(pid=110146) push /opt/stack/neutron/neutron/api/rpc/handlers/resources_rpc.py:237}}
Mar 08 04:44:18.994375 dv-cinder-740146-13-iscsi neutron-server[110146]: DEBUG neutron.db.provisioning_blocks [None req-09ec45cc-20c0-4bb7-acf9-ae7fc9234151 None None] Provisioning for port 89ba8554-558b-4ef7-9d8d-d0018128cb1c completed by entity L2. {{(pid=110146) provisioning_complete /opt/stack/neutron/neutron/db/provisioning_blocks.py:134}}
Mar 08 04:44:19.006264 dv-cinder-740146-13-iscsi neutron-server[110146]: DEBUG neutron.db.provisioning_blocks [None req-09ec45cc-20c0-4bb7-acf9-ae7fc9234151 None None] Provisioning complete for port 89ba8554-558b-4ef7-9d8d-d0018128cb1c triggered by entity L2. {{(pid=110146) provisioning_complete /opt/stack/neutron/neutron/db/provisioning_blocks.py:140}}
Mar 08 04:44:19.006264 dv-cinder-740146-13-iscsi neutron-server[110146]: DEBUG neutron_lib.callbacks.manager [None req-09ec45cc-20c0-4bb7-acf9-ae7fc9234151 None None] Publish callbacks ['neutron.plugins.ml2.plugin.Ml2Plugin._port_provisioned-3755240'] for port (89ba8554-558b-4ef7-9d8d-d0018128cb1c), provisioning_complete {{(pid=110146) _notify_loop /usr/local/lib/python3.8/dist-packages/neutron_lib/callbacks/manager.py:176}}
Mar 08 04:44:19.066271 dv-cinder-740146-13-iscsi neutron-server[110145]: DEBUG neutron.pecan_wsgi.hooks.policy_enforcement [req-66824576-bd39-4a6f-aadd-8cda3f79250d req-086293e7-b932-4911-8ef3-0f1e3cb6fc40 tempest-AttachVolumeTestJSON-974555917 tempest-AttachVolumeTestJSON-974555917-project] Attributes excluded by policy engine: ['standard_attr_id', 'binding:profile', 'binding:host_id', 'binding:vif_type', 'binding:vif_details'] {{(pid=110145) _exclude_attributes_by_policy /opt/stack/neutron/neutron/pecan_wsgi/hooks/policy_enforcement.py:255}}
Mar 08 04:44:19.068394 dv-cinder-740146-13-iscsi neutron-server[110145]: INFO neutron.wsgi [req-66824576-bd39-4a6f-aadd-8cda3f79250d req-086293e7-b932-4911-8ef3-0f1e3cb6fc40 tempest-AttachVolumeTestJSON-974555917 tempest-AttachVolumeTestJSON-974555917-project] 10.222.0.35 "GET /v2.0/ports?device_id=b7edea90-2d80-460e-9e07-196b80f72e77 HTTP/1.1" status: 200 len: 945 time: 0.0723333
Mar 08 04:44:19.088738 dv-cinder-740146-13-iscsi neutron-server[110146]: DEBUG neutron.plugins.ml2.plugin [None req-09ec45cc-20c0-4bb7-acf9-ae7fc9234151 None None] Current status of the port 89ba8554-558b-4ef7-9d8d-d0018128cb1c is: BUILD; New status is: ACTIVE {{(pid=110146) _update_individual_port_db_status /opt/stack/neutron/neutron/plugins/ml2/plugin.py:2232}}
Mar 08 04:44:19.089201 dv-cinder-740146-13-iscsi neutron-server[110146]: DEBUG neutron_lib.callbacks.manager [None req-09ec45cc-20c0-4bb7-acf9-ae7fc9234151 None None] Publish callbacks ['neutron.plugins.ml2.plugin.SecurityGroupDbMixin._ensure_default_security_group_handler-3748575'] for port (89ba8554-558b-4ef7-9d8d-d0018128cb1c), before_update {{(pid=110146) _notify_loop /usr/local/lib/python3.8/dist-packages/neutron_lib/callbacks/manager.py:176}}
Mar 08 04:44:19.119460 dv-cinder-740146-13-iscsi neutron-server[110145]: INFO neutron.wsgi [req-66824576-bd39-4a6f-aadd-8cda3f79250d req-f50fc151-e370-4ac8-98ab-39c5e78793e6 tempest-AttachVolumeTestJSON-974555917 tempest-AttachVolumeTestJSON-974555917-project] 10.222.0.35 "GET /v2.0/security-groups?id=755507b1-b3bf-420c-8a60-51b9b7108477&fields=id&fields=name HTTP/1.1" status: 200 len: 312 time: 0.0442777
Mar 08 04:44:19.126962 dv-cinder-740146-13-iscsi neutron-server[110146]: DEBUG neutron.plugins.ml2.db [None req-09ec45cc-20c0-4bb7-acf9-ae7fc9234151 None None] For port 89ba8554-558b-4ef7-9d8d-d0018128cb1c, host hv-cinder-74014, got binding levels [PortBindingLevel(driver='hyperv',host='hv-cinder-74014',level=0,port_id=89ba8554-558b-4ef7-9d8d-d0018128cb1c,segment=NetworkSegment(e192af6a-f540-487b-8d8a-631cc755a6f5),segment_id=e192af6a-f540-487b-8d8a-631cc755a6f5)] {{(pid=110146) get_binding_level_objs /opt/stack/neutron/neutron/plugins/ml2/db.py:74}}
Mar 08 04:44:19.234774 dv-cinder-740146-13-iscsi neutron-server[110144]: DEBUG neutron.pecan_wsgi.hooks.policy_enforcement [req-da7033f5-ba1d-4c0e-839f-52842ad33ed2 req-d2788a83-fd2e-4dd6-9628-66aaca0556a6 tempest-AttachVolumeNegativeTest-2124643891 tempest-AttachVolumeNegativeTest-2124643891-project] Attributes excluded by policy engine: ['standard_attr_id', 'binding:profile', 'binding:host_id', 'binding:vif_type', 'binding:vif_details'] {{(pid=110144) _exclude_attributes_by_policy /opt/stack/neutron/neutron/pecan_wsgi/hooks/policy_enforcement.py:255}}
Mar 08 04:44:19.236215 dv-cinder-740146-13-iscsi neutron-server[110144]: INFO neutron.wsgi [req-da7033f5-ba1d-4c0e-839f-52842ad33ed2 req-d2788a83-fd2e-4dd6-9628-66aaca0556a6 tempest-AttachVolumeNegativeTest-2124643891 tempest-AttachVolumeNegativeTest-2124643891-project] 10.222.0.35 "GET /v2.0/ports?device_id=ab1c1052-3b6e-4078-9dd7-f1d4f2c103de HTTP/1.1" status: 200 len: 945 time: 0.0550439
Mar 08 04:44:19.240544 dv-cinder-740146-13-iscsi neutron-server[110146]: DEBUG neutron_lib.callbacks.manager [None req-09ec45cc-20c0-4bb7-acf9-ae7fc9234151 None None] Publish callbacks ['neutron.plugins.ml2.plugin.SecurityGroupServerNotifierRpcMixin._notify_sg_on_port_change-3748496', 'neutron.plugins.ml2.ovo_rpc._ObjectChangeHandler.handle_event-401468', 'neutron.api.rpc.agentnotifiers.dhcp_rpc_agent_api.DhcpAgentNotifyAPI._native_event_send_dhcp_notification-633093', 'neutron.db.l3_db.L3RpcNotifierMixin._notify_gateway_port_ip_changed-8769087612600', 'neutron.db.l3_dvrscheduler_db._notify_l3_agent_port_update-8769087239873', 'neutron.db.l3_hascheduler_db._notify_l3_agent_ha_port_update-8769087239891'] for port (89ba8554-558b-4ef7-9d8d-d0018128cb1c), after_update {{(pid=110146) _notify_loop /usr/local/lib/python3.8/dist-packages/neutron_lib/callbacks/manager.py:176}}
Mar 08 04:44:19.241383 dv-cinder-740146-13-iscsi neutron-server[110146]: DEBUG neutron.plugins.ml2.rpc [None req-09ec45cc-20c0-4bb7-acf9-ae7fc9234151 None None] Device d3034fd4-e039-450a-a542-bb1ca8c66a06 up at agent hyperv_hv-cinder-74014 {{(pid=110146) update_device_up /opt/stack/neutron/neutron/plugins/ml2/rpc.py:296}}
Mar 08 04:44:19.421553 dv-cinder-740146-13-iscsi neutron-server[110144]: INFO neutron.wsgi [req-da7033f5-ba1d-4c0e-839f-52842ad33ed2 req-85024f94-718f-4218-b248-72ead70b720c tempest-AttachVolumeNegativeTest-2124643891 tempest-AttachVolumeNegativeTest-2124643891-project] 10.222.0.35 "GET /v2.0/security-groups?id=244e30f0-f3bc-4e76-bc70-094324fd2237&fields=id&fields=name HTTP/1.1" status: 200 len: 312 time: 0.0437727
Mar 08 04:44:19.423111 dv-cinder-740146-13-iscsi neutron-server[110146]: DEBUG neutron.api.rpc.handlers.resources_rpc [None req-09ec45cc-20c0-4bb7-acf9-ae7fc9234151 None None] Pushing event updated for resources: {'Port': ['ID=89ba8554-558b-4ef7-9d8d-d0018128cb1c,revision_number=5']} {{(pid=110146) push /opt/stack/neutron/neutron/api/rpc/handlers/resources_rpc.py:237}}
Mar 08 04:44:19.445681 dv-cinder-740146-13-iscsi neutron-server[110146]: DEBUG neutron.db.provisioning_blocks [None req-09ec45cc-20c0-4bb7-acf9-ae7fc9234151 None None] Provisioning for port d3034fd4-e039-450a-a542-bb1ca8c66a06 completed by entity L2. {{(pid=110146) provisioning_complete /opt/stack/neutron/neutron/db/provisioning_blocks.py:134}}
Mar 08 04:44:19.456635 dv-cinder-740146-13-iscsi neutron-server[110146]: DEBUG neutron.db.provisioning_blocks [None req-09ec45cc-20c0-4bb7-acf9-ae7fc9234151 None None] Provisioning complete for port d3034fd4-e039-450a-a542-bb1ca8c66a06 triggered by entity L2. {{(pid=110146) provisioning_complete /opt/stack/neutron/neutron/db/provisioning_blocks.py:140}}
Mar 08 04:44:19.456635 dv-cinder-740146-13-iscsi neutron-server[110146]: DEBUG neutron_lib.callbacks.manager [None req-09ec45cc-20c0-4bb7-acf9-ae7fc9234151 None None] Publish callbacks ['neutron.plugins.ml2.plugin.Ml2Plugin._port_provisioned-3755240'] for port (d3034fd4-e039-450a-a542-bb1ca8c66a06), provisioning_complete {{(pid=110146) _notify_loop /usr/local/lib/python3.8/dist-packages/neutron_lib/callbacks/manager.py:176}}
Mar 08 04:44:19.456825 dv-cinder-740146-13-iscsi neutron-server[110145]: DEBUG neutron.pecan_wsgi.hooks.policy_enforcement [req-03430d78-bfdc-4599-aed0-f12f09638d86 req-401e9873-0ad8-4ac9-85e2-84241970c641 tempest-DeleteServersTestJSON-742295254 tempest-DeleteServersTestJSON-742295254-project] Attributes excluded by policy engine: ['standard_attr_id', 'binding:profile', 'binding:host_id', 'binding:vif_type', 'binding:vif_details'] {{(pid=110145) _exclude_attributes_by_policy /opt/stack/neutron/neutron/pecan_wsgi/hooks/policy_enforcement.py:255}}
Mar 08 04:44:19.456825 dv-cinder-740146-13-iscsi neutron-server[110145]: INFO neutron.wsgi [req-03430d78-bfdc-4599-aed0-f12f09638d86 req-401e9873-0ad8-4ac9-85e2-84241970c641 tempest-DeleteServersTestJSON-742295254 tempest-DeleteServersTestJSON-742295254-project] 10.222.0.35 "GET /v2.0/ports?device_id=993ba59e-509a-493a-a139-a1002441e07d HTTP/1.1" status: 200 len: 946 time: 0.0539224
Mar 08 04:44:19.501795 dv-cinder-740146-13-iscsi neutron-server[110145]: INFO neutron.wsgi [req-03430d78-bfdc-4599-aed0-f12f09638d86 req-2f180df1-fa38-4ae3-82b4-12267febe5c6 tempest-DeleteServersTestJSON-742295254 tempest-DeleteServersTestJSON-742295254-project] 10.222.0.35 "GET /v2.0/security-groups?id=918cecf6-51a2-4ca2-b0e2-83a5bae69ee4&fields=id&fields=name HTTP/1.1" status: 200 len: 286 time: 0.0419543
Mar 08 04:44:19.540199 dv-cinder-740146-13-iscsi neutron-server[110146]: DEBUG neutron.plugins.ml2.plugin [None req-09ec45cc-20c0-4bb7-acf9-ae7fc9234151 None None] Current status of the port d3034fd4-e039-450a-a542-bb1ca8c66a06 is: BUILD; New status is: ACTIVE {{(pid=110146) _update_individual_port_db_status /opt/stack/neutron/neutron/plugins/ml2/plugin.py:2232}}
Mar 08 04:44:19.541893 dv-cinder-740146-13-iscsi neutron-server[110146]: DEBUG neutron_lib.callbacks.manager [None req-09ec45cc-20c0-4bb7-acf9-ae7fc9234151 None None] Publish callbacks ['neutron.plugins.ml2.plugin.SecurityGroupDbMixin._ensure_default_security_group_handler-3748575'] for port (d3034fd4-e039-450a-a542-bb1ca8c66a06), before_update {{(pid=110146) _notify_loop /usr/local/lib/python3.8/dist-packages/neutron_lib/callbacks/manager.py:176}}
Mar 08 04:44:19.576870 dv-cinder-740146-13-iscsi neutron-server[110146]: DEBUG neutron.plugins.ml2.db [None req-09ec45cc-20c0-4bb7-acf9-ae7fc9234151 None None] For port d3034fd4-e039-450a-a542-bb1ca8c66a06, host hv-cinder-74014, got binding levels [PortBindingLevel(driver='hyperv',host='hv-cinder-74014',level=0,port_id=d3034fd4-e039-450a-a542-bb1ca8c66a06,segment=NetworkSegment(e192af6a-f540-487b-8d8a-631cc755a6f5),segment_id=e192af6a-f540-487b-8d8a-631cc755a6f5)] {{(pid=110146) get_binding_level_objs /opt/stack/neutron/neutron/plugins/ml2/db.py:74}}
Mar 08 04:44:19.618905 dv-cinder-740146-13-iscsi neutron-server[110144]: DEBUG neutron.pecan_wsgi.hooks.policy_enforcement [req-30fad46a-99ad-43bd-b86d-d9461527559c req-ad13bda7-feb1-4e0a-856a-19b938ff7e83 tempest-AttachVolumeShelveTestJSON-2089031217 tempest-AttachVolumeShelveTestJSON-2089031217-project] Attributes excluded by policy engine: ['standard_attr_id', 'binding:profile', 'binding:host_id', 'binding:vif_type', 'binding:vif_details'] {{(pid=110144) _exclude_attributes_by_policy /opt/stack/neutron/neutron/pecan_wsgi/hooks/policy_enforcement.py:255}}
Mar 08 04:44:19.622723 dv-cinder-740146-13-iscsi neutron-server[110144]: INFO neutron.wsgi [req-30fad46a-99ad-43bd-b86d-d9461527559c req-ad13bda7-feb1-4e0a-856a-19b938ff7e83 tempest-AttachVolumeShelveTestJSON-2089031217 tempest-AttachVolumeShelveTestJSON-2089031217-project] 10.222.0.35 "GET /v2.0/ports?device_id=6aeefc38-6e1e-4a20-958d-55aeeb908d35 HTTP/1.1" status: 200 len: 946 time: 0.0616095
Mar 08 04:44:19.634575 dv-cinder-740146-13-iscsi neutron-server[110146]: DEBUG neutron_lib.callbacks.manager [None req-09ec45cc-20c0-4bb7-acf9-ae7fc9234151 None None] Publish callbacks ['neutron.plugins.ml2.plugin.SecurityGroupServerNotifierRpcMixin._notify_sg_on_port_change-3748496', 'neutron.plugins.ml2.ovo_rpc._ObjectChangeHandler.handle_event-401468', 'neutron.api.rpc.agentnotifiers.dhcp_rpc_agent_api.DhcpAgentNotifyAPI._native_event_send_dhcp_notification-633093', 'neutron.db.l3_db.L3RpcNotifierMixin._notify_gateway_port_ip_changed-8769087612600', 'neutron.db.l3_dvrscheduler_db._notify_l3_agent_port_update-8769087239873', 'neutron.db.l3_hascheduler_db._notify_l3_agent_ha_port_update-8769087239891'] for port (d3034fd4-e039-450a-a542-bb1ca8c66a06), after_update {{(pid=110146) _notify_loop /usr/local/lib/python3.8/dist-packages/neutron_lib/callbacks/manager.py:176}}
Mar 08 04:44:19.671062 dv-cinder-740146-13-iscsi neutron-server[110144]: INFO neutron.wsgi [req-30fad46a-99ad-43bd-b86d-d9461527559c req-8ac25c05-0b76-4842-80a3-542761fb02c0 tempest-AttachVolumeShelveTestJSON-2089031217 tempest-AttachVolumeShelveTestJSON-2089031217-project] 10.222.0.35 "GET /v2.0/security-groups?id=f0b9d6c9-c1f1-4af7-99cf-62b12d72211b&fields=id&fields=name HTTP/1.1" status: 200 len: 312 time: 0.0428524
Mar 08 04:44:19.683628 dv-cinder-740146-13-iscsi neutron-server[110146]: DEBUG neutron.api.rpc.handlers.resources_rpc [None req-09ec45cc-20c0-4bb7-acf9-ae7fc9234151 None None] Pushing event updated for resources: {'Port': ['ID=d3034fd4-e039-450a-a542-bb1ca8c66a06,revision_number=5']} {{(pid=110146) push /opt/stack/neutron/neutron/api/rpc/handlers/resources_rpc.py:237}}
Mar 08 04:44:19.712765 dv-cinder-740146-13-iscsi neutron-server[110146]: DEBUG neutron.plugins.ml2.rpc [None req-09ec45cc-20c0-4bb7-acf9-ae7fc9234151 None None] Device c08d1c1d-bdea-49ce-878b-6c829ce92072 up at agent hyperv_hv-cinder-74014 {{(pid=110146) update_device_up /opt/stack/neutron/neutron/plugins/ml2/rpc.py:296}}
Mar 08 04:44:19.828812 dv-cinder-740146-13-iscsi neutron-server[110146]: DEBUG neutron.db.provisioning_blocks [None req-09ec45cc-20c0-4bb7-acf9-ae7fc9234151 None None] Provisioning for port c08d1c1d-bdea-49ce-878b-6c829ce92072 completed by entity L2. {{(pid=110146) provisioning_complete /opt/stack/neutron/neutron/db/provisioning_blocks.py:134}}
Mar 08 04:44:19.833957 dv-cinder-740146-13-iscsi neutron-server[110146]: DEBUG neutron.db.provisioning_blocks [None req-09ec45cc-20c0-4bb7-acf9-ae7fc9234151 None None] Provisioning complete for port c08d1c1d-bdea-49ce-878b-6c829ce92072 triggered by entity L2. {{(pid=110146) provisioning_complete /opt/stack/neutron/neutron/db/provisioning_blocks.py:140}}
Mar 08 04:44:19.834402 dv-cinder-740146-13-iscsi neutron-server[110146]: DEBUG neutron_lib.callbacks.manager [None req-09ec45cc-20c0-4bb7-acf9-ae7fc9234151 None None] Publish callbacks ['neutron.plugins.ml2.plugin.Ml2Plugin._port_provisioned-3755240'] for port (c08d1c1d-bdea-49ce-878b-6c829ce92072), provisioning_complete {{(pid=110146) _notify_loop /usr/local/lib/python3.8/dist-packages/neutron_lib/callbacks/manager.py:176}}
Mar 08 04:44:19.854136 dv-cinder-740146-13-iscsi neutron-server[110145]: DEBUG neutron.pecan_wsgi.hooks.policy_enforcement [req-2ef83ef4-d445-4c51-9cc1-4eb9b219fe20 req-3ab28cfa-2c55-40a9-97a5-1f6f3e40a3ce tempest-ServerRescueNegativeTestJSON-1317680256 tempest-ServerRescueNegativeTestJSON-1317680256-project] Attributes excluded by policy engine: ['standard_attr_id', 'binding:profile', 'binding:host_id', 'binding:vif_type', 'binding:vif_details'] {{(pid=110145) _exclude_attributes_by_policy /opt/stack/neutron/neutron/pecan_wsgi/hooks/policy_enforcement.py:255}}
Mar 08 04:44:19.858629 dv-cinder-740146-13-iscsi neutron-server[110145]: INFO neutron.wsgi [req-2ef83ef4-d445-4c51-9cc1-4eb9b219fe20 req-3ab28cfa-2c55-40a9-97a5-1f6f3e40a3ce tempest-ServerRescueNegativeTestJSON-1317680256 tempest-ServerRescueNegativeTestJSON-1317680256-project] 10.222.0.35 "GET /v2.0/ports?device_id=2de7d9f6-aafe-4651-9130-bbc9896c1ddb HTTP/1.1" status: 200 len: 945 time: 0.0600193
Mar 08 04:44:19.904146 dv-cinder-740146-13-iscsi neutron-server[110145]: INFO neutron.wsgi [req-2ef83ef4-d445-4c51-9cc1-4eb9b219fe20 req-e780fc5f-39ba-45c4-b200-a958f217a212 tempest-ServerRescueNegativeTestJSON-1317680256 tempest-ServerRescueNegativeTestJSON-1317680256-project] 10.222.0.35 "GET /v2.0/security-groups?id=40f9c215-de70-4a10-b81e-80a59fdda24b&fields=id&fields=name HTTP/1.1" status: 200 len: 286 time: 0.0424862
Mar 08 04:44:19.921771 dv-cinder-740146-13-iscsi neutron-server[110146]: DEBUG neutron.plugins.ml2.plugin [None req-09ec45cc-20c0-4bb7-acf9-ae7fc9234151 None None] Current status of the port c08d1c1d-bdea-49ce-878b-6c829ce92072 is: BUILD; New status is: ACTIVE {{(pid=110146) _update_individual_port_db_status /opt/stack/neutron/neutron/plugins/ml2/plugin.py:2232}}
Mar 08 04:44:19.921771 dv-cinder-740146-13-iscsi neutron-server[110146]: DEBUG neutron_lib.callbacks.manager [None req-09ec45cc-20c0-4bb7-acf9-ae7fc9234151 None None] Publish callbacks ['neutron.plugins.ml2.plugin.SecurityGroupDbMixin._ensure_default_security_group_handler-3748575'] for port (c08d1c1d-bdea-49ce-878b-6c829ce92072), before_update {{(pid=110146) _notify_loop /usr/local/lib/python3.8/dist-packages/neutron_lib/callbacks/manager.py:176}}
Mar 08 04:44:19.948027 dv-cinder-740146-13-iscsi neutron-server[110146]: DEBUG neutron.plugins.ml2.db [None req-09ec45cc-20c0-4bb7-acf9-ae7fc9234151 None None] For port c08d1c1d-bdea-49ce-878b-6c829ce92072, host hv-cinder-74014, got binding levels [PortBindingLevel(driver='hyperv',host='hv-cinder-74014',level=0,port_id=c08d1c1d-bdea-49ce-878b-6c829ce92072,segment=NetworkSegment(3078e9f3-ee99-4520-9a84-dd25cc09024c),segment_id=3078e9f3-ee99-4520-9a84-dd25cc09024c)] {{(pid=110146) get_binding_level_objs /opt/stack/neutron/neutron/plugins/ml2/db.py:74}}
Mar 08 04:44:20.020747 dv-cinder-740146-13-iscsi neutron-server[110146]: DEBUG neutron_lib.callbacks.manager [None req-09ec45cc-20c0-4bb7-acf9-ae7fc9234151 None None] Publish callbacks ['neutron.plugins.ml2.plugin.SecurityGroupServerNotifierRpcMixin._notify_sg_on_port_change-3748496', 'neutron.plugins.ml2.ovo_rpc._ObjectChangeHandler.handle_event-401468', 'neutron.api.rpc.agentnotifiers.dhcp_rpc_agent_api.DhcpAgentNotifyAPI._native_event_send_dhcp_notification-633093', 'neutron.db.l3_db.L3RpcNotifierMixin._notify_gateway_port_ip_changed-8769087612600', 'neutron.db.l3_dvrscheduler_db._notify_l3_agent_port_update-8769087239873', 'neutron.db.l3_hascheduler_db._notify_l3_agent_ha_port_update-8769087239891'] for port (c08d1c1d-bdea-49ce-878b-6c829ce92072), after_update {{(pid=110146) _notify_loop /usr/local/lib/python3.8/dist-packages/neutron_lib/callbacks/manager.py:176}}
Mar 08 04:44:20.070264 dv-cinder-740146-13-iscsi neutron-server[110146]: DEBUG neutron.api.rpc.handlers.resources_rpc [None req-09ec45cc-20c0-4bb7-acf9-ae7fc9234151 None None] Pushing event updated for resources: {'Port': ['ID=c08d1c1d-bdea-49ce-878b-6c829ce92072,revision_number=5']} {{(pid=110146) push /opt/stack/neutron/neutron/api/rpc/handlers/resources_rpc.py:237}}
Mar 08 04:44:20.091153 dv-cinder-740146-13-iscsi neutron-server[110146]: DEBUG neutron_lib.callbacks.manager [None req-c97c44f0-989d-42ea-a6d9-6dc103b4cfd6 None None] Publish callbacks ['neutron.services.segments.db._update_segment_host_mapping_for_agent-8769087550293', 'neutron.plugins.ml2.plugin.Ml2Plugin._retry_binding_revived_agents-3755150'] for agent (4c7881dc-503e-4b59-880f-21834bcd9250), after_update {{(pid=110146) _notify_loop /usr/local/lib/python3.8/dist-packages/neutron_lib/callbacks/manager.py:176}}
Mar 08 04:44:20.169216 dv-cinder-740146-13-iscsi neutron-server[110146]: DEBUG neutron.notifiers.nova [-] Sending events: [{'server_uuid': '6aeefc38-6e1e-4a20-958d-55aeeb908d35', 'name': 'network-vif-plugged', 'status': 'completed', 'tag': '773994d5-ad91-4559-b1ef-e0288cc192d7'}, {'server_uuid': '993ba59e-509a-493a-a139-a1002441e07d', 'name': 'network-vif-plugged', 'status': 'completed', 'tag': '9841aff5-0100-4c8c-9bca-2896ea981bcf'}, {'server_uuid': '2de7d9f6-aafe-4651-9130-bbc9896c1ddb', 'name': 'network-vif-plugged', 'status': 'completed', 'tag': '89ba8554-558b-4ef7-9d8d-d0018128cb1c'}, {'server_uuid': 'b05709e8-d922-4920-91df-fe5a7d97e5c6', 'name': 'network-vif-plugged', 'status': 'completed', 'tag': 'd3034fd4-e039-450a-a542-bb1ca8c66a06'}, {'server_uuid': 'ab1c1052-3b6e-4078-9dd7-f1d4f2c103de', 'name': 'network-vif-plugged', 'status': 'completed', 'tag': 'c08d1c1d-bdea-49ce-878b-6c829ce92072'}] {{(pid=110146) send_events /opt/stack/neutron/neutron/notifiers/nova.py:271}}
Mar 08 04:44:20.171553 dv-cinder-740146-13-iscsi neutron-server[110146]: DEBUG novaclient.v2.client [-] REQ: curl -g -i --cacert "/opt/stack/data/ca-bundle.pem" -X POST http://10.222.0.35/compute/v2.1/os-server-external-events -H "Accept: application/json" -H "Content-Type: application/json" -H "User-Agent: python-novaclient" -H "X-Auth-Token: {SHA256}d9ce5c9d46ce85cdc7bdd5e39ea1b8e3d9b9c3a590759baa6189aad05618b43b" -H "X-OpenStack-Nova-API-Version: 2.1" -H "X-OpenStack-Request-ID: req-02bb9c5f-0fd9-475d-81e8-0bc8cc1d2b48" -d '{"events": [{"server_uuid": "6aeefc38-6e1e-4a20-958d-55aeeb908d35", "name": "network-vif-plugged", "status": "completed", "tag": "773994d5-ad91-4559-b1ef-e0288cc192d7"}, {"server_uuid": "993ba59e-509a-493a-a139-a1002441e07d", "name": "network-vif-plugged", "status": "completed", "tag": "9841aff5-0100-4c8c-9bca-2896ea981bcf"}, {"server_uuid": "2de7d9f6-aafe-4651-9130-bbc9896c1ddb", "name": "network-vif-plugged", "status": "completed", "tag": "89ba8554-558b-4ef7-9d8d-d0018128cb1c"}, {"server_uuid": "b05709e8-d922-4920-91df-fe5a7d97e5c6", "name": "network-vif-plugged", "status": "completed", "tag": "d3034fd4-e039-450a-a542-bb1ca8c66a06"}, {"server_uuid": "ab1c1052-3b6e-4078-9dd7-f1d4f2c103de", "name": "network-vif-plugged", "status": "completed", "tag": "c08d1c1d-bdea-49ce-878b-6c829ce92072"}]}' {{(pid=110146) _http_log_request /usr/local/lib/python3.8/dist-packages/keystoneauth1/session.py:519}}
Mar 08 04:44:20.230991 dv-cinder-740146-13-iscsi neutron-server[110146]: DEBUG novaclient.v2.client [-] RESP: [200] Connection: close Content-Length: 867 Content-Type: application/json Date: Tue, 08 Mar 2022 04:44:20 GMT OpenStack-API-Version: compute 2.1 Server: Apache/2.4.41 (Ubuntu) Vary: OpenStack-API-Version,X-OpenStack-Nova-API-Version X-OpenStack-Nova-API-Version: 2.1 x-compute-request-id: req-70a0b272-9e7a-42a5-ab20-bfb7f23a0a28 x-openstack-request-id: req-70a0b272-9e7a-42a5-ab20-bfb7f23a0a28 {{(pid=110146) _http_log_response /usr/local/lib/python3.8/dist-packages/keystoneauth1/session.py:550}}
Mar 08 04:44:20.230991 dv-cinder-740146-13-iscsi neutron-server[110146]: DEBUG novaclient.v2.client [-] RESP BODY: {"events": [{"server_uuid": "6aeefc38-6e1e-4a20-958d-55aeeb908d35", "name": "network-vif-plugged", "status": "completed", "tag": "773994d5-ad91-4559-b1ef-e0288cc192d7", "code": 200}, {"server_uuid": "993ba59e-509a-493a-a139-a1002441e07d", "name": "network-vif-plugged", "status": "completed", "tag": "9841aff5-0100-4c8c-9bca-2896ea981bcf", "code": 200}, {"server_uuid": "2de7d9f6-aafe-4651-9130-bbc9896c1ddb", "name": "network-vif-plugged", "status": "completed", "tag": "89ba8554-558b-4ef7-9d8d-d0018128cb1c", "code": 200}, {"server_uuid": "b05709e8-d922-4920-91df-fe5a7d97e5c6", "name": "network-vif-plugged", "status": "completed", "tag": "d3034fd4-e039-450a-a542-bb1ca8c66a06", "code": 200}, {"server_uuid": "ab1c1052-3b6e-4078-9dd7-f1d4f2c103de", "name": "network-vif-plugged", "status": "completed", "tag": "c08d1c1d-bdea-49ce-878b-6c829ce92072", "code": 200}]} {{(pid=110146) _http_log_response /usr/local/lib/python3.8/dist-packages/keystoneauth1/session.py:582}}
Mar 08 04:44:20.230991 dv-cinder-740146-13-iscsi neutron-server[110146]: DEBUG novaclient.v2.client [-] POST call to compute for http://10.222.0.35/compute/v2.1/os-server-external-events used request id req-70a0b272-9e7a-42a5-ab20-bfb7f23a0a28 {{(pid=110146) request /usr/local/lib/python3.8/dist-packages/keystoneauth1/session.py:954}}
Mar 08 04:44:20.230991 dv-cinder-740146-13-iscsi neutron-server[110146]: INFO neutron.notifiers.nova [-] Nova event response: {'server_uuid': '6aeefc38-6e1e-4a20-958d-55aeeb908d35', 'name': 'network-vif-plugged', 'status': 'completed', 'tag': '773994d5-ad91-4559-b1ef-e0288cc192d7', 'code': 200}
Mar 08 04:44:20.230991 dv-cinder-740146-13-iscsi neutron-server[110146]: INFO neutron.notifiers.nova [-] Nova event response: {'server_uuid': '993ba59e-509a-493a-a139-a1002441e07d', 'name': 'network-vif-plugged', 'status': 'completed', 'tag': '9841aff5-0100-4c8c-9bca-2896ea981bcf', 'code': 200}
Mar 08 04:44:20.230991 dv-cinder-740146-13-iscsi neutron-server[110146]: INFO neutron.notifiers.nova [-] Nova event response: {'server_uuid': '2de7d9f6-aafe-4651-9130-bbc9896c1ddb', 'name': 'network-vif-plugged', 'status': 'completed', 'tag': '89ba8554-558b-4ef7-9d8d-d0018128cb1c', 'code': 200}
Mar 08 04:44:20.230991 dv-cinder-740146-13-iscsi neutron-server[110146]: INFO neutron.notifiers.nova [-] Nova event response: {'server_uuid': 'b05709e8-d922-4920-91df-fe5a7d97e5c6', 'name': 'network-vif-plugged', 'status': 'completed', 'tag': 'd3034fd4-e039-450a-a542-bb1ca8c66a06', 'code': 200}
Mar 08 04:44:20.230991 dv-cinder-740146-13-iscsi neutron-server[110146]: INFO neutron.notifiers.nova [-] Nova event response: {'server_uuid': 'ab1c1052-3b6e-4078-9dd7-f1d4f2c103de', 'name': 'network-vif-plugged', 'status': 'completed', 'tag': 'c08d1c1d-bdea-49ce-878b-6c829ce92072', 'code': 200}
Mar 08 04:44:20.246366 dv-cinder-740146-13-iscsi neutron-server[110144]: DEBUG neutron.pecan_wsgi.hooks.policy_enforcement [req-e5560013-c678-4b93-9083-65dd515b96df req-6cbd7392-ba2b-470e-88fd-979dc3ffb25b tempest-AttachVolumeTestJSON-974555917 tempest-AttachVolumeTestJSON-974555917-project] Attributes excluded by policy engine: ['standard_attr_id', 'binding:profile', 'binding:host_id', 'binding:vif_type', 'binding:vif_details'] {{(pid=110144) _exclude_attributes_by_policy /opt/stack/neutron/neutron/pecan_wsgi/hooks/policy_enforcement.py:255}}
Mar 08 04:44:20.250519 dv-cinder-740146-13-iscsi neutron-server[110144]: INFO neutron.wsgi [req-e5560013-c678-4b93-9083-65dd515b96df req-6cbd7392-ba2b-470e-88fd-979dc3ffb25b tempest-AttachVolumeTestJSON-974555917 tempest-AttachVolumeTestJSON-974555917-project] 10.222.0.35 "GET /v2.0/ports?device_id=b7edea90-2d80-460e-9e07-196b80f72e77 HTTP/1.1" status: 200 len: 945 time: 0.0599597
Mar 08 04:44:20.321064 dv-cinder-740146-13-iscsi neutron-server[110144]: INFO neutron.wsgi [req-e5560013-c678-4b93-9083-65dd515b96df req-a2dc49ee-9f7b-413c-b528-65d83271a38d tempest-AttachVolumeTestJSON-974555917 tempest-AttachVolumeTestJSON-974555917-project] 10.222.0.35 "GET /v2.0/security-groups?id=755507b1-b3bf-420c-8a60-51b9b7108477&fields=id&fields=name HTTP/1.1" status: 200 len: 312 time: 0.0461740
Mar 08 04:44:20.593686 dv-cinder-740146-13-iscsi neutron-server[110145]: DEBUG neutron.pecan_wsgi.hooks.policy_enforcement [req-d06e1294-e00a-4f15-880c-e22b238bdee0 req-93f42b36-fdeb-4712-805b-c228a71129c4 tempest-AttachVolumeNegativeTest-2124643891 tempest-AttachVolumeNegativeTest-2124643891-project] Attributes excluded by policy engine: ['standard_attr_id', 'binding:profile', 'binding:host_id', 'binding:vif_type', 'binding:vif_details'] {{(pid=110145) _exclude_attributes_by_policy /opt/stack/neutron/neutron/pecan_wsgi/hooks/policy_enforcement.py:255}}
Mar 08 04:44:20.595603 dv-cinder-740146-13-iscsi neutron-server[110145]: INFO neutron.wsgi [req-d06e1294-e00a-4f15-880c-e22b238bdee0 req-93f42b36-fdeb-4712-805b-c228a71129c4 tempest-AttachVolumeNegativeTest-2124643891 tempest-AttachVolumeNegativeTest-2124643891-project] 10.222.0.35 "GET /v2.0/ports?device_id=ab1c1052-3b6e-4078-9dd7-f1d4f2c103de HTTP/1.1" status: 200 len: 946 time: 0.0838077
Mar 08 04:44:20.643526 dv-cinder-740146-13-iscsi neutron-server[110144]: DEBUG neutron.pecan_wsgi.hooks.policy_enforcement [req-e709ef00-a253-4aa3-9d8a-d38d4e0bc092 req-4d8f61a1-0c03-445b-8204-2b97e627a76f tempest-DeleteServersTestJSON-742295254 tempest-DeleteServersTestJSON-742295254-project] Attributes excluded by policy engine: ['standard_attr_id', 'binding:profile', 'binding:host_id', 'binding:vif_type', 'binding:vif_details'] {{(pid=110144) _exclude_attributes_by_policy /opt/stack/neutron/neutron/pecan_wsgi/hooks/policy_enforcement.py:255}}
Mar 08 04:44:20.651816 dv-cinder-740146-13-iscsi neutron-server[110144]: INFO neutron.wsgi [req-e709ef00-a253-4aa3-9d8a-d38d4e0bc092 req-4d8f61a1-0c03-445b-8204-2b97e627a76f tempest-DeleteServersTestJSON-742295254 tempest-DeleteServersTestJSON-742295254-project] 10.222.0.35 "GET /v2.0/ports?device_id=993ba59e-509a-493a-a139-a1002441e07d HTTP/1.1" status: 200 len: 946 time: 0.0708301
Mar 08 04:44:20.655391 dv-cinder-740146-13-iscsi neutron-server[110145]: INFO neutron.wsgi [req-d06e1294-e00a-4f15-880c-e22b238bdee0 req-1ac88cf5-42d0-4a18-9a51-af67766d7ae7 tempest-AttachVolumeNegativeTest-2124643891 tempest-AttachVolumeNegativeTest-2124643891-project] 10.222.0.35 "GET /v2.0/security-groups?id=244e30f0-f3bc-4e76-bc70-094324fd2237&fields=id&fields=name HTTP/1.1" status: 200 len: 312 time: 0.0531859
Mar 08 04:44:20.850907 dv-cinder-740146-13-iscsi neutron-server[110145]: DEBUG neutron.pecan_wsgi.hooks.policy_enforcement [req-ba66cf69-7c81-4c9d-895a-2975136cad0a req-e969b24f-5218-490c-afbc-035c18ac387a service neutron] Attributes excluded by policy engine: ['standard_attr_id'] {{(pid=110145) _exclude_attributes_by_policy /opt/stack/neutron/neutron/pecan_wsgi/hooks/policy_enforcement.py:255}}
Mar 08 04:44:20.852431 dv-cinder-740146-13-iscsi neutron-server[110145]: INFO neutron.wsgi [req-ba66cf69-7c81-4c9d-895a-2975136cad0a req-e969b24f-5218-490c-afbc-035c18ac387a service neutron] 10.222.0.18 "GET /v2.0/ports?device_id=2de7d9f6-aafe-4651-9130-bbc9896c1ddb HTTP/1.1" status: 200 len: 1129 time: 0.1393168
Mar 08 04:44:20.860342 dv-cinder-740146-13-iscsi neutron-server[110145]: DEBUG neutron.pecan_wsgi.hooks.policy_enforcement [req-b7f2dab3-3972-4040-935d-cca6defb3a75 req-6d8df99c-02f7-4306-aabd-3cc5d7b61bd8 tempest-AttachVolumeShelveTestJSON-2089031217 tempest-AttachVolumeShelveTestJSON-2089031217-project] Attributes excluded by policy engine: ['standard_attr_id', 'binding:profile', 'binding:host_id', 'binding:vif_type', 'binding:vif_details'] {{(pid=110145) _exclude_attributes_by_policy /opt/stack/neutron/neutron/pecan_wsgi/hooks/policy_enforcement.py:255}}
Mar 08 04:44:20.861867 dv-cinder-740146-13-iscsi neutron-server[110145]: INFO neutron.wsgi [req-b7f2dab3-3972-4040-935d-cca6defb3a75 req-6d8df99c-02f7-4306-aabd-3cc5d7b61bd8 tempest-AttachVolumeShelveTestJSON-2089031217 tempest-AttachVolumeShelveTestJSON-2089031217-project] 10.222.0.35 "GET /v2.0/ports?device_id=6aeefc38-6e1e-4a20-958d-55aeeb908d35 HTTP/1.1" status: 200 len: 946 time: 0.0826478
Mar 08 04:44:20.941394 dv-cinder-740146-13-iscsi neutron-server[110145]: INFO neutron.wsgi [req-ba66cf69-7c81-4c9d-895a-2975136cad0a req-8aafb670-26ce-4196-ab2b-454aed607a38 service neutron] 10.222.0.18 "GET /v2.0/security-groups?id=40f9c215-de70-4a10-b81e-80a59fdda24b&fields=id&fields=name HTTP/1.1" status: 200 len: 286 time: 0.0784767
Mar 08 04:44:20.945843 dv-cinder-740146-13-iscsi neutron-server[110145]: INFO neutron.wsgi [req-b7f2dab3-3972-4040-935d-cca6defb3a75 req-db88ffe7-0d5d-4613-a615-6a709e914b88 tempest-AttachVolumeShelveTestJSON-2089031217 tempest-AttachVolumeShelveTestJSON-2089031217-project] 10.222.0.35 "GET /v2.0/security-groups?id=f0b9d6c9-c1f1-4af7-99cf-62b12d72211b&fields=id&fields=name HTTP/1.1" status: 200 len: 312 time: 0.0770574
Mar 08 04:44:21.054553 dv-cinder-740146-13-iscsi neutron-server[110144]: INFO neutron.wsgi [req-e709ef00-a253-4aa3-9d8a-d38d4e0bc092 req-d5d7cb79-ead5-4271-9892-4b55ad26a1c1 tempest-DeleteServersTestJSON-742295254 tempest-DeleteServersTestJSON-742295254-project] 10.222.0.35 "GET /v2.0/security-groups?id=918cecf6-51a2-4ca2-b0e2-83a5bae69ee4&fields=id&fields=name HTTP/1.1" status: 200 len: 286 time: 0.4017851
Mar 08 04:44:21.069751 dv-cinder-740146-13-iscsi neutron-server[110145]: DEBUG neutron.pecan_wsgi.hooks.policy_enforcement [req-1b223579-c146-4923-84f3-7e1e627b7232 req-8919934e-2d1d-4a5f-ab09-e8fdaf7e3974 tempest-ServerRescueNegativeTestJSON-1317680256 tempest-ServerRescueNegativeTestJSON-1317680256-project] Attributes excluded by policy engine: ['standard_attr_id', 'binding:profile', 'binding:host_id', 'binding:vif_type', 'binding:vif_details'] {{(pid=110145) _exclude_attributes_by_policy /opt/stack/neutron/neutron/pecan_wsgi/hooks/policy_enforcement.py:255}}
Mar 08 04:44:21.071719 dv-cinder-740146-13-iscsi neutron-server[110145]: INFO neutron.wsgi [req-1b223579-c146-4923-84f3-7e1e627b7232 req-8919934e-2d1d-4a5f-ab09-e8fdaf7e3974 tempest-ServerRescueNegativeTestJSON-1317680256 tempest-ServerRescueNegativeTestJSON-1317680256-project] 10.222.0.35 "GET /v2.0/ports?device_id=2de7d9f6-aafe-4651-9130-bbc9896c1ddb HTTP/1.1" status: 200 len: 945 time: 0.0649338
Mar 08 04:44:21.078404 dv-cinder-740146-13-iscsi neutron-server[110144]: DEBUG neutron.pecan_wsgi.hooks.policy_enforcement [req-850e18d7-ddd7-4c70-b584-a34130a0dfc6 req-cd11966e-c184-490e-9e7b-e1d1e3803c95 service neutron] Attributes excluded by policy engine: ['standard_attr_id'] {{(pid=110144) _exclude_attributes_by_policy /opt/stack/neutron/neutron/pecan_wsgi/hooks/policy_enforcement.py:255}}
Mar 08 04:44:21.080453 dv-cinder-740146-13-iscsi neutron-server[110144]: INFO neutron.wsgi [req-850e18d7-ddd7-4c70-b584-a34130a0dfc6 req-cd11966e-c184-490e-9e7b-e1d1e3803c95 service neutron] 10.222.0.18 "GET /v2.0/ports?device_id=ab1c1052-3b6e-4078-9dd7-f1d4f2c103de HTTP/1.1" status: 200 len: 1130 time: 0.4265096
Mar 08 04:44:21.082616 dv-cinder-740146-13-iscsi neutron-server[110144]: DEBUG neutron.pecan_wsgi.hooks.policy_enforcement [req-0bb2f9d5-7ced-44c5-b7fc-90f703577a7d req-241135ac-decb-4d6a-9028-4ee97146f974 service neutron] Attributes excluded by policy engine: ['standard_attr_id'] {{(pid=110144) _exclude_attributes_by_policy /opt/stack/neutron/neutron/pecan_wsgi/hooks/policy_enforcement.py:255}}
Mar 08 04:44:21.084605 dv-cinder-740146-13-iscsi neutron-server[110144]: INFO neutron.wsgi [req-0bb2f9d5-7ced-44c5-b7fc-90f703577a7d req-241135ac-decb-4d6a-9028-4ee97146f974 service neutron] 10.222.0.18 "GET /v2.0/ports?device_id=b05709e8-d922-4920-91df-fe5a7d97e5c6 HTTP/1.1" status: 200 len: 1130 time: 0.4177160
Mar 08 04:44:21.088068 dv-cinder-740146-13-iscsi neutron-server[110144]: DEBUG neutron.pecan_wsgi.hooks.policy_enforcement [req-83fdf6e2-6957-4fc2-ab83-67dcb5ffd28f req-35fbac0c-1fe1-4a38-9878-6c3b1dbf91a3 service neutron] Attributes excluded by policy engine: ['standard_attr_id'] {{(pid=110144) _exclude_attributes_by_policy /opt/stack/neutron/neutron/pecan_wsgi/hooks/policy_enforcement.py:255}}
Mar 08 04:44:21.089831 dv-cinder-740146-13-iscsi neutron-server[110144]: INFO neutron.wsgi [req-83fdf6e2-6957-4fc2-ab83-67dcb5ffd28f req-35fbac0c-1fe1-4a38-9878-6c3b1dbf91a3 service neutron] 10.222.0.18 "GET /v2.0/ports?device_id=6aeefc38-6e1e-4a20-958d-55aeeb908d35 HTTP/1.1" status: 200 len: 1130 time: 0.3652151
Mar 08 04:44:21.092620 dv-cinder-740146-13-iscsi neutron-server[110144]: DEBUG neutron.pecan_wsgi.hooks.policy_enforcement [req-dbf59039-c961-4f11-bcab-d8dc7b9af407 req-a8c0dc08-84e6-4488-a749-f24d366abb9c service neutron] Attributes excluded by policy engine: ['standard_attr_id'] {{(pid=110144) _exclude_attributes_by_policy /opt/stack/neutron/neutron/pecan_wsgi/hooks/policy_enforcement.py:255}}
Mar 08 04:44:21.094754 dv-cinder-740146-13-iscsi neutron-server[110144]: INFO neutron.wsgi [req-dbf59039-c961-4f11-bcab-d8dc7b9af407 req-a8c0dc08-84e6-4488-a749-f24d366abb9c service neutron] 10.222.0.18 "GET /v2.0/ports?device_id=993ba59e-509a-493a-a139-a1002441e07d HTTP/1.1" status: 200 len: 1130 time: 0.4138455
Mar 08 04:44:21.130818 dv-cinder-740146-13-iscsi neutron-server[110145]: INFO neutron.wsgi [req-1b223579-c146-4923-84f3-7e1e627b7232 req-e40dbc23-9332-45fb-964c-e6785ce56a49 tempest-ServerRescueNegativeTestJSON-1317680256 tempest-ServerRescueNegativeTestJSON-1317680256-project] 10.222.0.35 "GET /v2.0/security-groups?id=40f9c215-de70-4a10-b81e-80a59fdda24b&fields=id&fields=name HTTP/1.1" status: 200 len: 286 time: 0.0507414
Mar 08 04:44:21.371953 dv-cinder-740146-13-iscsi neutron-server[110144]: INFO neutron.wsgi [req-0bb2f9d5-7ced-44c5-b7fc-90f703577a7d req-932e9313-9a77-4fbf-b54c-5e1672696e5a service neutron] 10.222.0.18 "GET /v2.0/security-groups?id=40f9c215-de70-4a10-b81e-80a59fdda24b&fields=id&fields=name HTTP/1.1" status: 200 len: 286 time: 0.1321309
Mar 08 04:44:21.379857 dv-cinder-740146-13-iscsi neutron-server[110144]: INFO neutron.wsgi [req-850e18d7-ddd7-4c70-b584-a34130a0dfc6 req-f31fce02-2d2a-4cc0-aee1-5aa9407ed117 service neutron] 10.222.0.18 "GET /v2.0/security-groups?id=244e30f0-f3bc-4e76-bc70-094324fd2237&fields=id&fields=name HTTP/1.1" status: 200 len: 312 time: 0.1393600
Mar 08 04:44:21.386050 dv-cinder-740146-13-iscsi neutron-server[110144]: INFO neutron.wsgi [req-83fdf6e2-6957-4fc2-ab83-67dcb5ffd28f req-97a94ec8-cdef-4b66-a758-049220631f12 service neutron] 10.222.0.18 "GET /v2.0/security-groups?id=f0b9d6c9-c1f1-4af7-99cf-62b12d72211b&fields=id&fields=name HTTP/1.1" status: 200 len: 312 time: 0.1479287
Mar 08 04:44:21.389909 dv-cinder-740146-13-iscsi neutron-server[110144]: INFO neutron.wsgi [req-dbf59039-c961-4f11-bcab-d8dc7b9af407 req-af9ea322-6e99-463a-b004-699ba8124ed5 service neutron] 10.222.0.18 "GET /v2.0/security-groups?id=918cecf6-51a2-4ca2-b0e2-83a5bae69ee4&fields=id&fields=name HTTP/1.1" status: 200 len: 286 time: 0.1483958
Mar 08 04:44:21.588328 dv-cinder-740146-13-iscsi neutron-server[110144]: DEBUG neutron.pecan_wsgi.hooks.policy_enforcement [req-252cb12a-848f-467d-8008-dbaa2ebf60f1 req-7036980b-77d8-47ed-a3f6-11b698107fc2 tempest-AttachVolumeTestJSON-974555917 tempest-AttachVolumeTestJSON-974555917-project] Attributes excluded by policy engine: ['standard_attr_id', 'binding:profile', 'binding:host_id', 'binding:vif_type', 'binding:vif_details'] {{(pid=110144) _exclude_attributes_by_policy /opt/stack/neutron/neutron/pecan_wsgi/hooks/policy_enforcement.py:255}}
Mar 08 04:44:21.589842 dv-cinder-740146-13-iscsi neutron-server[110144]: INFO neutron.wsgi [req-252cb12a-848f-467d-8008-dbaa2ebf60f1 req-7036980b-77d8-47ed-a3f6-11b698107fc2 tempest-AttachVolumeTestJSON-974555917 tempest-AttachVolumeTestJSON-974555917-project] 10.222.0.35 "GET /v2.0/ports?device_id=b7edea90-2d80-460e-9e07-196b80f72e77 HTTP/1.1" status: 200 len: 945 time: 0.0552540
Mar 08 04:44:21.636756 dv-cinder-740146-13-iscsi neutron-server[110144]: INFO neutron.wsgi [req-252cb12a-848f-467d-8008-dbaa2ebf60f1 req-c86be393-1342-448f-941d-fe94e2bd0add tempest-AttachVolumeTestJSON-974555917 tempest-AttachVolumeTestJSON-974555917-project] 10.222.0.35 "GET /v2.0/security-groups?id=755507b1-b3bf-420c-8a60-51b9b7108477&fields=id&fields=name HTTP/1.1" status: 200 len: 312 time: 0.0405667
