Mar 22 19:54:45.598303 dv-cinder-739079-9-iscsi devstack@c-api.service[121726]: [pid: 121726|app: 0|req: 189/362] 10.222.0.49 () {60 vars in 1365 bytes} [Tue Mar 22 19:54:45 2022] GET /volume/v3/61d2e5590f714430aba111b15d74493a/volumes/b74afb0c-7752-4ece-a921-f95ca0112b72 => generated 1210 bytes in 62 msecs (HTTP/1.1 200) 7 headers in 287 bytes (1 switches on core 0)
Mar 22 19:54:45.733601 dv-cinder-739079-9-iscsi devstack@c-api.service[121727]: DEBUG cinder.api.middleware.request_id [None req-d62214d5-2b9d-45f0-a5c1-3240a71e7dd9 None None] RequestId filter calling following filter/app {{(pid=121727) _context_setter /opt/stack/cinder/cinder/api/middleware/request_id.py:62}}
Mar 22 19:54:45.737190 dv-cinder-739079-9-iscsi devstack@c-api.service[121727]: INFO cinder.api.openstack.wsgi [None req-d62214d5-2b9d-45f0-a5c1-3240a71e7dd9 tempest-DeleteServersTestJSON-625348539 tempest-DeleteServersTestJSON-625348539-project] GET http://10.222.0.49/volume/v3/17d755005b5c449193f2694d08939e92/volumes/d9f8059e-7602-49da-985f-2c916155deb1
Mar 22 19:54:45.737682 dv-cinder-739079-9-iscsi devstack@c-api.service[121727]: DEBUG cinder.api.openstack.wsgi [None req-d62214d5-2b9d-45f0-a5c1-3240a71e7dd9 tempest-DeleteServersTestJSON-625348539 tempest-DeleteServersTestJSON-625348539-project] Empty body provided in request {{(pid=121727) get_body /opt/stack/cinder/cinder/api/openstack/wsgi.py:715}}
Mar 22 19:54:45.738182 dv-cinder-739079-9-iscsi devstack@c-api.service[121727]: DEBUG cinder.api.openstack.wsgi [None req-d62214d5-2b9d-45f0-a5c1-3240a71e7dd9 tempest-DeleteServersTestJSON-625348539 tempest-DeleteServersTestJSON-625348539-project] Calling method 'show' {{(pid=121727) _process_stack /opt/stack/cinder/cinder/api/openstack/wsgi.py:868}}
Mar 22 19:54:45.753233 dv-cinder-739079-9-iscsi devstack@c-api.service[121727]: /usr/local/lib/python3.8/dist-packages/oslo_context/context.py:100: DeprecationWarning: Policy enforcement is depending on the value of is_admin. This key is deprecated. Please update your policy file to use the standard policy values.
Mar 22 19:54:45.753233 dv-cinder-739079-9-iscsi devstack@c-api.service[121727]: warnings.warn('Policy enforcement is depending on the value of '
Mar 22 19:54:45.763901 dv-cinder-739079-9-iscsi devstack@c-api.service[121727]: INFO cinder.volume.api [None req-d62214d5-2b9d-45f0-a5c1-3240a71e7dd9 tempest-DeleteServersTestJSON-625348539 tempest-DeleteServersTestJSON-625348539-project] Volume info retrieved successfully.
Mar 22 19:54:45.765209 dv-cinder-739079-9-iscsi devstack@c-api.service[121726]: DEBUG cinder.api.middleware.request_id [None req-d8fc3210-535b-4172-914b-1c4256a5ee73 None None] RequestId filter calling following filter/app {{(pid=121726) _context_setter /opt/stack/cinder/cinder/api/middleware/request_id.py:62}}
Mar 22 19:54:45.772054 dv-cinder-739079-9-iscsi devstack@c-api.service[121726]: INFO cinder.api.openstack.wsgi [None req-d8fc3210-535b-4172-914b-1c4256a5ee73 tempest-GroupsTest-1386197345 tempest-GroupsTest-1386197345-project] GET http://10.222.0.49/volume/v3/a7bd6ee0d8964a95920b5aa19e677d7a/groups/da31cd39-b91b-43d1-bd31-03c5674ea352
Mar 22 19:54:45.772793 dv-cinder-739079-9-iscsi devstack@c-api.service[121726]: DEBUG cinder.api.openstack.wsgi [None req-d8fc3210-535b-4172-914b-1c4256a5ee73 tempest-GroupsTest-1386197345 tempest-GroupsTest-1386197345-project] Empty body provided in request {{(pid=121726) get_body /opt/stack/cinder/cinder/api/openstack/wsgi.py:715}}
Mar 22 19:54:45.773541 dv-cinder-739079-9-iscsi devstack@c-api.service[121726]: DEBUG cinder.api.openstack.wsgi [None req-d8fc3210-535b-4172-914b-1c4256a5ee73 tempest-GroupsTest-1386197345 tempest-GroupsTest-1386197345-project] Calling method 'version_select' {{(pid=121726) _process_stack /opt/stack/cinder/cinder/api/openstack/wsgi.py:868}}
Mar 22 19:54:45.773878 dv-cinder-739079-9-iscsi devstack@c-api.service[121727]: INFO cinder.api.openstack.wsgi [None req-d62214d5-2b9d-45f0-a5c1-3240a71e7dd9 tempest-DeleteServersTestJSON-625348539 tempest-DeleteServersTestJSON-625348539-project] http://10.222.0.49/volume/v3/17d755005b5c449193f2694d08939e92/volumes/d9f8059e-7602-49da-985f-2c916155deb1 returned with HTTP 200
Mar 22 19:54:45.774154 dv-cinder-739079-9-iscsi devstack@c-api.service[121726]: DEBUG cinder.api.v3.groups [None req-d8fc3210-535b-4172-914b-1c4256a5ee73 tempest-GroupsTest-1386197345 tempest-GroupsTest-1386197345-project] show called for member da31cd39-b91b-43d1-bd31-03c5674ea352 {{(pid=121726) show /opt/stack/cinder/cinder/api/v3/groups.py:58}}
Mar 22 19:54:45.774949 dv-cinder-739079-9-iscsi devstack@c-api.service[121727]: [pid: 121727|app: 0|req: 174/363] 10.222.0.49 () {58 vars in 1324 bytes} [Tue Mar 22 19:54:45 2022] GET /volume/v3/17d755005b5c449193f2694d08939e92/volumes/d9f8059e-7602-49da-985f-2c916155deb1 => generated 913 bytes in 42 msecs (HTTP/1.1 200) 7 headers in 285 bytes (1 switches on core 0)
Mar 22 19:54:45.782805 dv-cinder-739079-9-iscsi devstack@c-api.service[121726]: /usr/local/lib/python3.8/dist-packages/oslo_context/context.py:100: DeprecationWarning: Policy enforcement is depending on the value of is_admin. This key is deprecated. Please update your policy file to use the standard policy values.
Mar 22 19:54:45.782805 dv-cinder-739079-9-iscsi devstack@c-api.service[121726]: warnings.warn('Policy enforcement is depending on the value of '
Mar 22 19:54:45.807931 dv-cinder-739079-9-iscsi devstack@c-api.service[121726]: INFO cinder.api.openstack.wsgi [None req-d8fc3210-535b-4172-914b-1c4256a5ee73 tempest-GroupsTest-1386197345 tempest-GroupsTest-1386197345-project] http://10.222.0.49/volume/v3/a7bd6ee0d8964a95920b5aa19e677d7a/groups/da31cd39-b91b-43d1-bd31-03c5674ea352 returned with HTTP 200
Mar 22 19:54:45.809225 dv-cinder-739079-9-iscsi devstack@c-api.service[121726]: [pid: 121726|app: 0|req: 190/364] 10.222.0.49 () {60 vars in 1362 bytes} [Tue Mar 22 19:54:45 2022] GET /volume/v3/a7bd6ee0d8964a95920b5aa19e677d7a/groups/da31cd39-b91b-43d1-bd31-03c5674ea352 => generated 324 bytes in 46 msecs (HTTP/1.1 200) 7 headers in 286 bytes (1 switches on core 0)
Mar 22 19:54:45.820834 dv-cinder-739079-9-iscsi devstack@c-api.service[121727]: DEBUG cinder.api.middleware.request_id [None req-bbca7f73-757b-445b-a399-7527e13a6946 None None] RequestId filter calling following filter/app {{(pid=121727) _context_setter /opt/stack/cinder/cinder/api/middleware/request_id.py:62}}
Mar 22 19:54:45.825386 dv-cinder-739079-9-iscsi devstack@c-api.service[121727]: INFO cinder.api.openstack.wsgi [None req-bbca7f73-757b-445b-a399-7527e13a6946 tempest-GroupsTest-1386197345 tempest-GroupsTest-1386197345-project] GET http://10.222.0.49/volume/v3/a7bd6ee0d8964a95920b5aa19e677d7a/volumes/detail
Mar 22 19:54:45.825884 dv-cinder-739079-9-iscsi devstack@c-api.service[121727]: DEBUG cinder.api.openstack.wsgi [None req-bbca7f73-757b-445b-a399-7527e13a6946 tempest-GroupsTest-1386197345 tempest-GroupsTest-1386197345-project] Empty body provided in request {{(pid=121727) get_body /opt/stack/cinder/cinder/api/openstack/wsgi.py:715}}
Mar 22 19:54:45.826456 dv-cinder-739079-9-iscsi devstack@c-api.service[121727]: DEBUG cinder.api.openstack.wsgi [None req-bbca7f73-757b-445b-a399-7527e13a6946 tempest-GroupsTest-1386197345 tempest-GroupsTest-1386197345-project] Calling method 'detail' {{(pid=121727) _process_stack /opt/stack/cinder/cinder/api/openstack/wsgi.py:868}}
Mar 22 19:54:45.827255 dv-cinder-739079-9-iscsi devstack@c-api.service[121727]: DEBUG cinder.api.api_utils [None req-bbca7f73-757b-445b-a399-7527e13a6946 tempest-GroupsTest-1386197345 tempest-GroupsTest-1386197345-project] Removing options '' from query. {{(pid=121727) remove_invalid_filter_options /opt/stack/cinder/cinder/api/api_utils.py:73}}
Mar 22 19:54:45.829401 dv-cinder-739079-9-iscsi devstack@c-api.service[121727]: DEBUG cinder.volume.api [None req-bbca7f73-757b-445b-a399-7527e13a6946 tempest-GroupsTest-1386197345 tempest-GroupsTest-1386197345-project] Searching by: MultiDict([('no_migration_targets', True)]). {{(pid=121727) get_all /opt/stack/cinder/cinder/volume/api.py:662}}
Mar 22 19:54:45.887602 dv-cinder-739079-9-iscsi devstack@c-api.service[121727]: INFO cinder.volume.api [None req-bbca7f73-757b-445b-a399-7527e13a6946 tempest-GroupsTest-1386197345 tempest-GroupsTest-1386197345-project] Get all volumes completed successfully.
Mar 22 19:54:45.889092 dv-cinder-739079-9-iscsi devstack@c-api.service[121727]: WARNING stevedore.named [None req-bbca7f73-757b-445b-a399-7527e13a6946 tempest-GroupsTest-1386197345 tempest-GroupsTest-1386197345-project] Could not load cinder.keymgr.conf_key_mgr.ConfKeyManager
Mar 22 19:54:45.889472 dv-cinder-739079-9-iscsi devstack@c-api.service[121727]: WARNING castellan.key_manager [None req-bbca7f73-757b-445b-a399-7527e13a6946 tempest-GroupsTest-1386197345 tempest-GroupsTest-1386197345-project] Deprecation Warning : cinder.keymgr.conf_key_mgr.ConfKeyManager is not a stevedore based driver, trying to load it as a class: stevedore.exception.NoMatches: No 'castellan.drivers' driver found, looking for 'cinder.keymgr.conf_key_mgr.ConfKeyManager'
Mar 22 19:54:45.898299 dv-cinder-739079-9-iscsi devstack@c-api.service[121727]: DEBUG oslo_db.sqlalchemy.engines [None req-bbca7f73-757b-445b-a399-7527e13a6946 tempest-GroupsTest-1386197345 tempest-GroupsTest-1386197345-project] MySQL server mode set to STRICT_TRANS_TABLES,STRICT_ALL_TABLES,NO_ZERO_IN_DATE,NO_ZERO_DATE,ERROR_FOR_DIVISION_BY_ZERO,TRADITIONAL,NO_ENGINE_SUBSTITUTION {{(pid=121727) _check_effective_sql_mode /usr/local/lib/python3.8/dist-packages/oslo_db/sqlalchemy/engines.py:314}}
Mar 22 19:54:45.905131 dv-cinder-739079-9-iscsi devstack@c-api.service[121727]: /usr/local/lib/python3.8/dist-packages/oslo_context/context.py:100: DeprecationWarning: Policy enforcement is depending on the value of is_admin. This key is deprecated. Please update your policy file to use the standard policy values.
Mar 22 19:54:45.905131 dv-cinder-739079-9-iscsi devstack@c-api.service[121727]: warnings.warn('Policy enforcement is depending on the value of '
Mar 22 19:54:45.912667 dv-cinder-739079-9-iscsi devstack@c-api.service[121727]: WARNING stevedore.named [None req-bbca7f73-757b-445b-a399-7527e13a6946 tempest-GroupsTest-1386197345 tempest-GroupsTest-1386197345-project] Could not load cinder.keymgr.conf_key_mgr.ConfKeyManager
Mar 22 19:54:45.913185 dv-cinder-739079-9-iscsi devstack@c-api.service[121727]: WARNING castellan.key_manager [None req-bbca7f73-757b-445b-a399-7527e13a6946 tempest-GroupsTest-1386197345 tempest-GroupsTest-1386197345-project] Deprecation Warning : cinder.keymgr.conf_key_mgr.ConfKeyManager is not a stevedore based driver, trying to load it as a class: stevedore.exception.NoMatches: No 'castellan.drivers' driver found, looking for 'cinder.keymgr.conf_key_mgr.ConfKeyManager'
Mar 22 19:54:45.923354 dv-cinder-739079-9-iscsi devstack@c-api.service[121727]: DEBUG oslo_db.sqlalchemy.engines [None req-bbca7f73-757b-445b-a399-7527e13a6946 tempest-GroupsTest-1386197345 tempest-GroupsTest-1386197345-project] MySQL server mode set to STRICT_TRANS_TABLES,STRICT_ALL_TABLES,NO_ZERO_IN_DATE,NO_ZERO_DATE,ERROR_FOR_DIVISION_BY_ZERO,TRADITIONAL,NO_ENGINE_SUBSTITUTION {{(pid=121727) _check_effective_sql_mode /usr/local/lib/python3.8/dist-packages/oslo_db/sqlalchemy/engines.py:314}}
Mar 22 19:54:45.935184 dv-cinder-739079-9-iscsi devstack@c-api.service[121727]: /usr/local/lib/python3.8/dist-packages/oslo_context/context.py:100: DeprecationWarning: Policy enforcement is depending on the value of is_admin. This key is deprecated. Please update your policy file to use the standard policy values.
Mar 22 19:54:45.935184 dv-cinder-739079-9-iscsi devstack@c-api.service[121727]: warnings.warn('Policy enforcement is depending on the value of '
Mar 22 19:54:45.959670 dv-cinder-739079-9-iscsi devstack@c-api.service[121727]: INFO cinder.api.openstack.wsgi [None req-bbca7f73-757b-445b-a399-7527e13a6946 tempest-GroupsTest-1386197345 tempest-GroupsTest-1386197345-project] http://10.222.0.49/volume/v3/a7bd6ee0d8964a95920b5aa19e677d7a/volumes/detail returned with HTTP 200
Mar 22 19:54:45.960897 dv-cinder-739079-9-iscsi devstack@c-api.service[121727]: [pid: 121727|app: 0|req: 175/365] 10.222.0.49 () {60 vars in 1275 bytes} [Tue Mar 22 19:54:45 2022] GET /volume/v3/a7bd6ee0d8964a95920b5aa19e677d7a/volumes/detail => generated 1961 bytes in 141 msecs (HTTP/1.1 200) 7 headers in 287 bytes (1 switches on core 0)
Mar 22 19:54:45.969865 dv-cinder-739079-9-iscsi devstack@c-api.service[121726]: DEBUG cinder.api.middleware.request_id [None req-d0815e95-2bfd-46bf-85ca-647be797f0f2 None None] RequestId filter calling following filter/app {{(pid=121726) _context_setter /opt/stack/cinder/cinder/api/middleware/request_id.py:62}}
Mar 22 19:54:45.975549 dv-cinder-739079-9-iscsi devstack@c-api.service[121727]: DEBUG cinder.api.middleware.request_id [None req-2aec3478-a8dc-45bc-bbd8-e3d37093c711 None None] RequestId filter calling following filter/app {{(pid=121727) _context_setter /opt/stack/cinder/cinder/api/middleware/request_id.py:62}}
Mar 22 19:54:45.976988 dv-cinder-739079-9-iscsi devstack@c-api.service[121726]: INFO cinder.api.openstack.wsgi [None req-d0815e95-2bfd-46bf-85ca-647be797f0f2 tempest-GroupSnapshotsTest-2088459170 tempest-GroupSnapshotsTest-2088459170-project] GET http://10.222.0.49/volume/v3/95235f7bc3c14d0ab8101f7e805e9921/group_snapshots/d6489c58-6862-4272-b445-b2ad85a697cc
Mar 22 19:54:45.977830 dv-cinder-739079-9-iscsi devstack@c-api.service[121726]: DEBUG cinder.api.openstack.wsgi [None req-d0815e95-2bfd-46bf-85ca-647be797f0f2 tempest-GroupSnapshotsTest-2088459170 tempest-GroupSnapshotsTest-2088459170-project] Empty body provided in request {{(pid=121726) get_body /opt/stack/cinder/cinder/api/openstack/wsgi.py:715}}
Mar 22 19:54:45.978608 dv-cinder-739079-9-iscsi devstack@c-api.service[121726]: DEBUG cinder.api.openstack.wsgi [None req-d0815e95-2bfd-46bf-85ca-647be797f0f2 tempest-GroupSnapshotsTest-2088459170 tempest-GroupSnapshotsTest-2088459170-project] Calling method 'version_select' {{(pid=121726) _process_stack /opt/stack/cinder/cinder/api/openstack/wsgi.py:868}}
Mar 22 19:54:45.979175 dv-cinder-739079-9-iscsi devstack@c-api.service[121726]: DEBUG cinder.api.v3.group_snapshots [None req-d0815e95-2bfd-46bf-85ca-647be797f0f2 tempest-GroupSnapshotsTest-2088459170 tempest-GroupSnapshotsTest-2088459170-project] show called for member d6489c58-6862-4272-b445-b2ad85a697cc {{(pid=121726) show /opt/stack/cinder/cinder/api/v3/group_snapshots.py:58}}
Mar 22 19:54:45.980278 dv-cinder-739079-9-iscsi devstack@c-api.service[121727]: INFO cinder.api.openstack.wsgi [None req-2aec3478-a8dc-45bc-bbd8-e3d37093c711 tempest-GroupsTest-1386197345 tempest-GroupsTest-1386197345-project] GET http://10.222.0.49/volume/v3/a7bd6ee0d8964a95920b5aa19e677d7a/volumes/detail
Mar 22 19:54:45.980796 dv-cinder-739079-9-iscsi devstack@c-api.service[121727]: DEBUG cinder.api.openstack.wsgi [None req-2aec3478-a8dc-45bc-bbd8-e3d37093c711 tempest-GroupsTest-1386197345 tempest-GroupsTest-1386197345-project] Empty body provided in request {{(pid=121727) get_body /opt/stack/cinder/cinder/api/openstack/wsgi.py:715}}
Mar 22 19:54:45.981256 dv-cinder-739079-9-iscsi devstack@c-api.service[121727]: DEBUG cinder.api.openstack.wsgi [None req-2aec3478-a8dc-45bc-bbd8-e3d37093c711 tempest-GroupsTest-1386197345 tempest-GroupsTest-1386197345-project] Calling method 'detail' {{(pid=121727) _process_stack /opt/stack/cinder/cinder/api/openstack/wsgi.py:868}}
Mar 22 19:54:45.981846 dv-cinder-739079-9-iscsi devstack@c-api.service[121727]: DEBUG cinder.api.api_utils [None req-2aec3478-a8dc-45bc-bbd8-e3d37093c711 tempest-GroupsTest-1386197345 tempest-GroupsTest-1386197345-project] Removing options '' from query. {{(pid=121727) remove_invalid_filter_options /opt/stack/cinder/cinder/api/api_utils.py:73}}
Mar 22 19:54:45.983772 dv-cinder-739079-9-iscsi devstack@c-api.service[121727]: DEBUG cinder.volume.api [None req-2aec3478-a8dc-45bc-bbd8-e3d37093c711 tempest-GroupsTest-1386197345 tempest-GroupsTest-1386197345-project] Searching by: MultiDict([('no_migration_targets', True)]). {{(pid=121727) get_all /opt/stack/cinder/cinder/volume/api.py:662}}
Mar 22 19:54:45.986578 dv-cinder-739079-9-iscsi devstack@c-api.service[121726]: /usr/local/lib/python3.8/dist-packages/oslo_context/context.py:100: DeprecationWarning: Policy enforcement is depending on the value of is_admin. This key is deprecated. Please update your policy file to use the standard policy values.
Mar 22 19:54:45.986578 dv-cinder-739079-9-iscsi devstack@c-api.service[121726]: warnings.warn('Policy enforcement is depending on the value of '
Mar 22 19:54:45.993195 dv-cinder-739079-9-iscsi devstack@c-api.service[121726]: INFO cinder.api.openstack.wsgi [None req-d0815e95-2bfd-46bf-85ca-647be797f0f2 tempest-GroupSnapshotsTest-2088459170 tempest-GroupSnapshotsTest-2088459170-project] http://10.222.0.49/volume/v3/95235f7bc3c14d0ab8101f7e805e9921/group_snapshots/d6489c58-6862-4272-b445-b2ad85a697cc returned with HTTP 200
Mar 22 19:54:45.994325 dv-cinder-739079-9-iscsi devstack@c-api.service[121726]: [pid: 121726|app: 0|req: 191/366] 10.222.0.49 () {60 vars in 1389 bytes} [Tue Mar 22 19:54:45 2022] GET /volume/v3/95235f7bc3c14d0ab8101f7e805e9921/group_snapshots/d6489c58-6862-4272-b445-b2ad85a697cc => generated 308 bytes in 26 msecs (HTTP/1.1 200) 7 headers in 286 bytes (2 switches on core 0)
Mar 22 19:54:46.002339 dv-cinder-739079-9-iscsi devstack@c-api.service[121726]: DEBUG cinder.api.middleware.request_id [None req-e7a7a32c-01c0-461c-8a95-e06bd2e52d76 None None] RequestId filter calling following filter/app {{(pid=121726) _context_setter /opt/stack/cinder/cinder/api/middleware/request_id.py:62}}
Mar 22 19:54:46.009302 dv-cinder-739079-9-iscsi devstack@c-api.service[121726]: INFO cinder.api.openstack.wsgi [None req-e7a7a32c-01c0-461c-8a95-e06bd2e52d76 tempest-GroupSnapshotsTest-2088459170 tempest-GroupSnapshotsTest-2088459170-project] GET http://10.222.0.49/volume/v3/95235f7bc3c14d0ab8101f7e805e9921/snapshots/detail
Mar 22 19:54:46.010125 dv-cinder-739079-9-iscsi devstack@c-api.service[121726]: DEBUG cinder.api.openstack.wsgi [None req-e7a7a32c-01c0-461c-8a95-e06bd2e52d76 tempest-GroupSnapshotsTest-2088459170 tempest-GroupSnapshotsTest-2088459170-project] Empty body provided in request {{(pid=121726) get_body /opt/stack/cinder/cinder/api/openstack/wsgi.py:715}}
Mar 22 19:54:46.010948 dv-cinder-739079-9-iscsi devstack@c-api.service[121726]: DEBUG cinder.api.openstack.wsgi [None req-e7a7a32c-01c0-461c-8a95-e06bd2e52d76 tempest-GroupSnapshotsTest-2088459170 tempest-GroupSnapshotsTest-2088459170-project] Calling method 'detail' {{(pid=121726) _process_stack /opt/stack/cinder/cinder/api/openstack/wsgi.py:868}}
Mar 22 19:54:46.011900 dv-cinder-739079-9-iscsi devstack@c-api.service[121726]: DEBUG cinder.api.api_utils [None req-e7a7a32c-01c0-461c-8a95-e06bd2e52d76 tempest-GroupSnapshotsTest-2088459170 tempest-GroupSnapshotsTest-2088459170-project] Removing options '' from query. {{(pid=121726) remove_invalid_filter_options /opt/stack/cinder/cinder/api/api_utils.py:73}}
Mar 22 19:54:46.015405 dv-cinder-739079-9-iscsi devstack@c-api.service[121726]: DEBUG cinder.db.sqlalchemy.api [None req-e7a7a32c-01c0-461c-8a95-e06bd2e52d76 tempest-GroupSnapshotsTest-2088459170 tempest-GroupSnapshotsTest-2088459170-project] Building query based on filter {{(pid=121726) _process_snaps_filters /opt/stack/cinder/cinder/db/sqlalchemy/api.py:3378}}
Mar 22 19:54:46.026432 dv-cinder-739079-9-iscsi devstack@c-api.service[121726]: INFO cinder.volume.api [None req-e7a7a32c-01c0-461c-8a95-e06bd2e52d76 tempest-GroupSnapshotsTest-2088459170 tempest-GroupSnapshotsTest-2088459170-project] Get all snapshots completed successfully.
Mar 22 19:54:46.028179 dv-cinder-739079-9-iscsi devstack@c-api.service[121726]: /usr/local/lib/python3.8/dist-packages/oslo_context/context.py:100: DeprecationWarning: Policy enforcement is depending on the value of is_admin. This key is deprecated. Please update your policy file to use the standard policy values.
Mar 22 19:54:46.028179 dv-cinder-739079-9-iscsi devstack@c-api.service[121726]: warnings.warn('Policy enforcement is depending on the value of '
Mar 22 19:54:46.030423 dv-cinder-739079-9-iscsi devstack@c-api.service[121726]: INFO cinder.api.openstack.wsgi [None req-e7a7a32c-01c0-461c-8a95-e06bd2e52d76 tempest-GroupSnapshotsTest-2088459170 tempest-GroupSnapshotsTest-2088459170-project] http://10.222.0.49/volume/v3/95235f7bc3c14d0ab8101f7e805e9921/snapshots/detail returned with HTTP 200
Mar 22 19:54:46.031879 dv-cinder-739079-9-iscsi devstack@c-api.service[121726]: [pid: 121726|app: 0|req: 192/367] 10.222.0.49 () {58 vars in 1240 bytes} [Tue Mar 22 19:54:45 2022] GET /volume/v3/95235f7bc3c14d0ab8101f7e805e9921/snapshots/detail => generated 454 bytes in 31 msecs (HTTP/1.1 200) 7 headers in 285 bytes (1 switches on core 0)
Mar 22 19:54:46.036870 dv-cinder-739079-9-iscsi devstack@c-api.service[121727]: INFO cinder.volume.api [None req-2aec3478-a8dc-45bc-bbd8-e3d37093c711 tempest-GroupsTest-1386197345 tempest-GroupsTest-1386197345-project] Get all volumes completed successfully.
Mar 22 19:54:46.038433 dv-cinder-739079-9-iscsi devstack@c-api.service[121727]: WARNING stevedore.named [None req-2aec3478-a8dc-45bc-bbd8-e3d37093c711 tempest-GroupsTest-1386197345 tempest-GroupsTest-1386197345-project] Could not load cinder.keymgr.conf_key_mgr.ConfKeyManager
Mar 22 19:54:46.038791 dv-cinder-739079-9-iscsi devstack@c-api.service[121727]: WARNING castellan.key_manager [None req-2aec3478-a8dc-45bc-bbd8-e3d37093c711 tempest-GroupsTest-1386197345 tempest-GroupsTest-1386197345-project] Deprecation Warning : cinder.keymgr.conf_key_mgr.ConfKeyManager is not a stevedore based driver, trying to load it as a class: stevedore.exception.NoMatches: No 'castellan.drivers' driver found, looking for 'cinder.keymgr.conf_key_mgr.ConfKeyManager'
Mar 22 19:54:46.044005 dv-cinder-739079-9-iscsi devstack@c-api.service[121726]: DEBUG cinder.api.middleware.request_id [None req-afcd816f-0a9f-4386-a7b7-551a3ee3d944 None None] RequestId filter calling following filter/app {{(pid=121726) _context_setter /opt/stack/cinder/cinder/api/middleware/request_id.py:62}}
Mar 22 19:54:46.045256 dv-cinder-739079-9-iscsi devstack@c-api.service[121726]: INFO cinder.api.openstack.wsgi [None req-afcd816f-0a9f-4386-a7b7-551a3ee3d944 tempest-GroupSnapshotsTest-2088459170 tempest-GroupSnapshotsTest-2088459170-project] GET http://10.222.0.49/volume/v3/95235f7bc3c14d0ab8101f7e805e9921/snapshots/97318342-fcab-46be-aeba-f2bad34a5dd8
Mar 22 19:54:46.045847 dv-cinder-739079-9-iscsi devstack@c-api.service[121726]: DEBUG cinder.api.openstack.wsgi [None req-afcd816f-0a9f-4386-a7b7-551a3ee3d944 tempest-GroupSnapshotsTest-2088459170 tempest-GroupSnapshotsTest-2088459170-project] Empty body provided in request {{(pid=121726) get_body /opt/stack/cinder/cinder/api/openstack/wsgi.py:715}}
Mar 22 19:54:46.046409 dv-cinder-739079-9-iscsi devstack@c-api.service[121726]: DEBUG cinder.api.openstack.wsgi [None req-afcd816f-0a9f-4386-a7b7-551a3ee3d944 tempest-GroupSnapshotsTest-2088459170 tempest-GroupSnapshotsTest-2088459170-project] Calling method 'show' {{(pid=121726) _process_stack /opt/stack/cinder/cinder/api/openstack/wsgi.py:868}}
Mar 22 19:54:46.053105 dv-cinder-739079-9-iscsi devstack@c-api.service[121727]: DEBUG oslo_db.sqlalchemy.engines [None req-2aec3478-a8dc-45bc-bbd8-e3d37093c711 tempest-GroupsTest-1386197345 tempest-GroupsTest-1386197345-project] MySQL server mode set to STRICT_TRANS_TABLES,STRICT_ALL_TABLES,NO_ZERO_IN_DATE,NO_ZERO_DATE,ERROR_FOR_DIVISION_BY_ZERO,TRADITIONAL,NO_ENGINE_SUBSTITUTION {{(pid=121727) _check_effective_sql_mode /usr/local/lib/python3.8/dist-packages/oslo_db/sqlalchemy/engines.py:314}}
Mar 22 19:54:46.057740 dv-cinder-739079-9-iscsi devstack@c-api.service[121726]: /usr/local/lib/python3.8/dist-packages/oslo_context/context.py:100: DeprecationWarning: Policy enforcement is depending on the value of is_admin. This key is deprecated. Please update your policy file to use the standard policy values.
Mar 22 19:54:46.057740 dv-cinder-739079-9-iscsi devstack@c-api.service[121726]: warnings.warn('Policy enforcement is depending on the value of '
Mar 22 19:54:46.058851 dv-cinder-739079-9-iscsi devstack@c-api.service[121726]: INFO cinder.volume.api [None req-afcd816f-0a9f-4386-a7b7-551a3ee3d944 tempest-GroupSnapshotsTest-2088459170 tempest-GroupSnapshotsTest-2088459170-project] Snapshot retrieved successfully.
Mar 22 19:54:46.060616 dv-cinder-739079-9-iscsi devstack@c-api.service[121727]: /usr/local/lib/python3.8/dist-packages/oslo_context/context.py:100: DeprecationWarning: Policy enforcement is depending on the value of is_admin. This key is deprecated. Please update your policy file to use the standard policy values.
Mar 22 19:54:46.060616 dv-cinder-739079-9-iscsi devstack@c-api.service[121727]: warnings.warn('Policy enforcement is depending on the value of '
Mar 22 19:54:46.060956 dv-cinder-739079-9-iscsi devstack@c-api.service[121726]: INFO cinder.api.openstack.wsgi [None req-afcd816f-0a9f-4386-a7b7-551a3ee3d944 tempest-GroupSnapshotsTest-2088459170 tempest-GroupSnapshotsTest-2088459170-project] http://10.222.0.49/volume/v3/95235f7bc3c14d0ab8101f7e805e9921/snapshots/97318342-fcab-46be-aeba-f2bad34a5dd8 returned with HTTP 200
Mar 22 19:54:46.067783 dv-cinder-739079-9-iscsi devstack@c-api.service[121726]: [pid: 121726|app: 0|req: 193/368] 10.222.0.49 () {58 vars in 1330 bytes} [Tue Mar 22 19:54:46 2022] GET /volume/v3/95235f7bc3c14d0ab8101f7e805e9921/snapshots/97318342-fcab-46be-aeba-f2bad34a5dd8 => generated 451 bytes in 29 msecs (HTTP/1.1 200) 7 headers in 285 bytes (1 switches on core 0)
Mar 22 19:54:46.069055 dv-cinder-739079-9-iscsi devstack@c-api.service[121726]: DEBUG cinder.api.middleware.request_id [None req-ff30b52a-0121-49e9-b3d1-25ffbe93d8bd None None] RequestId filter calling following filter/app {{(pid=121726) _context_setter /opt/stack/cinder/cinder/api/middleware/request_id.py:62}}
Mar 22 19:54:46.070313 dv-cinder-739079-9-iscsi devstack@c-api.service[121727]: WARNING stevedore.named [None req-2aec3478-a8dc-45bc-bbd8-e3d37093c711 tempest-GroupsTest-1386197345 tempest-GroupsTest-1386197345-project] Could not load cinder.keymgr.conf_key_mgr.ConfKeyManager
Mar 22 19:54:46.070516 dv-cinder-739079-9-iscsi devstack@c-api.service[121727]: WARNING castellan.key_manager [None req-2aec3478-a8dc-45bc-bbd8-e3d37093c711 tempest-GroupsTest-1386197345 tempest-GroupsTest-1386197345-project] Deprecation Warning : cinder.keymgr.conf_key_mgr.ConfKeyManager is not a stevedore based driver, trying to load it as a class: stevedore.exception.NoMatches: No 'castellan.drivers' driver found, looking for 'cinder.keymgr.conf_key_mgr.ConfKeyManager'
Mar 22 19:54:46.073862 dv-cinder-739079-9-iscsi devstack@c-api.service[121726]: INFO cinder.api.openstack.wsgi [None req-ff30b52a-0121-49e9-b3d1-25ffbe93d8bd tempest-GroupSnapshotsTest-2088459170 tempest-GroupSnapshotsTest-2088459170-project] GET http://10.222.0.49/volume/v3/95235f7bc3c14d0ab8101f7e805e9921/group_snapshots/d6489c58-6862-4272-b445-b2ad85a697cc
Mar 22 19:54:46.074395 dv-cinder-739079-9-iscsi devstack@c-api.service[121726]: DEBUG cinder.api.openstack.wsgi [None req-ff30b52a-0121-49e9-b3d1-25ffbe93d8bd tempest-GroupSnapshotsTest-2088459170 tempest-GroupSnapshotsTest-2088459170-project] Empty body provided in request {{(pid=121726) get_body /opt/stack/cinder/cinder/api/openstack/wsgi.py:715}}
Mar 22 19:54:46.074868 dv-cinder-739079-9-iscsi devstack@c-api.service[121726]: DEBUG cinder.api.openstack.wsgi [None req-ff30b52a-0121-49e9-b3d1-25ffbe93d8bd tempest-GroupSnapshotsTest-2088459170 tempest-GroupSnapshotsTest-2088459170-project] Calling method 'version_select' {{(pid=121726) _process_stack /opt/stack/cinder/cinder/api/openstack/wsgi.py:868}}
Mar 22 19:54:46.075213 dv-cinder-739079-9-iscsi devstack@c-api.service[121726]: DEBUG cinder.api.v3.group_snapshots [None req-ff30b52a-0121-49e9-b3d1-25ffbe93d8bd tempest-GroupSnapshotsTest-2088459170 tempest-GroupSnapshotsTest-2088459170-project] show called for member d6489c58-6862-4272-b445-b2ad85a697cc {{(pid=121726) show /opt/stack/cinder/cinder/api/v3/group_snapshots.py:58}}
Mar 22 19:54:46.079711 dv-cinder-739079-9-iscsi devstack@c-api.service[121727]: DEBUG oslo_db.sqlalchemy.engines [None req-2aec3478-a8dc-45bc-bbd8-e3d37093c711 tempest-GroupsTest-1386197345 tempest-GroupsTest-1386197345-project] MySQL server mode set to STRICT_TRANS_TABLES,STRICT_ALL_TABLES,NO_ZERO_IN_DATE,NO_ZERO_DATE,ERROR_FOR_DIVISION_BY_ZERO,TRADITIONAL,NO_ENGINE_SUBSTITUTION {{(pid=121727) _check_effective_sql_mode /usr/local/lib/python3.8/dist-packages/oslo_db/sqlalchemy/engines.py:314}}
Mar 22 19:54:46.080720 dv-cinder-739079-9-iscsi devstack@c-api.service[121726]: /usr/local/lib/python3.8/dist-packages/oslo_context/context.py:100: DeprecationWarning: Policy enforcement is depending on the value of is_admin. This key is deprecated. Please update your policy file to use the standard policy values.
Mar 22 19:54:46.080720 dv-cinder-739079-9-iscsi devstack@c-api.service[121726]: warnings.warn('Policy enforcement is depending on the value of '
Mar 22 19:54:46.089514 dv-cinder-739079-9-iscsi devstack@c-api.service[121726]: INFO cinder.api.openstack.wsgi [None req-ff30b52a-0121-49e9-b3d1-25ffbe93d8bd tempest-GroupSnapshotsTest-2088459170 tempest-GroupSnapshotsTest-2088459170-project] http://10.222.0.49/volume/v3/95235f7bc3c14d0ab8101f7e805e9921/group_snapshots/d6489c58-6862-4272-b445-b2ad85a697cc returned with HTTP 200
Mar 22 19:54:46.090481 dv-cinder-739079-9-iscsi devstack@c-api.service[121726]: [pid: 121726|app: 0|req: 194/369] 10.222.0.49 () {60 vars in 1389 bytes} [Tue Mar 22 19:54:46 2022] GET /volume/v3/95235f7bc3c14d0ab8101f7e805e9921/group_snapshots/d6489c58-6862-4272-b445-b2ad85a697cc => generated 308 bytes in 22 msecs (HTTP/1.1 200) 7 headers in 286 bytes (1 switches on core 0)
Mar 22 19:54:46.095419 dv-cinder-739079-9-iscsi devstack@c-api.service[121727]: /usr/local/lib/python3.8/dist-packages/oslo_context/context.py:100: DeprecationWarning: Policy enforcement is depending on the value of is_admin. This key is deprecated. Please update your policy file to use the standard policy values.
Mar 22 19:54:46.095419 dv-cinder-739079-9-iscsi devstack@c-api.service[121727]: warnings.warn('Policy enforcement is depending on the value of '
Mar 22 19:54:46.098020 dv-cinder-739079-9-iscsi devstack@c-api.service[121726]: DEBUG cinder.api.middleware.request_id [None req-8568b0fb-b623-426e-8baf-31c11550075f None None] RequestId filter calling following filter/app {{(pid=121726) _context_setter /opt/stack/cinder/cinder/api/middleware/request_id.py:62}}
Mar 22 19:54:46.103379 dv-cinder-739079-9-iscsi devstack@c-api.service[121726]: INFO cinder.api.openstack.wsgi [None req-8568b0fb-b623-426e-8baf-31c11550075f tempest-GroupSnapshotsTest-2088459170 tempest-GroupSnapshotsTest-2088459170-project] GET http://10.222.0.49/volume/v3/95235f7bc3c14d0ab8101f7e805e9921/group_snapshots/detail
Mar 22 19:54:46.104717 dv-cinder-739079-9-iscsi devstack@c-api.service[121726]: DEBUG cinder.api.openstack.wsgi [None req-8568b0fb-b623-426e-8baf-31c11550075f tempest-GroupSnapshotsTest-2088459170 tempest-GroupSnapshotsTest-2088459170-project] Empty body provided in request {{(pid=121726) get_body /opt/stack/cinder/cinder/api/openstack/wsgi.py:715}}
Mar 22 19:54:46.105439 dv-cinder-739079-9-iscsi devstack@c-api.service[121726]: DEBUG cinder.api.openstack.wsgi [None req-8568b0fb-b623-426e-8baf-31c11550075f tempest-GroupSnapshotsTest-2088459170 tempest-GroupSnapshotsTest-2088459170-project] Calling method 'version_select' {{(pid=121726) _process_stack /opt/stack/cinder/cinder/api/openstack/wsgi.py:868}}
Mar 22 19:54:46.119103 dv-cinder-739079-9-iscsi devstack@c-api.service[121727]: INFO cinder.api.openstack.wsgi [None req-2aec3478-a8dc-45bc-bbd8-e3d37093c711 tempest-GroupsTest-1386197345 tempest-GroupsTest-1386197345-project] http://10.222.0.49/volume/v3/a7bd6ee0d8964a95920b5aa19e677d7a/volumes/detail returned with HTTP 200
Mar 22 19:54:46.121391 dv-cinder-739079-9-iscsi devstack@c-api.service[121727]: [pid: 121727|app: 0|req: 176/370] 10.222.0.49 () {60 vars in 1275 bytes} [Tue Mar 22 19:54:45 2022] GET /volume/v3/a7bd6ee0d8964a95920b5aa19e677d7a/volumes/detail => generated 1961 bytes in 147 msecs (HTTP/1.1 200) 7 headers in 287 bytes (1 switches on core 0)
Mar 22 19:54:46.126677 dv-cinder-739079-9-iscsi devstack@c-api.service[121726]: INFO cinder.api.openstack.wsgi [None req-8568b0fb-b623-426e-8baf-31c11550075f tempest-GroupSnapshotsTest-2088459170 tempest-GroupSnapshotsTest-2088459170-project] http://10.222.0.49/volume/v3/95235f7bc3c14d0ab8101f7e805e9921/group_snapshots/detail returned with HTTP 200
Mar 22 19:54:46.133541 dv-cinder-739079-9-iscsi devstack@c-api.service[121726]: [pid: 121726|app: 0|req: 195/371] 10.222.0.49 () {60 vars in 1299 bytes} [Tue Mar 22 19:54:46 2022] GET /volume/v3/95235f7bc3c14d0ab8101f7e805e9921/group_snapshots/detail => generated 311 bytes in 37 msecs (HTTP/1.1 200) 7 headers in 286 bytes (1 switches on core 0)
Mar 22 19:54:46.134852 dv-cinder-739079-9-iscsi devstack@c-api.service[121727]: DEBUG cinder.api.middleware.request_id [None req-b9499c4d-a6d0-41aa-960d-3eca908a1271 None None] RequestId filter calling following filter/app {{(pid=121727) _context_setter /opt/stack/cinder/cinder/api/middleware/request_id.py:62}}
Mar 22 19:54:46.140390 dv-cinder-739079-9-iscsi devstack@c-api.service[121727]: INFO cinder.api.openstack.wsgi [None req-b9499c4d-a6d0-41aa-960d-3eca908a1271 tempest-GroupSnapshotsTest-2088459170 tempest-GroupSnapshotsTest-2088459170-project] DELETE http://10.222.0.49/volume/v3/95235f7bc3c14d0ab8101f7e805e9921/group_snapshots/d6489c58-6862-4272-b445-b2ad85a697cc
Mar 22 19:54:46.141175 dv-cinder-739079-9-iscsi devstack@c-api.service[121727]: DEBUG cinder.api.openstack.wsgi [None req-b9499c4d-a6d0-41aa-960d-3eca908a1271 tempest-GroupSnapshotsTest-2088459170 tempest-GroupSnapshotsTest-2088459170-project] Empty body provided in request {{(pid=121727) get_body /opt/stack/cinder/cinder/api/openstack/wsgi.py:715}}
Mar 22 19:54:46.141822 dv-cinder-739079-9-iscsi devstack@c-api.service[121727]: DEBUG cinder.api.openstack.wsgi [None req-b9499c4d-a6d0-41aa-960d-3eca908a1271 tempest-GroupSnapshotsTest-2088459170 tempest-GroupSnapshotsTest-2088459170-project] Calling method 'version_select' {{(pid=121727) _process_stack /opt/stack/cinder/cinder/api/openstack/wsgi.py:868}}
Mar 22 19:54:46.142440 dv-cinder-739079-9-iscsi devstack@c-api.service[121727]: DEBUG cinder.api.v3.group_snapshots [None req-b9499c4d-a6d0-41aa-960d-3eca908a1271 tempest-GroupSnapshotsTest-2088459170 tempest-GroupSnapshotsTest-2088459170-project] delete called for member d6489c58-6862-4272-b445-b2ad85a697cc {{(pid=121727) delete /opt/stack/cinder/cinder/api/v3/group_snapshots.py:72}}
Mar 22 19:54:46.142886 dv-cinder-739079-9-iscsi devstack@c-api.service[121727]: INFO cinder.api.v3.group_snapshots [None req-b9499c4d-a6d0-41aa-960d-3eca908a1271 tempest-GroupSnapshotsTest-2088459170 tempest-GroupSnapshotsTest-2088459170-project] Delete group_snapshot with id: d6489c58-6862-4272-b445-b2ad85a697cc
Mar 22 19:54:46.145747 dv-cinder-739079-9-iscsi devstack@c-api.service[121726]: DEBUG cinder.api.middleware.request_id [None req-28e42c0f-ab8b-41c8-8a2a-72ff7fc561ec None None] RequestId filter calling following filter/app {{(pid=121726) _context_setter /opt/stack/cinder/cinder/api/middleware/request_id.py:62}}
Mar 22 19:54:46.150227 dv-cinder-739079-9-iscsi devstack@c-api.service[121726]: INFO cinder.api.openstack.wsgi [None req-28e42c0f-ab8b-41c8-8a2a-72ff7fc561ec tempest-GroupsTest-1386197345 tempest-GroupsTest-1386197345-project] POST http://10.222.0.49/volume/v3/a7bd6ee0d8964a95920b5aa19e677d7a/groups/da31cd39-b91b-43d1-bd31-03c5674ea352/action
Mar 22 19:54:46.150881 dv-cinder-739079-9-iscsi devstack@c-api.service[121727]: /usr/local/lib/python3.8/dist-packages/oslo_context/context.py:100: DeprecationWarning: Policy enforcement is depending on the value of is_admin. This key is deprecated. Please update your policy file to use the standard policy values.
Mar 22 19:54:46.150881 dv-cinder-739079-9-iscsi devstack@c-api.service[121727]: warnings.warn('Policy enforcement is depending on the value of '
Mar 22 19:54:46.151896 dv-cinder-739079-9-iscsi devstack@c-api.service[121726]: DEBUG cinder.api.openstack.wsgi [None req-28e42c0f-ab8b-41c8-8a2a-72ff7fc561ec tempest-GroupsTest-1386197345 tempest-GroupsTest-1386197345-project] Action body: b'{"delete": {"delete-volumes": true}}' {{(pid=121726) get_method /opt/stack/cinder/cinder/api/openstack/wsgi.py:983}}
Mar 22 19:54:46.152387 dv-cinder-739079-9-iscsi devstack@c-api.service[121726]: DEBUG cinder.api.openstack.wsgi [None req-28e42c0f-ab8b-41c8-8a2a-72ff7fc561ec tempest-GroupsTest-1386197345 tempest-GroupsTest-1386197345-project] Action: 'action', calling method: delete_group, body: {"delete": {"delete-volumes": true}} {{(pid=121726) _process_stack /opt/stack/cinder/cinder/api/openstack/wsgi.py:866}}
Mar 22 19:54:46.153264 dv-cinder-739079-9-iscsi devstack@c-api.service[121726]: DEBUG cinder.api.v3.groups [None req-28e42c0f-ab8b-41c8-8a2a-72ff7fc561ec tempest-GroupsTest-1386197345 tempest-GroupsTest-1386197345-project] delete called for group da31cd39-b91b-43d1-bd31-03c5674ea352 {{(pid=121726) _delete /opt/stack/cinder/cinder/api/v3/groups.py:117}}
Mar 22 19:54:46.153539 dv-cinder-739079-9-iscsi devstack@c-api.service[121726]: INFO cinder.api.v3.groups [None req-28e42c0f-ab8b-41c8-8a2a-72ff7fc561ec tempest-GroupsTest-1386197345 tempest-GroupsTest-1386197345-project] Delete group with id: da31cd39-b91b-43d1-bd31-03c5674ea352
Mar 22 19:54:46.161760 dv-cinder-739079-9-iscsi devstack@c-api.service[121726]: /usr/local/lib/python3.8/dist-packages/oslo_context/context.py:100: DeprecationWarning: Policy enforcement is depending on the value of is_admin. This key is deprecated. Please update your policy file to use the standard policy values.
Mar 22 19:54:46.161760 dv-cinder-739079-9-iscsi devstack@c-api.service[121726]: warnings.warn('Policy enforcement is depending on the value of '
Mar 22 19:54:46.261357 dv-cinder-739079-9-iscsi devstack@c-api.service[121727]: INFO cinder.api.openstack.wsgi [None req-b9499c4d-a6d0-41aa-960d-3eca908a1271 tempest-GroupSnapshotsTest-2088459170 tempest-GroupSnapshotsTest-2088459170-project] http://10.222.0.49/volume/v3/95235f7bc3c14d0ab8101f7e805e9921/group_snapshots/d6489c58-6862-4272-b445-b2ad85a697cc returned with HTTP 202
Mar 22 19:54:46.263103 dv-cinder-739079-9-iscsi devstack@c-api.service[121727]: [pid: 121727|app: 0|req: 177/372] 10.222.0.49 () {60 vars in 1392 bytes} [Tue Mar 22 19:54:46 2022] DELETE /volume/v3/95235f7bc3c14d0ab8101f7e805e9921/group_snapshots/d6489c58-6862-4272-b445-b2ad85a697cc => generated 0 bytes in 130 msecs (HTTP/1.1 202) 6 headers in 234 bytes (2 switches on core 0)
Mar 22 19:54:46.269924 dv-cinder-739079-9-iscsi devstack@c-api.service[121727]: DEBUG cinder.api.middleware.request_id [None req-d187232b-6ba5-4d87-9cc6-cc78a417fc48 None None] RequestId filter calling following filter/app {{(pid=121727) _context_setter /opt/stack/cinder/cinder/api/middleware/request_id.py:62}}
Mar 22 19:54:46.276372 dv-cinder-739079-9-iscsi devstack@c-api.service[121727]: INFO cinder.api.openstack.wsgi [None req-d187232b-6ba5-4d87-9cc6-cc78a417fc48 tempest-GroupSnapshotsTest-2088459170 tempest-GroupSnapshotsTest-2088459170-project] GET http://10.222.0.49/volume/v3/95235f7bc3c14d0ab8101f7e805e9921/volumes/detail
Mar 22 19:54:46.278992 dv-cinder-739079-9-iscsi devstack@c-api.service[121727]: DEBUG cinder.api.openstack.wsgi [None req-d187232b-6ba5-4d87-9cc6-cc78a417fc48 tempest-GroupSnapshotsTest-2088459170 tempest-GroupSnapshotsTest-2088459170-project] Empty body provided in request {{(pid=121727) get_body /opt/stack/cinder/cinder/api/openstack/wsgi.py:715}}
Mar 22 19:54:46.282306 dv-cinder-739079-9-iscsi devstack@c-api.service[121727]: DEBUG cinder.api.openstack.wsgi [None req-d187232b-6ba5-4d87-9cc6-cc78a417fc48 tempest-GroupSnapshotsTest-2088459170 tempest-GroupSnapshotsTest-2088459170-project] Calling method 'detail' {{(pid=121727) _process_stack /opt/stack/cinder/cinder/api/openstack/wsgi.py:868}}
Mar 22 19:54:46.285690 dv-cinder-739079-9-iscsi devstack@c-api.service[121727]: DEBUG cinder.api.api_utils [None req-d187232b-6ba5-4d87-9cc6-cc78a417fc48 tempest-GroupSnapshotsTest-2088459170 tempest-GroupSnapshotsTest-2088459170-project] Removing options '' from query. {{(pid=121727) remove_invalid_filter_options /opt/stack/cinder/cinder/api/api_utils.py:73}}
Mar 22 19:54:46.288383 dv-cinder-739079-9-iscsi devstack@c-api.service[121727]: /usr/local/lib/python3.8/dist-packages/oslo_context/context.py:100: DeprecationWarning: Policy enforcement is depending on the value of is_admin. This key is deprecated. Please update your policy file to use the standard policy values.
Mar 22 19:54:46.288383 dv-cinder-739079-9-iscsi devstack@c-api.service[121727]: warnings.warn('Policy enforcement is depending on the value of '
Mar 22 19:54:46.290618 dv-cinder-739079-9-iscsi devstack@c-api.service[121727]: DEBUG cinder.volume.api [None req-d187232b-6ba5-4d87-9cc6-cc78a417fc48 tempest-GroupSnapshotsTest-2088459170 tempest-GroupSnapshotsTest-2088459170-project] Searching by: MultiDict([('no_migration_targets', True)]). {{(pid=121727) get_all /opt/stack/cinder/cinder/volume/api.py:662}}
Mar 22 19:54:46.304148 dv-cinder-739079-9-iscsi devstack@c-api.service[121726]: INFO cinder.api.openstack.wsgi [None req-28e42c0f-ab8b-41c8-8a2a-72ff7fc561ec tempest-GroupsTest-1386197345 tempest-GroupsTest-1386197345-project] http://10.222.0.49/volume/v3/a7bd6ee0d8964a95920b5aa19e677d7a/groups/da31cd39-b91b-43d1-bd31-03c5674ea352/action returned with HTTP 202
Mar 22 19:54:46.309191 dv-cinder-739079-9-iscsi devstack@c-api.service[121726]: [pid: 121726|app: 0|req: 196/373] 10.222.0.49 () {62 vars in 1404 bytes} [Tue Mar 22 19:54:46 2022] POST /volume/v3/a7bd6ee0d8964a95920b5aa19e677d7a/groups/da31cd39-b91b-43d1-bd31-03c5674ea352/action => generated 0 bytes in 161 msecs (HTTP/1.1 202) 6 headers in 234 bytes (2 switches on core 0)
Mar 22 19:54:46.313475 dv-cinder-739079-9-iscsi devstack@c-api.service[121726]: DEBUG cinder.api.middleware.request_id [None req-f72b1b92-89c5-4d9c-a71a-31c9a1f61d5f None None] RequestId filter calling following filter/app {{(pid=121726) _context_setter /opt/stack/cinder/cinder/api/middleware/request_id.py:62}}
Mar 22 19:54:46.323225 dv-cinder-739079-9-iscsi devstack@c-api.service[121726]: INFO cinder.api.openstack.wsgi [None req-f72b1b92-89c5-4d9c-a71a-31c9a1f61d5f tempest-GroupsTest-1386197345 tempest-GroupsTest-1386197345-project] GET http://10.222.0.49/volume/v3/a7bd6ee0d8964a95920b5aa19e677d7a/volumes/d93d290a-bc60-4d80-9d71-ee67ec2ace60
Mar 22 19:54:46.324285 dv-cinder-739079-9-iscsi devstack@c-api.service[121726]: DEBUG cinder.api.openstack.wsgi [None req-f72b1b92-89c5-4d9c-a71a-31c9a1f61d5f tempest-GroupsTest-1386197345 tempest-GroupsTest-1386197345-project] Empty body provided in request {{(pid=121726) get_body /opt/stack/cinder/cinder/api/openstack/wsgi.py:715}}
Mar 22 19:54:46.325257 dv-cinder-739079-9-iscsi devstack@c-api.service[121726]: DEBUG cinder.api.openstack.wsgi [None req-f72b1b92-89c5-4d9c-a71a-31c9a1f61d5f tempest-GroupsTest-1386197345 tempest-GroupsTest-1386197345-project] Calling method 'show' {{(pid=121726) _process_stack /opt/stack/cinder/cinder/api/openstack/wsgi.py:868}}
Mar 22 19:54:46.359423 dv-cinder-739079-9-iscsi devstack@c-api.service[121726]: /usr/local/lib/python3.8/dist-packages/oslo_context/context.py:100: DeprecationWarning: Policy enforcement is depending on the value of is_admin. This key is deprecated. Please update your policy file to use the standard policy values.
Mar 22 19:54:46.359423 dv-cinder-739079-9-iscsi devstack@c-api.service[121726]: warnings.warn('Policy enforcement is depending on the value of '
Mar 22 19:54:46.364339 dv-cinder-739079-9-iscsi devstack@c-api.service[121727]: INFO cinder.volume.api [None req-d187232b-6ba5-4d87-9cc6-cc78a417fc48 tempest-GroupSnapshotsTest-2088459170 tempest-GroupSnapshotsTest-2088459170-project] Get all volumes completed successfully.
Mar 22 19:54:46.367655 dv-cinder-739079-9-iscsi devstack@c-api.service[121727]: WARNING stevedore.named [None req-d187232b-6ba5-4d87-9cc6-cc78a417fc48 tempest-GroupSnapshotsTest-2088459170 tempest-GroupSnapshotsTest-2088459170-project] Could not load cinder.keymgr.conf_key_mgr.ConfKeyManager
Mar 22 19:54:46.368531 dv-cinder-739079-9-iscsi devstack@c-api.service[121727]: WARNING castellan.key_manager [None req-d187232b-6ba5-4d87-9cc6-cc78a417fc48 tempest-GroupSnapshotsTest-2088459170 tempest-GroupSnapshotsTest-2088459170-project] Deprecation Warning : cinder.keymgr.conf_key_mgr.ConfKeyManager is not a stevedore based driver, trying to load it as a class: stevedore.exception.NoMatches: No 'castellan.drivers' driver found, looking for 'cinder.keymgr.conf_key_mgr.ConfKeyManager'
Mar 22 19:54:46.380691 dv-cinder-739079-9-iscsi devstack@c-api.service[121727]: DEBUG oslo_db.sqlalchemy.engines [None req-d187232b-6ba5-4d87-9cc6-cc78a417fc48 tempest-GroupSnapshotsTest-2088459170 tempest-GroupSnapshotsTest-2088459170-project] MySQL server mode set to STRICT_TRANS_TABLES,STRICT_ALL_TABLES,NO_ZERO_IN_DATE,NO_ZERO_DATE,ERROR_FOR_DIVISION_BY_ZERO,TRADITIONAL,NO_ENGINE_SUBSTITUTION {{(pid=121727) _check_effective_sql_mode /usr/local/lib/python3.8/dist-packages/oslo_db/sqlalchemy/engines.py:314}}
Mar 22 19:54:46.381410 dv-cinder-739079-9-iscsi devstack@c-api.service[121726]: INFO cinder.volume.api [None req-f72b1b92-89c5-4d9c-a71a-31c9a1f61d5f tempest-GroupsTest-1386197345 tempest-GroupsTest-1386197345-project] Volume info retrieved successfully.
Mar 22 19:54:46.387528 dv-cinder-739079-9-iscsi devstack@c-api.service[121726]: WARNING stevedore.named [None req-f72b1b92-89c5-4d9c-a71a-31c9a1f61d5f tempest-GroupsTest-1386197345 tempest-GroupsTest-1386197345-project] Could not load cinder.keymgr.conf_key_mgr.ConfKeyManager
Mar 22 19:54:46.387991 dv-cinder-739079-9-iscsi devstack@c-api.service[121726]: WARNING castellan.key_manager [None req-f72b1b92-89c5-4d9c-a71a-31c9a1f61d5f tempest-GroupsTest-1386197345 tempest-GroupsTest-1386197345-project] Deprecation Warning : cinder.keymgr.conf_key_mgr.ConfKeyManager is not a stevedore based driver, trying to load it as a class: stevedore.exception.NoMatches: No 'castellan.drivers' driver found, looking for 'cinder.keymgr.conf_key_mgr.ConfKeyManager'
Mar 22 19:54:46.392674 dv-cinder-739079-9-iscsi devstack@c-api.service[121727]: /usr/local/lib/python3.8/dist-packages/oslo_context/context.py:100: DeprecationWarning: Policy enforcement is depending on the value of is_admin. This key is deprecated. Please update your policy file to use the standard policy values.
Mar 22 19:54:46.392674 dv-cinder-739079-9-iscsi devstack@c-api.service[121727]: warnings.warn('Policy enforcement is depending on the value of '
Mar 22 19:54:46.396089 dv-cinder-739079-9-iscsi devstack@c-api.service[121726]: DEBUG oslo_db.sqlalchemy.engines [None req-f72b1b92-89c5-4d9c-a71a-31c9a1f61d5f tempest-GroupsTest-1386197345 tempest-GroupsTest-1386197345-project] MySQL server mode set to STRICT_TRANS_TABLES,STRICT_ALL_TABLES,NO_ZERO_IN_DATE,NO_ZERO_DATE,ERROR_FOR_DIVISION_BY_ZERO,TRADITIONAL,NO_ENGINE_SUBSTITUTION {{(pid=121726) _check_effective_sql_mode /usr/local/lib/python3.8/dist-packages/oslo_db/sqlalchemy/engines.py:314}}
Mar 22 19:54:46.402444 dv-cinder-739079-9-iscsi devstack@c-api.service[121726]: /usr/local/lib/python3.8/dist-packages/oslo_context/context.py:100: DeprecationWarning: Policy enforcement is depending on the value of is_admin. This key is deprecated. Please update your policy file to use the standard policy values.
Mar 22 19:54:46.402444 dv-cinder-739079-9-iscsi devstack@c-api.service[121726]: warnings.warn('Policy enforcement is depending on the value of '
Mar 22 19:54:46.408968 dv-cinder-739079-9-iscsi devstack@c-api.service[121727]: INFO cinder.api.openstack.wsgi [None req-d187232b-6ba5-4d87-9cc6-cc78a417fc48 tempest-GroupSnapshotsTest-2088459170 tempest-GroupSnapshotsTest-2088459170-project] http://10.222.0.49/volume/v3/95235f7bc3c14d0ab8101f7e805e9921/volumes/detail returned with HTTP 200
Mar 22 19:54:46.409729 dv-cinder-739079-9-iscsi devstack@c-api.service[121727]: [pid: 121727|app: 0|req: 178/374] 10.222.0.49 () {60 vars in 1275 bytes} [Tue Mar 22 19:54:46 2022] GET /volume/v3/95235f7bc3c14d0ab8101f7e805e9921/volumes/detail => generated 1003 bytes in 143 msecs (HTTP/1.1 200) 7 headers in 287 bytes (2 switches on core 0)
Mar 22 19:54:46.421013 dv-cinder-739079-9-iscsi devstack@c-api.service[121726]: INFO cinder.api.openstack.wsgi [None req-f72b1b92-89c5-4d9c-a71a-31c9a1f61d5f tempest-GroupsTest-1386197345 tempest-GroupsTest-1386197345-project] http://10.222.0.49/volume/v3/a7bd6ee0d8964a95920b5aa19e677d7a/volumes/d93d290a-bc60-4d80-9d71-ee67ec2ace60 returned with HTTP 200
Mar 22 19:54:46.422286 dv-cinder-739079-9-iscsi devstack@c-api.service[121727]: DEBUG cinder.api.middleware.request_id [None req-5a307c6e-af18-47ac-a0fa-56411e13a793 None None] RequestId filter calling following filter/app {{(pid=121727) _context_setter /opt/stack/cinder/cinder/api/middleware/request_id.py:62}}
Mar 22 19:54:46.422882 dv-cinder-739079-9-iscsi devstack@c-api.service[121726]: [pid: 121726|app: 0|req: 197/375] 10.222.0.49 () {60 vars in 1365 bytes} [Tue Mar 22 19:54:46 2022] GET /volume/v3/a7bd6ee0d8964a95920b5aa19e677d7a/volumes/d93d290a-bc60-4d80-9d71-ee67ec2ace60 => generated 983 bytes in 112 msecs (HTTP/1.1 200) 7 headers in 286 bytes (1 switches on core 0)
