Mar 22 17:56:45.813224 dv-cinder-739079-8-smb devstack@c-api.service[117215]: DEBUG cinder.api.middleware.request_id [None req-79664d83-be37-4ff3-912f-908c538f57e2 None None] RequestId filter calling following filter/app {{(pid=117215) _context_setter /opt/stack/cinder/cinder/api/middleware/request_id.py:62}}
Mar 22 17:56:45.816838 dv-cinder-739079-8-smb devstack@c-api.service[117215]: INFO cinder.api.openstack.wsgi [None req-79664d83-be37-4ff3-912f-908c538f57e2 tempest-GroupSnapshotsTest-1242789031 tempest-GroupSnapshotsTest-1242789031-project-admin] POST http://10.222.0.61/volume/v3/68a0a7e49dcf42938381ea0693dd4f2c/group_types
Mar 22 17:56:45.817555 dv-cinder-739079-8-smb devstack@c-api.service[117215]: DEBUG cinder.api.openstack.wsgi [None req-79664d83-be37-4ff3-912f-908c538f57e2 tempest-GroupSnapshotsTest-1242789031 tempest-GroupSnapshotsTest-1242789031-project-admin] Action: 'create', calling method: version_select, body: {"group_type": {"name": "tempest-GroupSnapshotsTest-group-type-430273421"}} {{(pid=117215) _process_stack /opt/stack/cinder/cinder/api/openstack/wsgi.py:866}}
Mar 22 17:56:45.893798 dv-cinder-739079-8-smb devstack@c-api.service[117214]: INFO cinder.api.openstack.wsgi [None req-5eff69a2-c6a5-4d14-b21d-21c292002fca tempest-GroupSnapshotsV319Test-2107972202 tempest-GroupSnapshotsV319Test-2107972202-project] http://10.222.0.61/volume/v3/effa4f03e3d14aa2b52473bee5b2f59b/group_snapshots returned with HTTP 202
Mar 22 17:56:45.894501 dv-cinder-739079-8-smb devstack@c-api.service[117214]: [pid: 117214|app: 0|req: 101/197] 10.222.0.61 () {62 vars in 1300 bytes} [Tue Mar 22 17:56:45 2022] POST /volume/v3/effa4f03e3d14aa2b52473bee5b2f59b/group_snapshots => generated 190 bytes in 542 msecs (HTTP/1.1 202) 7 headers in 292 bytes (1 switches on core 0)
Mar 22 17:56:45.895928 dv-cinder-739079-8-smb devstack@c-api.service[117214]: DEBUG cinder.api.middleware.request_id [None req-74af8868-8edc-421e-9a0f-c2acf7baf18e None None] RequestId filter calling following filter/app {{(pid=117214) _context_setter /opt/stack/cinder/cinder/api/middleware/request_id.py:62}}
Mar 22 17:56:45.899974 dv-cinder-739079-8-smb devstack@c-api.service[117214]: INFO cinder.api.openstack.wsgi [None req-74af8868-8edc-421e-9a0f-c2acf7baf18e tempest-SnapshotsActionsTest-1516172486 tempest-SnapshotsActionsTest-1516172486-project] DELETE http://10.222.0.61/volume/v3/bf2b30584b7544f4b00be8b7a911b4e5/snapshots/1db7a7c5-2a6b-476c-b962-eecd8e08a3d3
Mar 22 17:56:45.900409 dv-cinder-739079-8-smb devstack@c-api.service[117214]: DEBUG cinder.api.openstack.wsgi [None req-74af8868-8edc-421e-9a0f-c2acf7baf18e tempest-SnapshotsActionsTest-1516172486 tempest-SnapshotsActionsTest-1516172486-project] Empty body provided in request {{(pid=117214) get_body /opt/stack/cinder/cinder/api/openstack/wsgi.py:715}}
Mar 22 17:56:45.900899 dv-cinder-739079-8-smb devstack@c-api.service[117214]: DEBUG cinder.api.openstack.wsgi [None req-74af8868-8edc-421e-9a0f-c2acf7baf18e tempest-SnapshotsActionsTest-1516172486 tempest-SnapshotsActionsTest-1516172486-project] Calling method 'delete' {{(pid=117214) _process_stack /opt/stack/cinder/cinder/api/openstack/wsgi.py:868}}
Mar 22 17:56:45.901178 dv-cinder-739079-8-smb devstack@c-api.service[117214]: INFO cinder.api.v2.snapshots [None req-74af8868-8edc-421e-9a0f-c2acf7baf18e tempest-SnapshotsActionsTest-1516172486 tempest-SnapshotsActionsTest-1516172486-project] Delete snapshot with id: 1db7a7c5-2a6b-476c-b962-eecd8e08a3d3
Mar 22 17:56:45.908743 dv-cinder-739079-8-smb devstack@c-api.service[117214]: INFO cinder.api.openstack.wsgi [None req-74af8868-8edc-421e-9a0f-c2acf7baf18e tempest-SnapshotsActionsTest-1516172486 tempest-SnapshotsActionsTest-1516172486-project] http://10.222.0.61/volume/v3/bf2b30584b7544f4b00be8b7a911b4e5/snapshots/1db7a7c5-2a6b-476c-b962-eecd8e08a3d3 returned with HTTP 404
Mar 22 17:56:45.909646 dv-cinder-739079-8-smb devstack@c-api.service[117214]: [pid: 117214|app: 0|req: 102/198] 10.222.0.61 () {58 vars in 1333 bytes} [Tue Mar 22 17:56:45 2022] DELETE /volume/v3/bf2b30584b7544f4b00be8b7a911b4e5/snapshots/1db7a7c5-2a6b-476c-b962-eecd8e08a3d3 => generated 111 bytes in 15 msecs (HTTP/1.1 404) 7 headers in 292 bytes (1 switches on core 0)
Mar 22 17:56:45.911072 dv-cinder-739079-8-smb devstack@c-api.service[117214]: DEBUG cinder.api.middleware.request_id [None req-7bc27c9e-16ce-48eb-8c77-0a2acf2ca02e None None] RequestId filter calling following filter/app {{(pid=117214) _context_setter /opt/stack/cinder/cinder/api/middleware/request_id.py:62}}
Mar 22 17:56:45.915097 dv-cinder-739079-8-smb devstack@c-api.service[117214]: INFO cinder.api.openstack.wsgi [None req-7bc27c9e-16ce-48eb-8c77-0a2acf2ca02e tempest-GroupSnapshotsV319Test-2107972202 tempest-GroupSnapshotsV319Test-2107972202-project] GET http://10.222.0.61/volume/v3/effa4f03e3d14aa2b52473bee5b2f59b/group_snapshots/a7ba8ea3-c9c3-4cee-8ee0-ef1ebce7ce14
Mar 22 17:56:45.915581 dv-cinder-739079-8-smb devstack@c-api.service[117214]: DEBUG cinder.api.openstack.wsgi [None req-7bc27c9e-16ce-48eb-8c77-0a2acf2ca02e tempest-GroupSnapshotsV319Test-2107972202 tempest-GroupSnapshotsV319Test-2107972202-project] Empty body provided in request {{(pid=117214) get_body /opt/stack/cinder/cinder/api/openstack/wsgi.py:715}}
Mar 22 17:56:45.916024 dv-cinder-739079-8-smb devstack@c-api.service[117214]: DEBUG cinder.api.openstack.wsgi [None req-7bc27c9e-16ce-48eb-8c77-0a2acf2ca02e tempest-GroupSnapshotsV319Test-2107972202 tempest-GroupSnapshotsV319Test-2107972202-project] Calling method 'version_select' {{(pid=117214) _process_stack /opt/stack/cinder/cinder/api/openstack/wsgi.py:868}}
Mar 22 17:56:45.918072 dv-cinder-739079-8-smb devstack@c-api.service[117214]: DEBUG cinder.api.v3.group_snapshots [None req-7bc27c9e-16ce-48eb-8c77-0a2acf2ca02e tempest-GroupSnapshotsV319Test-2107972202 tempest-GroupSnapshotsV319Test-2107972202-project] show called for member a7ba8ea3-c9c3-4cee-8ee0-ef1ebce7ce14 {{(pid=117214) show /opt/stack/cinder/cinder/api/v3/group_snapshots.py:58}}
Mar 22 17:56:45.918594 dv-cinder-739079-8-smb devstack@c-api.service[117215]: INFO cinder.api.openstack.wsgi [None req-79664d83-be37-4ff3-912f-908c538f57e2 tempest-GroupSnapshotsTest-1242789031 tempest-GroupSnapshotsTest-1242789031-project-admin] http://10.222.0.61/volume/v3/68a0a7e49dcf42938381ea0693dd4f2c/group_types returned with HTTP 202
Mar 22 17:56:45.919368 dv-cinder-739079-8-smb devstack@c-api.service[117215]: [pid: 117215|app: 0|req: 97/199] 10.222.0.61 () {62 vars in 1287 bytes} [Tue Mar 22 17:56:45 2022] POST /volume/v3/68a0a7e49dcf42938381ea0693dd4f2c/group_types => generated 180 bytes in 107 msecs (HTTP/1.1 202) 7 headers in 292 bytes (1 switches on core 0)
Mar 22 17:56:45.922019 dv-cinder-739079-8-smb devstack@c-api.service[117214]: /usr/local/lib/python3.8/dist-packages/oslo_context/context.py:100: DeprecationWarning: Policy enforcement is depending on the value of is_admin. This key is deprecated. Please update your policy file to use the standard policy values.
Mar 22 17:56:45.922019 dv-cinder-739079-8-smb devstack@c-api.service[117214]: warnings.warn('Policy enforcement is depending on the value of '
Mar 22 17:56:45.925761 dv-cinder-739079-8-smb devstack@c-api.service[117215]: DEBUG cinder.api.middleware.request_id [None req-7f66b893-0c74-49f0-909d-00cc2c5a4c49 None None] RequestId filter calling following filter/app {{(pid=117215) _context_setter /opt/stack/cinder/cinder/api/middleware/request_id.py:62}}
Mar 22 17:56:45.928205 dv-cinder-739079-8-smb devstack@c-api.service[117214]: INFO cinder.api.openstack.wsgi [None req-7bc27c9e-16ce-48eb-8c77-0a2acf2ca02e tempest-GroupSnapshotsV319Test-2107972202 tempest-GroupSnapshotsV319Test-2107972202-project] http://10.222.0.61/volume/v3/effa4f03e3d14aa2b52473bee5b2f59b/group_snapshots/a7ba8ea3-c9c3-4cee-8ee0-ef1ebce7ce14 returned with HTTP 200
Mar 22 17:56:45.928977 dv-cinder-739079-8-smb devstack@c-api.service[117214]: [pid: 117214|app: 0|req: 103/200] 10.222.0.61 () {60 vars in 1389 bytes} [Tue Mar 22 17:56:45 2022] GET /volume/v3/effa4f03e3d14aa2b52473bee5b2f59b/group_snapshots/a7ba8ea3-c9c3-4cee-8ee0-ef1ebce7ce14 => generated 329 bytes in 19 msecs (HTTP/1.1 200) 7 headers in 286 bytes (1 switches on core 0)
Mar 22 17:56:45.929951 dv-cinder-739079-8-smb devstack@c-api.service[117215]: INFO cinder.api.openstack.wsgi [None req-7f66b893-0c74-49f0-909d-00cc2c5a4c49 tempest-SnapshotsActionsTest-1516172486 tempest-SnapshotsActionsTest-1516172486-project] DELETE http://10.222.0.61/volume/v3/bf2b30584b7544f4b00be8b7a911b4e5/snapshots/dc28b2d8-2483-415d-b549-3f253b30d439
Mar 22 17:56:45.930139 dv-cinder-739079-8-smb devstack@c-api.service[117214]: DEBUG cinder.api.middleware.request_id [None req-c7f8b0a6-3763-4231-ad62-a584eeffef0a None None] RequestId filter calling following filter/app {{(pid=117214) _context_setter /opt/stack/cinder/cinder/api/middleware/request_id.py:62}}
Mar 22 17:56:45.930393 dv-cinder-739079-8-smb devstack@c-api.service[117215]: DEBUG cinder.api.openstack.wsgi [None req-7f66b893-0c74-49f0-909d-00cc2c5a4c49 tempest-SnapshotsActionsTest-1516172486 tempest-SnapshotsActionsTest-1516172486-project] Empty body provided in request {{(pid=117215) get_body /opt/stack/cinder/cinder/api/openstack/wsgi.py:715}}
Mar 22 17:56:45.931032 dv-cinder-739079-8-smb devstack@c-api.service[117215]: DEBUG cinder.api.openstack.wsgi [None req-7f66b893-0c74-49f0-909d-00cc2c5a4c49 tempest-SnapshotsActionsTest-1516172486 tempest-SnapshotsActionsTest-1516172486-project] Calling method 'delete' {{(pid=117215) _process_stack /opt/stack/cinder/cinder/api/openstack/wsgi.py:868}}
Mar 22 17:56:45.931504 dv-cinder-739079-8-smb devstack@c-api.service[117215]: INFO cinder.api.v2.snapshots [None req-7f66b893-0c74-49f0-909d-00cc2c5a4c49 tempest-SnapshotsActionsTest-1516172486 tempest-SnapshotsActionsTest-1516172486-project] Delete snapshot with id: dc28b2d8-2483-415d-b549-3f253b30d439
Mar 22 17:56:45.933996 dv-cinder-739079-8-smb devstack@c-api.service[117214]: INFO cinder.api.openstack.wsgi [None req-c7f8b0a6-3763-4231-ad62-a584eeffef0a tempest-GroupSnapshotsTest-1107088936 tempest-GroupSnapshotsTest-1107088936-project] POST http://10.222.0.61/volume/v3/4b8e978fff4046bb8be530eb05e4d8ac/groups
Mar 22 17:56:45.936205 dv-cinder-739079-8-smb devstack@c-api.service[117214]: DEBUG cinder.api.openstack.wsgi [None req-c7f8b0a6-3763-4231-ad62-a584eeffef0a tempest-GroupSnapshotsTest-1107088936 tempest-GroupSnapshotsTest-1107088936-project] Action: 'create', calling method: version_select, body: {"group": {"group_type": "7b1890a9-2ca9-425b-ad4a-699f108c16ee", "volume_types": ["1381c8ea-1dee-4c47-9070-80abd566f0e9"], "name": "tempest-GroupSnapshotsTest-Group-188344933"}} {{(pid=117214) _process_stack /opt/stack/cinder/cinder/api/openstack/wsgi.py:866}}
Mar 22 17:56:45.937182 dv-cinder-739079-8-smb devstack@c-api.service[117214]: DEBUG cinder.api.v3.groups [None req-c7f8b0a6-3763-4231-ad62-a584eeffef0a tempest-GroupSnapshotsTest-1107088936 tempest-GroupSnapshotsTest-1107088936-project] Creating new group {'group': {'group_type': '7b1890a9-2ca9-425b-ad4a-699f108c16ee', 'volume_types': ['1381c8ea-1dee-4c47-9070-80abd566f0e9'], 'name': 'tempest-GroupSnapshotsTest-Group-188344933'}} {{(pid=117214) create /opt/stack/cinder/cinder/api/v3/groups.py:190}}
Mar 22 17:56:45.939862 dv-cinder-739079-8-smb devstack@c-api.service[117215]: INFO cinder.api.openstack.wsgi [None req-7f66b893-0c74-49f0-909d-00cc2c5a4c49 tempest-SnapshotsActionsTest-1516172486 tempest-SnapshotsActionsTest-1516172486-project] http://10.222.0.61/volume/v3/bf2b30584b7544f4b00be8b7a911b4e5/snapshots/dc28b2d8-2483-415d-b549-3f253b30d439 returned with HTTP 404
Mar 22 17:56:45.942375 dv-cinder-739079-8-smb devstack@c-api.service[117215]: [pid: 117215|app: 0|req: 98/201] 10.222.0.61 () {58 vars in 1333 bytes} [Tue Mar 22 17:56:45 2022] DELETE /volume/v3/bf2b30584b7544f4b00be8b7a911b4e5/snapshots/dc28b2d8-2483-415d-b549-3f253b30d439 => generated 111 bytes in 16 msecs (HTTP/1.1 404) 7 headers in 292 bytes (1 switches on core 0)
Mar 22 17:56:45.942990 dv-cinder-739079-8-smb devstack@c-api.service[117214]: INFO cinder.api.v3.groups [None req-c7f8b0a6-3763-4231-ad62-a584eeffef0a tempest-GroupSnapshotsTest-1107088936 tempest-GroupSnapshotsTest-1107088936-project] Creating group tempest-GroupSnapshotsTest-Group-188344933.
Mar 22 17:56:45.945484 dv-cinder-739079-8-smb devstack@c-api.service[117215]: DEBUG cinder.api.middleware.request_id [None req-f5559c2a-da65-4cbb-bed3-2ce5644176fd None None] RequestId filter calling following filter/app {{(pid=117215) _context_setter /opt/stack/cinder/cinder/api/middleware/request_id.py:62}}
Mar 22 17:56:45.949762 dv-cinder-739079-8-smb devstack@c-api.service[117215]: INFO cinder.api.openstack.wsgi [None req-f5559c2a-da65-4cbb-bed3-2ce5644176fd tempest-SnapshotsActionsTest-1516172486 tempest-SnapshotsActionsTest-1516172486-project] DELETE http://10.222.0.61/volume/v3/bf2b30584b7544f4b00be8b7a911b4e5/snapshots/799e649a-3601-42f0-92c2-eb4f4e076830
Mar 22 17:56:45.950311 dv-cinder-739079-8-smb devstack@c-api.service[117215]: DEBUG cinder.api.openstack.wsgi [None req-f5559c2a-da65-4cbb-bed3-2ce5644176fd tempest-SnapshotsActionsTest-1516172486 tempest-SnapshotsActionsTest-1516172486-project] Empty body provided in request {{(pid=117215) get_body /opt/stack/cinder/cinder/api/openstack/wsgi.py:715}}
Mar 22 17:56:45.950843 dv-cinder-739079-8-smb devstack@c-api.service[117215]: DEBUG cinder.api.openstack.wsgi [None req-f5559c2a-da65-4cbb-bed3-2ce5644176fd tempest-SnapshotsActionsTest-1516172486 tempest-SnapshotsActionsTest-1516172486-project] Calling method 'delete' {{(pid=117215) _process_stack /opt/stack/cinder/cinder/api/openstack/wsgi.py:868}}
Mar 22 17:56:45.951205 dv-cinder-739079-8-smb devstack@c-api.service[117215]: INFO cinder.api.v2.snapshots [None req-f5559c2a-da65-4cbb-bed3-2ce5644176fd tempest-SnapshotsActionsTest-1516172486 tempest-SnapshotsActionsTest-1516172486-project] Delete snapshot with id: 799e649a-3601-42f0-92c2-eb4f4e076830
Mar 22 17:56:45.955702 dv-cinder-739079-8-smb devstack@c-api.service[117214]: INFO cinder.volume.api [None req-c7f8b0a6-3763-4231-ad62-a584eeffef0a tempest-GroupSnapshotsTest-1107088936 tempest-GroupSnapshotsTest-1107088936-project] Availability Zones retrieved successfully.
Mar 22 17:56:45.960506 dv-cinder-739079-8-smb devstack@c-api.service[117215]: INFO cinder.api.openstack.wsgi [None req-f5559c2a-da65-4cbb-bed3-2ce5644176fd tempest-SnapshotsActionsTest-1516172486 tempest-SnapshotsActionsTest-1516172486-project] http://10.222.0.61/volume/v3/bf2b30584b7544f4b00be8b7a911b4e5/snapshots/799e649a-3601-42f0-92c2-eb4f4e076830 returned with HTTP 404
Mar 22 17:56:45.961257 dv-cinder-739079-8-smb devstack@c-api.service[117215]: [pid: 117215|app: 0|req: 99/202] 10.222.0.61 () {58 vars in 1333 bytes} [Tue Mar 22 17:56:45 2022] DELETE /volume/v3/bf2b30584b7544f4b00be8b7a911b4e5/snapshots/799e649a-3601-42f0-92c2-eb4f4e076830 => generated 111 bytes in 16 msecs (HTTP/1.1 404) 7 headers in 292 bytes (2 switches on core 0)
Mar 22 17:56:45.965458 dv-cinder-739079-8-smb devstack@c-api.service[117215]: DEBUG cinder.api.middleware.request_id [None req-b08e520e-fef4-482b-835a-136e3e8ab108 None None] RequestId filter calling following filter/app {{(pid=117215) _context_setter /opt/stack/cinder/cinder/api/middleware/request_id.py:62}}
Mar 22 17:56:45.969391 dv-cinder-739079-8-smb devstack@c-api.service[117215]: INFO cinder.api.openstack.wsgi [None req-b08e520e-fef4-482b-835a-136e3e8ab108 tempest-SnapshotsActionsTest-1516172486 tempest-SnapshotsActionsTest-1516172486-project] DELETE http://10.222.0.61/volume/v3/bf2b30584b7544f4b00be8b7a911b4e5/snapshots/0e6ceb66-29ef-4ca9-bc4b-682fe62baa16
Mar 22 17:56:45.969907 dv-cinder-739079-8-smb devstack@c-api.service[117215]: DEBUG cinder.api.openstack.wsgi [None req-b08e520e-fef4-482b-835a-136e3e8ab108 tempest-SnapshotsActionsTest-1516172486 tempest-SnapshotsActionsTest-1516172486-project] Empty body provided in request {{(pid=117215) get_body /opt/stack/cinder/cinder/api/openstack/wsgi.py:715}}
Mar 22 17:56:45.970365 dv-cinder-739079-8-smb devstack@c-api.service[117215]: DEBUG cinder.api.openstack.wsgi [None req-b08e520e-fef4-482b-835a-136e3e8ab108 tempest-SnapshotsActionsTest-1516172486 tempest-SnapshotsActionsTest-1516172486-project] Calling method 'delete' {{(pid=117215) _process_stack /opt/stack/cinder/cinder/api/openstack/wsgi.py:868}}
Mar 22 17:56:45.970666 dv-cinder-739079-8-smb devstack@c-api.service[117215]: INFO cinder.api.v2.snapshots [None req-b08e520e-fef4-482b-835a-136e3e8ab108 tempest-SnapshotsActionsTest-1516172486 tempest-SnapshotsActionsTest-1516172486-project] Delete snapshot with id: 0e6ceb66-29ef-4ca9-bc4b-682fe62baa16
Mar 22 17:56:45.979676 dv-cinder-739079-8-smb devstack@c-api.service[117215]: /usr/local/lib/python3.8/dist-packages/oslo_context/context.py:100: DeprecationWarning: Policy enforcement is depending on the value of is_admin. This key is deprecated. Please update your policy file to use the standard policy values.
Mar 22 17:56:45.979676 dv-cinder-739079-8-smb devstack@c-api.service[117215]: warnings.warn('Policy enforcement is depending on the value of '
Mar 22 17:56:45.980661 dv-cinder-739079-8-smb devstack@c-api.service[117215]: INFO cinder.volume.api [None req-b08e520e-fef4-482b-835a-136e3e8ab108 tempest-SnapshotsActionsTest-1516172486 tempest-SnapshotsActionsTest-1516172486-project] Snapshot retrieved successfully.
Mar 22 17:56:46.052067 dv-cinder-739079-8-smb devstack@c-api.service[117214]: DEBUG cinder.quota [None req-c7f8b0a6-3763-4231-ad62-a584eeffef0a tempest-GroupSnapshotsTest-1107088936 tempest-GroupSnapshotsTest-1107088936-project] Created reservations ['72bf5e1f-00f7-473b-9f0c-856dffffe302'] {{(pid=117214) reserve /opt/stack/cinder/cinder/quota.py:755}}
Mar 22 17:56:46.086143 dv-cinder-739079-8-smb devstack@c-api.service[117215]: INFO cinder.volume.api [None req-b08e520e-fef4-482b-835a-136e3e8ab108 tempest-SnapshotsActionsTest-1516172486 tempest-SnapshotsActionsTest-1516172486-project] Snapshot delete request issued successfully.
Mar 22 17:56:46.086900 dv-cinder-739079-8-smb devstack@c-api.service[117215]: INFO cinder.api.openstack.wsgi [None req-b08e520e-fef4-482b-835a-136e3e8ab108 tempest-SnapshotsActionsTest-1516172486 tempest-SnapshotsActionsTest-1516172486-project] http://10.222.0.61/volume/v3/bf2b30584b7544f4b00be8b7a911b4e5/snapshots/0e6ceb66-29ef-4ca9-bc4b-682fe62baa16 returned with HTTP 202
Mar 22 17:56:46.088338 dv-cinder-739079-8-smb devstack@c-api.service[117215]: [pid: 117215|app: 0|req: 100/203] 10.222.0.61 () {58 vars in 1333 bytes} [Tue Mar 22 17:56:45 2022] DELETE /volume/v3/bf2b30584b7544f4b00be8b7a911b4e5/snapshots/0e6ceb66-29ef-4ca9-bc4b-682fe62baa16 => generated 0 bytes in 124 msecs (HTTP/1.1 202) 6 headers in 233 bytes (2 switches on core 0)
Mar 22 17:56:46.093037 dv-cinder-739079-8-smb devstack@c-api.service[117215]: DEBUG cinder.api.middleware.request_id [None req-06f0536e-5004-4129-a1d1-b9ff76aa9f02 None None] RequestId filter calling following filter/app {{(pid=117215) _context_setter /opt/stack/cinder/cinder/api/middleware/request_id.py:62}}
Mar 22 17:56:46.098770 dv-cinder-739079-8-smb devstack@c-api.service[117215]: INFO cinder.api.openstack.wsgi [None req-06f0536e-5004-4129-a1d1-b9ff76aa9f02 tempest-SnapshotsActionsTest-1516172486 tempest-SnapshotsActionsTest-1516172486-project] GET http://10.222.0.61/volume/v3/bf2b30584b7544f4b00be8b7a911b4e5/snapshots/0e6ceb66-29ef-4ca9-bc4b-682fe62baa16
Mar 22 17:56:46.099015 dv-cinder-739079-8-smb devstack@c-api.service[117215]: DEBUG cinder.api.openstack.wsgi [None req-06f0536e-5004-4129-a1d1-b9ff76aa9f02 tempest-SnapshotsActionsTest-1516172486 tempest-SnapshotsActionsTest-1516172486-project] Empty body provided in request {{(pid=117215) get_body /opt/stack/cinder/cinder/api/openstack/wsgi.py:715}}
Mar 22 17:56:46.099778 dv-cinder-739079-8-smb devstack@c-api.service[117215]: DEBUG cinder.api.openstack.wsgi [None req-06f0536e-5004-4129-a1d1-b9ff76aa9f02 tempest-SnapshotsActionsTest-1516172486 tempest-SnapshotsActionsTest-1516172486-project] Calling method 'show' {{(pid=117215) _process_stack /opt/stack/cinder/cinder/api/openstack/wsgi.py:868}}
Mar 22 17:56:46.110842 dv-cinder-739079-8-smb devstack@c-api.service[117215]: /usr/local/lib/python3.8/dist-packages/oslo_context/context.py:100: DeprecationWarning: Policy enforcement is depending on the value of is_admin. This key is deprecated. Please update your policy file to use the standard policy values.
Mar 22 17:56:46.110842 dv-cinder-739079-8-smb devstack@c-api.service[117215]: warnings.warn('Policy enforcement is depending on the value of '
Mar 22 17:56:46.111966 dv-cinder-739079-8-smb devstack@c-api.service[117215]: INFO cinder.volume.api [None req-06f0536e-5004-4129-a1d1-b9ff76aa9f02 tempest-SnapshotsActionsTest-1516172486 tempest-SnapshotsActionsTest-1516172486-project] Snapshot retrieved successfully.
Mar 22 17:56:46.113921 dv-cinder-739079-8-smb devstack@c-api.service[117215]: INFO cinder.api.openstack.wsgi [None req-06f0536e-5004-4129-a1d1-b9ff76aa9f02 tempest-SnapshotsActionsTest-1516172486 tempest-SnapshotsActionsTest-1516172486-project] http://10.222.0.61/volume/v3/bf2b30584b7544f4b00be8b7a911b4e5/snapshots/0e6ceb66-29ef-4ca9-bc4b-682fe62baa16 returned with HTTP 200
Mar 22 17:56:46.119703 dv-cinder-739079-8-smb devstack@c-api.service[117215]: [pid: 117215|app: 0|req: 101/204] 10.222.0.61 () {58 vars in 1330 bytes} [Tue Mar 22 17:56:46 2022] GET /volume/v3/bf2b30584b7544f4b00be8b7a911b4e5/snapshots/0e6ceb66-29ef-4ca9-bc4b-682fe62baa16 => generated 530 bytes in 23 msecs (HTTP/1.1 200) 7 headers in 285 bytes (1 switches on core 0)
Mar 22 17:56:46.278417 dv-cinder-739079-8-smb devstack@c-api.service[117214]: INFO cinder.api.openstack.wsgi [None req-c7f8b0a6-3763-4231-ad62-a584eeffef0a tempest-GroupSnapshotsTest-1107088936 tempest-GroupSnapshotsTest-1107088936-project] http://10.222.0.61/volume/v3/4b8e978fff4046bb8be530eb05e4d8ac/groups returned with HTTP 202
Mar 22 17:56:46.285414 dv-cinder-739079-8-smb devstack@c-api.service[117215]: DEBUG cinder.api.middleware.request_id [req-7aa0dda8-5b6c-4fb7-8af5-cd6f1f3b1743 req-4e938942-d12c-46e3-9af4-60d60300ebd9 None None] RequestId filter calling following filter/app {{(pid=117215) _context_setter /opt/stack/cinder/cinder/api/middleware/request_id.py:62}}
Mar 22 17:56:46.286734 dv-cinder-739079-8-smb devstack@c-api.service[117215]: INFO cinder.api.openstack.wsgi [req-7aa0dda8-5b6c-4fb7-8af5-cd6f1f3b1743 req-4e938942-d12c-46e3-9af4-60d60300ebd9 tempest-DeleteServersTestJSON-1022237798 tempest-DeleteServersTestJSON-1022237798-project] POST http://10.222.0.61/volume/v3/1d98f6cbbd364b7f8cb4d266eb58c60e/attachments/c6bdc51f-0414-4a2f-9a98-3208609bb6f6/action
Mar 22 17:56:46.287524 dv-cinder-739079-8-smb devstack@c-api.service[117215]: DEBUG cinder.api.openstack.wsgi [req-7aa0dda8-5b6c-4fb7-8af5-cd6f1f3b1743 req-4e938942-d12c-46e3-9af4-60d60300ebd9 tempest-DeleteServersTestJSON-1022237798 tempest-DeleteServersTestJSON-1022237798-project] Action body: b'{"os-complete": null}' {{(pid=117215) get_method /opt/stack/cinder/cinder/api/openstack/wsgi.py:983}}
Mar 22 17:56:46.287857 dv-cinder-739079-8-smb devstack@c-api.service[117215]: DEBUG cinder.api.openstack.wsgi [req-7aa0dda8-5b6c-4fb7-8af5-cd6f1f3b1743 req-4e938942-d12c-46e3-9af4-60d60300ebd9 tempest-DeleteServersTestJSON-1022237798 tempest-DeleteServersTestJSON-1022237798-project] Action: 'action', calling method: version_select, body: {"os-complete": null} {{(pid=117215) _process_stack /opt/stack/cinder/cinder/api/openstack/wsgi.py:866}}
Mar 22 17:56:46.291318 dv-cinder-739079-8-smb devstack@c-api.service[117214]: [pid: 117214|app: 0|req: 104/205] 10.222.0.61 () {62 vars in 1273 bytes} [Tue Mar 22 17:56:45 2022] POST /volume/v3/4b8e978fff4046bb8be530eb05e4d8ac/groups => generated 111 bytes in 361 msecs (HTTP/1.1 202) 7 headers in 292 bytes (1 switches on core 0)
Mar 22 17:56:46.292803 dv-cinder-739079-8-smb devstack@c-api.service[117214]: DEBUG cinder.api.middleware.request_id [None req-d5af1e66-3273-4ad8-9bf7-f423d16cafb4 None None] RequestId filter calling following filter/app {{(pid=117214) _context_setter /opt/stack/cinder/cinder/api/middleware/request_id.py:62}}
Mar 22 17:56:46.308222 dv-cinder-739079-8-smb devstack@c-api.service[117214]: INFO cinder.api.openstack.wsgi [None req-d5af1e66-3273-4ad8-9bf7-f423d16cafb4 tempest-GroupSnapshotsTest-1107088936 tempest-GroupSnapshotsTest-1107088936-project] GET http://10.222.0.61/volume/v3/4b8e978fff4046bb8be530eb05e4d8ac/groups/50546d89-ec4c-4365-976f-a4223b6930d9
Mar 22 17:56:46.308222 dv-cinder-739079-8-smb devstack@c-api.service[117214]: DEBUG cinder.api.openstack.wsgi [None req-d5af1e66-3273-4ad8-9bf7-f423d16cafb4 tempest-GroupSnapshotsTest-1107088936 tempest-GroupSnapshotsTest-1107088936-project] Empty body provided in request {{(pid=117214) get_body /opt/stack/cinder/cinder/api/openstack/wsgi.py:715}}
Mar 22 17:56:46.308222 dv-cinder-739079-8-smb devstack@c-api.service[117214]: DEBUG cinder.api.openstack.wsgi [None req-d5af1e66-3273-4ad8-9bf7-f423d16cafb4 tempest-GroupSnapshotsTest-1107088936 tempest-GroupSnapshotsTest-1107088936-project] Calling method 'version_select' {{(pid=117214) _process_stack /opt/stack/cinder/cinder/api/openstack/wsgi.py:868}}
Mar 22 17:56:46.309246 dv-cinder-739079-8-smb devstack@c-api.service[117214]: DEBUG cinder.api.v3.groups [None req-d5af1e66-3273-4ad8-9bf7-f423d16cafb4 tempest-GroupSnapshotsTest-1107088936 tempest-GroupSnapshotsTest-1107088936-project] show called for member 50546d89-ec4c-4365-976f-a4223b6930d9 {{(pid=117214) show /opt/stack/cinder/cinder/api/v3/groups.py:58}}
Mar 22 17:56:46.320182 dv-cinder-739079-8-smb devstack@c-api.service[117214]: /usr/local/lib/python3.8/dist-packages/oslo_context/context.py:100: DeprecationWarning: Policy enforcement is depending on the value of is_admin. This key is deprecated. Please update your policy file to use the standard policy values.
Mar 22 17:56:46.320182 dv-cinder-739079-8-smb devstack@c-api.service[117214]: warnings.warn('Policy enforcement is depending on the value of '
Mar 22 17:56:46.332967 dv-cinder-739079-8-smb devstack@c-api.service[117215]: /usr/local/lib/python3.8/dist-packages/oslo_context/context.py:100: DeprecationWarning: Policy enforcement is depending on the value of is_admin. This key is deprecated. Please update your policy file to use the standard policy values.
Mar 22 17:56:46.332967 dv-cinder-739079-8-smb devstack@c-api.service[117215]: warnings.warn('Policy enforcement is depending on the value of '
Mar 22 17:56:46.338588 dv-cinder-739079-8-smb devstack@c-api.service[117214]: INFO cinder.api.openstack.wsgi [None req-d5af1e66-3273-4ad8-9bf7-f423d16cafb4 tempest-GroupSnapshotsTest-1107088936 tempest-GroupSnapshotsTest-1107088936-project] http://10.222.0.61/volume/v3/4b8e978fff4046bb8be530eb05e4d8ac/groups/50546d89-ec4c-4365-976f-a4223b6930d9 returned with HTTP 200
Mar 22 17:56:46.340094 dv-cinder-739079-8-smb devstack@c-api.service[117214]: [pid: 117214|app: 0|req: 105/206] 10.222.0.61 () {60 vars in 1362 bytes} [Tue Mar 22 17:56:46 2022] GET /volume/v3/4b8e978fff4046bb8be530eb05e4d8ac/groups/50546d89-ec4c-4365-976f-a4223b6930d9 => generated 391 bytes in 48 msecs (HTTP/1.1 200) 7 headers in 286 bytes (1 switches on core 0)
Mar 22 17:56:46.526061 dv-cinder-739079-8-smb devstack@c-api.service[117215]: INFO cinder.api.openstack.wsgi [req-7aa0dda8-5b6c-4fb7-8af5-cd6f1f3b1743 req-4e938942-d12c-46e3-9af4-60d60300ebd9 tempest-DeleteServersTestJSON-1022237798 tempest-DeleteServersTestJSON-1022237798-project] http://10.222.0.61/volume/v3/1d98f6cbbd364b7f8cb4d266eb58c60e/attachments/c6bdc51f-0414-4a2f-9a98-3208609bb6f6/action returned with HTTP 204
Mar 22 17:56:46.530233 dv-cinder-739079-8-smb devstack@c-api.service[117215]: [pid: 117215|app: 0|req: 102/207] 10.222.0.53 () {64 vars in 1498 bytes} [Tue Mar 22 17:56:46 2022] POST /volume/v3/1d98f6cbbd364b7f8cb4d266eb58c60e/attachments/c6bdc51f-0414-4a2f-9a98-3208609bb6f6/action => generated 0 bytes in 247 msecs (HTTP/1.1 204) 7 headers in 292 bytes (2 switches on core 0)
Mar 22 17:56:46.823586 dv-cinder-739079-8-smb devstack@c-api.service[117214]: DEBUG cinder.api.middleware.request_id [None req-a400616b-1adc-49b0-8f9d-30699c1029ab None None] RequestId filter calling following filter/app {{(pid=117214) _context_setter /opt/stack/cinder/cinder/api/middleware/request_id.py:62}}
Mar 22 17:56:46.827965 dv-cinder-739079-8-smb devstack@c-api.service[117214]: INFO cinder.api.openstack.wsgi [None req-a400616b-1adc-49b0-8f9d-30699c1029ab tempest-DeleteServersTestJSON-1022237798 tempest-DeleteServersTestJSON-1022237798-project] GET http://10.222.0.61/volume/v3/1d98f6cbbd364b7f8cb4d266eb58c60e/volumes/c2386f44-6ef1-4203-8759-0d23029783e7
Mar 22 17:56:46.828401 dv-cinder-739079-8-smb devstack@c-api.service[117214]: DEBUG cinder.api.openstack.wsgi [None req-a400616b-1adc-49b0-8f9d-30699c1029ab tempest-DeleteServersTestJSON-1022237798 tempest-DeleteServersTestJSON-1022237798-project] Empty body provided in request {{(pid=117214) get_body /opt/stack/cinder/cinder/api/openstack/wsgi.py:715}}
Mar 22 17:56:46.828871 dv-cinder-739079-8-smb devstack@c-api.service[117214]: DEBUG cinder.api.openstack.wsgi [None req-a400616b-1adc-49b0-8f9d-30699c1029ab tempest-DeleteServersTestJSON-1022237798 tempest-DeleteServersTestJSON-1022237798-project] Calling method 'show' {{(pid=117214) _process_stack /opt/stack/cinder/cinder/api/openstack/wsgi.py:868}}
Mar 22 17:56:46.846413 dv-cinder-739079-8-smb devstack@c-api.service[117214]: /usr/local/lib/python3.8/dist-packages/oslo_context/context.py:100: DeprecationWarning: Policy enforcement is depending on the value of is_admin. This key is deprecated. Please update your policy file to use the standard policy values.
Mar 22 17:56:46.846413 dv-cinder-739079-8-smb devstack@c-api.service[117214]: warnings.warn('Policy enforcement is depending on the value of '
Mar 22 17:56:46.853868 dv-cinder-739079-8-smb devstack@c-api.service[117214]: INFO cinder.volume.api [None req-a400616b-1adc-49b0-8f9d-30699c1029ab tempest-DeleteServersTestJSON-1022237798 tempest-DeleteServersTestJSON-1022237798-project] Volume info retrieved successfully.
Mar 22 17:56:46.862599 dv-cinder-739079-8-smb devstack@c-api.service[117214]: INFO cinder.api.openstack.wsgi [None req-a400616b-1adc-49b0-8f9d-30699c1029ab tempest-DeleteServersTestJSON-1022237798 tempest-DeleteServersTestJSON-1022237798-project] http://10.222.0.61/volume/v3/1d98f6cbbd364b7f8cb4d266eb58c60e/volumes/c2386f44-6ef1-4203-8759-0d23029783e7 returned with HTTP 200
Mar 22 17:56:46.863344 dv-cinder-739079-8-smb devstack@c-api.service[117214]: [pid: 117214|app: 0|req: 106/208] 10.222.0.61 () {58 vars in 1324 bytes} [Tue Mar 22 17:56:46 2022] GET /volume/v3/1d98f6cbbd364b7f8cb4d266eb58c60e/volumes/c2386f44-6ef1-4203-8759-0d23029783e7 => generated 1205 bytes in 41 msecs (HTTP/1.1 200) 7 headers in 286 bytes (1 switches on core 0)
Mar 22 17:56:46.877203 dv-cinder-739079-8-smb devstack@c-api.service[117215]: DEBUG cinder.api.middleware.request_id [None req-5252d4ac-4d41-4239-84cb-ff0910ed7e15 None None] RequestId filter calling following filter/app {{(pid=117215) _context_setter /opt/stack/cinder/cinder/api/middleware/request_id.py:62}}
Mar 22 17:56:46.881089 dv-cinder-739079-8-smb devstack@c-api.service[117215]: INFO cinder.api.openstack.wsgi [None req-5252d4ac-4d41-4239-84cb-ff0910ed7e15 tempest-DeleteServersTestJSON-1022237798 tempest-DeleteServersTestJSON-1022237798-project] GET http://10.222.0.61/volume/v3/1d98f6cbbd364b7f8cb4d266eb58c60e/volumes/c2386f44-6ef1-4203-8759-0d23029783e7
Mar 22 17:56:46.881543 dv-cinder-739079-8-smb devstack@c-api.service[117215]: DEBUG cinder.api.openstack.wsgi [None req-5252d4ac-4d41-4239-84cb-ff0910ed7e15 tempest-DeleteServersTestJSON-1022237798 tempest-DeleteServersTestJSON-1022237798-project] Empty body provided in request {{(pid=117215) get_body /opt/stack/cinder/cinder/api/openstack/wsgi.py:715}}
Mar 22 17:56:46.882029 dv-cinder-739079-8-smb devstack@c-api.service[117215]: DEBUG cinder.api.openstack.wsgi [None req-5252d4ac-4d41-4239-84cb-ff0910ed7e15 tempest-DeleteServersTestJSON-1022237798 tempest-DeleteServersTestJSON-1022237798-project] Calling method 'show' {{(pid=117215) _process_stack /opt/stack/cinder/cinder/api/openstack/wsgi.py:868}}
Mar 22 17:56:46.900896 dv-cinder-739079-8-smb devstack@c-api.service[117215]: /usr/local/lib/python3.8/dist-packages/oslo_context/context.py:100: DeprecationWarning: Policy enforcement is depending on the value of is_admin. This key is deprecated. Please update your policy file to use the standard policy values.
Mar 22 17:56:46.900896 dv-cinder-739079-8-smb devstack@c-api.service[117215]: warnings.warn('Policy enforcement is depending on the value of '
Mar 22 17:56:46.908332 dv-cinder-739079-8-smb devstack@c-api.service[117215]: INFO cinder.volume.api [None req-5252d4ac-4d41-4239-84cb-ff0910ed7e15 tempest-DeleteServersTestJSON-1022237798 tempest-DeleteServersTestJSON-1022237798-project] Volume info retrieved successfully.
Mar 22 17:56:46.916695 dv-cinder-739079-8-smb devstack@c-api.service[117215]: INFO cinder.api.openstack.wsgi [None req-5252d4ac-4d41-4239-84cb-ff0910ed7e15 tempest-DeleteServersTestJSON-1022237798 tempest-DeleteServersTestJSON-1022237798-project] http://10.222.0.61/volume/v3/1d98f6cbbd364b7f8cb4d266eb58c60e/volumes/c2386f44-6ef1-4203-8759-0d23029783e7 returned with HTTP 200
Mar 22 17:56:46.917423 dv-cinder-739079-8-smb devstack@c-api.service[117215]: [pid: 117215|app: 0|req: 103/209] 10.222.0.61 () {58 vars in 1324 bytes} [Tue Mar 22 17:56:46 2022] GET /volume/v3/1d98f6cbbd364b7f8cb4d266eb58c60e/volumes/c2386f44-6ef1-4203-8759-0d23029783e7 => generated 1205 bytes in 43 msecs (HTTP/1.1 200) 7 headers in 286 bytes (1 switches on core 0)
Mar 22 17:56:46.941529 dv-cinder-739079-8-smb devstack@c-api.service[117214]: DEBUG cinder.api.middleware.request_id [None req-bddaf291-3ae3-453e-a0d0-897b0980d821 None None] RequestId filter calling following filter/app {{(pid=117214) _context_setter /opt/stack/cinder/cinder/api/middleware/request_id.py:62}}
Mar 22 17:56:46.941529 dv-cinder-739079-8-smb devstack@c-api.service[117214]: INFO cinder.api.openstack.wsgi [None req-bddaf291-3ae3-453e-a0d0-897b0980d821 tempest-GroupSnapshotsV319Test-2107972202 tempest-GroupSnapshotsV319Test-2107972202-project] GET http://10.222.0.61/volume/v3/effa4f03e3d14aa2b52473bee5b2f59b/group_snapshots/a7ba8ea3-c9c3-4cee-8ee0-ef1ebce7ce14
Mar 22 17:56:46.941529 dv-cinder-739079-8-smb devstack@c-api.service[117214]: DEBUG cinder.api.openstack.wsgi [None req-bddaf291-3ae3-453e-a0d0-897b0980d821 tempest-GroupSnapshotsV319Test-2107972202 tempest-GroupSnapshotsV319Test-2107972202-project] Empty body provided in request {{(pid=117214) get_body /opt/stack/cinder/cinder/api/openstack/wsgi.py:715}}
Mar 22 17:56:46.941529 dv-cinder-739079-8-smb devstack@c-api.service[117214]: DEBUG cinder.api.openstack.wsgi [None req-bddaf291-3ae3-453e-a0d0-897b0980d821 tempest-GroupSnapshotsV319Test-2107972202 tempest-GroupSnapshotsV319Test-2107972202-project] Calling method 'version_select' {{(pid=117214) _process_stack /opt/stack/cinder/cinder/api/openstack/wsgi.py:868}}
Mar 22 17:56:46.942378 dv-cinder-739079-8-smb devstack@c-api.service[117214]: DEBUG cinder.api.v3.group_snapshots [None req-bddaf291-3ae3-453e-a0d0-897b0980d821 tempest-GroupSnapshotsV319Test-2107972202 tempest-GroupSnapshotsV319Test-2107972202-project] show called for member a7ba8ea3-c9c3-4cee-8ee0-ef1ebce7ce14 {{(pid=117214) show /opt/stack/cinder/cinder/api/v3/group_snapshots.py:58}}
Mar 22 17:56:46.948148 dv-cinder-739079-8-smb devstack@c-api.service[117214]: /usr/local/lib/python3.8/dist-packages/oslo_context/context.py:100: DeprecationWarning: Policy enforcement is depending on the value of is_admin. This key is deprecated. Please update your policy file to use the standard policy values.
Mar 22 17:56:46.948148 dv-cinder-739079-8-smb devstack@c-api.service[117214]: warnings.warn('Policy enforcement is depending on the value of '
Mar 22 17:56:46.955609 dv-cinder-739079-8-smb devstack@c-api.service[117214]: INFO cinder.api.openstack.wsgi [None req-bddaf291-3ae3-453e-a0d0-897b0980d821 tempest-GroupSnapshotsV319Test-2107972202 tempest-GroupSnapshotsV319Test-2107972202-project] http://10.222.0.61/volume/v3/effa4f03e3d14aa2b52473bee5b2f59b/group_snapshots/a7ba8ea3-c9c3-4cee-8ee0-ef1ebce7ce14 returned with HTTP 200
Mar 22 17:56:46.962191 dv-cinder-739079-8-smb devstack@c-api.service[117214]: [pid: 117214|app: 0|req: 107/210] 10.222.0.61 () {60 vars in 1389 bytes} [Tue Mar 22 17:56:46 2022] GET /volume/v3/effa4f03e3d14aa2b52473bee5b2f59b/group_snapshots/a7ba8ea3-c9c3-4cee-8ee0-ef1ebce7ce14 => generated 330 bytes in 27 msecs (HTTP/1.1 200) 7 headers in 286 bytes (1 switches on core 0)
Mar 22 17:56:46.963329 dv-cinder-739079-8-smb devstack@c-api.service[117215]: DEBUG cinder.api.middleware.request_id [None req-d431ac74-998b-4ddb-9751-6ca84364795e None None] RequestId filter calling following filter/app {{(pid=117215) _context_setter /opt/stack/cinder/cinder/api/middleware/request_id.py:62}}
Mar 22 17:56:46.967967 dv-cinder-739079-8-smb devstack@c-api.service[117215]: INFO cinder.api.openstack.wsgi [None req-d431ac74-998b-4ddb-9751-6ca84364795e tempest-GroupSnapshotsV319Test-2107972202 tempest-GroupSnapshotsV319Test-2107972202-project] GET http://10.222.0.61/volume/v3/effa4f03e3d14aa2b52473bee5b2f59b/snapshots/detail
Mar 22 17:56:46.968420 dv-cinder-739079-8-smb devstack@c-api.service[117215]: DEBUG cinder.api.openstack.wsgi [None req-d431ac74-998b-4ddb-9751-6ca84364795e tempest-GroupSnapshotsV319Test-2107972202 tempest-GroupSnapshotsV319Test-2107972202-project] Empty body provided in request {{(pid=117215) get_body /opt/stack/cinder/cinder/api/openstack/wsgi.py:715}}
Mar 22 17:56:46.968909 dv-cinder-739079-8-smb devstack@c-api.service[117215]: DEBUG cinder.api.openstack.wsgi [None req-d431ac74-998b-4ddb-9751-6ca84364795e tempest-GroupSnapshotsV319Test-2107972202 tempest-GroupSnapshotsV319Test-2107972202-project] Calling method 'detail' {{(pid=117215) _process_stack /opt/stack/cinder/cinder/api/openstack/wsgi.py:868}}
Mar 22 17:56:46.969523 dv-cinder-739079-8-smb devstack@c-api.service[117215]: DEBUG cinder.api.api_utils [None req-d431ac74-998b-4ddb-9751-6ca84364795e tempest-GroupSnapshotsV319Test-2107972202 tempest-GroupSnapshotsV319Test-2107972202-project] Removing options '' from query. {{(pid=117215) remove_invalid_filter_options /opt/stack/cinder/cinder/api/api_utils.py:73}}
Mar 22 17:56:46.971757 dv-cinder-739079-8-smb devstack@c-api.service[117215]: DEBUG cinder.db.sqlalchemy.api [None req-d431ac74-998b-4ddb-9751-6ca84364795e tempest-GroupSnapshotsV319Test-2107972202 tempest-GroupSnapshotsV319Test-2107972202-project] Building query based on filter {{(pid=117215) _process_snaps_filters /opt/stack/cinder/cinder/db/sqlalchemy/api.py:3378}}
Mar 22 17:56:46.978231 dv-cinder-739079-8-smb devstack@c-api.service[117215]: INFO cinder.volume.api [None req-d431ac74-998b-4ddb-9751-6ca84364795e tempest-GroupSnapshotsV319Test-2107972202 tempest-GroupSnapshotsV319Test-2107972202-project] Get all snapshots completed successfully.
Mar 22 17:56:46.979296 dv-cinder-739079-8-smb devstack@c-api.service[117215]: /usr/local/lib/python3.8/dist-packages/oslo_context/context.py:100: DeprecationWarning: Policy enforcement is depending on the value of is_admin. This key is deprecated. Please update your policy file to use the standard policy values.
Mar 22 17:56:46.979296 dv-cinder-739079-8-smb devstack@c-api.service[117215]: warnings.warn('Policy enforcement is depending on the value of '
Mar 22 17:56:46.980958 dv-cinder-739079-8-smb devstack@c-api.service[117215]: INFO cinder.api.openstack.wsgi [None req-d431ac74-998b-4ddb-9751-6ca84364795e tempest-GroupSnapshotsV319Test-2107972202 tempest-GroupSnapshotsV319Test-2107972202-project] http://10.222.0.61/volume/v3/effa4f03e3d14aa2b52473bee5b2f59b/snapshots/detail returned with HTTP 200
Mar 22 17:56:46.981907 dv-cinder-739079-8-smb devstack@c-api.service[117215]: [pid: 117215|app: 0|req: 104/211] 10.222.0.61 () {58 vars in 1240 bytes} [Tue Mar 22 17:56:46 2022] GET /volume/v3/effa4f03e3d14aa2b52473bee5b2f59b/snapshots/detail => generated 542 bytes in 20 msecs (HTTP/1.1 200) 7 headers in 285 bytes (2 switches on core 0)
Mar 22 17:56:46.989422 dv-cinder-739079-8-smb devstack@c-api.service[117214]: DEBUG cinder.api.middleware.request_id [None req-94cbc36f-5b4d-4d9c-b7cc-55871e67e729 None None] RequestId filter calling following filter/app {{(pid=117214) _context_setter /opt/stack/cinder/cinder/api/middleware/request_id.py:62}}
Mar 22 17:56:46.994099 dv-cinder-739079-8-smb devstack@c-api.service[117214]: INFO cinder.api.openstack.wsgi [None req-94cbc36f-5b4d-4d9c-b7cc-55871e67e729 tempest-GroupSnapshotsV319Test-2107972202 tempest-GroupSnapshotsV319Test-2107972202-project] GET http://10.222.0.61/volume/v3/effa4f03e3d14aa2b52473bee5b2f59b/snapshots/c2edf206-313f-4fbb-9fce-85a2d75ded05
Mar 22 17:56:46.994731 dv-cinder-739079-8-smb devstack@c-api.service[117214]: DEBUG cinder.api.openstack.wsgi [None req-94cbc36f-5b4d-4d9c-b7cc-55871e67e729 tempest-GroupSnapshotsV319Test-2107972202 tempest-GroupSnapshotsV319Test-2107972202-project] Empty body provided in request {{(pid=117214) get_body /opt/stack/cinder/cinder/api/openstack/wsgi.py:715}}
Mar 22 17:56:46.995343 dv-cinder-739079-8-smb devstack@c-api.service[117214]: DEBUG cinder.api.openstack.wsgi [None req-94cbc36f-5b4d-4d9c-b7cc-55871e67e729 tempest-GroupSnapshotsV319Test-2107972202 tempest-GroupSnapshotsV319Test-2107972202-project] Calling method 'show' {{(pid=117214) _process_stack /opt/stack/cinder/cinder/api/openstack/wsgi.py:868}}
Mar 22 17:56:47.011255 dv-cinder-739079-8-smb devstack@c-api.service[117214]: /usr/local/lib/python3.8/dist-packages/oslo_context/context.py:100: DeprecationWarning: Policy enforcement is depending on the value of is_admin. This key is deprecated. Please update your policy file to use the standard policy values.
Mar 22 17:56:47.011255 dv-cinder-739079-8-smb devstack@c-api.service[117214]: warnings.warn('Policy enforcement is depending on the value of '
Mar 22 17:56:47.012306 dv-cinder-739079-8-smb devstack@c-api.service[117214]: INFO cinder.volume.api [None req-94cbc36f-5b4d-4d9c-b7cc-55871e67e729 tempest-GroupSnapshotsV319Test-2107972202 tempest-GroupSnapshotsV319Test-2107972202-project] Snapshot retrieved successfully.
Mar 22 17:56:47.014923 dv-cinder-739079-8-smb devstack@c-api.service[117214]: INFO cinder.api.openstack.wsgi [None req-94cbc36f-5b4d-4d9c-b7cc-55871e67e729 tempest-GroupSnapshotsV319Test-2107972202 tempest-GroupSnapshotsV319Test-2107972202-project] http://10.222.0.61/volume/v3/effa4f03e3d14aa2b52473bee5b2f59b/snapshots/c2edf206-313f-4fbb-9fce-85a2d75ded05 returned with HTTP 200
Mar 22 17:56:47.015864 dv-cinder-739079-8-smb devstack@c-api.service[117214]: [pid: 117214|app: 0|req: 108/212] 10.222.0.61 () {58 vars in 1330 bytes} [Tue Mar 22 17:56:46 2022] GET /volume/v3/effa4f03e3d14aa2b52473bee5b2f59b/snapshots/c2edf206-313f-4fbb-9fce-85a2d75ded05 => generated 539 bytes in 27 msecs (HTTP/1.1 200) 7 headers in 285 bytes (1 switches on core 0)
Mar 22 17:56:47.023491 dv-cinder-739079-8-smb devstack@c-api.service[117215]: DEBUG cinder.api.middleware.request_id [None req-36b465d9-7f42-4608-9171-f10ad06bf5db None None] RequestId filter calling following filter/app {{(pid=117215) _context_setter /opt/stack/cinder/cinder/api/middleware/request_id.py:62}}
Mar 22 17:56:47.027978 dv-cinder-739079-8-smb devstack@c-api.service[117215]: INFO cinder.api.openstack.wsgi [None req-36b465d9-7f42-4608-9171-f10ad06bf5db tempest-GroupSnapshotsV319Test-328011271 tempest-GroupSnapshotsV319Test-328011271-project-admin] POST http://10.222.0.61/volume/v3/2d1d1b7e03c24d6ba5dd8caa338398fb/group_snapshots/a7ba8ea3-c9c3-4cee-8ee0-ef1ebce7ce14/action
Mar 22 17:56:47.028874 dv-cinder-739079-8-smb devstack@c-api.service[117215]: DEBUG cinder.api.openstack.wsgi [None req-36b465d9-7f42-4608-9171-f10ad06bf5db tempest-GroupSnapshotsV319Test-328011271 tempest-GroupSnapshotsV319Test-328011271-project-admin] Action body: b'{"reset_status": {"status": "creating"}}' {{(pid=117215) get_method /opt/stack/cinder/cinder/api/openstack/wsgi.py:983}}
Mar 22 17:56:47.032862 dv-cinder-739079-8-smb devstack@c-api.service[117215]: DEBUG cinder.api.openstack.wsgi [None req-36b465d9-7f42-4608-9171-f10ad06bf5db tempest-GroupSnapshotsV319Test-328011271 tempest-GroupSnapshotsV319Test-328011271-project-admin] Action: 'action', calling method: version_select, body: {"reset_status": {"status": "creating"}} {{(pid=117215) _process_stack /opt/stack/cinder/cinder/api/openstack/wsgi.py:866}}
Mar 22 17:56:47.032862 dv-cinder-739079-8-smb devstack@c-api.service[117215]: DEBUG cinder.api.v3.group_snapshots [None req-36b465d9-7f42-4608-9171-f10ad06bf5db tempest-GroupSnapshotsV319Test-328011271 tempest-GroupSnapshotsV319Test-328011271-project-admin] Updating group 'a7ba8ea3-c9c3-4cee-8ee0-ef1ebce7ce14' with 'creating' {{(pid=117215) _reset_status /opt/stack/cinder/cinder/api/v3/group_snapshots.py:194}}
Mar 22 17:56:47.036353 dv-cinder-739079-8-smb devstack@c-api.service[117215]: /usr/local/lib/python3.8/dist-packages/oslo_context/context.py:100: DeprecationWarning: Policy enforcement is depending on the value of is_admin. This key is deprecated. Please update your policy file to use the standard policy values.
Mar 22 17:56:47.036353 dv-cinder-739079-8-smb devstack@c-api.service[117215]: warnings.warn('Policy enforcement is depending on the value of '
Mar 22 17:56:47.125795 dv-cinder-739079-8-smb devstack@c-api.service[117214]: DEBUG cinder.api.middleware.request_id [None req-96bdc489-1cbf-4586-83b0-4ce51a300927 None None] RequestId filter calling following filter/app {{(pid=117214) _context_setter /opt/stack/cinder/cinder/api/middleware/request_id.py:62}}
Mar 22 17:56:47.130245 dv-cinder-739079-8-smb devstack@c-api.service[117214]: INFO cinder.api.openstack.wsgi [None req-96bdc489-1cbf-4586-83b0-4ce51a300927 tempest-SnapshotsActionsTest-1516172486 tempest-SnapshotsActionsTest-1516172486-project] GET http://10.222.0.61/volume/v3/bf2b30584b7544f4b00be8b7a911b4e5/snapshots/0e6ceb66-29ef-4ca9-bc4b-682fe62baa16
Mar 22 17:56:47.131094 dv-cinder-739079-8-smb devstack@c-api.service[117214]: DEBUG cinder.api.openstack.wsgi [None req-96bdc489-1cbf-4586-83b0-4ce51a300927 tempest-SnapshotsActionsTest-1516172486 tempest-SnapshotsActionsTest-1516172486-project] Empty body provided in request {{(pid=117214) get_body /opt/stack/cinder/cinder/api/openstack/wsgi.py:715}}
Mar 22 17:56:47.131783 dv-cinder-739079-8-smb devstack@c-api.service[117214]: DEBUG cinder.api.openstack.wsgi [None req-96bdc489-1cbf-4586-83b0-4ce51a300927 tempest-SnapshotsActionsTest-1516172486 tempest-SnapshotsActionsTest-1516172486-project] Calling method 'show' {{(pid=117214) _process_stack /opt/stack/cinder/cinder/api/openstack/wsgi.py:868}}
Mar 22 17:56:47.139739 dv-cinder-739079-8-smb devstack@c-api.service[117214]: INFO cinder.api.openstack.wsgi [None req-96bdc489-1cbf-4586-83b0-4ce51a300927 tempest-SnapshotsActionsTest-1516172486 tempest-SnapshotsActionsTest-1516172486-project] http://10.222.0.61/volume/v3/bf2b30584b7544f4b00be8b7a911b4e5/snapshots/0e6ceb66-29ef-4ca9-bc4b-682fe62baa16 returned with HTTP 404
Mar 22 17:56:47.140810 dv-cinder-739079-8-smb devstack@c-api.service[117214]: [pid: 117214|app: 0|req: 109/213] 10.222.0.61 () {58 vars in 1330 bytes} [Tue Mar 22 17:56:47 2022] GET /volume/v3/bf2b30584b7544f4b00be8b7a911b4e5/snapshots/0e6ceb66-29ef-4ca9-bc4b-682fe62baa16 => generated 111 bytes in 16 msecs (HTTP/1.1 404) 7 headers in 292 bytes (2 switches on core 0)
Mar 22 17:56:47.145118 dv-cinder-739079-8-smb devstack@c-api.service[117214]: DEBUG cinder.api.middleware.request_id [None req-7a6a63fc-8212-4aea-ac6a-08dbd5185c32 None None] RequestId filter calling following filter/app {{(pid=117214) _context_setter /opt/stack/cinder/cinder/api/middleware/request_id.py:62}}
Mar 22 17:56:47.148581 dv-cinder-739079-8-smb devstack@c-api.service[117214]: INFO cinder.api.openstack.wsgi [None req-7a6a63fc-8212-4aea-ac6a-08dbd5185c32 tempest-SnapshotsActionsTest-1516172486 tempest-SnapshotsActionsTest-1516172486-project] DELETE http://10.222.0.61/volume/v3/bf2b30584b7544f4b00be8b7a911b4e5/volumes/cbc69ce2-1580-49eb-bc2f-0c306671d1ba
Mar 22 17:56:47.149026 dv-cinder-739079-8-smb devstack@c-api.service[117214]: DEBUG cinder.api.openstack.wsgi [None req-7a6a63fc-8212-4aea-ac6a-08dbd5185c32 tempest-SnapshotsActionsTest-1516172486 tempest-SnapshotsActionsTest-1516172486-project] Empty body provided in request {{(pid=117214) get_body /opt/stack/cinder/cinder/api/openstack/wsgi.py:715}}
Mar 22 17:56:47.149354 dv-cinder-739079-8-smb devstack@c-api.service[117215]: INFO cinder.api.openstack.wsgi [None req-36b465d9-7f42-4608-9171-f10ad06bf5db tempest-GroupSnapshotsV319Test-328011271 tempest-GroupSnapshotsV319Test-328011271-project-admin] http://10.222.0.61/volume/v3/2d1d1b7e03c24d6ba5dd8caa338398fb/group_snapshots/a7ba8ea3-c9c3-4cee-8ee0-ef1ebce7ce14/action returned with HTTP 202
Mar 22 17:56:47.150150 dv-cinder-739079-8-smb devstack@c-api.service[117214]: DEBUG cinder.api.openstack.wsgi [None req-7a6a63fc-8212-4aea-ac6a-08dbd5185c32 tempest-SnapshotsActionsTest-1516172486 tempest-SnapshotsActionsTest-1516172486-project] Calling method 'delete' {{(pid=117214) _process_stack /opt/stack/cinder/cinder/api/openstack/wsgi.py:868}}
Mar 22 17:56:47.150321 dv-cinder-739079-8-smb devstack@c-api.service[117214]: INFO cinder.api.v3.volumes [None req-7a6a63fc-8212-4aea-ac6a-08dbd5185c32 tempest-SnapshotsActionsTest-1516172486 tempest-SnapshotsActionsTest-1516172486-project] Delete volume with id: cbc69ce2-1580-49eb-bc2f-0c306671d1ba
