May 05 13:44:42.039031 dv-cinder-737618-3-smb devstack@c-api.service[117126]: /usr/local/lib/python3.8/dist-packages/oslo_policy/policy.py:809: UserWarning: Policy "volume_extension:default_unset":"rule:system_or_domain_or_project_admin" was deprecated in X in favor of "volume_extension:default_unset":"rule:admin_api". Reason: Default policies now support the three Keystone default roles, namely 'admin', 'member', and 'reader' to implement three Cinder "personas". See "Policy Personas and Permissions" in the "Cinder Service Configuration" documentation (Xena release) for details.. Either ensure your deployment is ready for the new default or copy/paste the deprecated policy into your policy file and maintain it manually.
May 05 13:44:42.039031 dv-cinder-737618-3-smb devstack@c-api.service[117126]: warnings.warn(deprecated_msg)
May 05 13:44:42.039031 dv-cinder-737618-3-smb devstack@c-api.service[117126]: DEBUG cinder.api.middleware.request_id [None req-62ee76a9-b373-4836-86f7-1513acfe8965 None None] RequestId filter calling following filter/app {{(pid=117126) _context_setter /opt/stack/cinder/cinder/api/middleware/request_id.py:62}}
May 05 13:44:42.849952 dv-cinder-737618-3-smb devstack@c-api.service[117126]: INFO cinder.api.openstack.wsgi [None req-62ee76a9-b373-4836-86f7-1513acfe8965 admin admin] POST http://10.222.0.36/volume/v3/1209e5ee231d4ea0ab5f92c7cc7546b6/types
May 05 13:44:42.851734 dv-cinder-737618-3-smb devstack@c-api.service[117126]: DEBUG cinder.api.openstack.wsgi [None req-62ee76a9-b373-4836-86f7-1513acfe8965 admin admin] Action: 'create', calling method: _create, body: {"volume_type": {"name": "lvmdriver-1", "description": null, "os-volume-type-access:is_public": true}} {{(pid=117126) _process_stack /opt/stack/cinder/cinder/api/openstack/wsgi.py:866}}
May 05 13:44:42.853455 dv-cinder-737618-3-smb devstack@c-api.service[117126]: /usr/local/lib/python3.8/dist-packages/oslo_context/context.py:100: DeprecationWarning: Policy enforcement is depending on the value of is_admin. This key is deprecated. Please update your policy file to use the standard policy values.
May 05 13:44:42.853455 dv-cinder-737618-3-smb devstack@c-api.service[117126]: warnings.warn('Policy enforcement is depending on the value of '
May 05 13:44:42.866428 dv-cinder-737618-3-smb devstack@c-api.service[117126]: DEBUG oslo_db.sqlalchemy.engines [None req-62ee76a9-b373-4836-86f7-1513acfe8965 admin admin] MySQL server mode set to STRICT_TRANS_TABLES,STRICT_ALL_TABLES,NO_ZERO_IN_DATE,NO_ZERO_DATE,ERROR_FOR_DIVISION_BY_ZERO,TRADITIONAL,NO_ENGINE_SUBSTITUTION {{(pid=117126) _check_effective_sql_mode /usr/local/lib/python3.8/dist-packages/oslo_db/sqlalchemy/engines.py:314}}
May 05 13:44:42.967710 dv-cinder-737618-3-smb devstack@c-api.service[117126]: INFO cinder.api.openstack.wsgi [None req-62ee76a9-b373-4836-86f7-1513acfe8965 admin admin] http://10.222.0.36/volume/v3/1209e5ee231d4ea0ab5f92c7cc7546b6/types returned with HTTP 200
May 05 13:44:42.968577 dv-cinder-737618-3-smb devstack@c-api.service[117126]: [pid: 117126|app: 0|req: 1/2] 10.222.0.36 () {60 vars in 1237 bytes} [Thu May 5 13:44:41 2022] POST /volume/v3/1209e5ee231d4ea0ab5f92c7cc7546b6/types => generated 186 bytes in 969 msecs (HTTP/1.1 200) 7 headers in 285 bytes (1 switches on core 0)
May 05 13:44:42.975080 dv-cinder-737618-3-smb devstack@c-api.service[117127]: DEBUG cinder.api.middleware.request_id [req-62ee76a9-b373-4836-86f7-1513acfe8965 req-44b37516-dbb4-42b9-8242-ec5ba02870eb None None] RequestId filter calling following filter/app {{(pid=117127) _context_setter /opt/stack/cinder/cinder/api/middleware/request_id.py:62}}
May 05 13:44:43.603597 dv-cinder-737618-3-smb devstack@c-api.service[117127]: INFO cinder.api.openstack.wsgi [req-62ee76a9-b373-4836-86f7-1513acfe8965 req-44b37516-dbb4-42b9-8242-ec5ba02870eb admin admin] POST http://10.222.0.36/volume/v3/1209e5ee231d4ea0ab5f92c7cc7546b6/types/3483c1d2-71fd-450a-9061-4c98a8dbd9b0/extra_specs
May 05 13:44:43.604759 dv-cinder-737618-3-smb devstack@c-api.service[117127]: DEBUG cinder.api.openstack.wsgi [req-62ee76a9-b373-4836-86f7-1513acfe8965 req-44b37516-dbb4-42b9-8242-ec5ba02870eb admin admin] Action: 'create', calling method: create, body: {"extra_specs": {"volume_backend_name": "lvmdriver-1"}} {{(pid=117127) _process_stack /opt/stack/cinder/cinder/api/openstack/wsgi.py:866}}
May 05 13:44:43.606820 dv-cinder-737618-3-smb devstack@c-api.service[117127]: /usr/local/lib/python3.8/dist-packages/oslo_context/context.py:100: DeprecationWarning: Policy enforcement is depending on the value of is_admin. This key is deprecated. Please update your policy file to use the standard policy values.
May 05 13:44:43.606820 dv-cinder-737618-3-smb devstack@c-api.service[117127]: warnings.warn('Policy enforcement is depending on the value of '
May 05 13:44:43.614998 dv-cinder-737618-3-smb devstack@c-api.service[117127]: DEBUG oslo_db.sqlalchemy.engines [req-62ee76a9-b373-4836-86f7-1513acfe8965 req-44b37516-dbb4-42b9-8242-ec5ba02870eb admin admin] MySQL server mode set to STRICT_TRANS_TABLES,STRICT_ALL_TABLES,NO_ZERO_IN_DATE,NO_ZERO_DATE,ERROR_FOR_DIVISION_BY_ZERO,TRADITIONAL,NO_ENGINE_SUBSTITUTION {{(pid=117127) _check_effective_sql_mode /usr/local/lib/python3.8/dist-packages/oslo_db/sqlalchemy/engines.py:314}}
May 05 13:44:43.829141 dv-cinder-737618-3-smb devstack@c-api.service[117127]: INFO cinder.api.openstack.wsgi [req-62ee76a9-b373-4836-86f7-1513acfe8965 req-44b37516-dbb4-42b9-8242-ec5ba02870eb admin admin] http://10.222.0.36/volume/v3/1209e5ee231d4ea0ab5f92c7cc7546b6/types/3483c1d2-71fd-450a-9061-4c98a8dbd9b0/extra_specs returned with HTTP 200
May 05 13:44:43.829920 dv-cinder-737618-3-smb devstack@c-api.service[117127]: [pid: 117127|app: 0|req: 2/3] 10.222.0.36 () {62 vars in 1454 bytes} [Thu May 5 13:44:42 2022] POST /volume/v3/1209e5ee231d4ea0ab5f92c7cc7546b6/types/3483c1d2-71fd-450a-9061-4c98a8dbd9b0/extra_specs => generated 55 bytes in 856 msecs (HTTP/1.1 200) 7 headers in 284 bytes (1 switches on core 0)
May 05 13:45:23.603689 dv-cinder-737618-3-smb devstack@c-api.service[117126]: DEBUG cinder.api.middleware.request_id [None req-f2769888-33f9-4162-b840-e2c872594f08 None None] RequestId filter calling following filter/app {{(pid=117126) _context_setter /opt/stack/cinder/cinder/api/middleware/request_id.py:62}}
May 05 13:45:23.604879 dv-cinder-737618-3-smb devstack@c-api.service[117126]: INFO cinder.api.openstack.wsgi [None req-f2769888-33f9-4162-b840-e2c872594f08 None None] GET http://10.222.0.36/volume//
May 05 13:45:23.605295 dv-cinder-737618-3-smb devstack@c-api.service[117126]: DEBUG cinder.api.openstack.wsgi [None req-f2769888-33f9-4162-b840-e2c872594f08 None None] Empty body provided in request {{(pid=117126) get_body /opt/stack/cinder/cinder/api/openstack/wsgi.py:715}}
May 05 13:45:23.605740 dv-cinder-737618-3-smb devstack@c-api.service[117126]: DEBUG cinder.api.openstack.wsgi [None req-f2769888-33f9-4162-b840-e2c872594f08 None None] Calling method 'all' {{(pid=117126) _process_stack /opt/stack/cinder/cinder/api/openstack/wsgi.py:868}}
May 05 13:45:23.606833 dv-cinder-737618-3-smb devstack@c-api.service[117126]: INFO cinder.api.openstack.wsgi [None req-f2769888-33f9-4162-b840-e2c872594f08 None None] http://10.222.0.36/volume// returned with HTTP 300
May 05 13:45:23.607944 dv-cinder-737618-3-smb devstack@c-api.service[117126]: [pid: 117126|app: 0|req: 2/4] 10.222.0.36 () {56 vars in 1098 bytes} [Thu May 5 13:45:23 2022] GET /volume/ => generated 386 bytes in 6 msecs (HTTP/1.1 300) 7 headers in 299 bytes (1 switches on core 0)
May 05 13:48:55.969337 dv-cinder-737618-3-smb devstack@c-api.service[117127]: DEBUG cinder.api.middleware.request_id [None req-2050dced-c47f-43b0-afe8-2d7159fd747d None None] RequestId filter calling following filter/app {{(pid=117127) _context_setter /opt/stack/cinder/cinder/api/middleware/request_id.py:62}}
May 05 13:48:55.975531 dv-cinder-737618-3-smb devstack@c-api.service[117127]: INFO cinder.api.openstack.wsgi [None req-2050dced-c47f-43b0-afe8-2d7159fd747d tempest-verify_tempest_config-710569480 tempest-verify_tempest_config-710569480-project] GET http://10.222.0.36/volume/v3/afed758a8f284a999e00576af6f8a808/extensions
May 05 13:48:55.975960 dv-cinder-737618-3-smb devstack@c-api.service[117127]: DEBUG cinder.api.openstack.wsgi [None req-2050dced-c47f-43b0-afe8-2d7159fd747d tempest-verify_tempest_config-710569480 tempest-verify_tempest_config-710569480-project] Empty body provided in request {{(pid=117127) get_body /opt/stack/cinder/cinder/api/openstack/wsgi.py:715}}
May 05 13:48:55.976396 dv-cinder-737618-3-smb devstack@c-api.service[117127]: DEBUG cinder.api.openstack.wsgi [None req-2050dced-c47f-43b0-afe8-2d7159fd747d tempest-verify_tempest_config-710569480 tempest-verify_tempest_config-710569480-project] Calling method 'index' {{(pid=117127) _process_stack /opt/stack/cinder/cinder/api/openstack/wsgi.py:868}}
May 05 13:48:55.977129 dv-cinder-737618-3-smb devstack@c-api.service[117127]: INFO cinder.api.openstack.wsgi [None req-2050dced-c47f-43b0-afe8-2d7159fd747d tempest-verify_tempest_config-710569480 tempest-verify_tempest_config-710569480-project] http://10.222.0.36/volume/v3/afed758a8f284a999e00576af6f8a808/extensions returned with HTTP 200
May 05 13:48:55.977803 dv-cinder-737618-3-smb devstack@c-api.service[117127]: [pid: 117127|app: 0|req: 3/5] 10.222.0.36 () {58 vars in 1222 bytes} [Thu May 5 13:48:55 2022] GET /volume/v3/afed758a8f284a999e00576af6f8a808/extensions => generated 5245 bytes in 10 msecs (HTTP/1.1 200) 7 headers in 286 bytes (1 switches on core 0)
May 05 13:51:09.609549 dv-cinder-737618-3-smb devstack@c-api.service[117126]: DEBUG cinder.api.middleware.request_id [None req-fefd1dd6-b6eb-4379-bb5f-439e480ff8c4 None None] RequestId filter calling following filter/app {{(pid=117126) _context_setter /opt/stack/cinder/cinder/api/middleware/request_id.py:62}}
May 05 13:51:09.704542 dv-cinder-737618-3-smb devstack@c-api.service[117126]: INFO cinder.api.openstack.wsgi [None req-fefd1dd6-b6eb-4379-bb5f-439e480ff8c4 admin admin] GET http://10.222.0.36/volume/v3/1209e5ee231d4ea0ab5f92c7cc7546b6/os-services
May 05 13:51:09.704988 dv-cinder-737618-3-smb devstack@c-api.service[117126]: DEBUG cinder.api.openstack.wsgi [None req-fefd1dd6-b6eb-4379-bb5f-439e480ff8c4 admin admin] Empty body provided in request {{(pid=117126) get_body /opt/stack/cinder/cinder/api/openstack/wsgi.py:715}}
May 05 13:51:09.705433 dv-cinder-737618-3-smb devstack@c-api.service[117126]: DEBUG cinder.api.openstack.wsgi [None req-fefd1dd6-b6eb-4379-bb5f-439e480ff8c4 admin admin] Calling method 'index' {{(pid=117126) _process_stack /opt/stack/cinder/cinder/api/openstack/wsgi.py:868}}
May 05 13:51:09.715494 dv-cinder-737618-3-smb devstack@c-api.service[117126]: INFO cinder.api.openstack.wsgi [None req-fefd1dd6-b6eb-4379-bb5f-439e480ff8c4 admin admin] http://10.222.0.36/volume/v3/1209e5ee231d4ea0ab5f92c7cc7546b6/os-services returned with HTTP 200
May 05 13:51:09.716293 dv-cinder-737618-3-smb devstack@c-api.service[117126]: [pid: 117126|app: 0|req: 3/6] 10.222.0.36 () {56 vars in 1201 bytes} [Thu May 5 13:51:09 2022] GET /volume/v3/1209e5ee231d4ea0ab5f92c7cc7546b6/os-services => generated 640 bytes in 108 msecs (HTTP/1.1 200) 7 headers in 285 bytes (1 switches on core 0)
May 05 13:51:12.305081 dv-cinder-737618-3-smb devstack@c-api.service[117127]: DEBUG cinder.api.middleware.request_id [None req-f9b7f306-1c0d-4fcf-936c-ec510be97d82 None None] RequestId filter calling following filter/app {{(pid=117127) _context_setter /opt/stack/cinder/cinder/api/middleware/request_id.py:62}}
May 05 13:51:12.394502 dv-cinder-737618-3-smb devstack@c-api.service[117127]: INFO cinder.api.openstack.wsgi [None req-f9b7f306-1c0d-4fcf-936c-ec510be97d82 admin admin] GET http://10.222.0.36/volume/v3/1209e5ee231d4ea0ab5f92c7cc7546b6/os-services
May 05 13:51:12.394965 dv-cinder-737618-3-smb devstack@c-api.service[117127]: DEBUG cinder.api.openstack.wsgi [None req-f9b7f306-1c0d-4fcf-936c-ec510be97d82 admin admin] Empty body provided in request {{(pid=117127) get_body /opt/stack/cinder/cinder/api/openstack/wsgi.py:715}}
May 05 13:51:12.395413 dv-cinder-737618-3-smb devstack@c-api.service[117127]: DEBUG cinder.api.openstack.wsgi [None req-f9b7f306-1c0d-4fcf-936c-ec510be97d82 admin admin] Calling method 'index' {{(pid=117127) _process_stack /opt/stack/cinder/cinder/api/openstack/wsgi.py:868}}
May 05 13:51:12.405173 dv-cinder-737618-3-smb devstack@c-api.service[117127]: INFO cinder.api.openstack.wsgi [None req-f9b7f306-1c0d-4fcf-936c-ec510be97d82 admin admin] http://10.222.0.36/volume/v3/1209e5ee231d4ea0ab5f92c7cc7546b6/os-services returned with HTTP 200
May 05 13:51:12.405859 dv-cinder-737618-3-smb devstack@c-api.service[117127]: [pid: 117127|app: 0|req: 4/7] 10.222.0.36 () {56 vars in 1201 bytes} [Thu May 5 13:51:12 2022] GET /volume/v3/1209e5ee231d4ea0ab5f92c7cc7546b6/os-services => generated 640 bytes in 102 msecs (HTTP/1.1 200) 7 headers in 285 bytes (1 switches on core 0)
May 05 13:52:54.814024 dv-cinder-737618-3-smb devstack@c-api.service[117126]: DEBUG cinder.api.middleware.request_id [None req-1c32a8f1-1d22-4e3e-859a-23bc6241489c None None] RequestId filter calling following filter/app {{(pid=117126) _context_setter /opt/stack/cinder/cinder/api/middleware/request_id.py:62}}
May 05 13:52:55.002080 dv-cinder-737618-3-smb devstack@c-api.service[117126]: INFO cinder.api.openstack.wsgi [None req-1c32a8f1-1d22-4e3e-859a-23bc6241489c tempest-VolumesTestJSON-1996652137 tempest-VolumesTestJSON-1996652137-project] POST http://10.222.0.36/volume/v3/2af3b5fd388c471880b8ee01e377a094/volumes
May 05 13:52:55.003638 dv-cinder-737618-3-smb devstack@c-api.service[117126]: DEBUG cinder.api.openstack.wsgi [None req-1c32a8f1-1d22-4e3e-859a-23bc6241489c tempest-VolumesTestJSON-1996652137 tempest-VolumesTestJSON-1996652137-project] Action: 'create', calling method: create, body: {"volume": {"metadata": {"Type": "work"}, "size": 1, "display_name": "tempest-VolumesTestJSON-volume-166027443"}} {{(pid=117126) _process_stack /opt/stack/cinder/cinder/api/openstack/wsgi.py:866}}
May 05 13:52:55.006365 dv-cinder-737618-3-smb devstack@c-api.service[117126]: DEBUG cinder.api.v3.volumes [None req-1c32a8f1-1d22-4e3e-859a-23bc6241489c tempest-VolumesTestJSON-1996652137 tempest-VolumesTestJSON-1996652137-project] Create volume request body: {'volume': {'metadata': {'Type': 'work'}, 'size': 1, 'display_name': 'tempest-VolumesTestJSON-volume-166027443'}} {{(pid=117126) create /opt/stack/cinder/cinder/api/v3/volumes.py:298}}
May 05 13:52:55.007286 dv-cinder-737618-3-smb devstack@c-api.service[117126]: INFO cinder.api.v3.volumes [None req-1c32a8f1-1d22-4e3e-859a-23bc6241489c tempest-VolumesTestJSON-1996652137 tempest-VolumesTestJSON-1996652137-project] Create volume of 1 GB
May 05 13:52:55.036828 dv-cinder-737618-3-smb devstack@c-api.service[117126]: DEBUG cinder.volume.api [None req-1c32a8f1-1d22-4e3e-859a-23bc6241489c tempest-VolumesTestJSON-1996652137 tempest-VolumesTestJSON-1996652137-project] Availability zone cache updated, next update will occur around 2022-05-05 14:52:55.035811. {{(pid=117126) list_availability_zones /opt/stack/cinder/cinder/volume/api.py:152}}
May 05 13:52:55.037114 dv-cinder-737618-3-smb devstack@c-api.service[117126]: INFO cinder.volume.api [None req-1c32a8f1-1d22-4e3e-859a-23bc6241489c tempest-VolumesTestJSON-1996652137 tempest-VolumesTestJSON-1996652137-project] Availability Zones retrieved successfully.
May 05 13:52:55.146553 dv-cinder-737618-3-smb devstack@c-api.service[117126]: DEBUG cinder.volume.api [None req-1c32a8f1-1d22-4e3e-859a-23bc6241489c tempest-VolumesTestJSON-1996652137 tempest-VolumesTestJSON-1996652137-project] Flow 'volume_create_api' (ff7987b3-9a3d-4955-a548-73917c6b8c5b) transitioned into state 'RUNNING' from state 'PENDING' {{(pid=117126) _flow_receiver /usr/local/lib/python3.8/dist-packages/taskflow/listeners/logging.py:141}}
May 05 13:52:55.167720 dv-cinder-737618-3-smb devstack@c-api.service[117126]: DEBUG cinder.volume.api [None req-1c32a8f1-1d22-4e3e-859a-23bc6241489c tempest-VolumesTestJSON-1996652137 tempest-VolumesTestJSON-1996652137-project] Task 'cinder.volume.flows.api.create_volume.ExtractVolumeRequestTask;volume:create' (8074af53-fbdd-43a2-a091-1f808d7cfd49) transitioned into state 'RUNNING' from state 'PENDING' {{(pid=117126) _task_receiver /usr/local/lib/python3.8/dist-packages/taskflow/listeners/logging.py:190}}
May 05 13:52:55.170839 dv-cinder-737618-3-smb devstack@c-api.service[117126]: DEBUG cinder.volume.flows.api.create_volume [None req-1c32a8f1-1d22-4e3e-859a-23bc6241489c tempest-VolumesTestJSON-1996652137 tempest-VolumesTestJSON-1996652137-project] Validating volume size '1' using validate_int {{(pid=117126) _extract_size /opt/stack/cinder/cinder/volume/flows/api/create_volume.py:225}}
May 05 13:52:55.202033 dv-cinder-737618-3-smb devstack@c-api.service[117127]: DEBUG cinder.api.middleware.request_id [req-f9b84e1b-45ba-41fe-b69c-ab9e9ea52c59 req-c0696532-904b-4023-b43f-3dad760a9b32 None None] RequestId filter calling following filter/app {{(pid=117127) _context_setter /opt/stack/cinder/cinder/api/middleware/request_id.py:62}}
May 05 13:52:55.267723 dv-cinder-737618-3-smb devstack@c-api.service[117126]: DEBUG cinder.volume.api [None req-1c32a8f1-1d22-4e3e-859a-23bc6241489c tempest-VolumesTestJSON-1996652137 tempest-VolumesTestJSON-1996652137-project] Task 'cinder.volume.flows.api.create_volume.ExtractVolumeRequestTask;volume:create' (8074af53-fbdd-43a2-a091-1f808d7cfd49) transitioned into state 'SUCCESS' from state 'RUNNING' with result '{'size': 1, 'snapshot_id': None, 'source_volid': None, 'volume_type': VolumeType(created_at=2022-05-05T13:36:10Z,deleted=False,deleted_at=None,description='Default Volume Type',extra_specs={},id=9ce8a443-aad6-489c-b98d-5fe7baba6c52,is_public=True,name='__DEFAULT__',projects=[],qos_specs=,qos_specs_id=None,updated_at=2022-05-05T13:36:10Z), 'volume_type_id': '9ce8a443-aad6-489c-b98d-5fe7baba6c52', 'encryption_key_id': None, 'qos_specs': None, 'consistencygroup_id': None, 'cgsnapshot_id': None, 'group_id': None, 'replication_status': 'disabled', 'refresh_az': False, 'backup_id': None, 'multiattach': False, 'availability_zones': ['nova']}' {{(pid=117126) _task_receiver /usr/local/lib/python3.8/dist-packages/taskflow/listeners/logging.py:178}}
May 05 13:52:55.267723 dv-cinder-737618-3-smb devstack@c-api.service[117126]: DEBUG cinder.volume.api [None req-1c32a8f1-1d22-4e3e-859a-23bc6241489c tempest-VolumesTestJSON-1996652137 tempest-VolumesTestJSON-1996652137-project] Task 'cinder.volume.flows.api.create_volume.QuotaReserveTask;volume:create' (a5b12bb8-12f8-40d4-8a0a-50611a48d29b) transitioned into state 'RUNNING' from state 'PENDING' {{(pid=117126) _task_receiver /usr/local/lib/python3.8/dist-packages/taskflow/listeners/logging.py:190}}
May 05 13:52:55.409632 dv-cinder-737618-3-smb devstack@c-api.service[117127]: WARNING keystonemiddleware.auth_token [req-f9b84e1b-45ba-41fe-b69c-ab9e9ea52c59 req-c0696532-904b-4023-b43f-3dad760a9b32 None None] A valid token was submitted as a service token, but it was not a valid service token. This is incorrect but backwards compatible behaviour. This will be removed in future releases.
May 05 13:52:55.412767 dv-cinder-737618-3-smb devstack@c-api.service[117127]: INFO cinder.api.openstack.wsgi [req-f9b84e1b-45ba-41fe-b69c-ab9e9ea52c59 req-c0696532-904b-4023-b43f-3dad760a9b32 tempest-VolumesGetTestJSON-1874415090 tempest-VolumesGetTestJSON-1874415090-project] POST http://10.222.0.36/volume/v3/b8dc0cabbc3d4e0098e4aed7207086c7/volumes
May 05 13:52:55.413502 dv-cinder-737618-3-smb devstack@c-api.service[117127]: DEBUG cinder.api.openstack.wsgi [req-f9b84e1b-45ba-41fe-b69c-ab9e9ea52c59 req-c0696532-904b-4023-b43f-3dad760a9b32 tempest-VolumesGetTestJSON-1874415090 tempest-VolumesGetTestJSON-1874415090-project] Action: 'create', calling method: create, body: {"volume": {"size": 1, "consistencygroup_id": null, "snapshot_id": null, "name": "tempest-VolumesGetTestJSON-Volume-1183331785", "description": null, "volume_type": null, "availability_zone": null, "metadata": {"Type": "work"}, "imageRef": null, "source_volid": null, "backup_id": null}} {{(pid=117127) _process_stack /opt/stack/cinder/cinder/api/openstack/wsgi.py:866}}
May 05 13:52:55.415228 dv-cinder-737618-3-smb devstack@c-api.service[117127]: DEBUG cinder.api.v3.volumes [req-f9b84e1b-45ba-41fe-b69c-ab9e9ea52c59 req-c0696532-904b-4023-b43f-3dad760a9b32 tempest-VolumesGetTestJSON-1874415090 tempest-VolumesGetTestJSON-1874415090-project] Create volume request body: {'volume': {'size': 1, 'consistencygroup_id': None, 'snapshot_id': None, 'name': 'tempest-VolumesGetTestJSON-Volume-1183331785', 'description': None, 'volume_type': None, 'availability_zone': None, 'metadata': {'Type': 'work'}, 'imageRef': None, 'source_volid': None, 'backup_id': None}} {{(pid=117127) create /opt/stack/cinder/cinder/api/v3/volumes.py:298}}
May 05 13:52:55.416131 dv-cinder-737618-3-smb devstack@c-api.service[117127]: INFO cinder.api.v3.volumes [req-f9b84e1b-45ba-41fe-b69c-ab9e9ea52c59 req-c0696532-904b-4023-b43f-3dad760a9b32 tempest-VolumesGetTestJSON-1874415090 tempest-VolumesGetTestJSON-1874415090-project] Create volume of 1 GB
May 05 13:52:55.463565 dv-cinder-737618-3-smb devstack@c-api.service[117127]: DEBUG cinder.volume.api [req-f9b84e1b-45ba-41fe-b69c-ab9e9ea52c59 req-c0696532-904b-4023-b43f-3dad760a9b32 tempest-VolumesGetTestJSON-1874415090 tempest-VolumesGetTestJSON-1874415090-project] Availability zone cache updated, next update will occur around 2022-05-05 14:52:55.461546. {{(pid=117127) list_availability_zones /opt/stack/cinder/cinder/volume/api.py:152}}
May 05 13:52:55.464515 dv-cinder-737618-3-smb devstack@c-api.service[117127]: INFO cinder.volume.api [req-f9b84e1b-45ba-41fe-b69c-ab9e9ea52c59 req-c0696532-904b-4023-b43f-3dad760a9b32 tempest-VolumesGetTestJSON-1874415090 tempest-VolumesGetTestJSON-1874415090-project] Availability Zones retrieved successfully.
May 05 13:52:55.478821 dv-cinder-737618-3-smb devstack@c-api.service[117126]: WARNING cinder.quota [None req-1c32a8f1-1d22-4e3e-859a-23bc6241489c tempest-VolumesTestJSON-1996652137 tempest-VolumesTestJSON-1996652137-project] Deprecated: Default quota for resource: volumes___DEFAULT__ is set by the default quota flag: quota_volumes___DEFAULT__, it is now deprecated. Please use the default quota class for default quota.
May 05 13:52:55.479774 dv-cinder-737618-3-smb devstack@c-api.service[117126]: WARNING cinder.quota [None req-1c32a8f1-1d22-4e3e-859a-23bc6241489c tempest-VolumesTestJSON-1996652137 tempest-VolumesTestJSON-1996652137-project] Deprecated: Default quota for resource: gigabytes___DEFAULT__ is set by the default quota flag: quota_gigabytes___DEFAULT__, it is now deprecated. Please use the default quota class for default quota.
May 05 13:52:55.705449 dv-cinder-737618-3-smb devstack@c-api.service[117126]: DEBUG cinder.quota [None req-1c32a8f1-1d22-4e3e-859a-23bc6241489c tempest-VolumesTestJSON-1996652137 tempest-VolumesTestJSON-1996652137-project] Created reservations ['ccd07667-a9bf-4a87-b832-e85744760191', '84b33831-0a8a-44d1-8eda-9f19cd8eb697', 'e423c8ac-c75c-4a7e-adf0-659aea2d2e34', 'f897dc20-e230-4c3b-932c-0554b95988a7'] {{(pid=117126) reserve /opt/stack/cinder/cinder/quota.py:755}}
May 05 13:52:55.707063 dv-cinder-737618-3-smb devstack@c-api.service[117126]: DEBUG cinder.volume.api [None req-1c32a8f1-1d22-4e3e-859a-23bc6241489c tempest-VolumesTestJSON-1996652137 tempest-VolumesTestJSON-1996652137-project] Task 'cinder.volume.flows.api.create_volume.QuotaReserveTask;volume:create' (a5b12bb8-12f8-40d4-8a0a-50611a48d29b) transitioned into state 'SUCCESS' from state 'RUNNING' with result '{'reservations': ['ccd07667-a9bf-4a87-b832-e85744760191', '84b33831-0a8a-44d1-8eda-9f19cd8eb697', 'e423c8ac-c75c-4a7e-adf0-659aea2d2e34', 'f897dc20-e230-4c3b-932c-0554b95988a7']}' {{(pid=117126) _task_receiver /usr/local/lib/python3.8/dist-packages/taskflow/listeners/logging.py:178}}
May 05 13:52:55.709244 dv-cinder-737618-3-smb devstack@c-api.service[117126]: DEBUG cinder.volume.api [None req-1c32a8f1-1d22-4e3e-859a-23bc6241489c tempest-VolumesTestJSON-1996652137 tempest-VolumesTestJSON-1996652137-project] Task 'cinder.volume.flows.api.create_volume.EntryCreateTask;volume:create' (c05743e4-525a-492f-ad74-f6ef22414bb3) transitioned into state 'RUNNING' from state 'PENDING' {{(pid=117126) _task_receiver /usr/local/lib/python3.8/dist-packages/taskflow/listeners/logging.py:190}}
May 05 13:52:55.756945 dv-cinder-737618-3-smb devstack@c-api.service[117127]: DEBUG cinder.volume.api [req-f9b84e1b-45ba-41fe-b69c-ab9e9ea52c59 req-c0696532-904b-4023-b43f-3dad760a9b32 tempest-VolumesGetTestJSON-1874415090 tempest-VolumesGetTestJSON-1874415090-project] Flow 'volume_create_api' (bfc43281-0d48-49a0-8f64-622876896888) transitioned into state 'RUNNING' from state 'PENDING' {{(pid=117127) _flow_receiver /usr/local/lib/python3.8/dist-packages/taskflow/listeners/logging.py:141}}
May 05 13:52:55.759557 dv-cinder-737618-3-smb devstack@c-api.service[117127]: DEBUG cinder.volume.api [req-f9b84e1b-45ba-41fe-b69c-ab9e9ea52c59 req-c0696532-904b-4023-b43f-3dad760a9b32 tempest-VolumesGetTestJSON-1874415090 tempest-VolumesGetTestJSON-1874415090-project] Task 'cinder.volume.flows.api.create_volume.ExtractVolumeRequestTask;volume:create' (158852be-f444-4624-bc08-0cd321050f67) transitioned into state 'RUNNING' from state 'PENDING' {{(pid=117127) _task_receiver /usr/local/lib/python3.8/dist-packages/taskflow/listeners/logging.py:190}}
May 05 13:52:55.762282 dv-cinder-737618-3-smb devstack@c-api.service[117127]: DEBUG cinder.volume.flows.api.create_volume [req-f9b84e1b-45ba-41fe-b69c-ab9e9ea52c59 req-c0696532-904b-4023-b43f-3dad760a9b32 tempest-VolumesGetTestJSON-1874415090 tempest-VolumesGetTestJSON-1874415090-project] Validating volume size '1' using validate_int {{(pid=117127) _extract_size /opt/stack/cinder/cinder/volume/flows/api/create_volume.py:225}}
May 05 13:52:55.849215 dv-cinder-737618-3-smb devstack@c-api.service[117127]: DEBUG cinder.volume.api [req-f9b84e1b-45ba-41fe-b69c-ab9e9ea52c59 req-c0696532-904b-4023-b43f-3dad760a9b32 tempest-VolumesGetTestJSON-1874415090 tempest-VolumesGetTestJSON-1874415090-project] Task 'cinder.volume.flows.api.create_volume.ExtractVolumeRequestTask;volume:create' (158852be-f444-4624-bc08-0cd321050f67) transitioned into state 'SUCCESS' from state 'RUNNING' with result '{'size': 1, 'snapshot_id': None, 'source_volid': None, 'volume_type': VolumeType(created_at=2022-05-05T13:36:10Z,deleted=False,deleted_at=None,description='Default Volume Type',extra_specs={},id=9ce8a443-aad6-489c-b98d-5fe7baba6c52,is_public=True,name='__DEFAULT__',projects=[],qos_specs=,qos_specs_id=None,updated_at=2022-05-05T13:36:10Z), 'volume_type_id': '9ce8a443-aad6-489c-b98d-5fe7baba6c52', 'encryption_key_id': None, 'qos_specs': None, 'consistencygroup_id': None, 'cgsnapshot_id': None, 'group_id': None, 'replication_status': 'disabled', 'refresh_az': False, 'backup_id': None, 'multiattach': False, 'availability_zones': ['nova']}' {{(pid=117127) _task_receiver /usr/local/lib/python3.8/dist-packages/taskflow/listeners/logging.py:178}}
May 05 13:52:55.851546 dv-cinder-737618-3-smb devstack@c-api.service[117127]: DEBUG cinder.volume.api [req-f9b84e1b-45ba-41fe-b69c-ab9e9ea52c59 req-c0696532-904b-4023-b43f-3dad760a9b32 tempest-VolumesGetTestJSON-1874415090 tempest-VolumesGetTestJSON-1874415090-project] Task 'cinder.volume.flows.api.create_volume.QuotaReserveTask;volume:create' (451c172a-c858-419b-9a6c-96499baeb5a2) transitioned into state 'RUNNING' from state 'PENDING' {{(pid=117127) _task_receiver /usr/local/lib/python3.8/dist-packages/taskflow/listeners/logging.py:190}}
May 05 13:52:55.922291 dv-cinder-737618-3-smb devstack@c-api.service[117126]: DEBUG cinder.volume.api [None req-1c32a8f1-1d22-4e3e-859a-23bc6241489c tempest-VolumesTestJSON-1996652137 tempest-VolumesTestJSON-1996652137-project] Task 'cinder.volume.flows.api.create_volume.EntryCreateTask;volume:create' (c05743e4-525a-492f-ad74-f6ef22414bb3) transitioned into state 'SUCCESS' from state 'RUNNING' with result '{'volume_id': '5fbb072c-02fa-4ce4-b3a7-379aeeab34c8', 'volume_properties': VolumeProperties(attach_status='detached',availability_zone='nova',cgsnapshot_id=None,consistencygroup_id=None,display_description=None,display_name='tempest-VolumesTestJSON-volume-166027443',encryption_key_id=None,group_id=None,group_type_id=,metadata={Type='work'},multiattach=False,project_id='2af3b5fd388c471880b8ee01e377a094',qos_specs=None,replication_status=,reservations=['ccd07667-a9bf-4a87-b832-e85744760191','84b33831-0a8a-44d1-8eda-9f19cd8eb697','e423c8ac-c75c-4a7e-adf0-659aea2d2e34','f897dc20-e230-4c3b-932c-0554b95988a7'],size=1,snapshot_id=None,source_replicaid=,source_volid=None,status='creating',user_id='73116d712ea34f72bfa0b150d2426dca',volume_type_id=9ce8a443-aad6-489c-b98d-5fe7baba6c52), 'volume': Volume(_name_id=None,admin_metadata=,attach_status='detached',availability_zone='nova',bootable=False,cluster=,cluster_name=None,consistencygroup=,consistencygroup_id=None,created_at=2022-05-05T13:52:55Z,deleted=False,deleted_at=None,display_description=None,display_name='tempest-VolumesTestJSON-volume-166027443',ec2_id=None,encryption_key_id=None,glance_metadata=,group=,group_id=None,host=None,id=5fbb072c-02fa-4ce4-b3a7-379aeeab34c8,launched_at=None,metadata={Type='work'},migration_status=None,multiattach=False,previous_status=None,project_id='2af3b5fd388c471880b8ee01e377a094',provider_auth=None,provider_geometry=None,provider_id=None,provider_location=None,replication_driver_data=None,replication_extended_status=None,replication_status=None,scheduled_at=None,service_uuid=None,shared_targets=True,size=1,snapshot_id=None,snapshots=,source_volid=None,status='creating',terminated_at=None,updated_at=None,use_quota=True,user_id='73116d712ea34f72bfa0b150d2426dca',volume_attachment=VolumeAttachmentList,volume_type=VolumeType(9ce8a443-aad6-489c-b98d-5fe7baba6c52),volume_type_id=9ce8a443-aad6-489c-b98d-5fe7baba6c52)}' {{(pid=117126) _task_receiver /usr/local/lib/python3.8/dist-packages/taskflow/listeners/logging.py:178}}
May 05 13:52:55.927615 dv-cinder-737618-3-smb devstack@c-api.service[117126]: DEBUG cinder.volume.api [None req-1c32a8f1-1d22-4e3e-859a-23bc6241489c tempest-VolumesTestJSON-1996652137 tempest-VolumesTestJSON-1996652137-project] Task 'cinder.volume.flows.api.create_volume.QuotaCommitTask;volume:create' (aa2378f5-2141-4ad3-b4e1-456d97d72db7) transitioned into state 'RUNNING' from state 'PENDING' {{(pid=117126) _task_receiver /usr/local/lib/python3.8/dist-packages/taskflow/listeners/logging.py:190}}
May 05 13:52:55.959496 dv-cinder-737618-3-smb devstack@c-api.service[117127]: WARNING cinder.quota [req-f9b84e1b-45ba-41fe-b69c-ab9e9ea52c59 req-c0696532-904b-4023-b43f-3dad760a9b32 tempest-VolumesGetTestJSON-1874415090 tempest-VolumesGetTestJSON-1874415090-project] Deprecated: Default quota for resource: volumes___DEFAULT__ is set by the default quota flag: quota_volumes___DEFAULT__, it is now deprecated. Please use the default quota class for default quota.
May 05 13:52:55.961936 dv-cinder-737618-3-smb devstack@c-api.service[117127]: WARNING cinder.quota [req-f9b84e1b-45ba-41fe-b69c-ab9e9ea52c59 req-c0696532-904b-4023-b43f-3dad760a9b32 tempest-VolumesGetTestJSON-1874415090 tempest-VolumesGetTestJSON-1874415090-project] Deprecated: Default quota for resource: gigabytes___DEFAULT__ is set by the default quota flag: quota_gigabytes___DEFAULT__, it is now deprecated. Please use the default quota class for default quota.
May 05 13:52:56.088839 dv-cinder-737618-3-smb devstack@c-api.service[117126]: DEBUG cinder.volume.api [None req-1c32a8f1-1d22-4e3e-859a-23bc6241489c tempest-VolumesTestJSON-1996652137 tempest-VolumesTestJSON-1996652137-project] Task 'cinder.volume.flows.api.create_volume.QuotaCommitTask;volume:create' (aa2378f5-2141-4ad3-b4e1-456d97d72db7) transitioned into state 'SUCCESS' from state 'RUNNING' with result '{'volume_properties': VolumeProperties(attach_status='detached',availability_zone='nova',cgsnapshot_id=None,consistencygroup_id=None,display_description=None,display_name='tempest-VolumesTestJSON-volume-166027443',encryption_key_id=None,group_id=None,group_type_id=,metadata={Type='work'},multiattach=False,project_id='2af3b5fd388c471880b8ee01e377a094',qos_specs=None,replication_status=,reservations=['ccd07667-a9bf-4a87-b832-e85744760191','84b33831-0a8a-44d1-8eda-9f19cd8eb697','e423c8ac-c75c-4a7e-adf0-659aea2d2e34','f897dc20-e230-4c3b-932c-0554b95988a7'],size=1,snapshot_id=None,source_replicaid=,source_volid=None,status='creating',user_id='73116d712ea34f72bfa0b150d2426dca',volume_type_id=9ce8a443-aad6-489c-b98d-5fe7baba6c52)}' {{(pid=117126) _task_receiver /usr/local/lib/python3.8/dist-packages/taskflow/listeners/logging.py:178}}
May 05 13:52:56.091273 dv-cinder-737618-3-smb devstack@c-api.service[117126]: DEBUG cinder.volume.api [None req-1c32a8f1-1d22-4e3e-859a-23bc6241489c tempest-VolumesTestJSON-1996652137 tempest-VolumesTestJSON-1996652137-project] Task 'cinder.volume.flows.api.create_volume.VolumeCastTask;volume:create' (1b5d114e-1e3c-409c-98f2-319b3b8b0b6e) transitioned into state 'RUNNING' from state 'PENDING' {{(pid=117126) _task_receiver /usr/local/lib/python3.8/dist-packages/taskflow/listeners/logging.py:190}}
May 05 13:52:56.274591 dv-cinder-737618-3-smb devstack@c-api.service[117126]: DEBUG cinder.volume.api [None req-1c32a8f1-1d22-4e3e-859a-23bc6241489c tempest-VolumesTestJSON-1996652137 tempest-VolumesTestJSON-1996652137-project] Task 'cinder.volume.flows.api.create_volume.VolumeCastTask;volume:create' (1b5d114e-1e3c-409c-98f2-319b3b8b0b6e) transitioned into state 'SUCCESS' from state 'RUNNING' with result 'None' {{(pid=117126) _task_receiver /usr/local/lib/python3.8/dist-packages/taskflow/listeners/logging.py:178}}
May 05 13:52:56.279073 dv-cinder-737618-3-smb devstack@c-api.service[117126]: DEBUG cinder.volume.api [None req-1c32a8f1-1d22-4e3e-859a-23bc6241489c tempest-VolumesTestJSON-1996652137 tempest-VolumesTestJSON-1996652137-project] Flow 'volume_create_api' (ff7987b3-9a3d-4955-a548-73917c6b8c5b) transitioned into state 'SUCCESS' from state 'RUNNING' {{(pid=117126) _flow_receiver /usr/local/lib/python3.8/dist-packages/taskflow/listeners/logging.py:141}}
May 05 13:52:56.282503 dv-cinder-737618-3-smb devstack@c-api.service[117126]: INFO cinder.volume.api [None req-1c32a8f1-1d22-4e3e-859a-23bc6241489c tempest-VolumesTestJSON-1996652137 tempest-VolumesTestJSON-1996652137-project] Create volume request issued successfully.
May 05 13:52:56.290588 dv-cinder-737618-3-smb devstack@c-api.service[117126]: INFO cinder.api.openstack.wsgi [None req-1c32a8f1-1d22-4e3e-859a-23bc6241489c tempest-VolumesTestJSON-1996652137 tempest-VolumesTestJSON-1996652137-project] http://10.222.0.36/volume/v3/2af3b5fd388c471880b8ee01e377a094/volumes returned with HTTP 202
May 05 13:52:56.291691 dv-cinder-737618-3-smb devstack@c-api.service[117126]: [pid: 117126|app: 0|req: 4/8] 10.222.0.36 () {60 vars in 1235 bytes} [Thu May 5 13:52:54 2022] POST /volume/v3/2af3b5fd388c471880b8ee01e377a094/volumes => generated 828 bytes in 1479 msecs (HTTP/1.1 202) 7 headers in 291 bytes (1 switches on core 0)
May 05 13:52:56.293924 dv-cinder-737618-3-smb devstack@c-api.service[117126]: DEBUG cinder.api.middleware.request_id [req-737eb440-da59-4aa6-854c-540d94301ba7 req-d5624c50-5fdd-4898-a506-de991790b856 None None] RequestId filter calling following filter/app {{(pid=117126) _context_setter /opt/stack/cinder/cinder/api/middleware/request_id.py:62}}
May 05 13:52:56.372166 dv-cinder-737618-3-smb devstack@c-api.service[117127]: DEBUG cinder.quota [req-f9b84e1b-45ba-41fe-b69c-ab9e9ea52c59 req-c0696532-904b-4023-b43f-3dad760a9b32 tempest-VolumesGetTestJSON-1874415090 tempest-VolumesGetTestJSON-1874415090-project] Created reservations ['fce341ad-986d-40fc-8cb4-7ba6910f020c', '863d70ae-dbfc-4c81-b419-517366e88ccb', '4e10c115-0327-4cd7-bb0d-ec274849e5fc', '24e9218d-c993-4600-aaf9-af2e32bce11b'] {{(pid=117127) reserve /opt/stack/cinder/cinder/quota.py:755}}
May 05 13:52:56.375065 dv-cinder-737618-3-smb devstack@c-api.service[117127]: DEBUG cinder.volume.api [req-f9b84e1b-45ba-41fe-b69c-ab9e9ea52c59 req-c0696532-904b-4023-b43f-3dad760a9b32 tempest-VolumesGetTestJSON-1874415090 tempest-VolumesGetTestJSON-1874415090-project] Task 'cinder.volume.flows.api.create_volume.QuotaReserveTask;volume:create' (451c172a-c858-419b-9a6c-96499baeb5a2) transitioned into state 'SUCCESS' from state 'RUNNING' with result '{'reservations': ['fce341ad-986d-40fc-8cb4-7ba6910f020c', '863d70ae-dbfc-4c81-b419-517366e88ccb', '4e10c115-0327-4cd7-bb0d-ec274849e5fc', '24e9218d-c993-4600-aaf9-af2e32bce11b']}' {{(pid=117127) _task_receiver /usr/local/lib/python3.8/dist-packages/taskflow/listeners/logging.py:178}}
May 05 13:52:56.377659 dv-cinder-737618-3-smb devstack@c-api.service[117127]: DEBUG cinder.volume.api [req-f9b84e1b-45ba-41fe-b69c-ab9e9ea52c59 req-c0696532-904b-4023-b43f-3dad760a9b32 tempest-VolumesGetTestJSON-1874415090 tempest-VolumesGetTestJSON-1874415090-project] Task 'cinder.volume.flows.api.create_volume.EntryCreateTask;volume:create' (1ec0ca24-18ce-4832-a440-b2f3082c13dd) transitioned into state 'RUNNING' from state 'PENDING' {{(pid=117127) _task_receiver /usr/local/lib/python3.8/dist-packages/taskflow/listeners/logging.py:190}}
May 05 13:52:56.541626 dv-cinder-737618-3-smb devstack@c-api.service[117127]: DEBUG cinder.volume.api [req-f9b84e1b-45ba-41fe-b69c-ab9e9ea52c59 req-c0696532-904b-4023-b43f-3dad760a9b32 tempest-VolumesGetTestJSON-1874415090 tempest-VolumesGetTestJSON-1874415090-project] Task 'cinder.volume.flows.api.create_volume.EntryCreateTask;volume:create' (1ec0ca24-18ce-4832-a440-b2f3082c13dd) transitioned into state 'SUCCESS' from state 'RUNNING' with result '{'volume_id': '5ef7dc1f-1557-4b1a-b48e-81c392fdb583', 'volume_properties': VolumeProperties(attach_status='detached',availability_zone='nova',cgsnapshot_id=None,consistencygroup_id=None,display_description=None,display_name='tempest-VolumesGetTestJSON-Volume-1183331785',encryption_key_id=None,group_id=None,group_type_id=,metadata={Type='work'},multiattach=False,project_id='b8dc0cabbc3d4e0098e4aed7207086c7',qos_specs=None,replication_status=,reservations=['fce341ad-986d-40fc-8cb4-7ba6910f020c','863d70ae-dbfc-4c81-b419-517366e88ccb','4e10c115-0327-4cd7-bb0d-ec274849e5fc','24e9218d-c993-4600-aaf9-af2e32bce11b'],size=1,snapshot_id=None,source_replicaid=,source_volid=None,status='creating',user_id='a1e1bef38949423c80107cd5ca458837',volume_type_id=9ce8a443-aad6-489c-b98d-5fe7baba6c52), 'volume': Volume(_name_id=None,admin_metadata=,attach_status='detached',availability_zone='nova',bootable=False,cluster=,cluster_name=None,consistencygroup=,consistencygroup_id=None,created_at=2022-05-05T13:52:56Z,deleted=False,deleted_at=None,display_description=None,display_name='tempest-VolumesGetTestJSON-Volume-1183331785',ec2_id=None,encryption_key_id=None,glance_metadata=,group=,group_id=None,host=None,id=5ef7dc1f-1557-4b1a-b48e-81c392fdb583,launched_at=None,metadata={Type='work'},migration_status=None,multiattach=False,previous_status=None,project_id='b8dc0cabbc3d4e0098e4aed7207086c7',provider_auth=None,provider_geometry=None,provider_id=None,provider_location=None,replication_driver_data=None,replication_extended_status=None,replication_status=None,scheduled_at=None,service_uuid=None,shared_targets=True,size=1,snapshot_id=None,snapshots=,source_volid=None,status='creating',terminated_at=None,updated_at=None,use_quota=True,user_id='a1e1bef38949423c80107cd5ca458837',volume_attachment=VolumeAttachmentList,volume_type=VolumeType(9ce8a443-aad6-489c-b98d-5fe7baba6c52),volume_type_id=9ce8a443-aad6-489c-b98d-5fe7baba6c52)}' {{(pid=117127) _task_receiver /usr/local/lib/python3.8/dist-packages/taskflow/listeners/logging.py:178}}
May 05 13:52:56.544005 dv-cinder-737618-3-smb devstack@c-api.service[117127]: DEBUG cinder.volume.api [req-f9b84e1b-45ba-41fe-b69c-ab9e9ea52c59 req-c0696532-904b-4023-b43f-3dad760a9b32 tempest-VolumesGetTestJSON-1874415090 tempest-VolumesGetTestJSON-1874415090-project] Task 'cinder.volume.flows.api.create_volume.QuotaCommitTask;volume:create' (609fb249-36ef-45ea-9ed3-523a1ca8888b) transitioned into state 'RUNNING' from state 'PENDING' {{(pid=117127) _task_receiver /usr/local/lib/python3.8/dist-packages/taskflow/listeners/logging.py:190}}
May 05 13:52:56.655477 dv-cinder-737618-3-smb devstack@c-api.service[117127]: DEBUG cinder.volume.api [req-f9b84e1b-45ba-41fe-b69c-ab9e9ea52c59 req-c0696532-904b-4023-b43f-3dad760a9b32 tempest-VolumesGetTestJSON-1874415090 tempest-VolumesGetTestJSON-1874415090-project] Task 'cinder.volume.flows.api.create_volume.QuotaCommitTask;volume:create' (609fb249-36ef-45ea-9ed3-523a1ca8888b) transitioned into state 'SUCCESS' from state 'RUNNING' with result '{'volume_properties': VolumeProperties(attach_status='detached',availability_zone='nova',cgsnapshot_id=None,consistencygroup_id=None,display_description=None,display_name='tempest-VolumesGetTestJSON-Volume-1183331785',encryption_key_id=None,group_id=None,group_type_id=,metadata={Type='work'},multiattach=False,project_id='b8dc0cabbc3d4e0098e4aed7207086c7',qos_specs=None,replication_status=,reservations=['fce341ad-986d-40fc-8cb4-7ba6910f020c','863d70ae-dbfc-4c81-b419-517366e88ccb','4e10c115-0327-4cd7-bb0d-ec274849e5fc','24e9218d-c993-4600-aaf9-af2e32bce11b'],size=1,snapshot_id=None,source_replicaid=,source_volid=None,status='creating',user_id='a1e1bef38949423c80107cd5ca458837',volume_type_id=9ce8a443-aad6-489c-b98d-5fe7baba6c52)}' {{(pid=117127) _task_receiver /usr/local/lib/python3.8/dist-packages/taskflow/listeners/logging.py:178}}
May 05 13:52:56.657310 dv-cinder-737618-3-smb devstack@c-api.service[117127]: DEBUG cinder.volume.api [req-f9b84e1b-45ba-41fe-b69c-ab9e9ea52c59 req-c0696532-904b-4023-b43f-3dad760a9b32 tempest-VolumesGetTestJSON-1874415090 tempest-VolumesGetTestJSON-1874415090-project] Task 'cinder.volume.flows.api.create_volume.VolumeCastTask;volume:create' (449111fd-7add-46c1-9ef8-715e8ff12e51) transitioned into state 'RUNNING' from state 'PENDING' {{(pid=117127) _task_receiver /usr/local/lib/python3.8/dist-packages/taskflow/listeners/logging.py:190}}
May 05 13:52:56.717286 dv-cinder-737618-3-smb devstack@c-api.service[117126]: WARNING keystonemiddleware.auth_token [req-737eb440-da59-4aa6-854c-540d94301ba7 req-d5624c50-5fdd-4898-a506-de991790b856 None None] A valid token was submitted as a service token, but it was not a valid service token. This is incorrect but backwards compatible behaviour. This will be removed in future releases.
May 05 13:52:56.725150 dv-cinder-737618-3-smb devstack@c-api.service[117126]: INFO cinder.api.openstack.wsgi [req-737eb440-da59-4aa6-854c-540d94301ba7 req-d5624c50-5fdd-4898-a506-de991790b856 tempest-VolumesNegativeTest-236428706 tempest-VolumesNegativeTest-236428706-project] DELETE http://10.222.0.36/volume/v3/92fb5300be874f1ca597eab854ebb880/volumes/tempest-invalid-64544995
May 05 13:52:56.725150 dv-cinder-737618-3-smb devstack@c-api.service[117126]: DEBUG cinder.api.openstack.wsgi [req-737eb440-da59-4aa6-854c-540d94301ba7 req-d5624c50-5fdd-4898-a506-de991790b856 tempest-VolumesNegativeTest-236428706 tempest-VolumesNegativeTest-236428706-project] Empty body provided in request {{(pid=117126) get_body /opt/stack/cinder/cinder/api/openstack/wsgi.py:715}}
May 05 13:52:56.725150 dv-cinder-737618-3-smb devstack@c-api.service[117126]: DEBUG cinder.api.openstack.wsgi [req-737eb440-da59-4aa6-854c-540d94301ba7 req-d5624c50-5fdd-4898-a506-de991790b856 tempest-VolumesNegativeTest-236428706 tempest-VolumesNegativeTest-236428706-project] Calling method 'delete' {{(pid=117126) _process_stack /opt/stack/cinder/cinder/api/openstack/wsgi.py:868}}
May 05 13:52:56.725150 dv-cinder-737618-3-smb devstack@c-api.service[117126]: INFO cinder.api.v3.volumes [req-737eb440-da59-4aa6-854c-540d94301ba7 req-d5624c50-5fdd-4898-a506-de991790b856 tempest-VolumesNegativeTest-236428706 tempest-VolumesNegativeTest-236428706-project] Delete volume with id: tempest-invalid-64544995
May 05 13:52:56.733407 dv-cinder-737618-3-smb devstack@c-api.service[117126]: INFO cinder.api.openstack.wsgi [req-737eb440-da59-4aa6-854c-540d94301ba7 req-d5624c50-5fdd-4898-a506-de991790b856 tempest-VolumesNegativeTest-236428706 tempest-VolumesNegativeTest-236428706-project] http://10.222.0.36/volume/v3/92fb5300be874f1ca597eab854ebb880/volumes/tempest-invalid-64544995 returned with HTTP 404
May 05 13:52:56.734310 dv-cinder-737618-3-smb devstack@c-api.service[117126]: [pid: 117126|app: 0|req: 5/9] 10.222.0.36 () {62 vars in 1564 bytes} [Thu May 5 13:52:56 2022] DELETE /volume/v3/92fb5300be874f1ca597eab854ebb880/volumes/tempest-invalid-64544995 => generated 97 bytes in 442 msecs (HTTP/1.1 404) 7 headers in 291 bytes (1 switches on core 0)
May 05 13:52:56.735778 dv-cinder-737618-3-smb devstack@c-api.service[117126]: DEBUG cinder.api.middleware.request_id [None req-2779b922-16d2-45ce-a3b9-e3258d1c90c6 None None] RequestId filter calling following filter/app {{(pid=117126) _context_setter /opt/stack/cinder/cinder/api/middleware/request_id.py:62}}
May 05 13:52:56.813535 dv-cinder-737618-3-smb devstack@c-api.service[117127]: DEBUG cinder.volume.api [req-f9b84e1b-45ba-41fe-b69c-ab9e9ea52c59 req-c0696532-904b-4023-b43f-3dad760a9b32 tempest-VolumesGetTestJSON-1874415090 tempest-VolumesGetTestJSON-1874415090-project] Task 'cinder.volume.flows.api.create_volume.VolumeCastTask;volume:create' (449111fd-7add-46c1-9ef8-715e8ff12e51) transitioned into state 'SUCCESS' from state 'RUNNING' with result 'None' {{(pid=117127) _task_receiver /usr/local/lib/python3.8/dist-packages/taskflow/listeners/logging.py:178}}
May 05 13:52:56.826431 dv-cinder-737618-3-smb devstack@c-api.service[117127]: DEBUG cinder.volume.api [req-f9b84e1b-45ba-41fe-b69c-ab9e9ea52c59 req-c0696532-904b-4023-b43f-3dad760a9b32 tempest-VolumesGetTestJSON-1874415090 tempest-VolumesGetTestJSON-1874415090-project] Flow 'volume_create_api' (bfc43281-0d48-49a0-8f64-622876896888) transitioned into state 'SUCCESS' from state 'RUNNING' {{(pid=117127) _flow_receiver /usr/local/lib/python3.8/dist-packages/taskflow/listeners/logging.py:141}}
May 05 13:52:56.828341 dv-cinder-737618-3-smb devstack@c-api.service[117127]: INFO cinder.volume.api [req-f9b84e1b-45ba-41fe-b69c-ab9e9ea52c59 req-c0696532-904b-4023-b43f-3dad760a9b32 tempest-VolumesGetTestJSON-1874415090 tempest-VolumesGetTestJSON-1874415090-project] Create volume request issued successfully.
May 05 13:52:56.833295 dv-cinder-737618-3-smb devstack@c-api.service[117127]: INFO cinder.api.openstack.wsgi [req-f9b84e1b-45ba-41fe-b69c-ab9e9ea52c59 req-c0696532-904b-4023-b43f-3dad760a9b32 tempest-VolumesGetTestJSON-1874415090 tempest-VolumesGetTestJSON-1874415090-project] http://10.222.0.36/volume/v3/b8dc0cabbc3d4e0098e4aed7207086c7/volumes returned with HTTP 202
May 05 13:52:56.838987 dv-cinder-737618-3-smb devstack@c-api.service[117127]: [pid: 117127|app: 0|req: 5/10] 10.222.0.36 () {64 vars in 1521 bytes} [Thu May 5 13:52:55 2022] POST /volume/v3/b8dc0cabbc3d4e0098e4aed7207086c7/volumes => generated 832 bytes in 1638 msecs (HTTP/1.1 202) 7 headers in 291 bytes (2 switches on core 0)
May 05 13:52:56.847877 dv-cinder-737618-3-smb devstack@c-api.service[117127]: DEBUG cinder.api.middleware.request_id [None req-36570e75-a759-4086-b355-d0468b78f2d0 None None] RequestId filter calling following filter/app {{(pid=117127) _context_setter /opt/stack/cinder/cinder/api/middleware/request_id.py:62}}
May 05 13:52:56.884910 dv-cinder-737618-3-smb devstack@c-api.service[117126]: INFO cinder.api.openstack.wsgi [None req-2779b922-16d2-45ce-a3b9-e3258d1c90c6 tempest-UserMessagesTest-1900447123 tempest-UserMessagesTest-1900447123-project-admin] POST http://10.222.0.36/volume/v3/08034aff462042f5b584cf7c1b320598/types
May 05 13:52:56.885653 dv-cinder-737618-3-smb devstack@c-api.service[117126]: DEBUG cinder.api.openstack.wsgi [None req-2779b922-16d2-45ce-a3b9-e3258d1c90c6 tempest-UserMessagesTest-1900447123 tempest-UserMessagesTest-1900447123-project-admin] Action: 'create', calling method: _create, body: {"volume_type": {"name": "tempest-UserMessagesTest-volume-type-314860369", "extra_specs": {"storage_protocol": "tempest-storage_protocol-1862117463", "vendor_name": "tempest-vendor_name-1053514756"}}} {{(pid=117126) _process_stack /opt/stack/cinder/cinder/api/openstack/wsgi.py:866}}
May 05 13:52:56.887207 dv-cinder-737618-3-smb devstack@c-api.service[117126]: /usr/local/lib/python3.8/dist-packages/oslo_context/context.py:100: DeprecationWarning: Policy enforcement is depending on the value of is_admin. This key is deprecated. Please update your policy file to use the standard policy values.
May 05 13:52:56.887207 dv-cinder-737618-3-smb devstack@c-api.service[117126]: warnings.warn('Policy enforcement is depending on the value of '
May 05 13:52:56.931515 dv-cinder-737618-3-smb devstack@c-api.service[117127]: INFO cinder.api.openstack.wsgi [None req-36570e75-a759-4086-b355-d0468b78f2d0 tempest-BackendsCapabilitiesAdminTestsJSON-1130461976 tempest-BackendsCapabilitiesAdminTestsJSON-1130461976-project-admin] GET http://10.222.0.36/volume/v3/8e83d79b44f1440bb3f1d4b5cccd9533/scheduler-stats/get_pools
May 05 13:52:56.932072 dv-cinder-737618-3-smb devstack@c-api.service[117127]: DEBUG cinder.api.openstack.wsgi [None req-36570e75-a759-4086-b355-d0468b78f2d0 tempest-BackendsCapabilitiesAdminTestsJSON-1130461976 tempest-BackendsCapabilitiesAdminTestsJSON-1130461976-project-admin] Empty body provided in request {{(pid=117127) get_body /opt/stack/cinder/cinder/api/openstack/wsgi.py:715}}
