Aug 04 15:25:24.956064 dv-cinder-734144-21-smb devstack@n-api.service[107744]: DEBUG nova.api.openstack.wsgi_app [-] oslo_messaging_rabbit.heartbeat_in_pthread = True {{(pid=107744) log_opt_values /usr/local/lib/python3.8/dist-packages/oslo_config/cfg.py:2609}}
Aug 04 15:25:24.957993 dv-cinder-734144-21-smb devstack@n-api.service[107744]: DEBUG nova.api.openstack.wsgi_app [-] oslo_messaging_rabbit.heartbeat_rate = 3 {{(pid=107744) log_opt_values /usr/local/lib/python3.8/dist-packages/oslo_config/cfg.py:2609}}
Aug 04 15:25:24.957993 dv-cinder-734144-21-smb devstack@n-api.service[107744]: DEBUG nova.api.openstack.wsgi_app [-] oslo_messaging_rabbit.heartbeat_timeout_threshold = 600 {{(pid=107744) log_opt_values /usr/local/lib/python3.8/dist-packages/oslo_config/cfg.py:2609}}
Aug 04 15:25:24.957993 dv-cinder-734144-21-smb devstack@n-api.service[107744]: DEBUG nova.api.openstack.wsgi_app [-] oslo_messaging_rabbit.kombu_compression = None {{(pid=107744) log_opt_values /usr/local/lib/python3.8/dist-packages/oslo_config/cfg.py:2609}}
Aug 04 15:25:24.957993 dv-cinder-734144-21-smb devstack@n-api.service[107744]: DEBUG nova.api.openstack.wsgi_app [-] oslo_messaging_rabbit.kombu_failover_strategy = round-robin {{(pid=107744) log_opt_values /usr/local/lib/python3.8/dist-packages/oslo_config/cfg.py:2609}}
Aug 04 15:25:24.958914 dv-cinder-734144-21-smb devstack@n-api.service[107744]: DEBUG nova.api.openstack.wsgi_app [-] oslo_messaging_rabbit.kombu_missing_consumer_retry_timeout = 60 {{(pid=107744) log_opt_values /usr/local/lib/python3.8/dist-packages/oslo_config/cfg.py:2609}}
Aug 04 15:25:24.958914 dv-cinder-734144-21-smb devstack@n-api.service[107744]: DEBUG nova.api.openstack.wsgi_app [-] oslo_messaging_rabbit.kombu_reconnect_delay = 1.0 {{(pid=107744) log_opt_values /usr/local/lib/python3.8/dist-packages/oslo_config/cfg.py:2609}}
Aug 04 15:25:24.958914 dv-cinder-734144-21-smb devstack@n-api.service[107744]: DEBUG nova.api.openstack.wsgi_app [-] oslo_messaging_rabbit.rabbit_ha_queues = False {{(pid=107744) log_opt_values /usr/local/lib/python3.8/dist-packages/oslo_config/cfg.py:2609}}
Aug 04 15:25:24.959111 dv-cinder-734144-21-smb devstack@n-api.service[107744]: DEBUG nova.api.openstack.wsgi_app [-] oslo_messaging_rabbit.rabbit_interval_max = 30 {{(pid=107744) log_opt_values /usr/local/lib/python3.8/dist-packages/oslo_config/cfg.py:2609}}
Aug 04 15:25:24.959362 dv-cinder-734144-21-smb devstack@n-api.service[107744]: DEBUG nova.api.openstack.wsgi_app [-] oslo_messaging_rabbit.rabbit_login_method = AMQPLAIN {{(pid=107744) log_opt_values /usr/local/lib/python3.8/dist-packages/oslo_config/cfg.py:2609}}
Aug 04 15:25:24.960691 dv-cinder-734144-21-smb devstack@n-api.service[107744]: DEBUG nova.api.openstack.wsgi_app [-] oslo_messaging_rabbit.rabbit_qos_prefetch_count = 0 {{(pid=107744) log_opt_values /usr/local/lib/python3.8/dist-packages/oslo_config/cfg.py:2609}}
Aug 04 15:25:24.960691 dv-cinder-734144-21-smb devstack@n-api.service[107744]: DEBUG nova.api.openstack.wsgi_app [-] oslo_messaging_rabbit.rabbit_retry_backoff = 2 {{(pid=107744) log_opt_values /usr/local/lib/python3.8/dist-packages/oslo_config/cfg.py:2609}}
Aug 04 15:25:24.960691 dv-cinder-734144-21-smb devstack@n-api.service[107744]: DEBUG nova.api.openstack.wsgi_app [-] oslo_messaging_rabbit.rabbit_retry_interval = 1 {{(pid=107744) log_opt_values /usr/local/lib/python3.8/dist-packages/oslo_config/cfg.py:2609}}
Aug 04 15:25:24.960691 dv-cinder-734144-21-smb devstack@n-api.service[107744]: DEBUG nova.api.openstack.wsgi_app [-] oslo_messaging_rabbit.rabbit_transient_queues_ttl = 1800 {{(pid=107744) log_opt_values /usr/local/lib/python3.8/dist-packages/oslo_config/cfg.py:2609}}
Aug 04 15:25:24.961240 dv-cinder-734144-21-smb devstack@n-api.service[107744]: DEBUG nova.api.openstack.wsgi_app [-] oslo_messaging_rabbit.rpc_conn_pool_size = 30 {{(pid=107744) log_opt_values /usr/local/lib/python3.8/dist-packages/oslo_config/cfg.py:2609}}
Aug 04 15:25:24.961240 dv-cinder-734144-21-smb devstack@n-api.service[107744]: DEBUG nova.api.openstack.wsgi_app [-] oslo_messaging_rabbit.ssl = False {{(pid=107744) log_opt_values /usr/local/lib/python3.8/dist-packages/oslo_config/cfg.py:2609}}
Aug 04 15:25:24.961571 dv-cinder-734144-21-smb devstack@n-api.service[107744]: DEBUG nova.api.openstack.wsgi_app [-] oslo_messaging_rabbit.ssl_ca_file = {{(pid=107744) log_opt_values /usr/local/lib/python3.8/dist-packages/oslo_config/cfg.py:2609}}
Aug 04 15:25:24.961901 dv-cinder-734144-21-smb devstack@n-api.service[107744]: DEBUG nova.api.openstack.wsgi_app [-] oslo_messaging_rabbit.ssl_cert_file = {{(pid=107744) log_opt_values /usr/local/lib/python3.8/dist-packages/oslo_config/cfg.py:2609}}
Aug 04 15:25:24.962479 dv-cinder-734144-21-smb devstack@n-api.service[107744]: DEBUG nova.api.openstack.wsgi_app [-] oslo_messaging_rabbit.ssl_key_file = {{(pid=107744) log_opt_values /usr/local/lib/python3.8/dist-packages/oslo_config/cfg.py:2609}}
Aug 04 15:25:24.962814 dv-cinder-734144-21-smb devstack@n-api.service[107744]: DEBUG nova.api.openstack.wsgi_app [-] oslo_messaging_rabbit.ssl_version = {{(pid=107744) log_opt_values /usr/local/lib/python3.8/dist-packages/oslo_config/cfg.py:2609}}
Aug 04 15:25:24.963176 dv-cinder-734144-21-smb devstack@n-api.service[107744]: DEBUG nova.api.openstack.wsgi_app [-] oslo_messaging_notifications.driver = ['messagingv2'] {{(pid=107744) log_opt_values /usr/local/lib/python3.8/dist-packages/oslo_config/cfg.py:2609}}
Aug 04 15:25:24.963551 dv-cinder-734144-21-smb devstack@n-api.service[107744]: DEBUG nova.api.openstack.wsgi_app [-] oslo_messaging_notifications.retry = -1 {{(pid=107744) log_opt_values /usr/local/lib/python3.8/dist-packages/oslo_config/cfg.py:2609}}
Aug 04 15:25:24.963906 dv-cinder-734144-21-smb devstack@n-api.service[107744]: DEBUG nova.api.openstack.wsgi_app [-] oslo_messaging_notifications.topics = ['notifications'] {{(pid=107744) log_opt_values /usr/local/lib/python3.8/dist-packages/oslo_config/cfg.py:2609}}
Aug 04 15:25:24.964244 dv-cinder-734144-21-smb devstack@n-api.service[107744]: DEBUG nova.api.openstack.wsgi_app [-] oslo_messaging_notifications.transport_url = **** {{(pid=107744) log_opt_values /usr/local/lib/python3.8/dist-packages/oslo_config/cfg.py:2609}}
Aug 04 15:25:24.964494 dv-cinder-734144-21-smb devstack@n-api.service[107744]: DEBUG nova.api.openstack.wsgi_app [-] ******************************************************************************** {{(pid=107744) log_opt_values /usr/local/lib/python3.8/dist-packages/oslo_config/cfg.py:2613}}
Aug 04 15:25:24.989834 dv-cinder-734144-21-smb devstack@n-api.service[107744]: DEBUG oslo_db.sqlalchemy.engines [None req-04b05a40-d1da-47d8-b954-cbcc1a9ddb61 None None] MySQL server mode set to STRICT_TRANS_TABLES,STRICT_ALL_TABLES,NO_ZERO_IN_DATE,NO_ZERO_DATE,ERROR_FOR_DIVISION_BY_ZERO,TRADITIONAL,NO_ENGINE_SUBSTITUTION {{(pid=107744) _check_effective_sql_mode /usr/local/lib/python3.8/dist-packages/oslo_db/sqlalchemy/engines.py:314}}
Aug 04 15:25:25.163701 dv-cinder-734144-21-smb devstack@n-api.service[107743]: DEBUG nova.context [None req-9664ef6a-bd11-45e1-b478-10c5eb1de607 None None] Found 2 cells: 00000000-0000-0000-0000-000000000000(cell0),9ec2a1a4-cd74-4313-88e4-cecee0783ef3(cell1) {{(pid=107743) load_cells /opt/stack/nova/nova/context.py:464}}
Aug 04 15:25:25.168141 dv-cinder-734144-21-smb devstack@n-api.service[107743]: DEBUG oslo_concurrency.lockutils [None req-9664ef6a-bd11-45e1-b478-10c5eb1de607 None None] Lock "00000000-0000-0000-0000-000000000000" acquired by "nova.context.set_target_cell..get_or_set_cached_cell_and_set_connections" :: waited 0.000s {{(pid=107743) inner /usr/local/lib/python3.8/dist-packages/oslo_concurrency/lockutils.py:355}}
Aug 04 15:25:25.169745 dv-cinder-734144-21-smb devstack@n-api.service[107743]: DEBUG oslo_concurrency.lockutils [None req-9664ef6a-bd11-45e1-b478-10c5eb1de607 None None] Lock "00000000-0000-0000-0000-000000000000" released by "nova.context.set_target_cell..get_or_set_cached_cell_and_set_connections" :: held 0.002s {{(pid=107743) inner /usr/local/lib/python3.8/dist-packages/oslo_concurrency/lockutils.py:367}}
Aug 04 15:25:25.170621 dv-cinder-734144-21-smb devstack@n-api.service[107743]: DEBUG oslo_concurrency.lockutils [None req-9664ef6a-bd11-45e1-b478-10c5eb1de607 None None] Lock "9ec2a1a4-cd74-4313-88e4-cecee0783ef3" acquired by "nova.context.set_target_cell..get_or_set_cached_cell_and_set_connections" :: waited 0.000s {{(pid=107743) inner /usr/local/lib/python3.8/dist-packages/oslo_concurrency/lockutils.py:355}}
Aug 04 15:25:25.174740 dv-cinder-734144-21-smb devstack@n-api.service[107743]: DEBUG oslo_concurrency.lockutils [None req-9664ef6a-bd11-45e1-b478-10c5eb1de607 None None] Lock "9ec2a1a4-cd74-4313-88e4-cecee0783ef3" released by "nova.context.set_target_cell..get_or_set_cached_cell_and_set_connections" :: held 0.002s {{(pid=107743) inner /usr/local/lib/python3.8/dist-packages/oslo_concurrency/lockutils.py:367}}
Aug 04 15:25:25.177009 dv-cinder-734144-21-smb devstack@n-api.service[107744]: DEBUG nova.context [None req-04b05a40-d1da-47d8-b954-cbcc1a9ddb61 None None] Found 2 cells: 00000000-0000-0000-0000-000000000000(cell0),9ec2a1a4-cd74-4313-88e4-cecee0783ef3(cell1) {{(pid=107744) load_cells /opt/stack/nova/nova/context.py:464}}
Aug 04 15:25:25.182558 dv-cinder-734144-21-smb devstack@n-api.service[107744]: DEBUG oslo_concurrency.lockutils [None req-04b05a40-d1da-47d8-b954-cbcc1a9ddb61 None None] Lock "00000000-0000-0000-0000-000000000000" acquired by "nova.context.set_target_cell..get_or_set_cached_cell_and_set_connections" :: waited 0.000s {{(pid=107744) inner /usr/local/lib/python3.8/dist-packages/oslo_concurrency/lockutils.py:355}}
Aug 04 15:25:25.185637 dv-cinder-734144-21-smb devstack@n-api.service[107744]: DEBUG oslo_concurrency.lockutils [None req-04b05a40-d1da-47d8-b954-cbcc1a9ddb61 None None] Lock "00000000-0000-0000-0000-000000000000" released by "nova.context.set_target_cell..get_or_set_cached_cell_and_set_connections" :: held 0.003s {{(pid=107744) inner /usr/local/lib/python3.8/dist-packages/oslo_concurrency/lockutils.py:367}}
Aug 04 15:25:25.186226 dv-cinder-734144-21-smb devstack@n-api.service[107743]: DEBUG oslo_db.sqlalchemy.engines [None req-9664ef6a-bd11-45e1-b478-10c5eb1de607 None None] MySQL server mode set to STRICT_TRANS_TABLES,STRICT_ALL_TABLES,NO_ZERO_IN_DATE,NO_ZERO_DATE,ERROR_FOR_DIVISION_BY_ZERO,TRADITIONAL,NO_ENGINE_SUBSTITUTION {{(pid=107743) _check_effective_sql_mode /usr/local/lib/python3.8/dist-packages/oslo_db/sqlalchemy/engines.py:314}}
Aug 04 15:25:25.187127 dv-cinder-734144-21-smb devstack@n-api.service[107744]: DEBUG oslo_concurrency.lockutils [None req-04b05a40-d1da-47d8-b954-cbcc1a9ddb61 None None] Lock "9ec2a1a4-cd74-4313-88e4-cecee0783ef3" acquired by "nova.context.set_target_cell..get_or_set_cached_cell_and_set_connections" :: waited 0.000s {{(pid=107744) inner /usr/local/lib/python3.8/dist-packages/oslo_concurrency/lockutils.py:355}}
Aug 04 15:25:25.187733 dv-cinder-734144-21-smb devstack@n-api.service[107743]: DEBUG oslo_db.sqlalchemy.engines [None req-9664ef6a-bd11-45e1-b478-10c5eb1de607 None None] MySQL server mode set to STRICT_TRANS_TABLES,STRICT_ALL_TABLES,NO_ZERO_IN_DATE,NO_ZERO_DATE,ERROR_FOR_DIVISION_BY_ZERO,TRADITIONAL,NO_ENGINE_SUBSTITUTION {{(pid=107743) _check_effective_sql_mode /usr/local/lib/python3.8/dist-packages/oslo_db/sqlalchemy/engines.py:314}}
Aug 04 15:25:25.190718 dv-cinder-734144-21-smb devstack@n-api.service[107744]: DEBUG oslo_concurrency.lockutils [None req-04b05a40-d1da-47d8-b954-cbcc1a9ddb61 None None] Lock "9ec2a1a4-cd74-4313-88e4-cecee0783ef3" released by "nova.context.set_target_cell..get_or_set_cached_cell_and_set_connections" :: held 0.003s {{(pid=107744) inner /usr/local/lib/python3.8/dist-packages/oslo_concurrency/lockutils.py:367}}
Aug 04 15:25:25.202618 dv-cinder-734144-21-smb devstack@n-api.service[107744]: DEBUG oslo_db.sqlalchemy.engines [None req-04b05a40-d1da-47d8-b954-cbcc1a9ddb61 None None] MySQL server mode set to STRICT_TRANS_TABLES,STRICT_ALL_TABLES,NO_ZERO_IN_DATE,NO_ZERO_DATE,ERROR_FOR_DIVISION_BY_ZERO,TRADITIONAL,NO_ENGINE_SUBSTITUTION {{(pid=107744) _check_effective_sql_mode /usr/local/lib/python3.8/dist-packages/oslo_db/sqlalchemy/engines.py:314}}
Aug 04 15:25:25.203865 dv-cinder-734144-21-smb devstack@n-api.service[107744]: DEBUG oslo_db.sqlalchemy.engines [None req-04b05a40-d1da-47d8-b954-cbcc1a9ddb61 None None] MySQL server mode set to STRICT_TRANS_TABLES,STRICT_ALL_TABLES,NO_ZERO_IN_DATE,NO_ZERO_DATE,ERROR_FOR_DIVISION_BY_ZERO,TRADITIONAL,NO_ENGINE_SUBSTITUTION {{(pid=107744) _check_effective_sql_mode /usr/local/lib/python3.8/dist-packages/oslo_db/sqlalchemy/engines.py:314}}
Aug 04 15:25:25.482953 dv-cinder-734144-21-smb devstack@n-api.service[107744]: DEBUG oslo_db.sqlalchemy.engines [None req-04b05a40-d1da-47d8-b954-cbcc1a9ddb61 None None] MySQL server mode set to STRICT_TRANS_TABLES,STRICT_ALL_TABLES,NO_ZERO_IN_DATE,NO_ZERO_DATE,ERROR_FOR_DIVISION_BY_ZERO,TRADITIONAL,NO_ENGINE_SUBSTITUTION {{(pid=107744) _check_effective_sql_mode /usr/local/lib/python3.8/dist-packages/oslo_db/sqlalchemy/engines.py:314}}
Aug 04 15:25:25.516639 dv-cinder-734144-21-smb devstack@n-api.service[107743]: DEBUG oslo_db.sqlalchemy.engines [None req-9664ef6a-bd11-45e1-b478-10c5eb1de607 None None] MySQL server mode set to STRICT_TRANS_TABLES,STRICT_ALL_TABLES,NO_ZERO_IN_DATE,NO_ZERO_DATE,ERROR_FOR_DIVISION_BY_ZERO,TRADITIONAL,NO_ENGINE_SUBSTITUTION {{(pid=107743) _check_effective_sql_mode /usr/local/lib/python3.8/dist-packages/oslo_db/sqlalchemy/engines.py:314}}
Aug 04 15:25:25.818013 dv-cinder-734144-21-smb devstack@n-api.service[107744]: WARNING keystonemiddleware.auth_token [None req-04b05a40-d1da-47d8-b954-cbcc1a9ddb61 None None] AuthToken middleware is set with keystone_authtoken.service_token_roles_required set to False. This is backwards compatible but deprecated behaviour. Please set this to True.
Aug 04 15:25:25.825402 dv-cinder-734144-21-smb devstack@n-api.service[107744]: WARNING keystonemiddleware.auth_token [None req-04b05a40-d1da-47d8-b954-cbcc1a9ddb61 None None] Configuring www_authenticate_uri to point to the public identity endpoint is required; clients may not be able to authenticate against an admin endpoint
Aug 04 15:25:25.843845 dv-cinder-734144-21-smb devstack@n-api.service[107743]: WARNING keystonemiddleware.auth_token [None req-9664ef6a-bd11-45e1-b478-10c5eb1de607 None None] AuthToken middleware is set with keystone_authtoken.service_token_roles_required set to False. This is backwards compatible but deprecated behaviour. Please set this to True.
Aug 04 15:25:25.851587 dv-cinder-734144-21-smb devstack@n-api.service[107743]: WARNING keystonemiddleware.auth_token [None req-9664ef6a-bd11-45e1-b478-10c5eb1de607 None None] Configuring www_authenticate_uri to point to the public identity endpoint is required; clients may not be able to authenticate against an admin endpoint
Aug 04 15:25:26.176490 dv-cinder-734144-21-smb devstack@n-api.service[107744]: WARNING keystonemiddleware.auth_token [None req-04b05a40-d1da-47d8-b954-cbcc1a9ddb61 None None] AuthToken middleware is set with keystone_authtoken.service_token_roles_required set to False. This is backwards compatible but deprecated behaviour. Please set this to True.
Aug 04 15:25:26.181651 dv-cinder-734144-21-smb devstack@n-api.service[107744]: WARNING keystonemiddleware.auth_token [None req-04b05a40-d1da-47d8-b954-cbcc1a9ddb61 None None] Configuring www_authenticate_uri to point to the public identity endpoint is required; clients may not be able to authenticate against an admin endpoint
Aug 04 15:25:26.187050 dv-cinder-734144-21-smb devstack@n-api.service[107744]: WSGI app 0 (mountpoint='') ready in 6 seconds on interpreter 0x5577738e79c0 pid: 107744 (default app)
Aug 04 15:25:26.199561 dv-cinder-734144-21-smb devstack@n-api.service[107743]: WARNING keystonemiddleware.auth_token [None req-9664ef6a-bd11-45e1-b478-10c5eb1de607 None None] AuthToken middleware is set with keystone_authtoken.service_token_roles_required set to False. This is backwards compatible but deprecated behaviour. Please set this to True.
Aug 04 15:25:26.204895 dv-cinder-734144-21-smb devstack@n-api.service[107743]: WARNING keystonemiddleware.auth_token [None req-9664ef6a-bd11-45e1-b478-10c5eb1de607 None None] Configuring www_authenticate_uri to point to the public identity endpoint is required; clients may not be able to authenticate against an admin endpoint
Aug 04 15:25:26.210306 dv-cinder-734144-21-smb devstack@n-api.service[107743]: WSGI app 0 (mountpoint='') ready in 6 seconds on interpreter 0x5577738e79c0 pid: 107743 (default app)
Aug 04 15:25:59.426932 dv-cinder-734144-21-smb devstack@n-api.service[107744]: DEBUG nova.api.openstack.wsgi [None req-646ec528-a664-4384-b7da-c4ad885b18cb tempest-VolumesNegativeTest-1980882523 tempest-VolumesNegativeTest-1980882523-project] Action: 'create', calling method: .version_select at 0x7f33740a2c10>, body: {"volume": {"size": "#$%", "display_name": "tempest-VolumesNegativeTest-Volume-695898167", "metadata": {"Type": "work"}}} {{(pid=107744) _process_stack /opt/stack/nova/nova/api/openstack/wsgi.py:511}}
Aug 04 15:25:59.428667 dv-cinder-734144-21-smb devstack@n-api.service[107744]: DEBUG nova.api.openstack.wsgi [None req-646ec528-a664-4384-b7da-c4ad885b18cb tempest-VolumesNegativeTest-1980882523 tempest-VolumesNegativeTest-1980882523-project] Returning 400 to user: Invalid input for field/attribute size. Value: #$%. '#$%' does not match '^[0-9]+$' {{(pid=107744) __call__ /opt/stack/nova/nova/api/openstack/wsgi.py:927}}
Aug 04 15:25:59.430245 dv-cinder-734144-21-smb devstack@n-api.service[107744]: INFO nova.api.openstack.requestlog [None req-646ec528-a664-4384-b7da-c4ad885b18cb tempest-VolumesNegativeTest-1980882523 tempest-VolumesNegativeTest-1980882523-project] 10.222.0.26 "POST /compute/v2.1/os-volumes" status: 400 len: 127 microversion: 2.1 time: 1.071150
Aug 04 15:25:59.435876 dv-cinder-734144-21-smb devstack@n-api.service[107744]: [pid: 107744|app: 0|req: 1/1] 10.222.0.26 () {60 vars in 1156 bytes} [Wed Aug 4 15:25:58 2021] POST /compute/v2.1/os-volumes => generated 127 bytes in 1078 msecs (HTTP/1.1 400) 9 headers in 381 bytes (1 switches on core 0)
Aug 04 15:25:59.646390 dv-cinder-734144-21-smb devstack@n-api.service[107743]: DEBUG nova.api.openstack.wsgi [None req-0cc172f2-9635-4de8-8289-6eed90d7e26f tempest-VolumesTestJSON-1857086595 tempest-VolumesTestJSON-1857086595-project] Calling method '.version_select at 0x7f337406d8b0>' {{(pid=107743) _process_stack /opt/stack/nova/nova/api/openstack/wsgi.py:513}}
Aug 04 15:25:59.845069 dv-cinder-734144-21-smb devstack@n-api.service[107744]: DEBUG nova.api.openstack.wsgi [None req-2a7083fe-2dd0-4878-b9ac-83e8a28f2355 tempest-VolumesGetTestJSON-42518565 tempest-VolumesGetTestJSON-42518565-project] Action: 'create', calling method: .version_select at 0x7f3373f8a790>, body: {"volume": {"size": 1, "display_name": "tempest-VolumesGetTestJSON-Volume-1258631472", "metadata": {"Type": "work"}}} {{(pid=107744) _process_stack /opt/stack/nova/nova/api/openstack/wsgi.py:511}}
Aug 04 15:26:00.924910 dv-cinder-734144-21-smb devstack@n-api.service[107743]: INFO nova.api.openstack.requestlog [None req-0cc172f2-9635-4de8-8289-6eed90d7e26f tempest-VolumesTestJSON-1857086595 tempest-VolumesTestJSON-1857086595-project] 10.222.0.26 "GET /compute/v2.1/os-volumes/b67e2d15-aba0-439a-bd72-953ac1fdeb5e" status: 200 len: 351 microversion: 2.1 time: 1.586136
Aug 04 15:26:00.925539 dv-cinder-734144-21-smb devstack@n-api.service[107743]: [pid: 107743|app: 0|req: 1/2] 10.222.0.26 () {58 vars in 1245 bytes} [Wed Aug 4 15:25:59 2021] GET /compute/v2.1/os-volumes/b67e2d15-aba0-439a-bd72-953ac1fdeb5e => generated 351 bytes in 1588 msecs (HTTP/1.1 200) 9 headers in 357 bytes (1 switches on core 0)
Aug 04 15:26:00.930792 dv-cinder-734144-21-smb devstack@n-api.service[107743]: DEBUG nova.api.openstack.wsgi [None req-e4dd1aa8-ce5e-4ce7-8575-d63ba91ab61f tempest-VolumesNegativeTest-1980882523 tempest-VolumesNegativeTest-1980882523-project] Action: 'create', calling method: .version_select at 0x7f3374011430>, body: {"volume": {"size": "0", "display_name": "tempest-VolumesNegativeTest-Volume-1758136100", "metadata": {"Type": "work"}}} {{(pid=107743) _process_stack /opt/stack/nova/nova/api/openstack/wsgi.py:511}}
Aug 04 15:26:00.932853 dv-cinder-734144-21-smb devstack@n-api.service[107743]: DEBUG nova.api.openstack.wsgi [None req-e4dd1aa8-ce5e-4ce7-8575-d63ba91ab61f tempest-VolumesNegativeTest-1980882523 tempest-VolumesNegativeTest-1980882523-project] Returning 400 to user: Invalid input for field/attribute size. Value: 0. 0 is less than the minimum of 1 {{(pid=107743) __call__ /opt/stack/nova/nova/api/openstack/wsgi.py:927}}
Aug 04 15:26:00.942174 dv-cinder-734144-21-smb devstack@n-api.service[107743]: INFO nova.api.openstack.requestlog [None req-e4dd1aa8-ce5e-4ce7-8575-d63ba91ab61f tempest-VolumesNegativeTest-1980882523 tempest-VolumesNegativeTest-1980882523-project] 10.222.0.26 "POST /compute/v2.1/os-volumes" status: 400 len: 125 microversion: 2.1 time: 0.015220
Aug 04 15:26:00.942775 dv-cinder-734144-21-smb devstack@n-api.service[107743]: [pid: 107743|app: 0|req: 2/3] 10.222.0.26 () {60 vars in 1156 bytes} [Wed Aug 4 15:26:00 2021] POST /compute/v2.1/os-volumes => generated 125 bytes in 16 msecs (HTTP/1.1 400) 9 headers in 381 bytes (1 switches on core 0)
Aug 04 15:26:00.958498 dv-cinder-734144-21-smb devstack@n-api.service[107743]: DEBUG nova.api.openstack.wsgi [None req-7e94a4b4-4ccc-4845-bb56-b3dd27250b4b tempest-VolumesNegativeTest-1980882523 tempest-VolumesNegativeTest-1980882523-project] Action: 'create', calling method: .version_select at 0x7f33748c0f70>, body: {"volume": {"size": "", "display_name": "tempest-VolumesNegativeTest-Volume-686171141", "metadata": {"Type": "work"}}} {{(pid=107743) _process_stack /opt/stack/nova/nova/api/openstack/wsgi.py:511}}
Aug 04 15:26:00.959678 dv-cinder-734144-21-smb devstack@n-api.service[107743]: DEBUG nova.api.openstack.wsgi [None req-7e94a4b4-4ccc-4845-bb56-b3dd27250b4b tempest-VolumesNegativeTest-1980882523 tempest-VolumesNegativeTest-1980882523-project] Returning 400 to user: Invalid input for field/attribute size. Value: . '' does not match '^[0-9]+$' {{(pid=107743) __call__ /opt/stack/nova/nova/api/openstack/wsgi.py:927}}
Aug 04 15:26:00.960472 dv-cinder-734144-21-smb devstack@n-api.service[107743]: INFO nova.api.openstack.requestlog [None req-7e94a4b4-4ccc-4845-bb56-b3dd27250b4b tempest-VolumesNegativeTest-1980882523 tempest-VolumesNegativeTest-1980882523-project] 10.222.0.26 "POST /compute/v2.1/os-volumes" status: 400 len: 121 microversion: 2.1 time: 0.006204
Aug 04 15:26:00.961004 dv-cinder-734144-21-smb devstack@n-api.service[107743]: [pid: 107743|app: 0|req: 3/4] 10.222.0.26 () {60 vars in 1156 bytes} [Wed Aug 4 15:26:00 2021] POST /compute/v2.1/os-volumes => generated 121 bytes in 13 msecs (HTTP/1.1 400) 9 headers in 381 bytes (2 switches on core 0)
Aug 04 15:26:00.982893 dv-cinder-734144-21-smb devstack@n-api.service[107743]: DEBUG nova.api.openstack.wsgi [None req-fe205778-8ad6-4a16-829c-55e49996d139 tempest-VolumesNegativeTest-1980882523 tempest-VolumesNegativeTest-1980882523-project] Calling method '.version_select at 0x7f3373eff1f0>' {{(pid=107743) _process_stack /opt/stack/nova/nova/api/openstack/wsgi.py:513}}
Aug 04 15:26:01.402571 dv-cinder-734144-21-smb devstack@n-api.service[107743]: INFO nova.api.openstack.wsgi [None req-fe205778-8ad6-4a16-829c-55e49996d139 tempest-VolumesNegativeTest-1980882523 tempest-VolumesNegativeTest-1980882523-project] HTTP exception thrown: Volume tempest-invalid-884180093 could not be found.
Aug 04 15:26:01.403439 dv-cinder-734144-21-smb devstack@n-api.service[107743]: DEBUG nova.api.openstack.wsgi [None req-fe205778-8ad6-4a16-829c-55e49996d139 tempest-VolumesNegativeTest-1980882523 tempest-VolumesNegativeTest-1980882523-project] Returning 404 to user: Volume tempest-invalid-884180093 could not be found. {{(pid=107743) __call__ /opt/stack/nova/nova/api/openstack/wsgi.py:927}}
Aug 04 15:26:01.404494 dv-cinder-734144-21-smb devstack@n-api.service[107743]: INFO nova.api.openstack.requestlog [None req-fe205778-8ad6-4a16-829c-55e49996d139 tempest-VolumesNegativeTest-1980882523 tempest-VolumesNegativeTest-1980882523-project] 10.222.0.26 "DELETE /compute/v2.1/os-volumes/tempest-invalid-884180093" status: 404 len: 98 microversion: 2.1 time: 0.433691
Aug 04 15:26:01.405539 dv-cinder-734144-21-smb devstack@n-api.service[107743]: [pid: 107743|app: 0|req: 4/5] 10.222.0.26 () {58 vars in 1215 bytes} [Wed Aug 4 15:26:00 2021] DELETE /compute/v2.1/os-volumes/tempest-invalid-884180093 => generated 98 bytes in 435 msecs (HTTP/1.1 404) 9 headers in 378 bytes (1 switches on core 0)
Aug 04 15:26:01.632517 dv-cinder-734144-21-smb devstack@n-api.service[107744]: INFO nova.api.openstack.requestlog [None req-2a7083fe-2dd0-4878-b9ac-83e8a28f2355 tempest-VolumesGetTestJSON-42518565 tempest-VolumesGetTestJSON-42518565-project] 10.222.0.26 "POST /compute/v2.1/os-volumes" status: 200 len: 353 microversion: 2.1 time: 2.194060
Aug 04 15:26:01.635168 dv-cinder-734144-21-smb devstack@n-api.service[107744]: [pid: 107744|app: 0|req: 2/6] 10.222.0.26 () {60 vars in 1156 bytes} [Wed Aug 4 15:25:59 2021] POST /compute/v2.1/os-volumes => generated 353 bytes in 2198 msecs (HTTP/1.1 200) 10 headers in 448 bytes (1 switches on core 0)
Aug 04 15:26:01.649239 dv-cinder-734144-21-smb devstack@n-api.service[107744]: INFO nova.api.openstack.requestlog [None req-b94df4aa-1dd1-43b6-879a-cadb545aa2c9 tempest-VolumesNegativeTest-1980882523 tempest-VolumesNegativeTest-1980882523-project] 10.222.0.26 "DELETE /compute/v2.1/os-volumes/" status: 404 len: 112 microversion: - time: 0.009553
Aug 04 15:26:01.652182 dv-cinder-734144-21-smb devstack@n-api.service[107744]: [pid: 107744|app: 0|req: 3/7] 10.222.0.26 () {58 vars in 1140 bytes} [Wed Aug 4 15:26:01 2021] DELETE /compute/v2.1/os-volumes/ => generated 112 bytes in 16 msecs (HTTP/1.1 404) 5 headers in 228 bytes (1 switches on core 0)
Aug 04 15:26:01.678882 dv-cinder-734144-21-smb devstack@n-api.service[107743]: DEBUG nova.api.openstack.wsgi [None req-6dd68210-7c3c-4e13-91e2-d6e67170fd55 tempest-DeleteServersTestJSON-707356488 tempest-DeleteServersTestJSON-707356488-project] Action: 'create', calling method: >, body: {"server": {"name": "tempest-DeleteServersTestJSON-server-1792899069", "imageRef": "7624da60-6fa6-49f9-9377-b3dbbf4caa20", "flavorRef": "452", "networks": [{"uuid": "a994974b-e1d0-4b7d-a260-b2dca601c53d"}]}} {{(pid=107743) _process_stack /opt/stack/nova/nova/api/openstack/wsgi.py:511}}
Aug 04 15:26:01.681460 dv-cinder-734144-21-smb devstack@n-api.service[107744]: DEBUG nova.api.openstack.wsgi [None req-de88e06d-50d9-4f9b-a85b-1dbaafb8e413 tempest-VolumesGetTestJSON-42518565 tempest-VolumesGetTestJSON-42518565-project] Calling method '.version_select at 0x7f3373efd670>' {{(pid=107744) _process_stack /opt/stack/nova/nova/api/openstack/wsgi.py:513}}
Aug 04 15:26:01.885922 dv-cinder-734144-21-smb devstack@n-api.service[107744]: INFO nova.api.openstack.requestlog [None req-de88e06d-50d9-4f9b-a85b-1dbaafb8e413 tempest-VolumesGetTestJSON-42518565 tempest-VolumesGetTestJSON-42518565-project] 10.222.0.26 "GET /compute/v2.1/os-volumes/d67aeb32-b8d0-4555-8e93-a82ceae19553" status: 200 len: 353 microversion: 2.1 time: 0.228223
Aug 04 15:26:01.886892 dv-cinder-734144-21-smb devstack@n-api.service[107744]: [pid: 107744|app: 0|req: 4/8] 10.222.0.26 () {58 vars in 1245 bytes} [Wed Aug 4 15:26:01 2021] GET /compute/v2.1/os-volumes/d67aeb32-b8d0-4555-8e93-a82ceae19553 => generated 353 bytes in 234 msecs (HTTP/1.1 200) 9 headers in 357 bytes (1 switches on core 0)
Aug 04 15:26:01.893220 dv-cinder-734144-21-smb devstack@n-api.service[107744]: INFO nova.api.openstack.requestlog [None req-b0bd55a7-a16c-47b5-841e-4bf17d2efcea tempest-VolumesNegativeTest-1980882523 tempest-VolumesNegativeTest-1980882523-project] 10.222.0.26 "GET /compute/v2.1/os-volumes/" status: 404 len: 112 microversion: - time: 0.004957
Aug 04 15:26:01.893761 dv-cinder-734144-21-smb devstack@n-api.service[107744]: [pid: 107744|app: 0|req: 5/9] 10.222.0.26 () {58 vars in 1137 bytes} [Wed Aug 4 15:26:01 2021] GET /compute/v2.1/os-volumes/ => generated 112 bytes in 6 msecs (HTTP/1.1 404) 5 headers in 228 bytes (1 switches on core 0)
Aug 04 15:26:01.935697 dv-cinder-734144-21-smb devstack@n-api.service[107744]: DEBUG nova.api.openstack.wsgi [None req-e0964a9b-62a6-4d41-a378-c27fe0e395b9 tempest-VolumesNegativeTest-1980882523 tempest-VolumesNegativeTest-1980882523-project] Calling method '.version_select at 0x7f3373efdee0>' {{(pid=107744) _process_stack /opt/stack/nova/nova/api/openstack/wsgi.py:513}}
Aug 04 15:26:01.948710 dv-cinder-734144-21-smb devstack@n-api.service[107743]: DEBUG nova.network.neutron [None req-6dd68210-7c3c-4e13-91e2-d6e67170fd55 tempest-DeleteServersTestJSON-707356488 tempest-DeleteServersTestJSON-707356488-project] validate_networks() for [('a994974b-e1d0-4b7d-a260-b2dca601c53d', None, None, None)] {{(pid=107743) validate_networks /opt/stack/nova/nova/network/neutron.py:2255}}
Aug 04 15:26:02.064801 dv-cinder-734144-21-smb devstack@n-api.service[107744]: INFO nova.api.openstack.wsgi [None req-e0964a9b-62a6-4d41-a378-c27fe0e395b9 tempest-VolumesNegativeTest-1980882523 tempest-VolumesNegativeTest-1980882523-project] HTTP exception thrown: Volume f5eff9e8-ce96-4240-8863-abc5cbb1f2f1 could not be found.
Aug 04 15:26:02.065447 dv-cinder-734144-21-smb devstack@n-api.service[107744]: DEBUG nova.api.openstack.wsgi [None req-e0964a9b-62a6-4d41-a378-c27fe0e395b9 tempest-VolumesNegativeTest-1980882523 tempest-VolumesNegativeTest-1980882523-project] Returning 404 to user: Volume f5eff9e8-ce96-4240-8863-abc5cbb1f2f1 could not be found. {{(pid=107744) __call__ /opt/stack/nova/nova/api/openstack/wsgi.py:927}}
Aug 04 15:26:02.066286 dv-cinder-734144-21-smb devstack@n-api.service[107744]: INFO nova.api.openstack.requestlog [None req-e0964a9b-62a6-4d41-a378-c27fe0e395b9 tempest-VolumesNegativeTest-1980882523 tempest-VolumesNegativeTest-1980882523-project] 10.222.0.26 "DELETE /compute/v2.1/os-volumes/f5eff9e8-ce96-4240-8863-abc5cbb1f2f1" status: 404 len: 109 microversion: 2.1 time: 0.166979
Aug 04 15:26:02.066914 dv-cinder-734144-21-smb devstack@n-api.service[107744]: [pid: 107744|app: 0|req: 6/10] 10.222.0.26 () {58 vars in 1248 bytes} [Wed Aug 4 15:26:01 2021] DELETE /compute/v2.1/os-volumes/f5eff9e8-ce96-4240-8863-abc5cbb1f2f1 => generated 109 bytes in 168 msecs (HTTP/1.1 404) 9 headers in 379 bytes (1 switches on core 0)
Aug 04 15:26:02.077100 dv-cinder-734144-21-smb devstack@n-api.service[107744]: DEBUG nova.api.openstack.wsgi [None req-50aad1cf-62c1-41b3-b00b-8e608be4b0df tempest-VolumesNegativeTest-1980882523 tempest-VolumesNegativeTest-1980882523-project] Calling method '.version_select at 0x7f3373efd790>' {{(pid=107744) _process_stack /opt/stack/nova/nova/api/openstack/wsgi.py:513}}
Aug 04 15:26:02.130484 dv-cinder-734144-21-smb devstack@n-api.service[107744]: INFO nova.api.openstack.wsgi [None req-50aad1cf-62c1-41b3-b00b-8e608be4b0df tempest-VolumesNegativeTest-1980882523 tempest-VolumesNegativeTest-1980882523-project] HTTP exception thrown: Volume 0b8a2ad0-ca2f-4d24-ba8b-92a467184e3a could not be found.
Aug 04 15:26:02.131275 dv-cinder-734144-21-smb devstack@n-api.service[107744]: DEBUG nova.api.openstack.wsgi [None req-50aad1cf-62c1-41b3-b00b-8e608be4b0df tempest-VolumesNegativeTest-1980882523 tempest-VolumesNegativeTest-1980882523-project] Returning 404 to user: Volume 0b8a2ad0-ca2f-4d24-ba8b-92a467184e3a could not be found. {{(pid=107744) __call__ /opt/stack/nova/nova/api/openstack/wsgi.py:927}}
Aug 04 15:26:02.132253 dv-cinder-734144-21-smb devstack@n-api.service[107744]: INFO nova.api.openstack.requestlog [None req-50aad1cf-62c1-41b3-b00b-8e608be4b0df tempest-VolumesNegativeTest-1980882523 tempest-VolumesNegativeTest-1980882523-project] 10.222.0.26 "GET /compute/v2.1/os-volumes/0b8a2ad0-ca2f-4d24-ba8b-92a467184e3a" status: 404 len: 109 microversion: 2.1 time: 0.060084
Aug 04 15:26:02.133844 dv-cinder-734144-21-smb devstack@n-api.service[107744]: [pid: 107744|app: 0|req: 7/11] 10.222.0.26 () {58 vars in 1245 bytes} [Wed Aug 4 15:26:02 2021] GET /compute/v2.1/os-volumes/0b8a2ad0-ca2f-4d24-ba8b-92a467184e3a => generated 109 bytes in 62 msecs (HTTP/1.1 404) 9 headers in 379 bytes (1 switches on core 0)
Aug 04 15:26:02.904251 dv-cinder-734144-21-smb devstack@n-api.service[107744]: DEBUG nova.api.openstack.wsgi [None req-7792824b-5ee9-40eb-a2a4-33de0a544941 tempest-VolumesGetTestJSON-42518565 tempest-VolumesGetTestJSON-42518565-project] Calling method '.version_select at 0x7f33740a2dc0>' {{(pid=107744) _process_stack /opt/stack/nova/nova/api/openstack/wsgi.py:513}}
Aug 04 15:26:03.001953 dv-cinder-734144-21-smb devstack@n-api.service[107744]: INFO nova.api.openstack.requestlog [None req-7792824b-5ee9-40eb-a2a4-33de0a544941 tempest-VolumesGetTestJSON-42518565 tempest-VolumesGetTestJSON-42518565-project] 10.222.0.26 "GET /compute/v2.1/os-volumes/d67aeb32-b8d0-4555-8e93-a82ceae19553" status: 200 len: 354 microversion: 2.1 time: 0.106050
Aug 04 15:26:03.002155 dv-cinder-734144-21-smb devstack@n-api.service[107744]: [pid: 107744|app: 0|req: 8/12] 10.222.0.26 () {58 vars in 1245 bytes} [Wed Aug 4 15:26:02 2021] GET /compute/v2.1/os-volumes/d67aeb32-b8d0-4555-8e93-a82ceae19553 => generated 354 bytes in 107 msecs (HTTP/1.1 200) 9 headers in 357 bytes (1 switches on core 0)
Aug 04 15:26:03.014139 dv-cinder-734144-21-smb devstack@n-api.service[107744]: DEBUG nova.api.openstack.wsgi [None req-54ac2acb-15e0-488d-9511-a3440f61678e tempest-VolumesGetTestJSON-42518565 tempest-VolumesGetTestJSON-42518565-project] Calling method '.version_select at 0x7f3373f0e820>' {{(pid=107744) _process_stack /opt/stack/nova/nova/api/openstack/wsgi.py:513}}
Aug 04 15:26:03.134603 dv-cinder-734144-21-smb devstack@n-api.service[107744]: INFO nova.api.openstack.requestlog [None req-54ac2acb-15e0-488d-9511-a3440f61678e tempest-VolumesGetTestJSON-42518565 tempest-VolumesGetTestJSON-42518565-project] 10.222.0.26 "GET /compute/v2.1/os-volumes/d67aeb32-b8d0-4555-8e93-a82ceae19553" status: 200 len: 354 microversion: 2.1 time: 0.124657
Aug 04 15:26:03.135742 dv-cinder-734144-21-smb devstack@n-api.service[107744]: [pid: 107744|app: 0|req: 9/13] 10.222.0.26 () {58 vars in 1245 bytes} [Wed Aug 4 15:26:03 2021] GET /compute/v2.1/os-volumes/d67aeb32-b8d0-4555-8e93-a82ceae19553 => generated 354 bytes in 126 msecs (HTTP/1.1 200) 9 headers in 357 bytes (1 switches on core 0)
Aug 04 15:26:03.152087 dv-cinder-734144-21-smb devstack@n-api.service[107744]: DEBUG nova.api.openstack.wsgi [None req-54c7b0a7-5c90-428b-b675-596931119edc tempest-VolumesGetTestJSON-42518565 tempest-VolumesGetTestJSON-42518565-project] Calling method '.version_select at 0x7f3373f24040>' {{(pid=107744) _process_stack /opt/stack/nova/nova/api/openstack/wsgi.py:513}}
Aug 04 15:26:03.305505 dv-cinder-734144-21-smb devstack@n-api.service[107744]: INFO nova.api.openstack.requestlog [None req-54c7b0a7-5c90-428b-b675-596931119edc tempest-VolumesGetTestJSON-42518565 tempest-VolumesGetTestJSON-42518565-project] 10.222.0.26 "DELETE /compute/v2.1/os-volumes/d67aeb32-b8d0-4555-8e93-a82ceae19553" status: 202 len: 0 microversion: 2.1 time: 0.157426
Aug 04 15:26:03.306442 dv-cinder-734144-21-smb devstack@n-api.service[107744]: [pid: 107744|app: 0|req: 10/14] 10.222.0.26 () {58 vars in 1248 bytes} [Wed Aug 4 15:26:03 2021] DELETE /compute/v2.1/os-volumes/d67aeb32-b8d0-4555-8e93-a82ceae19553 => generated 0 bytes in 159 msecs (HTTP/1.1 202) 9 headers in 361 bytes (2 switches on core 0)
Aug 04 15:26:03.313496 dv-cinder-734144-21-smb devstack@n-api.service[107744]: DEBUG nova.api.openstack.wsgi [None req-b6ac48c0-6d1f-4f47-96d7-cf05a280cc8b tempest-VolumesTestJSON-1857086595 tempest-VolumesTestJSON-1857086595-project] Calling method '.version_select at 0x7f3373f24670>' {{(pid=107744) _process_stack /opt/stack/nova/nova/api/openstack/wsgi.py:513}}
Aug 04 15:26:03.388112 dv-cinder-734144-21-smb devstack@n-api.service[107744]: INFO nova.api.openstack.requestlog [None req-b6ac48c0-6d1f-4f47-96d7-cf05a280cc8b tempest-VolumesTestJSON-1857086595 tempest-VolumesTestJSON-1857086595-project] 10.222.0.26 "GET /compute/v2.1/os-volumes/a0efcad9-2b96-4ecc-b5c2-749e86e49ae9" status: 200 len: 350 microversion: 2.1 time: 0.080319
Aug 04 15:26:03.389114 dv-cinder-734144-21-smb devstack@n-api.service[107744]: [pid: 107744|app: 0|req: 11/15] 10.222.0.26 () {58 vars in 1245 bytes} [Wed Aug 4 15:26:03 2021] GET /compute/v2.1/os-volumes/a0efcad9-2b96-4ecc-b5c2-749e86e49ae9 => generated 350 bytes in 82 msecs (HTTP/1.1 200) 9 headers in 357 bytes (1 switches on core 0)
Aug 04 15:26:03.402654 dv-cinder-734144-21-smb devstack@n-api.service[107744]: DEBUG nova.api.openstack.wsgi [None req-f795ce98-2a7c-4e85-be9c-580a8fbe86c1 tempest-VolumesGetTestJSON-42518565 tempest-VolumesGetTestJSON-42518565-project] Calling method '.version_select at 0x7f3373f0ed30>' {{(pid=107744) _process_stack /opt/stack/nova/nova/api/openstack/wsgi.py:513}}
Aug 04 15:26:03.512843 dv-cinder-734144-21-smb devstack@n-api.service[107744]: INFO nova.api.openstack.requestlog [None req-f795ce98-2a7c-4e85-be9c-580a8fbe86c1 tempest-VolumesGetTestJSON-42518565 tempest-VolumesGetTestJSON-42518565-project] 10.222.0.26 "GET /compute/v2.1/os-volumes/d67aeb32-b8d0-4555-8e93-a82ceae19553" status: 200 len: 353 microversion: 2.1 time: 0.115456
Aug 04 15:26:03.515574 dv-cinder-734144-21-smb devstack@n-api.service[107744]: [pid: 107744|app: 0|req: 12/16] 10.222.0.26 () {58 vars in 1245 bytes} [Wed Aug 4 15:26:03 2021] GET /compute/v2.1/os-volumes/d67aeb32-b8d0-4555-8e93-a82ceae19553 => generated 353 bytes in 126 msecs (HTTP/1.1 200) 9 headers in 357 bytes (1 switches on core 0)
Aug 04 15:26:04.089913 dv-cinder-734144-21-smb devstack@n-api.service[107743]: DEBUG nova.virt.hardware [None req-6dd68210-7c3c-4e13-91e2-d6e67170fd55 tempest-DeleteServersTestJSON-707356488 tempest-DeleteServersTestJSON-707356488-project] Flavor limits 0:0:0 {{(pid=107743) get_cpu_topology_constraints /opt/stack/nova/nova/virt/hardware.py:343}}
Aug 04 15:26:04.090443 dv-cinder-734144-21-smb devstack@n-api.service[107743]: DEBUG nova.virt.hardware [None req-6dd68210-7c3c-4e13-91e2-d6e67170fd55 tempest-DeleteServersTestJSON-707356488 tempest-DeleteServersTestJSON-707356488-project] Image limits 0:0:0 {{(pid=107743) get_cpu_topology_constraints /opt/stack/nova/nova/virt/hardware.py:347}}
Aug 04 15:26:04.091009 dv-cinder-734144-21-smb devstack@n-api.service[107743]: DEBUG nova.virt.hardware [None req-6dd68210-7c3c-4e13-91e2-d6e67170fd55 tempest-DeleteServersTestJSON-707356488 tempest-DeleteServersTestJSON-707356488-project] Flavor pref 0:0:0 {{(pid=107743) get_cpu_topology_constraints /opt/stack/nova/nova/virt/hardware.py:383}}
Aug 04 15:26:04.091579 dv-cinder-734144-21-smb devstack@n-api.service[107743]: DEBUG nova.virt.hardware [None req-6dd68210-7c3c-4e13-91e2-d6e67170fd55 tempest-DeleteServersTestJSON-707356488 tempest-DeleteServersTestJSON-707356488-project] Image pref 0:0:0 {{(pid=107743) get_cpu_topology_constraints /opt/stack/nova/nova/virt/hardware.py:387}}
Aug 04 15:26:04.092288 dv-cinder-734144-21-smb devstack@n-api.service[107743]: DEBUG nova.virt.hardware [None req-6dd68210-7c3c-4e13-91e2-d6e67170fd55 tempest-DeleteServersTestJSON-707356488 tempest-DeleteServersTestJSON-707356488-project] Chose sockets=0, cores=0, threads=0; limits were sockets=65536, cores=65536, threads=65536 {{(pid=107743) get_cpu_topology_constraints /opt/stack/nova/nova/virt/hardware.py:425}}
Aug 04 15:26:04.135146 dv-cinder-734144-21-smb devstack@n-api.service[107743]: DEBUG oslo_concurrency.lockutils [None req-6dd68210-7c3c-4e13-91e2-d6e67170fd55 tempest-DeleteServersTestJSON-707356488 tempest-DeleteServersTestJSON-707356488-project] Lock "00000000-0000-0000-0000-000000000000" acquired by "nova.context.set_target_cell..get_or_set_cached_cell_and_set_connections" :: waited 0.000s {{(pid=107743) inner /usr/local/lib/python3.8/dist-packages/oslo_concurrency/lockutils.py:355}}
Aug 04 15:26:04.137460 dv-cinder-734144-21-smb devstack@n-api.service[107743]: DEBUG oslo_concurrency.lockutils [None req-6dd68210-7c3c-4e13-91e2-d6e67170fd55 tempest-DeleteServersTestJSON-707356488 tempest-DeleteServersTestJSON-707356488-project] Lock "00000000-0000-0000-0000-000000000000" released by "nova.context.set_target_cell..get_or_set_cached_cell_and_set_connections" :: held 0.001s {{(pid=107743) inner /usr/local/lib/python3.8/dist-packages/oslo_concurrency/lockutils.py:367}}
Aug 04 15:26:04.144871 dv-cinder-734144-21-smb devstack@n-api.service[107743]: DEBUG oslo_concurrency.lockutils [None req-6dd68210-7c3c-4e13-91e2-d6e67170fd55 tempest-DeleteServersTestJSON-707356488 tempest-DeleteServersTestJSON-707356488-project] Lock "9ec2a1a4-cd74-4313-88e4-cecee0783ef3" acquired by "nova.context.set_target_cell..get_or_set_cached_cell_and_set_connections" :: waited 0.000s {{(pid=107743) inner /usr/local/lib/python3.8/dist-packages/oslo_concurrency/lockutils.py:355}}
Aug 04 15:26:04.145348 dv-cinder-734144-21-smb devstack@n-api.service[107743]: DEBUG oslo_concurrency.lockutils [None req-6dd68210-7c3c-4e13-91e2-d6e67170fd55 tempest-DeleteServersTestJSON-707356488 tempest-DeleteServersTestJSON-707356488-project] Lock "9ec2a1a4-cd74-4313-88e4-cecee0783ef3" released by "nova.context.set_target_cell..get_or_set_cached_cell_and_set_connections" :: held 0.001s {{(pid=107743) inner /usr/local/lib/python3.8/dist-packages/oslo_concurrency/lockutils.py:367}}
Aug 04 15:26:04.223419 dv-cinder-734144-21-smb devstack@n-api.service[107743]: DEBUG nova.quota [None req-6dd68210-7c3c-4e13-91e2-d6e67170fd55 tempest-DeleteServersTestJSON-707356488 tempest-DeleteServersTestJSON-707356488-project] Getting quotas for project 8eba55b031644acebb7ebf271617f4b3. Resources: {'ram', 'instances', 'cores'} {{(pid=107743) _get_quotas /opt/stack/nova/nova/quota.py:384}}
Aug 04 15:26:04.233266 dv-cinder-734144-21-smb devstack@n-api.service[107743]: DEBUG nova.quota [None req-6dd68210-7c3c-4e13-91e2-d6e67170fd55 tempest-DeleteServersTestJSON-707356488 tempest-DeleteServersTestJSON-707356488-project] Getting quotas for user 20fe74320d514dd29d2a1e5c82111bc7 and project 8eba55b031644acebb7ebf271617f4b3. Resources: {'ram', 'instances', 'cores'} {{(pid=107743) _get_quotas /opt/stack/nova/nova/quota.py:374}}
Aug 04 15:26:04.257133 dv-cinder-734144-21-smb devstack@n-api.service[107743]: DEBUG nova.compute.api [None req-6dd68210-7c3c-4e13-91e2-d6e67170fd55 tempest-DeleteServersTestJSON-707356488 tempest-DeleteServersTestJSON-707356488-project] Going to run 1 instances... {{(pid=107743) _provision_instances /opt/stack/nova/nova/compute/api.py:1280}}
Aug 04 15:26:04.262813 dv-cinder-734144-21-smb devstack@n-api.service[107743]: DEBUG nova.compute.api [None req-6dd68210-7c3c-4e13-91e2-d6e67170fd55 tempest-DeleteServersTestJSON-707356488 tempest-DeleteServersTestJSON-707356488-project] [instance: ebc0137d-da99-4492-9f3a-c1c47ac936c0] block_device_mapping [BlockDeviceMapping(attachment_id=,boot_index=0,connection_info=None,created_at=,delete_on_termination=True,deleted=,deleted_at=,destination_type='local',device_name=None,device_type='disk',disk_bus=None,guest_format=None,id=,image_id='7624da60-6fa6-49f9-9377-b3dbbf4caa20',instance=,instance_uuid=,no_device=False,snapshot_id=None,source_type='image',tag=None,updated_at=,uuid=,volume_id=None,volume_size=None,volume_type=None)] {{(pid=107743) _bdm_validate_set_size_and_instance /opt/stack/nova/nova/compute/api.py:1685}}
Aug 04 15:26:04.470399 dv-cinder-734144-21-smb devstack@n-api.service[107743]: INFO nova.api.openstack.requestlog [None req-6dd68210-7c3c-4e13-91e2-d6e67170fd55 tempest-DeleteServersTestJSON-707356488 tempest-DeleteServersTestJSON-707356488-project] 10.222.0.26 "POST /compute/v2.1/servers" status: 202 len: 380 microversion: 2.1 time: 3.062563
Aug 04 15:26:04.471702 dv-cinder-734144-21-smb devstack@n-api.service[107743]: [pid: 107743|app: 0|req: 5/17] 10.222.0.26 () {60 vars in 1147 bytes} [Wed Aug 4 15:26:01 2021] POST /compute/v2.1/servers => generated 380 bytes in 3065 msecs (HTTP/1.1 202) 10 headers in 451 bytes (1 switches on core 0)
Aug 04 15:26:04.482396 dv-cinder-734144-21-smb devstack@n-api.service[107744]: DEBUG nova.api.openstack.wsgi [None req-d3b6e06f-b35b-47ef-b347-b8d1e276962e tempest-DeleteServersTestJSON-707356488 tempest-DeleteServersTestJSON-707356488-project] Calling method '>' {{(pid=107744) _process_stack /opt/stack/nova/nova/api/openstack/wsgi.py:513}}
Aug 04 15:26:04.484153 dv-cinder-734144-21-smb devstack@n-api.service[107744]: DEBUG nova.compute.api [None req-d3b6e06f-b35b-47ef-b347-b8d1e276962e tempest-DeleteServersTestJSON-707356488 tempest-DeleteServersTestJSON-707356488-project] [instance: ebc0137d-da99-4492-9f3a-c1c47ac936c0] Fetching instance by UUID {{(pid=107744) get /opt/stack/nova/nova/compute/api.py:2791}}
Aug 04 15:26:04.529396 dv-cinder-734144-21-smb devstack@n-api.service[107743]: DEBUG nova.api.openstack.wsgi [None req-f2d61b82-f240-47af-a7c6-7c5ab69544c1 tempest-VolumesGetTestJSON-42518565 tempest-VolumesGetTestJSON-42518565-project] Calling method '.version_select at 0x7f3373e7e820>' {{(pid=107743) _process_stack /opt/stack/nova/nova/api/openstack/wsgi.py:513}}
Aug 04 15:26:04.596439 dv-cinder-734144-21-smb devstack@n-api.service[107743]: INFO nova.api.openstack.wsgi [None req-f2d61b82-f240-47af-a7c6-7c5ab69544c1 tempest-VolumesGetTestJSON-42518565 tempest-VolumesGetTestJSON-42518565-project] HTTP exception thrown: Volume d67aeb32-b8d0-4555-8e93-a82ceae19553 could not be found.
Aug 04 15:26:04.597442 dv-cinder-734144-21-smb devstack@n-api.service[107743]: DEBUG nova.api.openstack.wsgi [None req-f2d61b82-f240-47af-a7c6-7c5ab69544c1 tempest-VolumesGetTestJSON-42518565 tempest-VolumesGetTestJSON-42518565-project] Returning 404 to user: Volume d67aeb32-b8d0-4555-8e93-a82ceae19553 could not be found. {{(pid=107743) __call__ /opt/stack/nova/nova/api/openstack/wsgi.py:927}}
Aug 04 15:26:04.599017 dv-cinder-734144-21-smb devstack@n-api.service[107743]: INFO nova.api.openstack.requestlog [None req-f2d61b82-f240-47af-a7c6-7c5ab69544c1 tempest-VolumesGetTestJSON-42518565 tempest-VolumesGetTestJSON-42518565-project] 10.222.0.26 "GET /compute/v2.1/os-volumes/d67aeb32-b8d0-4555-8e93-a82ceae19553" status: 404 len: 109 microversion: 2.1 time: 0.073620
Aug 04 15:26:04.600080 dv-cinder-734144-21-smb devstack@n-api.service[107743]: [pid: 107743|app: 0|req: 6/18] 10.222.0.26 () {58 vars in 1245 bytes} [Wed Aug 4 15:26:04 2021] GET /compute/v2.1/os-volumes/d67aeb32-b8d0-4555-8e93-a82ceae19553 => generated 109 bytes in 76 msecs (HTTP/1.1 404) 9 headers in 379 bytes (1 switches on core 0)
Aug 04 15:26:04.941991 dv-cinder-734144-21-smb devstack@n-api.service[107744]: DEBUG nova.policy [None req-d3b6e06f-b35b-47ef-b347-b8d1e276962e tempest-DeleteServersTestJSON-707356488 tempest-DeleteServersTestJSON-707356488-project] Policy check for os_compute_api:os-extended-server-attributes failed with credentials {'is_admin': False, 'user_id': '20fe74320d514dd29d2a1e5c82111bc7', 'user_domain_id': 'default', 'system_scope': None, 'domain_id': None, 'project_id': '8eba55b031644acebb7ebf271617f4b3', 'project_domain_id': 'default', 'roles': ['member', 'reader'], 'is_admin_project': True, 'service_user_id': None, 'service_user_domain_id': None, 'service_project_id': None, 'service_project_domain_id': None, 'service_roles': []} {{(pid=107744) authorize /opt/stack/nova/nova/policy.py:199}}
Aug 04 15:26:04.982288 dv-cinder-734144-21-smb devstack@n-api.service[107744]: INFO nova.api.openstack.requestlog [None req-d3b6e06f-b35b-47ef-b347-b8d1e276962e tempest-DeleteServersTestJSON-707356488 tempest-DeleteServersTestJSON-707356488-project] 10.222.0.26 "GET /compute/v2.1/servers/ebc0137d-da99-4492-9f3a-c1c47ac936c0" status: 200 len: 1215 microversion: 2.1 time: 0.504242
Aug 04 15:26:04.985618 dv-cinder-734144-21-smb devstack@n-api.service[107744]: [pid: 107744|app: 0|req: 13/19] 10.222.0.26 () {58 vars in 1236 bytes} [Wed Aug 4 15:26:04 2021] GET /compute/v2.1/servers/ebc0137d-da99-4492-9f3a-c1c47ac936c0 => generated 1215 bytes in 508 msecs (HTTP/1.1 200) 9 headers in 358 bytes (1 switches on core 0)
Aug 04 15:26:05.154035 dv-cinder-734144-21-smb devstack@n-api.service[107743]: DEBUG nova.api.openstack.wsgi [None req-573d54c2-707b-48b8-affe-1b45ec110f39 tempest-VolumesTestJSON-1857086595 tempest-VolumesTestJSON-1857086595-project] Calling method '.version_select at 0x7f3373e0b670>' {{(pid=107743) _process_stack /opt/stack/nova/nova/api/openstack/wsgi.py:513}}
Aug 04 15:26:05.310056 dv-cinder-734144-21-smb devstack@n-api.service[107743]: INFO nova.api.openstack.requestlog [None req-573d54c2-707b-48b8-affe-1b45ec110f39 tempest-VolumesTestJSON-1857086595 tempest-VolumesTestJSON-1857086595-project] 10.222.0.26 "GET /compute/v2.1/os-volumes/bf51c20e-f65e-4acc-856b-34e1cf23770c" status: 200 len: 351 microversion: 2.1 time: 0.161524
Aug 04 15:26:05.318716 dv-cinder-734144-21-smb devstack@n-api.service[107743]: [pid: 107743|app: 0|req: 7/20] 10.222.0.26 () {58 vars in 1245 bytes} [Wed Aug 4 15:26:05 2021] GET /compute/v2.1/os-volumes/bf51c20e-f65e-4acc-856b-34e1cf23770c => generated 351 bytes in 171 msecs (HTTP/1.1 200) 9 headers in 357 bytes (1 switches on core 0)
Aug 04 15:26:05.322669 dv-cinder-734144-21-smb devstack@n-api.service[107744]: DEBUG nova.api.openstack.wsgi [None req-2f7d34a1-76f6-4a0a-8fe0-4463f84fba36 tempest-VolumesTestJSON-1857086595 tempest-VolumesTestJSON-1857086595-project] Calling method '.version_select at 0x7f3373f0eaf0>' {{(pid=107744) _process_stack /opt/stack/nova/nova/api/openstack/wsgi.py:513}}
