May 11 05:43:54.491541 dv-cinder-733623-13-smb devstack@keystone.service[80071]: DEBUG keystone.server.flask.request_processing.req_logging [None req-03d8b2d5-1d4c-4aa4-9d11-5538054bc815 None admin] SCRIPT_NAME: `/identity` {{(pid=80071) log_request_info /opt/stack/keystone/keystone/server/flask/request_processing/req_logging.py:28}}
May 11 05:43:54.492014 dv-cinder-733623-13-smb devstack@keystone.service[80071]: DEBUG keystone.server.flask.request_processing.req_logging [None req-03d8b2d5-1d4c-4aa4-9d11-5538054bc815 None admin] PATH_INFO: `/v3/users/34e3ff42379b4765bc20b8dd203d536c` {{(pid=80071) log_request_info /opt/stack/keystone/keystone/server/flask/request_processing/req_logging.py:29}}
May 11 05:43:54.493481 dv-cinder-733623-13-smb devstack@keystone.service[80071]: DEBUG keystone.common.rbac_enforcer.enforcer [None req-03d8b2d5-1d4c-4aa4-9d11-5538054bc815 None admin] RBAC: Authorizing `identity:get_user(user_id=34e3ff42379b4765bc20b8dd203d536c)` {{(pid=80071) enforce_call /opt/stack/keystone/keystone/common/rbac_enforcer/enforcer.py:449}}
May 11 05:43:54.495132 dv-cinder-733623-13-smb devstack@keystone.service[80071]: DEBUG keystone.common.rbac_enforcer.enforcer [None req-03d8b2d5-1d4c-4aa4-9d11-5538054bc815 None admin] RBAC: Authorization granted {{(pid=80071) enforce_call /opt/stack/keystone/keystone/common/rbac_enforcer/enforcer.py:457}}
May 11 05:43:54.497385 dv-cinder-733623-13-smb devstack@keystone.service[80071]: [pid: 80071|app: 0|req: 66/132] 10.222.0.36 () {56 vars in 1177 bytes} [Wed May 11 05:43:54 2022] GET /identity/v3/users/34e3ff42379b4765bc20b8dd203d536c => generated 275 bytes in 194 msecs (HTTP/1.1 200) 5 headers in 177 bytes (1 switches on core 0)
May 11 05:43:54.498428 dv-cinder-733623-13-smb devstack@keystone.service[80071]: DEBUG keystone.server.flask.request_processing.middleware.auth_context [None req-03d8b2d5-1d4c-4aa4-9d11-5538054bc815 None admin] Authenticating user token {{(pid=80071) process_request /usr/local/lib/python3.8/dist-packages/keystonemiddleware/auth_token/__init__.py:407}}
May 11 05:43:54.569500 dv-cinder-733623-13-smb devstack@keystone.service[80070]: DEBUG keystone.server.flask.request_processing.middleware.auth_context [None req-868a1a21-52e3-4f0a-ac31-0b3aedce4303 None admin] Validating token access rules against request {{(pid=80070) validate_allowed_request /usr/local/lib/python3.8/dist-packages/keystonemiddleware/auth_token/__init__.py:545}}
May 11 05:43:54.602314 dv-cinder-733623-13-smb devstack@keystone.service[80071]: DEBUG keystone.server.flask.request_processing.middleware.auth_context [None req-03d8b2d5-1d4c-4aa4-9d11-5538054bc815 None admin] Validating token access rules against request {{(pid=80071) validate_allowed_request /usr/local/lib/python3.8/dist-packages/keystonemiddleware/auth_token/__init__.py:545}}
May 11 05:43:54.622412 dv-cinder-733623-13-smb devstack@keystone.service[80070]: DEBUG keystone.server.flask.request_processing.middleware.auth_context [None req-d781ac65-9cc1-4819-94c3-cc5e8e30dfe5 None admin] RBAC: auth_context: {'token': , 'domain_id': None, 'trust_id': None, 'trustor_id': None, 'trustee_id': None, 'domain_name': None, 'group_ids': [], 'user_id': 'a4ce0f7cfec04df4bb75fdc81498338f', 'user_domain_id': 'default', 'system_scope': 'all', 'project_id': None, 'project_domain_id': None, 'roles': ['admin', 'member', 'reader'], 'is_admin_project': True, 'service_user_id': None, 'service_user_domain_id': None, 'service_project_id': None, 'service_project_domain_id': None, 'service_roles': []} {{(pid=80070) fill_context /opt/stack/keystone/keystone/server/flask/request_processing/middleware/auth_context.py:478}}
May 11 05:43:54.624012 dv-cinder-733623-13-smb devstack@keystone.service[80070]: DEBUG keystone.server.flask.request_processing.req_logging [None req-d781ac65-9cc1-4819-94c3-cc5e8e30dfe5 None admin] REQUEST_METHOD: `GET` {{(pid=80070) log_request_info /opt/stack/keystone/keystone/server/flask/request_processing/req_logging.py:27}}
May 11 05:43:54.624546 dv-cinder-733623-13-smb devstack@keystone.service[80070]: DEBUG keystone.server.flask.request_processing.req_logging [None req-d781ac65-9cc1-4819-94c3-cc5e8e30dfe5 None admin] SCRIPT_NAME: `/identity` {{(pid=80070) log_request_info /opt/stack/keystone/keystone/server/flask/request_processing/req_logging.py:28}}
May 11 05:43:54.625301 dv-cinder-733623-13-smb devstack@keystone.service[80070]: DEBUG keystone.server.flask.request_processing.req_logging [None req-d781ac65-9cc1-4819-94c3-cc5e8e30dfe5 None admin] PATH_INFO: `/v3/projects/d2bfe055d6a9489c923781b479c15682` {{(pid=80070) log_request_info /opt/stack/keystone/keystone/server/flask/request_processing/req_logging.py:29}}
May 11 05:43:54.627216 dv-cinder-733623-13-smb devstack@keystone.service[80070]: DEBUG keystone.common.rbac_enforcer.enforcer [None req-d781ac65-9cc1-4819-94c3-cc5e8e30dfe5 None admin] RBAC: Authorizing `identity:get_project(project_id=d2bfe055d6a9489c923781b479c15682)` {{(pid=80070) enforce_call /opt/stack/keystone/keystone/common/rbac_enforcer/enforcer.py:449}}
May 11 05:43:54.629491 dv-cinder-733623-13-smb devstack@keystone.service[80070]: DEBUG keystone.common.rbac_enforcer.enforcer [None req-d781ac65-9cc1-4819-94c3-cc5e8e30dfe5 None admin] RBAC: Authorization granted {{(pid=80070) enforce_call /opt/stack/keystone/keystone/common/rbac_enforcer/enforcer.py:457}}
May 11 05:43:54.632287 dv-cinder-733623-13-smb devstack@keystone.service[80070]: [pid: 80070|app: 0|req: 67/133] 10.222.0.36 () {56 vars in 1186 bytes} [Wed May 11 05:43:54 2022] GET /identity/v3/projects/d2bfe055d6a9489c923781b479c15682 => generated 312 bytes in 178 msecs (HTTP/1.1 200) 5 headers in 177 bytes (1 switches on core 0)
May 11 05:43:54.633639 dv-cinder-733623-13-smb devstack@keystone.service[80070]: DEBUG keystone.server.flask.request_processing.middleware.auth_context [None req-d781ac65-9cc1-4819-94c3-cc5e8e30dfe5 None admin] Authenticating user token {{(pid=80070) process_request /usr/local/lib/python3.8/dist-packages/keystonemiddleware/auth_token/__init__.py:407}}
May 11 05:43:54.642902 dv-cinder-733623-13-smb devstack@keystone.service[80071]: DEBUG keystone.server.flask.request_processing.middleware.auth_context [None req-ac673e53-a197-4a92-8dd3-67369450d6af None admin] RBAC: auth_context: {'token': , 'domain_id': None, 'trust_id': None, 'trustor_id': None, 'trustee_id': None, 'domain_name': None, 'group_ids': [], 'user_id': 'a4ce0f7cfec04df4bb75fdc81498338f', 'user_domain_id': 'default', 'system_scope': 'all', 'project_id': None, 'project_domain_id': None, 'roles': ['admin', 'member', 'reader'], 'is_admin_project': True, 'service_user_id': None, 'service_user_domain_id': None, 'service_project_id': None, 'service_project_domain_id': None, 'service_roles': []} {{(pid=80071) fill_context /opt/stack/keystone/keystone/server/flask/request_processing/middleware/auth_context.py:478}}
May 11 05:43:54.643949 dv-cinder-733623-13-smb devstack@keystone.service[80071]: DEBUG keystone.server.flask.request_processing.req_logging [None req-ac673e53-a197-4a92-8dd3-67369450d6af None admin] REQUEST_METHOD: `PUT` {{(pid=80071) log_request_info /opt/stack/keystone/keystone/server/flask/request_processing/req_logging.py:27}}
May 11 05:43:54.644304 dv-cinder-733623-13-smb devstack@keystone.service[80071]: DEBUG keystone.server.flask.request_processing.req_logging [None req-ac673e53-a197-4a92-8dd3-67369450d6af None admin] SCRIPT_NAME: `/identity` {{(pid=80071) log_request_info /opt/stack/keystone/keystone/server/flask/request_processing/req_logging.py:28}}
May 11 05:43:54.644687 dv-cinder-733623-13-smb devstack@keystone.service[80071]: DEBUG keystone.server.flask.request_processing.req_logging [None req-ac673e53-a197-4a92-8dd3-67369450d6af None admin] PATH_INFO: `/v3/projects/8abf7e71cf2344b898378ba3d1c4d9d6/users/34e3ff42379b4765bc20b8dd203d536c/roles/70de201d04ca4929984e16cd9902c197` {{(pid=80071) log_request_info /opt/stack/keystone/keystone/server/flask/request_processing/req_logging.py:29}}
May 11 05:43:54.647212 dv-cinder-733623-13-smb devstack@keystone.service[80071]: DEBUG keystone.common.rbac_enforcer.enforcer [None req-ac673e53-a197-4a92-8dd3-67369450d6af None admin] RBAC: Authorizing `identity:create_grant(project_id=8abf7e71cf2344b898378ba3d1c4d9d6, user_id=34e3ff42379b4765bc20b8dd203d536c, role_id=70de201d04ca4929984e16cd9902c197)` {{(pid=80071) enforce_call /opt/stack/keystone/keystone/common/rbac_enforcer/enforcer.py:449}}
May 11 05:43:54.648842 dv-cinder-733623-13-smb devstack@keystone.service[80071]: DEBUG keystone.common.rbac_enforcer.enforcer [None req-ac673e53-a197-4a92-8dd3-67369450d6af None admin] RBAC: Authorization granted {{(pid=80071) enforce_call /opt/stack/keystone/keystone/common/rbac_enforcer/enforcer.py:457}}
May 11 05:43:54.669308 dv-cinder-733623-13-smb devstack@keystone.service[80071]: [pid: 80071|app: 0|req: 67/134] 10.222.0.36 () {58 vars in 1439 bytes} [Wed May 11 05:43:54 2022] PUT /identity/v3/projects/8abf7e71cf2344b898378ba3d1c4d9d6/users/34e3ff42379b4765bc20b8dd203d536c/roles/70de201d04ca4929984e16cd9902c197 => generated 0 bytes in 171 msecs (HTTP/1.1 204) 3 headers in 132 bytes (0 switches on core 0)
May 11 05:43:54.676674 dv-cinder-733623-13-smb devstack@keystone.service[80071]: DEBUG keystone.server.flask.request_processing.req_logging [None req-5caf286d-00e4-4b27-9e7b-df64f5c7e5f9 None None] REQUEST_METHOD: `GET` {{(pid=80071) log_request_info /opt/stack/keystone/keystone/server/flask/request_processing/req_logging.py:27}}
May 11 05:43:54.676674 dv-cinder-733623-13-smb devstack@keystone.service[80071]: DEBUG keystone.server.flask.request_processing.req_logging [None req-5caf286d-00e4-4b27-9e7b-df64f5c7e5f9 None None] SCRIPT_NAME: `/identity` {{(pid=80071) log_request_info /opt/stack/keystone/keystone/server/flask/request_processing/req_logging.py:28}}
May 11 05:43:54.676674 dv-cinder-733623-13-smb devstack@keystone.service[80071]: DEBUG keystone.server.flask.request_processing.req_logging [None req-5caf286d-00e4-4b27-9e7b-df64f5c7e5f9 None None] PATH_INFO: `/` {{(pid=80071) log_request_info /opt/stack/keystone/keystone/server/flask/request_processing/req_logging.py:29}}
May 11 05:43:54.676674 dv-cinder-733623-13-smb devstack@keystone.service[80071]: [pid: 80071|app: 0|req: 68/135] 10.222.0.36 () {54 vars in 926 bytes} [Wed May 11 05:43:54 2022] GET /identity => generated 270 bytes in 3 msecs (HTTP/1.1 300) 6 headers in 234 bytes (1 switches on core 0)
May 11 05:43:54.676674 dv-cinder-733623-13-smb devstack@keystone.service[80071]: DEBUG keystone.server.flask.request_processing.middleware.auth_context [None req-5caf286d-00e4-4b27-9e7b-df64f5c7e5f9 None None] Authenticating user token {{(pid=80071) process_request /usr/local/lib/python3.8/dist-packages/keystonemiddleware/auth_token/__init__.py:407}}
May 11 05:43:54.812970 dv-cinder-733623-13-smb devstack@keystone.service[80070]: DEBUG keystone.server.flask.request_processing.middleware.auth_context [None req-d781ac65-9cc1-4819-94c3-cc5e8e30dfe5 None admin] Validating token access rules against request {{(pid=80070) validate_allowed_request /usr/local/lib/python3.8/dist-packages/keystonemiddleware/auth_token/__init__.py:545}}
May 11 05:43:54.861682 dv-cinder-733623-13-smb devstack@keystone.service[80070]: DEBUG keystone.server.flask.request_processing.middleware.auth_context [None req-f91e1e3d-4fcb-4e43-a6cb-98816ef43959 None admin] RBAC: auth_context: {'token': , 'domain_id': None, 'trust_id': None, 'trustor_id': None, 'trustee_id': None, 'domain_name': None, 'group_ids': [], 'user_id': 'a4ce0f7cfec04df4bb75fdc81498338f', 'user_domain_id': 'default', 'system_scope': 'all', 'project_id': None, 'project_domain_id': None, 'roles': ['admin', 'member', 'reader'], 'is_admin_project': True, 'service_user_id': None, 'service_user_domain_id': None, 'service_project_id': None, 'service_project_domain_id': None, 'service_roles': []} {{(pid=80070) fill_context /opt/stack/keystone/keystone/server/flask/request_processing/middleware/auth_context.py:478}}
May 11 05:43:54.862724 dv-cinder-733623-13-smb devstack@keystone.service[80070]: DEBUG keystone.server.flask.request_processing.req_logging [None req-f91e1e3d-4fcb-4e43-a6cb-98816ef43959 None admin] REQUEST_METHOD: `GET` {{(pid=80070) log_request_info /opt/stack/keystone/keystone/server/flask/request_processing/req_logging.py:27}}
May 11 05:43:54.863078 dv-cinder-733623-13-smb devstack@keystone.service[80070]: DEBUG keystone.server.flask.request_processing.req_logging [None req-f91e1e3d-4fcb-4e43-a6cb-98816ef43959 None admin] SCRIPT_NAME: `/identity` {{(pid=80070) log_request_info /opt/stack/keystone/keystone/server/flask/request_processing/req_logging.py:28}}
May 11 05:43:54.863427 dv-cinder-733623-13-smb devstack@keystone.service[80070]: DEBUG keystone.server.flask.request_processing.req_logging [None req-f91e1e3d-4fcb-4e43-a6cb-98816ef43959 None admin] PATH_INFO: `/v3/projects/8abf7e71cf2344b898378ba3d1c4d9d6` {{(pid=80070) log_request_info /opt/stack/keystone/keystone/server/flask/request_processing/req_logging.py:29}}
May 11 05:43:54.864749 dv-cinder-733623-13-smb devstack@keystone.service[80070]: DEBUG keystone.common.rbac_enforcer.enforcer [None req-f91e1e3d-4fcb-4e43-a6cb-98816ef43959 None admin] RBAC: Authorizing `identity:get_project(project_id=8abf7e71cf2344b898378ba3d1c4d9d6)` {{(pid=80070) enforce_call /opt/stack/keystone/keystone/common/rbac_enforcer/enforcer.py:449}}
May 11 05:43:54.866343 dv-cinder-733623-13-smb devstack@keystone.service[80070]: DEBUG keystone.common.rbac_enforcer.enforcer [None req-f91e1e3d-4fcb-4e43-a6cb-98816ef43959 None admin] RBAC: Authorization granted {{(pid=80070) enforce_call /opt/stack/keystone/keystone/common/rbac_enforcer/enforcer.py:457}}
May 11 05:43:54.868244 dv-cinder-733623-13-smb devstack@keystone.service[80070]: [pid: 80070|app: 0|req: 68/136] 10.222.0.36 () {56 vars in 1186 bytes} [Wed May 11 05:43:54 2022] GET /identity/v3/projects/8abf7e71cf2344b898378ba3d1c4d9d6 => generated 298 bytes in 235 msecs (HTTP/1.1 200) 5 headers in 177 bytes (1 switches on core 0)
May 11 05:43:54.869557 dv-cinder-733623-13-smb devstack@keystone.service[80070]: DEBUG keystone.server.flask.request_processing.req_logging [None req-c5b15cfb-558a-4163-9ec4-5340a106e5b1 None None] REQUEST_METHOD: `POST` {{(pid=80070) log_request_info /opt/stack/keystone/keystone/server/flask/request_processing/req_logging.py:27}}
May 11 05:43:54.869850 dv-cinder-733623-13-smb devstack@keystone.service[80070]: DEBUG keystone.server.flask.request_processing.req_logging [None req-c5b15cfb-558a-4163-9ec4-5340a106e5b1 None None] SCRIPT_NAME: `/identity` {{(pid=80070) log_request_info /opt/stack/keystone/keystone/server/flask/request_processing/req_logging.py:28}}
May 11 05:43:54.870125 dv-cinder-733623-13-smb devstack@keystone.service[80070]: DEBUG keystone.server.flask.request_processing.req_logging [None req-c5b15cfb-558a-4163-9ec4-5340a106e5b1 None None] PATH_INFO: `/v3/auth/tokens` {{(pid=80070) log_request_info /opt/stack/keystone/keystone/server/flask/request_processing/req_logging.py:29}}
May 11 05:43:54.900701 dv-cinder-733623-13-smb devstack@keystone.service[80071]: DEBUG keystone.server.flask.request_processing.middleware.auth_context [None req-5caf286d-00e4-4b27-9e7b-df64f5c7e5f9 None None] Validating token access rules against request {{(pid=80071) validate_allowed_request /usr/local/lib/python3.8/dist-packages/keystonemiddleware/auth_token/__init__.py:545}}
May 11 05:43:54.905782 dv-cinder-733623-13-smb devstack@keystone.service[80070]: DEBUG keystone.auth.core [None req-c5b15cfb-558a-4163-9ec4-5340a106e5b1 None None] MFA Rules not processed for user `a4ce0f7cfec04df4bb75fdc81498338f`. Rule list: `[]` (Enabled: `True`). {{(pid=80070) check_auth_methods_against_rules /opt/stack/keystone/keystone/auth/core.py:438}}
May 11 05:43:54.907300 dv-cinder-733623-13-smb devstack@keystone.service[80070]: DEBUG keystone.common.fernet_utils [None req-c5b15cfb-558a-4163-9ec4-5340a106e5b1 None None] Loaded 2 Fernet keys from /etc/keystone/fernet-keys/, but `[fernet_tokens] max_active_keys = 3`; perhaps there have not been enough key rotations to reach `max_active_keys` yet? {{(pid=80070) load_keys /opt/stack/keystone/keystone/common/fernet_utils.py:286}}
May 11 05:43:54.941686 dv-cinder-733623-13-smb devstack@keystone.service[80071]: DEBUG keystone.server.flask.request_processing.middleware.auth_context [None req-2b316e26-caf0-4191-a6d1-bd052aa16d5e None admin] RBAC: auth_context: {'token': , 'domain_id': None, 'trust_id': None, 'trustor_id': None, 'trustee_id': None, 'domain_name': None, 'group_ids': [], 'user_id': 'a4ce0f7cfec04df4bb75fdc81498338f', 'user_domain_id': 'default', 'system_scope': 'all', 'project_id': None, 'project_domain_id': None, 'roles': ['admin', 'member', 'reader'], 'is_admin_project': True, 'service_user_id': None, 'service_user_domain_id': None, 'service_project_id': None, 'service_project_domain_id': None, 'service_roles': []} {{(pid=80071) fill_context /opt/stack/keystone/keystone/server/flask/request_processing/middleware/auth_context.py:478}}
May 11 05:43:54.942651 dv-cinder-733623-13-smb devstack@keystone.service[80071]: DEBUG keystone.server.flask.request_processing.req_logging [None req-2b316e26-caf0-4191-a6d1-bd052aa16d5e None admin] REQUEST_METHOD: `PUT` {{(pid=80071) log_request_info /opt/stack/keystone/keystone/server/flask/request_processing/req_logging.py:27}}
May 11 05:43:54.942938 dv-cinder-733623-13-smb devstack@keystone.service[80071]: DEBUG keystone.server.flask.request_processing.req_logging [None req-2b316e26-caf0-4191-a6d1-bd052aa16d5e None admin] SCRIPT_NAME: `/identity` {{(pid=80071) log_request_info /opt/stack/keystone/keystone/server/flask/request_processing/req_logging.py:28}}
May 11 05:43:54.943215 dv-cinder-733623-13-smb devstack@keystone.service[80071]: DEBUG keystone.server.flask.request_processing.req_logging [None req-2b316e26-caf0-4191-a6d1-bd052aa16d5e None admin] PATH_INFO: `/v3/projects/d2bfe055d6a9489c923781b479c15682/users/34e3ff42379b4765bc20b8dd203d536c/roles/7971f2b68b304fcf9c44e2281ff5117e` {{(pid=80071) log_request_info /opt/stack/keystone/keystone/server/flask/request_processing/req_logging.py:29}}
May 11 05:43:54.945837 dv-cinder-733623-13-smb devstack@keystone.service[80071]: DEBUG keystone.common.rbac_enforcer.enforcer [None req-2b316e26-caf0-4191-a6d1-bd052aa16d5e None admin] RBAC: Authorizing `identity:create_grant(project_id=d2bfe055d6a9489c923781b479c15682, user_id=34e3ff42379b4765bc20b8dd203d536c, role_id=7971f2b68b304fcf9c44e2281ff5117e)` {{(pid=80071) enforce_call /opt/stack/keystone/keystone/common/rbac_enforcer/enforcer.py:449}}
May 11 05:43:54.947288 dv-cinder-733623-13-smb devstack@keystone.service[80071]: DEBUG keystone.common.rbac_enforcer.enforcer [None req-2b316e26-caf0-4191-a6d1-bd052aa16d5e None admin] RBAC: Authorization granted {{(pid=80071) enforce_call /opt/stack/keystone/keystone/common/rbac_enforcer/enforcer.py:457}}
May 11 05:43:54.968093 dv-cinder-733623-13-smb devstack@keystone.service[80071]: [pid: 80071|app: 0|req: 69/137] 10.222.0.36 () {58 vars in 1439 bytes} [Wed May 11 05:43:54 2022] PUT /identity/v3/projects/d2bfe055d6a9489c923781b479c15682/users/34e3ff42379b4765bc20b8dd203d536c/roles/7971f2b68b304fcf9c44e2281ff5117e => generated 0 bytes in 295 msecs (HTTP/1.1 204) 3 headers in 132 bytes (0 switches on core 0)
May 11 05:43:54.968965 dv-cinder-733623-13-smb devstack@keystone.service[80071]: DEBUG keystone.server.flask.request_processing.middleware.auth_context [None req-2b316e26-caf0-4191-a6d1-bd052aa16d5e None admin] Authenticating user token {{(pid=80071) process_request /usr/local/lib/python3.8/dist-packages/keystonemiddleware/auth_token/__init__.py:407}}
May 11 05:43:54.999246 dv-cinder-733623-13-smb devstack@keystone.service[80070]: [pid: 80070|app: 0|req: 69/138] 10.222.0.36 () {58 vars in 1023 bytes} [Wed May 11 05:43:54 2022] POST /identity/v3/auth/tokens => generated 799 bytes in 130 msecs (HTTP/1.1 201) 6 headers in 363 bytes (1 switches on core 0)
May 11 05:43:55.028956 dv-cinder-733623-13-smb devstack@keystone.service[80070]: DEBUG keystone.server.flask.request_processing.middleware.auth_context [None req-c5b15cfb-558a-4163-9ec4-5340a106e5b1 None None] Authenticating user token {{(pid=80070) process_request /usr/local/lib/python3.8/dist-packages/keystonemiddleware/auth_token/__init__.py:407}}
May 11 05:43:55.149704 dv-cinder-733623-13-smb devstack@keystone.service[80070]: DEBUG keystone.server.flask.request_processing.middleware.auth_context [None req-c5b15cfb-558a-4163-9ec4-5340a106e5b1 None None] Validating token access rules against request {{(pid=80070) validate_allowed_request /usr/local/lib/python3.8/dist-packages/keystonemiddleware/auth_token/__init__.py:545}}
May 11 05:43:55.191065 dv-cinder-733623-13-smb devstack@keystone.service[80070]: DEBUG keystone.server.flask.request_processing.middleware.auth_context [None req-2744dac6-34a0-4bed-bf36-ceeec2d2ccb5 None admin] RBAC: auth_context: {'token': , 'domain_id': None, 'trust_id': None, 'trustor_id': None, 'trustee_id': None, 'domain_name': None, 'group_ids': [], 'user_id': 'a4ce0f7cfec04df4bb75fdc81498338f', 'user_domain_id': 'default', 'system_scope': 'all', 'project_id': None, 'project_domain_id': None, 'roles': ['admin', 'member', 'reader'], 'is_admin_project': True, 'service_user_id': None, 'service_user_domain_id': None, 'service_project_id': None, 'service_project_domain_id': None, 'service_roles': []} {{(pid=80070) fill_context /opt/stack/keystone/keystone/server/flask/request_processing/middleware/auth_context.py:478}}
May 11 05:43:55.192726 dv-cinder-733623-13-smb devstack@keystone.service[80070]: DEBUG keystone.server.flask.request_processing.req_logging [None req-2744dac6-34a0-4bed-bf36-ceeec2d2ccb5 None admin] REQUEST_METHOD: `GET` {{(pid=80070) log_request_info /opt/stack/keystone/keystone/server/flask/request_processing/req_logging.py:27}}
May 11 05:43:55.193268 dv-cinder-733623-13-smb devstack@keystone.service[80070]: DEBUG keystone.server.flask.request_processing.req_logging [None req-2744dac6-34a0-4bed-bf36-ceeec2d2ccb5 None admin] SCRIPT_NAME: `/identity` {{(pid=80070) log_request_info /opt/stack/keystone/keystone/server/flask/request_processing/req_logging.py:28}}
May 11 05:43:55.193748 dv-cinder-733623-13-smb devstack@keystone.service[80070]: DEBUG keystone.server.flask.request_processing.req_logging [None req-2744dac6-34a0-4bed-bf36-ceeec2d2ccb5 None admin] PATH_INFO: `/v3/domains/default` {{(pid=80070) log_request_info /opt/stack/keystone/keystone/server/flask/request_processing/req_logging.py:29}}
May 11 05:43:55.195751 dv-cinder-733623-13-smb devstack@keystone.service[80070]: DEBUG keystone.common.rbac_enforcer.enforcer [None req-2744dac6-34a0-4bed-bf36-ceeec2d2ccb5 None admin] RBAC: Authorizing `identity:get_domain(domain_id=default)` {{(pid=80070) enforce_call /opt/stack/keystone/keystone/common/rbac_enforcer/enforcer.py:449}}
May 11 05:43:55.198025 dv-cinder-733623-13-smb devstack@keystone.service[80070]: DEBUG keystone.common.rbac_enforcer.enforcer [None req-2744dac6-34a0-4bed-bf36-ceeec2d2ccb5 None admin] RBAC: Authorization granted {{(pid=80070) enforce_call /opt/stack/keystone/keystone/common/rbac_enforcer/enforcer.py:457}}
May 11 05:43:55.200023 dv-cinder-733623-13-smb devstack@keystone.service[80070]: [pid: 80070|app: 0|req: 70/139] 10.222.0.36 () {56 vars in 1108 bytes} [Wed May 11 05:43:55 2022] GET /identity/v3/domains/default => generated 199 bytes in 172 msecs (HTTP/1.1 200) 5 headers in 177 bytes (2 switches on core 0)
May 11 05:43:55.205820 dv-cinder-733623-13-smb devstack@keystone.service[80070]: DEBUG keystone.server.flask.request_processing.middleware.auth_context [None req-2744dac6-34a0-4bed-bf36-ceeec2d2ccb5 None admin] Authenticating user token {{(pid=80070) process_request /usr/local/lib/python3.8/dist-packages/keystonemiddleware/auth_token/__init__.py:407}}
May 11 05:43:55.225936 dv-cinder-733623-13-smb devstack@keystone.service[80071]: DEBUG keystone.server.flask.request_processing.middleware.auth_context [None req-2b316e26-caf0-4191-a6d1-bd052aa16d5e None admin] Validating token access rules against request {{(pid=80071) validate_allowed_request /usr/local/lib/python3.8/dist-packages/keystonemiddleware/auth_token/__init__.py:545}}
May 11 05:43:55.292061 dv-cinder-733623-13-smb devstack@keystone.service[80071]: DEBUG keystone.server.flask.request_processing.middleware.auth_context [None req-f56951d8-b71b-4684-adf2-51ac7778e844 None admin] RBAC: auth_context: {'token': , 'domain_id': None, 'trust_id': None, 'trustor_id': None, 'trustee_id': None, 'domain_name': None, 'group_ids': [], 'user_id': 'a4ce0f7cfec04df4bb75fdc81498338f', 'user_domain_id': 'default', 'system_scope': 'all', 'project_id': None, 'project_domain_id': None, 'roles': ['admin', 'member', 'reader'], 'is_admin_project': True, 'service_user_id': None, 'service_user_domain_id': None, 'service_project_id': None, 'service_project_domain_id': None, 'service_roles': []} {{(pid=80071) fill_context /opt/stack/keystone/keystone/server/flask/request_processing/middleware/auth_context.py:478}}
May 11 05:43:55.292985 dv-cinder-733623-13-smb devstack@keystone.service[80071]: DEBUG keystone.server.flask.request_processing.req_logging [None req-f56951d8-b71b-4684-adf2-51ac7778e844 None admin] REQUEST_METHOD: `PUT` {{(pid=80071) log_request_info /opt/stack/keystone/keystone/server/flask/request_processing/req_logging.py:27}}
May 11 05:43:55.293407 dv-cinder-733623-13-smb devstack@keystone.service[80071]: DEBUG keystone.server.flask.request_processing.req_logging [None req-f56951d8-b71b-4684-adf2-51ac7778e844 None admin] SCRIPT_NAME: `/identity` {{(pid=80071) log_request_info /opt/stack/keystone/keystone/server/flask/request_processing/req_logging.py:28}}
May 11 05:43:55.293688 dv-cinder-733623-13-smb devstack@keystone.service[80071]: DEBUG keystone.server.flask.request_processing.req_logging [None req-f56951d8-b71b-4684-adf2-51ac7778e844 None admin] PATH_INFO: `/v3/projects/8abf7e71cf2344b898378ba3d1c4d9d6/users/34e3ff42379b4765bc20b8dd203d536c/roles/7971f2b68b304fcf9c44e2281ff5117e` {{(pid=80071) log_request_info /opt/stack/keystone/keystone/server/flask/request_processing/req_logging.py:29}}
May 11 05:43:55.298636 dv-cinder-733623-13-smb devstack@keystone.service[80071]: DEBUG keystone.common.rbac_enforcer.enforcer [None req-f56951d8-b71b-4684-adf2-51ac7778e844 None admin] RBAC: Authorizing `identity:create_grant(project_id=8abf7e71cf2344b898378ba3d1c4d9d6, user_id=34e3ff42379b4765bc20b8dd203d536c, role_id=7971f2b68b304fcf9c44e2281ff5117e)` {{(pid=80071) enforce_call /opt/stack/keystone/keystone/common/rbac_enforcer/enforcer.py:449}}
May 11 05:43:55.300130 dv-cinder-733623-13-smb devstack@keystone.service[80071]: DEBUG keystone.common.rbac_enforcer.enforcer [None req-f56951d8-b71b-4684-adf2-51ac7778e844 None admin] RBAC: Authorization granted {{(pid=80071) enforce_call /opt/stack/keystone/keystone/common/rbac_enforcer/enforcer.py:457}}
May 11 05:43:55.318720 dv-cinder-733623-13-smb devstack@keystone.service[80070]: DEBUG keystone.server.flask.request_processing.middleware.auth_context [None req-2744dac6-34a0-4bed-bf36-ceeec2d2ccb5 None admin] Validating token access rules against request {{(pid=80070) validate_allowed_request /usr/local/lib/python3.8/dist-packages/keystonemiddleware/auth_token/__init__.py:545}}
May 11 05:43:55.322248 dv-cinder-733623-13-smb devstack@keystone.service[80071]: [pid: 80071|app: 0|req: 70/140] 10.222.0.36 () {58 vars in 1439 bytes} [Wed May 11 05:43:54 2022] PUT /identity/v3/projects/8abf7e71cf2344b898378ba3d1c4d9d6/users/34e3ff42379b4765bc20b8dd203d536c/roles/7971f2b68b304fcf9c44e2281ff5117e => generated 0 bytes in 353 msecs (HTTP/1.1 204) 3 headers in 132 bytes (0 switches on core 0)
May 11 05:43:55.358422 dv-cinder-733623-13-smb devstack@keystone.service[80070]: DEBUG keystone.server.flask.request_processing.middleware.auth_context [None req-58014e6c-4034-4194-91a3-fb1a30250809 None admin] RBAC: auth_context: {'token': , 'domain_id': None, 'trust_id': None, 'trustor_id': None, 'trustee_id': None, 'domain_name': None, 'group_ids': [], 'user_id': 'a4ce0f7cfec04df4bb75fdc81498338f', 'user_domain_id': 'default', 'system_scope': 'all', 'project_id': None, 'project_domain_id': None, 'roles': ['admin', 'member', 'reader'], 'is_admin_project': True, 'service_user_id': None, 'service_user_domain_id': None, 'service_project_id': None, 'service_project_domain_id': None, 'service_roles': []} {{(pid=80070) fill_context /opt/stack/keystone/keystone/server/flask/request_processing/middleware/auth_context.py:478}}
May 11 05:43:55.359653 dv-cinder-733623-13-smb devstack@keystone.service[80070]: DEBUG keystone.server.flask.request_processing.req_logging [None req-58014e6c-4034-4194-91a3-fb1a30250809 None admin] REQUEST_METHOD: `POST` {{(pid=80070) log_request_info /opt/stack/keystone/keystone/server/flask/request_processing/req_logging.py:27}}
May 11 05:43:55.360142 dv-cinder-733623-13-smb devstack@keystone.service[80070]: DEBUG keystone.server.flask.request_processing.req_logging [None req-58014e6c-4034-4194-91a3-fb1a30250809 None admin] SCRIPT_NAME: `/identity` {{(pid=80070) log_request_info /opt/stack/keystone/keystone/server/flask/request_processing/req_logging.py:28}}
May 11 05:43:55.360615 dv-cinder-733623-13-smb devstack@keystone.service[80070]: DEBUG keystone.server.flask.request_processing.req_logging [None req-58014e6c-4034-4194-91a3-fb1a30250809 None admin] PATH_INFO: `/v3/users` {{(pid=80070) log_request_info /opt/stack/keystone/keystone/server/flask/request_processing/req_logging.py:29}}
May 11 05:43:55.361617 dv-cinder-733623-13-smb devstack@keystone.service[80070]: DEBUG keystone.common.rbac_enforcer.enforcer [None req-58014e6c-4034-4194-91a3-fb1a30250809 None admin] RBAC: Authorizing `identity:create_user()` {{(pid=80070) enforce_call /opt/stack/keystone/keystone/common/rbac_enforcer/enforcer.py:449}}
May 11 05:43:55.363333 dv-cinder-733623-13-smb devstack@keystone.service[80070]: DEBUG keystone.common.rbac_enforcer.enforcer [None req-58014e6c-4034-4194-91a3-fb1a30250809 None admin] RBAC: Authorization granted {{(pid=80070) enforce_call /opt/stack/keystone/keystone/common/rbac_enforcer/enforcer.py:457}}
May 11 05:43:55.389862 dv-cinder-733623-13-smb devstack@keystone.service[80070]: [pid: 80070|app: 0|req: 71/141] 10.222.0.36 () {60 vars in 1132 bytes} [Wed May 11 05:43:55 2022] POST /identity/v3/users => generated 283 bytes in 185 msecs (HTTP/1.1 201) 5 headers in 182 bytes (1 switches on core 0)
May 11 05:43:56.908064 dv-cinder-733623-13-smb devstack@keystone.service[80071]: DEBUG keystone.server.flask.request_processing.req_logging [None req-c55f40eb-1a8a-48ff-92e6-2edfb1a802f6 None None] REQUEST_METHOD: `GET` {{(pid=80071) log_request_info /opt/stack/keystone/keystone/server/flask/request_processing/req_logging.py:27}}
May 11 05:43:56.908586 dv-cinder-733623-13-smb devstack@keystone.service[80071]: DEBUG keystone.server.flask.request_processing.req_logging [None req-c55f40eb-1a8a-48ff-92e6-2edfb1a802f6 None None] SCRIPT_NAME: `/identity` {{(pid=80071) log_request_info /opt/stack/keystone/keystone/server/flask/request_processing/req_logging.py:28}}
May 11 05:43:56.908669 dv-cinder-733623-13-smb devstack@keystone.service[80071]: DEBUG keystone.server.flask.request_processing.req_logging [None req-c55f40eb-1a8a-48ff-92e6-2edfb1a802f6 None None] PATH_INFO: `/` {{(pid=80071) log_request_info /opt/stack/keystone/keystone/server/flask/request_processing/req_logging.py:29}}
May 11 05:43:56.910181 dv-cinder-733623-13-smb devstack@keystone.service[80071]: [pid: 80071|app: 0|req: 71/142] 10.222.0.36 () {54 vars in 926 bytes} [Wed May 11 05:43:56 2022] GET /identity => generated 270 bytes in 3 msecs (HTTP/1.1 300) 6 headers in 234 bytes (1 switches on core 0)
May 11 05:43:56.915588 dv-cinder-733623-13-smb devstack@keystone.service[80070]: DEBUG keystone.server.flask.request_processing.req_logging [None req-ab8b8b72-4669-4cad-9d63-1d09a8f6a14a None None] REQUEST_METHOD: `POST` {{(pid=80070) log_request_info /opt/stack/keystone/keystone/server/flask/request_processing/req_logging.py:27}}
May 11 05:43:56.916012 dv-cinder-733623-13-smb devstack@keystone.service[80070]: DEBUG keystone.server.flask.request_processing.req_logging [None req-ab8b8b72-4669-4cad-9d63-1d09a8f6a14a None None] SCRIPT_NAME: `/identity` {{(pid=80070) log_request_info /opt/stack/keystone/keystone/server/flask/request_processing/req_logging.py:28}}
May 11 05:43:56.916185 dv-cinder-733623-13-smb devstack@keystone.service[80070]: DEBUG keystone.server.flask.request_processing.req_logging [None req-ab8b8b72-4669-4cad-9d63-1d09a8f6a14a None None] PATH_INFO: `/v3/auth/tokens` {{(pid=80070) log_request_info /opt/stack/keystone/keystone/server/flask/request_processing/req_logging.py:29}}
May 11 05:43:56.937384 dv-cinder-733623-13-smb devstack@keystone.service[80070]: DEBUG keystone.auth.core [None req-ab8b8b72-4669-4cad-9d63-1d09a8f6a14a None None] MFA Rules not processed for user `a4ce0f7cfec04df4bb75fdc81498338f`. Rule list: `[]` (Enabled: `True`). {{(pid=80070) check_auth_methods_against_rules /opt/stack/keystone/keystone/auth/core.py:438}}
May 11 05:43:56.938592 dv-cinder-733623-13-smb devstack@keystone.service[80070]: DEBUG keystone.common.fernet_utils [None req-ab8b8b72-4669-4cad-9d63-1d09a8f6a14a None None] Loaded 2 Fernet keys from /etc/keystone/fernet-keys/, but `[fernet_tokens] max_active_keys = 3`; perhaps there have not been enough key rotations to reach `max_active_keys` yet? {{(pid=80070) load_keys /opt/stack/keystone/keystone/common/fernet_utils.py:286}}
May 11 05:43:57.022762 dv-cinder-733623-13-smb devstack@keystone.service[80070]: [pid: 80070|app: 0|req: 72/143] 10.222.0.36 () {58 vars in 1023 bytes} [Wed May 11 05:43:56 2022] POST /identity/v3/auth/tokens => generated 799 bytes in 108 msecs (HTTP/1.1 201) 6 headers in 363 bytes (1 switches on core 0)
May 11 05:43:57.064543 dv-cinder-733623-13-smb devstack@keystone.service[80071]: DEBUG keystone.server.flask.request_processing.middleware.auth_context [None req-c55f40eb-1a8a-48ff-92e6-2edfb1a802f6 None None] Authenticating user token {{(pid=80071) process_request /usr/local/lib/python3.8/dist-packages/keystonemiddleware/auth_token/__init__.py:407}}
May 11 05:43:57.182195 dv-cinder-733623-13-smb devstack@keystone.service[80071]: DEBUG keystone.server.flask.request_processing.middleware.auth_context [None req-c55f40eb-1a8a-48ff-92e6-2edfb1a802f6 None None] Validating token access rules against request {{(pid=80071) validate_allowed_request /usr/local/lib/python3.8/dist-packages/keystonemiddleware/auth_token/__init__.py:545}}
May 11 05:43:57.222126 dv-cinder-733623-13-smb devstack@keystone.service[80071]: DEBUG keystone.server.flask.request_processing.middleware.auth_context [None req-035bd7e6-958b-4f69-8b6d-d7d6c59d3a27 None admin] RBAC: auth_context: {'token': , 'domain_id': None, 'trust_id': None, 'trustor_id': None, 'trustee_id': None, 'domain_name': None, 'group_ids': [], 'user_id': 'a4ce0f7cfec04df4bb75fdc81498338f', 'user_domain_id': 'default', 'system_scope': 'all', 'project_id': None, 'project_domain_id': None, 'roles': ['admin', 'member', 'reader'], 'is_admin_project': True, 'service_user_id': None, 'service_user_domain_id': None, 'service_project_id': None, 'service_project_domain_id': None, 'service_roles': []} {{(pid=80071) fill_context /opt/stack/keystone/keystone/server/flask/request_processing/middleware/auth_context.py:478}}
May 11 05:43:57.222933 dv-cinder-733623-13-smb devstack@keystone.service[80071]: DEBUG keystone.server.flask.request_processing.req_logging [None req-035bd7e6-958b-4f69-8b6d-d7d6c59d3a27 None admin] REQUEST_METHOD: `GET` {{(pid=80071) log_request_info /opt/stack/keystone/keystone/server/flask/request_processing/req_logging.py:27}}
May 11 05:43:57.223349 dv-cinder-733623-13-smb devstack@keystone.service[80071]: DEBUG keystone.server.flask.request_processing.req_logging [None req-035bd7e6-958b-4f69-8b6d-d7d6c59d3a27 None admin] SCRIPT_NAME: `/identity` {{(pid=80071) log_request_info /opt/stack/keystone/keystone/server/flask/request_processing/req_logging.py:28}}
May 11 05:43:57.223637 dv-cinder-733623-13-smb devstack@keystone.service[80071]: DEBUG keystone.server.flask.request_processing.req_logging [None req-035bd7e6-958b-4f69-8b6d-d7d6c59d3a27 None admin] PATH_INFO: `/v3/roles/admin` {{(pid=80071) log_request_info /opt/stack/keystone/keystone/server/flask/request_processing/req_logging.py:29}}
May 11 05:43:57.236064 dv-cinder-733623-13-smb devstack@keystone.service[80071]: DEBUG keystone.common.rbac_enforcer.enforcer [None req-035bd7e6-958b-4f69-8b6d-d7d6c59d3a27 None admin] Extracting inferred target data resulted in "NOT FOUND (404)". {{(pid=80071) enforce_call /opt/stack/keystone/keystone/common/rbac_enforcer/enforcer.py:409}}
May 11 05:43:57.245431 dv-cinder-733623-13-smb devstack@keystone.service[80070]: DEBUG keystone.server.flask.request_processing.req_logging [None req-2c18a1ce-6bc4-4c9f-843d-2b137045682d None None] REQUEST_METHOD: `GET` {{(pid=80070) log_request_info /opt/stack/keystone/keystone/server/flask/request_processing/req_logging.py:27}}
May 11 05:43:57.245727 dv-cinder-733623-13-smb devstack@keystone.service[80070]: DEBUG keystone.server.flask.request_processing.req_logging [None req-2c18a1ce-6bc4-4c9f-843d-2b137045682d None None] SCRIPT_NAME: `/identity` {{(pid=80070) log_request_info /opt/stack/keystone/keystone/server/flask/request_processing/req_logging.py:28}}
May 11 05:43:57.245825 dv-cinder-733623-13-smb devstack@keystone.service[80071]: ERROR keystone.server.flask.application [None req-035bd7e6-958b-4f69-8b6d-d7d6c59d3a27 None admin] Could not find role: admin.: keystone.exception.RoleNotFound: Could not find role: admin.
May 11 05:43:57.245825 dv-cinder-733623-13-smb devstack@keystone.service[80071]: ERROR keystone.server.flask.application
Traceback (most recent call last):
May 11 05:43:57.245825 dv-cinder-733623-13-smb devstack@keystone.service[80071]: ERROR keystone.server.flask.application
File "/usr/local/lib/python3.8/dist-packages/flask/app.py", line 1523, in full_dispatch_request
May 11 05:43:57.245825 dv-cinder-733623-13-smb devstack@keystone.service[80071]: ERROR keystone.server.flask.application rv = self.dispatch_request()
May 11 05:43:57.245825 dv-cinder-733623-13-smb devstack@keystone.service[80071]: ERROR keystone.server.flask.application
File "/usr/local/lib/python3.8/dist-packages/flask/app.py", line 1509, in dispatch_request
May 11 05:43:57.245825 dv-cinder-733623-13-smb devstack@keystone.service[80071]: ERROR keystone.server.flask.application return self.ensure_sync(self.view_functions[rule.endpoint])(**req.view_args)
May 11 05:43:57.245825 dv-cinder-733623-13-smb devstack@keystone.service[80071]: ERROR keystone.server.flask.application
File "/usr/local/lib/python3.8/dist-packages/flask_restful/__init__.py", line 467, in wrapper
May 11 05:43:57.245825 dv-cinder-733623-13-smb devstack@keystone.service[80071]: ERROR keystone.server.flask.application resp = resource(*args, **kwargs)
May 11 05:43:57.245825 dv-cinder-733623-13-smb devstack@keystone.service[80071]: ERROR keystone.server.flask.application
File "/usr/local/lib/python3.8/dist-packages/flask/views.py", line 84, in view
May 11 05:43:57.245825 dv-cinder-733623-13-smb devstack@keystone.service[80071]: ERROR keystone.server.flask.application return current_app.ensure_sync(self.dispatch_request)(*args, **kwargs)
May 11 05:43:57.245825 dv-cinder-733623-13-smb devstack@keystone.service[80071]: ERROR keystone.server.flask.application
File "/usr/local/lib/python3.8/dist-packages/flask_restful/__init__.py", line 582, in dispatch_request
May 11 05:43:57.245825 dv-cinder-733623-13-smb devstack@keystone.service[80071]: ERROR keystone.server.flask.application resp = meth(*args, **kwargs)
May 11 05:43:57.245825 dv-cinder-733623-13-smb devstack@keystone.service[80071]: ERROR keystone.server.flask.application
File "/opt/stack/keystone/keystone/api/roles.py", line 50, in get
May 11 05:43:57.245825 dv-cinder-733623-13-smb devstack@keystone.service[80071]: ERROR keystone.server.flask.application return self._get_role(role_id)
May 11 05:43:57.245825 dv-cinder-733623-13-smb devstack@keystone.service[80071]: ERROR keystone.server.flask.application
File "/opt/stack/keystone/keystone/api/roles.py", line 70, in _get_role
May 11 05:43:57.245825 dv-cinder-733623-13-smb devstack@keystone.service[80071]: ERROR keystone.server.flask.application ENFORCER.enforce_call(action='identity:get_role')
May 11 05:43:57.246608 dv-cinder-733623-13-smb devstack@keystone.service[80071]: ERROR keystone.server.flask.application
File "/opt/stack/keystone/keystone/common/rbac_enforcer/enforcer.py", line 402, in enforce_call
May 11 05:43:57.246608 dv-cinder-733623-13-smb devstack@keystone.service[80071]: ERROR keystone.server.flask.application policy_dict.update(cls._extract_member_target_data(
May 11 05:43:57.246608 dv-cinder-733623-13-smb devstack@keystone.service[80071]: ERROR keystone.server.flask.application
File "/opt/stack/keystone/keystone/common/rbac_enforcer/enforcer.py", line 234, in _extract_member_target_data
May 11 05:43:57.246608 dv-cinder-733623-13-smb devstack@keystone.service[80071]: ERROR keystone.server.flask.application member_name: func(flask.request.view_args[key])
May 11 05:43:57.246608 dv-cinder-733623-13-smb devstack@keystone.service[80071]: ERROR keystone.server.flask.application
File "/opt/stack/keystone/keystone/common/manager.py", line 115, in wrapped
May 11 05:43:57.246608 dv-cinder-733623-13-smb devstack@keystone.service[80071]: ERROR keystone.server.flask.application __ret_val = __f(*args, **kwargs)
May 11 05:43:57.246608 dv-cinder-733623-13-smb devstack@keystone.service[80071]: ERROR keystone.server.flask.application
File "/usr/local/lib/python3.8/dist-packages/decorator.py", line 232, in fun
May 11 05:43:57.246608 dv-cinder-733623-13-smb devstack@keystone.service[80071]: ERROR keystone.server.flask.application return caller(func, *(extras + args), **kw)
May 11 05:43:57.246608 dv-cinder-733623-13-smb devstack@keystone.service[80071]: ERROR keystone.server.flask.application
File "/usr/local/lib/python3.8/dist-packages/dogpile/cache/region.py", line 1577, in get_or_create_for_user_func
May 11 05:43:57.246608 dv-cinder-733623-13-smb devstack@keystone.service[80071]: ERROR keystone.server.flask.application return self.get_or_create(
May 11 05:43:57.246608 dv-cinder-733623-13-smb devstack@keystone.service[80071]: ERROR keystone.server.flask.application
File "/usr/local/lib/python3.8/dist-packages/dogpile/cache/region.py", line 1042, in get_or_create
May 11 05:43:57.246608 dv-cinder-733623-13-smb devstack@keystone.service[80071]: ERROR keystone.server.flask.application with Lock(
May 11 05:43:57.246608 dv-cinder-733623-13-smb devstack@keystone.service[80071]: ERROR keystone.server.flask.application
File "/usr/local/lib/python3.8/dist-packages/dogpile/lock.py", line 185, in __enter__
May 11 05:43:57.246608 dv-cinder-733623-13-smb devstack@keystone.service[80071]: ERROR keystone.server.flask.application return self._enter()
May 11 05:43:57.246608 dv-cinder-733623-13-smb devstack@keystone.service[80071]: ERROR keystone.server.flask.application
File "/usr/local/lib/python3.8/dist-packages/dogpile/lock.py", line 94, in _enter
May 11 05:43:57.246608 dv-cinder-733623-13-smb devstack@keystone.service[80071]: ERROR keystone.server.flask.application generated = self._enter_create(value, createdtime)
May 11 05:43:57.247349 dv-cinder-733623-13-smb devstack@keystone.service[80071]: ERROR keystone.server.flask.application
File "/usr/local/lib/python3.8/dist-packages/dogpile/lock.py", line 178, in _enter_create
May 11 05:43:57.247349 dv-cinder-733623-13-smb devstack@keystone.service[80071]: ERROR keystone.server.flask.application return self.creator()
May 11 05:43:57.247349 dv-cinder-733623-13-smb devstack@keystone.service[80071]: ERROR keystone.server.flask.application
File "/usr/local/lib/python3.8/dist-packages/dogpile/cache/region.py", line 995, in gen_value
May 11 05:43:57.247349 dv-cinder-733623-13-smb devstack@keystone.service[80071]: ERROR keystone.server.flask.application created_value = creator(
May 11 05:43:57.247349 dv-cinder-733623-13-smb devstack@keystone.service[80071]: ERROR keystone.server.flask.application
File "/opt/stack/keystone/keystone/assignment/core.py", line 1276, in get_role
May 11 05:43:57.247349 dv-cinder-733623-13-smb devstack@keystone.service[80071]: ERROR keystone.server.flask.application return self.driver.get_role(role_id)
May 11 05:43:57.247349 dv-cinder-733623-13-smb devstack@keystone.service[80071]: ERROR keystone.server.flask.application
File "/opt/stack/keystone/keystone/assignment/role_backends/sql.py", line 70, in get_role
May 11 05:43:57.247349 dv-cinder-733623-13-smb devstack@keystone.service[80071]: ERROR keystone.server.flask.application return self._get_role(session, role_id).to_dict()
May 11 05:43:57.247349 dv-cinder-733623-13-smb devstack@keystone.service[80071]: ERROR keystone.server.flask.application
File "/opt/stack/keystone/keystone/assignment/role_backends/sql.py", line 65, in _get_role
May 11 05:43:57.247349 dv-cinder-733623-13-smb devstack@keystone.service[80071]: ERROR keystone.server.flask.application raise exception.RoleNotFound(role_id=role_id)
May 11 05:43:57.247349 dv-cinder-733623-13-smb devstack@keystone.service[80071]: ERROR keystone.server.flask.application keystone.exception.RoleNotFound: Could not find role: admin.
May 11 05:43:57.247349 dv-cinder-733623-13-smb devstack@keystone.service[80071]: ERROR keystone.server.flask.application
May 11 05:43:57.247910 dv-cinder-733623-13-smb devstack@keystone.service[80070]: DEBUG keystone.server.flask.request_processing.req_logging [None req-2c18a1ce-6bc4-4c9f-843d-2b137045682d None None] PATH_INFO: `/` {{(pid=80070) log_request_info /opt/stack/keystone/keystone/server/flask/request_processing/req_logging.py:29}}
May 11 05:43:57.247976 dv-cinder-733623-13-smb devstack@keystone.service[80071]: [pid: 80071|app: 0|req: 72/144] 10.222.0.36 () {56 vars in 1096 bytes} [Wed May 11 05:43:57 2022] GET /identity/v3/roles/admin => generated 83 bytes in 183 msecs (HTTP/1.1 404) 5 headers in 183 bytes (1 switches on core 0)
May 11 05:43:57.248037 dv-cinder-733623-13-smb devstack@keystone.service[80070]: [pid: 80070|app: 0|req: 73/145] 10.222.0.36 () {54 vars in 926 bytes} [Wed May 11 05:43:57 2022] GET /identity => generated 270 bytes in 3 msecs (HTTP/1.1 300) 6 headers in 234 bytes (1 switches on core 0)
May 11 05:43:57.253017 dv-cinder-733623-13-smb devstack@keystone.service[80071]: DEBUG keystone.server.flask.request_processing.middleware.auth_context [None req-035bd7e6-958b-4f69-8b6d-d7d6c59d3a27 None admin] Authenticating user token {{(pid=80071) process_request /usr/local/lib/python3.8/dist-packages/keystonemiddleware/auth_token/__init__.py:407}}
May 11 05:43:57.253698 dv-cinder-733623-13-smb devstack@keystone.service[80070]: DEBUG keystone.server.flask.request_processing.req_logging [None req-eb602395-74bd-4234-92dd-91d3757dbdba None None] REQUEST_METHOD: `POST` {{(pid=80070) log_request_info /opt/stack/keystone/keystone/server/flask/request_processing/req_logging.py:27}}
May 11 05:43:57.253994 dv-cinder-733623-13-smb devstack@keystone.service[80070]: DEBUG keystone.server.flask.request_processing.req_logging [None req-eb602395-74bd-4234-92dd-91d3757dbdba None None] SCRIPT_NAME: `/identity` {{(pid=80070) log_request_info /opt/stack/keystone/keystone/server/flask/request_processing/req_logging.py:28}}
May 11 05:43:57.254276 dv-cinder-733623-13-smb devstack@keystone.service[80070]: DEBUG keystone.server.flask.request_processing.req_logging [None req-eb602395-74bd-4234-92dd-91d3757dbdba None None] PATH_INFO: `/v3/auth/tokens` {{(pid=80070) log_request_info /opt/stack/keystone/keystone/server/flask/request_processing/req_logging.py:29}}
May 11 05:43:57.283533 dv-cinder-733623-13-smb devstack@keystone.service[80070]: DEBUG keystone.auth.core [None req-eb602395-74bd-4234-92dd-91d3757dbdba None None] MFA Rules not processed for user `a4ce0f7cfec04df4bb75fdc81498338f`. Rule list: `[]` (Enabled: `True`). {{(pid=80070) check_auth_methods_against_rules /opt/stack/keystone/keystone/auth/core.py:438}}
May 11 05:43:57.284727 dv-cinder-733623-13-smb devstack@keystone.service[80070]: DEBUG keystone.common.fernet_utils [None req-eb602395-74bd-4234-92dd-91d3757dbdba None None] Loaded 2 Fernet keys from /etc/keystone/fernet-keys/, but `[fernet_tokens] max_active_keys = 3`; perhaps there have not been enough key rotations to reach `max_active_keys` yet? {{(pid=80070) load_keys /opt/stack/keystone/keystone/common/fernet_utils.py:286}}
May 11 05:43:57.364769 dv-cinder-733623-13-smb devstack@keystone.service[80071]: DEBUG keystone.server.flask.request_processing.middleware.auth_context [None req-035bd7e6-958b-4f69-8b6d-d7d6c59d3a27 None admin] Validating token access rules against request {{(pid=80071) validate_allowed_request /usr/local/lib/python3.8/dist-packages/keystonemiddleware/auth_token/__init__.py:545}}
May 11 05:43:57.407766 dv-cinder-733623-13-smb devstack@keystone.service[80071]: DEBUG keystone.server.flask.request_processing.middleware.auth_context [None req-e488ac27-d774-4f50-ab6b-66035559820d None admin] RBAC: auth_context: {'token': , 'domain_id': None, 'trust_id': None, 'trustor_id': None, 'trustee_id': None, 'domain_name': None, 'group_ids': [], 'user_id': 'a4ce0f7cfec04df4bb75fdc81498338f', 'user_domain_id': 'default', 'system_scope': 'all', 'project_id': None, 'project_domain_id': None, 'roles': ['admin', 'member', 'reader'], 'is_admin_project': True, 'service_user_id': None, 'service_user_domain_id': None, 'service_project_id': None, 'service_project_domain_id': None, 'service_roles': []} {{(pid=80071) fill_context /opt/stack/keystone/keystone/server/flask/request_processing/middleware/auth_context.py:478}}
