May 11 05:44:03.574734 dv-cinder-733623-13-iscsi devstack@keystone.service[80070]: DEBUG keystone.server.flask.request_processing.req_logging [None req-d9eef02d-bf5d-4f65-8dde-5990e087e302 None admin] REQUEST_METHOD: `GET` {{(pid=80070) log_request_info /opt/stack/keystone/keystone/server/flask/request_processing/req_logging.py:27}}
May 11 05:44:03.574841 dv-cinder-733623-13-iscsi devstack@keystone.service[80069]: DEBUG keystone.common.rbac_enforcer.enforcer [None req-d4fabd65-cc97-4c20-9389-18fab4c21c25 None admin] RBAC: Authorizing `identity:create_grant(project_id=41742feaebcc43479162462065f1cca1, user_id=fbbfc538dc1f4e2a9b1c8cf3f82472b2, role_id=10804984d16a4a90a036c9b94ff1eae1)` {{(pid=80069) enforce_call /opt/stack/keystone/keystone/common/rbac_enforcer/enforcer.py:449}}
May 11 05:44:03.575015 dv-cinder-733623-13-iscsi devstack@keystone.service[80070]: DEBUG keystone.server.flask.request_processing.req_logging [None req-d9eef02d-bf5d-4f65-8dde-5990e087e302 None admin] SCRIPT_NAME: `/identity` {{(pid=80070) log_request_info /opt/stack/keystone/keystone/server/flask/request_processing/req_logging.py:28}}
May 11 05:44:03.575301 dv-cinder-733623-13-iscsi devstack@keystone.service[80070]: DEBUG keystone.server.flask.request_processing.req_logging [None req-d9eef02d-bf5d-4f65-8dde-5990e087e302 None admin] PATH_INFO: `/v3/auth/tokens` {{(pid=80070) log_request_info /opt/stack/keystone/keystone/server/flask/request_processing/req_logging.py:29}}
May 11 05:44:03.576851 dv-cinder-733623-13-iscsi devstack@keystone.service[80069]: DEBUG keystone.common.rbac_enforcer.enforcer [None req-d4fabd65-cc97-4c20-9389-18fab4c21c25 None admin] RBAC: Authorization granted {{(pid=80069) enforce_call /opt/stack/keystone/keystone/common/rbac_enforcer/enforcer.py:457}}
May 11 05:44:03.596082 dv-cinder-733623-13-iscsi devstack@keystone.service[80069]: [pid: 80069|app: 0|req: 148/291] 10.222.0.44 () {58 vars in 1439 bytes} [Wed May 11 05:44:03 2022] PUT /identity/v3/projects/41742feaebcc43479162462065f1cca1/users/fbbfc538dc1f4e2a9b1c8cf3f82472b2/roles/10804984d16a4a90a036c9b94ff1eae1 => generated 0 bytes in 258 msecs (HTTP/1.1 204) 3 headers in 132 bytes (0 switches on core 0)
May 11 05:44:03.656945 dv-cinder-733623-13-iscsi devstack@keystone.service[80070]: DEBUG keystone.common.rbac_enforcer.enforcer [None req-d9eef02d-bf5d-4f65-8dde-5990e087e302 None admin] RBAC: Authorizing `identity:validate_token()` {{(pid=80070) enforce_call /opt/stack/keystone/keystone/common/rbac_enforcer/enforcer.py:449}}
May 11 05:44:03.659005 dv-cinder-733623-13-iscsi devstack@keystone.service[80070]: DEBUG keystone.common.rbac_enforcer.enforcer [None req-d9eef02d-bf5d-4f65-8dde-5990e087e302 None admin] RBAC: Authorization granted {{(pid=80070) enforce_call /opt/stack/keystone/keystone/common/rbac_enforcer/enforcer.py:457}}
May 11 05:44:03.786056 dv-cinder-733623-13-iscsi devstack@keystone.service[80070]: [pid: 80070|app: 0|req: 144/292] 10.222.0.44 () {58 vars in 1282 bytes} [Wed May 11 05:44:03 2022] GET /identity/v3/auth/tokens => generated 799 bytes in 421 msecs (HTTP/1.1 200) 6 headers in 358 bytes (2 switches on core 0)
May 11 05:44:03.791915 dv-cinder-733623-13-iscsi devstack@keystone.service[80069]: DEBUG keystone.server.flask.request_processing.middleware.auth_context [None req-d4fabd65-cc97-4c20-9389-18fab4c21c25 None admin] Authenticating user token {{(pid=80069) process_request /usr/local/lib/python3.8/dist-packages/keystonemiddleware/auth_token/__init__.py:407}}
May 11 05:44:03.916864 dv-cinder-733623-13-iscsi devstack@keystone.service[80069]: DEBUG keystone.server.flask.request_processing.middleware.auth_context [None req-d4fabd65-cc97-4c20-9389-18fab4c21c25 None admin] Validating token access rules against request {{(pid=80069) validate_allowed_request /usr/local/lib/python3.8/dist-packages/keystonemiddleware/auth_token/__init__.py:545}}
May 11 05:44:03.952399 dv-cinder-733623-13-iscsi devstack@keystone.service[80069]: DEBUG keystone.server.flask.request_processing.middleware.auth_context [None req-b9300e6d-10c4-4168-9344-cdd2ae0e8bd9 None admin] RBAC: auth_context: {'token': , 'domain_id': None, 'trust_id': None, 'trustor_id': None, 'trustee_id': None, 'domain_name': None, 'group_ids': [], 'user_id': 'f9be91d729474890b96917c482066429', 'user_domain_id': 'default', 'system_scope': 'all', 'project_id': None, 'project_domain_id': None, 'roles': ['admin', 'member', 'reader'], 'is_admin_project': True, 'service_user_id': None, 'service_user_domain_id': None, 'service_project_id': None, 'service_project_domain_id': None, 'service_roles': []} {{(pid=80069) fill_context /opt/stack/keystone/keystone/server/flask/request_processing/middleware/auth_context.py:478}}
May 11 05:44:03.953816 dv-cinder-733623-13-iscsi devstack@keystone.service[80069]: DEBUG keystone.server.flask.request_processing.req_logging [None req-b9300e6d-10c4-4168-9344-cdd2ae0e8bd9 None admin] REQUEST_METHOD: `GET` {{(pid=80069) log_request_info /opt/stack/keystone/keystone/server/flask/request_processing/req_logging.py:27}}
May 11 05:44:03.954312 dv-cinder-733623-13-iscsi devstack@keystone.service[80069]: DEBUG keystone.server.flask.request_processing.req_logging [None req-b9300e6d-10c4-4168-9344-cdd2ae0e8bd9 None admin] SCRIPT_NAME: `/identity` {{(pid=80069) log_request_info /opt/stack/keystone/keystone/server/flask/request_processing/req_logging.py:28}}
May 11 05:44:03.954832 dv-cinder-733623-13-iscsi devstack@keystone.service[80069]: DEBUG keystone.server.flask.request_processing.req_logging [None req-b9300e6d-10c4-4168-9344-cdd2ae0e8bd9 None admin] PATH_INFO: `/v3/projects/41742feaebcc43479162462065f1cca1` {{(pid=80069) log_request_info /opt/stack/keystone/keystone/server/flask/request_processing/req_logging.py:29}}
May 11 05:44:03.956245 dv-cinder-733623-13-iscsi devstack@keystone.service[80069]: DEBUG keystone.common.rbac_enforcer.enforcer [None req-b9300e6d-10c4-4168-9344-cdd2ae0e8bd9 None admin] RBAC: Authorizing `identity:get_project(project_id=41742feaebcc43479162462065f1cca1)` {{(pid=80069) enforce_call /opt/stack/keystone/keystone/common/rbac_enforcer/enforcer.py:449}}
May 11 05:44:03.957944 dv-cinder-733623-13-iscsi devstack@keystone.service[80069]: DEBUG keystone.common.rbac_enforcer.enforcer [None req-b9300e6d-10c4-4168-9344-cdd2ae0e8bd9 None admin] RBAC: Authorization granted {{(pid=80069) enforce_call /opt/stack/keystone/keystone/common/rbac_enforcer/enforcer.py:457}}
May 11 05:44:03.960714 dv-cinder-733623-13-iscsi devstack@keystone.service[80069]: [pid: 80069|app: 0|req: 149/293] 10.222.0.44 () {56 vars in 1186 bytes} [Wed May 11 05:44:03 2022] GET /identity/v3/projects/41742feaebcc43479162462065f1cca1 => generated 302 bytes in 169 msecs (HTTP/1.1 200) 5 headers in 177 bytes (1 switches on core 0)
May 11 05:44:03.966249 dv-cinder-733623-13-iscsi devstack@keystone.service[80070]: DEBUG keystone.server.flask.request_processing.middleware.auth_context [None req-d9eef02d-bf5d-4f65-8dde-5990e087e302 None admin] Authenticating user token {{(pid=80070) process_request /usr/local/lib/python3.8/dist-packages/keystonemiddleware/auth_token/__init__.py:407}}
May 11 05:44:04.077388 dv-cinder-733623-13-iscsi devstack@keystone.service[80070]: DEBUG keystone.server.flask.request_processing.middleware.auth_context [None req-d9eef02d-bf5d-4f65-8dde-5990e087e302 None admin] Validating token access rules against request {{(pid=80070) validate_allowed_request /usr/local/lib/python3.8/dist-packages/keystonemiddleware/auth_token/__init__.py:545}}
May 11 05:44:04.121068 dv-cinder-733623-13-iscsi devstack@keystone.service[80070]: DEBUG keystone.server.flask.request_processing.middleware.auth_context [None req-b0877178-1483-4d18-a57a-04b6dba1f392 None admin] RBAC: auth_context: {'token': , 'domain_id': None, 'trust_id': None, 'trustor_id': None, 'trustee_id': None, 'domain_name': None, 'group_ids': [], 'user_id': 'f9be91d729474890b96917c482066429', 'user_domain_id': 'default', 'system_scope': 'all', 'project_id': None, 'project_domain_id': None, 'roles': ['admin', 'member', 'reader'], 'is_admin_project': True, 'service_user_id': None, 'service_user_domain_id': None, 'service_project_id': None, 'service_project_domain_id': None, 'service_roles': []} {{(pid=80070) fill_context /opt/stack/keystone/keystone/server/flask/request_processing/middleware/auth_context.py:478}}
May 11 05:44:04.122189 dv-cinder-733623-13-iscsi devstack@keystone.service[80070]: DEBUG keystone.server.flask.request_processing.req_logging [None req-b0877178-1483-4d18-a57a-04b6dba1f392 None admin] REQUEST_METHOD: `GET` {{(pid=80070) log_request_info /opt/stack/keystone/keystone/server/flask/request_processing/req_logging.py:27}}
May 11 05:44:04.122702 dv-cinder-733623-13-iscsi devstack@keystone.service[80070]: DEBUG keystone.server.flask.request_processing.req_logging [None req-b0877178-1483-4d18-a57a-04b6dba1f392 None admin] SCRIPT_NAME: `/identity` {{(pid=80070) log_request_info /opt/stack/keystone/keystone/server/flask/request_processing/req_logging.py:28}}
May 11 05:44:04.123174 dv-cinder-733623-13-iscsi devstack@keystone.service[80070]: DEBUG keystone.server.flask.request_processing.req_logging [None req-b0877178-1483-4d18-a57a-04b6dba1f392 None admin] PATH_INFO: `/v3/role_assignments` {{(pid=80070) log_request_info /opt/stack/keystone/keystone/server/flask/request_processing/req_logging.py:29}}
May 11 05:44:04.124196 dv-cinder-733623-13-iscsi devstack@keystone.service[80070]: DEBUG keystone.common.rbac_enforcer.enforcer [None req-b0877178-1483-4d18-a57a-04b6dba1f392 None admin] RBAC: Adding query filter params (role.id=47bff6418933442081338f0ba924ff4a, scope.project.id=41742feaebcc43479162462065f1cca1, user.id=146b0df3ff24493ab0c73101864e8bf4) {{(pid=80070) _extract_filter_values /opt/stack/keystone/keystone/common/rbac_enforcer/enforcer.py:167}}
May 11 05:44:04.124704 dv-cinder-733623-13-iscsi devstack@keystone.service[80070]: DEBUG keystone.common.rbac_enforcer.enforcer [None req-b0877178-1483-4d18-a57a-04b6dba1f392 None admin] RBAC: Authorizing `identity:list_role_assignments()` {{(pid=80070) enforce_call /opt/stack/keystone/keystone/common/rbac_enforcer/enforcer.py:449}}
May 11 05:44:04.126361 dv-cinder-733623-13-iscsi devstack@keystone.service[80070]: DEBUG keystone.common.rbac_enforcer.enforcer [None req-b0877178-1483-4d18-a57a-04b6dba1f392 None admin] RBAC: Authorization granted {{(pid=80070) enforce_call /opt/stack/keystone/keystone/common/rbac_enforcer/enforcer.py:457}}
May 11 05:44:04.137431 dv-cinder-733623-13-iscsi devstack@keystone.service[80070]: [pid: 80070|app: 0|req: 145/294] 10.222.0.44 () {56 vars in 1374 bytes} [Wed May 11 05:44:03 2022] GET /identity/v3/role_assignments?user.id=146b0df3ff24493ab0c73101864e8bf4&scope.project.id=41742feaebcc43479162462065f1cca1&role.id=47bff6418933442081338f0ba924ff4a => generated 608 bytes in 172 msecs (HTTP/1.1 200) 5 headers in 177 bytes (1 switches on core 0)
May 11 05:44:05.049031 dv-cinder-733623-13-iscsi devstack@keystone.service[80069]: DEBUG keystone.server.flask.request_processing.req_logging [None req-51ebf100-3f4b-4c14-9a07-ae89085bf00d None None] REQUEST_METHOD: `GET` {{(pid=80069) log_request_info /opt/stack/keystone/keystone/server/flask/request_processing/req_logging.py:27}}
May 11 05:44:05.049606 dv-cinder-733623-13-iscsi devstack@keystone.service[80069]: DEBUG keystone.server.flask.request_processing.req_logging [None req-51ebf100-3f4b-4c14-9a07-ae89085bf00d None None] SCRIPT_NAME: `/identity` {{(pid=80069) log_request_info /opt/stack/keystone/keystone/server/flask/request_processing/req_logging.py:28}}
May 11 05:44:05.049606 dv-cinder-733623-13-iscsi devstack@keystone.service[80069]: DEBUG keystone.server.flask.request_processing.req_logging [None req-51ebf100-3f4b-4c14-9a07-ae89085bf00d None None] PATH_INFO: `/` {{(pid=80069) log_request_info /opt/stack/keystone/keystone/server/flask/request_processing/req_logging.py:29}}
May 11 05:44:05.051253 dv-cinder-733623-13-iscsi devstack@keystone.service[80069]: [pid: 80069|app: 0|req: 150/295] 10.222.0.44 () {54 vars in 926 bytes} [Wed May 11 05:44:05 2022] GET /identity => generated 270 bytes in 3 msecs (HTTP/1.1 300) 6 headers in 234 bytes (1 switches on core 0)
May 11 05:44:05.057523 dv-cinder-733623-13-iscsi devstack@keystone.service[80070]: DEBUG keystone.server.flask.request_processing.req_logging [None req-d775c7f0-00c8-4d4e-b25b-c6748167758f None None] REQUEST_METHOD: `POST` {{(pid=80070) log_request_info /opt/stack/keystone/keystone/server/flask/request_processing/req_logging.py:27}}
May 11 05:44:05.057943 dv-cinder-733623-13-iscsi devstack@keystone.service[80070]: DEBUG keystone.server.flask.request_processing.req_logging [None req-d775c7f0-00c8-4d4e-b25b-c6748167758f None None] SCRIPT_NAME: `/identity` {{(pid=80070) log_request_info /opt/stack/keystone/keystone/server/flask/request_processing/req_logging.py:28}}
May 11 05:44:05.058112 dv-cinder-733623-13-iscsi devstack@keystone.service[80070]: DEBUG keystone.server.flask.request_processing.req_logging [None req-d775c7f0-00c8-4d4e-b25b-c6748167758f None None] PATH_INFO: `/v3/auth/tokens` {{(pid=80070) log_request_info /opt/stack/keystone/keystone/server/flask/request_processing/req_logging.py:29}}
May 11 05:44:05.076008 dv-cinder-733623-13-iscsi devstack@keystone.service[80070]: DEBUG keystone.auth.core [None req-d775c7f0-00c8-4d4e-b25b-c6748167758f None None] MFA Rules not processed for user `f9be91d729474890b96917c482066429`. Rule list: `[]` (Enabled: `True`). {{(pid=80070) check_auth_methods_against_rules /opt/stack/keystone/keystone/auth/core.py:438}}
May 11 05:44:05.077211 dv-cinder-733623-13-iscsi devstack@keystone.service[80070]: DEBUG keystone.common.fernet_utils [None req-d775c7f0-00c8-4d4e-b25b-c6748167758f None None] Loaded 2 Fernet keys from /etc/keystone/fernet-keys/, but `[fernet_tokens] max_active_keys = 3`; perhaps there have not been enough key rotations to reach `max_active_keys` yet? {{(pid=80070) load_keys /opt/stack/keystone/keystone/common/fernet_utils.py:286}}
May 11 05:44:05.152635 dv-cinder-733623-13-iscsi devstack@keystone.service[80070]: [pid: 80070|app: 0|req: 146/296] 10.222.0.44 () {58 vars in 1023 bytes} [Wed May 11 05:44:05 2022] POST /identity/v3/auth/tokens => generated 799 bytes in 96 msecs (HTTP/1.1 201) 6 headers in 363 bytes (1 switches on core 0)
May 11 05:44:05.175209 dv-cinder-733623-13-iscsi devstack@keystone.service[80069]: DEBUG keystone.server.flask.request_processing.middleware.auth_context [None req-51ebf100-3f4b-4c14-9a07-ae89085bf00d None None] Authenticating user token {{(pid=80069) process_request /usr/local/lib/python3.8/dist-packages/keystonemiddleware/auth_token/__init__.py:407}}
May 11 05:44:05.279837 dv-cinder-733623-13-iscsi devstack@keystone.service[80069]: DEBUG keystone.server.flask.request_processing.middleware.auth_context [None req-51ebf100-3f4b-4c14-9a07-ae89085bf00d None None] Validating token access rules against request {{(pid=80069) validate_allowed_request /usr/local/lib/python3.8/dist-packages/keystonemiddleware/auth_token/__init__.py:545}}
May 11 05:44:05.314452 dv-cinder-733623-13-iscsi devstack@keystone.service[80069]: DEBUG keystone.server.flask.request_processing.middleware.auth_context [None req-10e54c19-efcb-433a-91cb-9b0dc381ecac None admin] RBAC: auth_context: {'token': , 'domain_id': None, 'trust_id': None, 'trustor_id': None, 'trustee_id': None, 'domain_name': None, 'group_ids': [], 'user_id': 'f9be91d729474890b96917c482066429', 'user_domain_id': 'default', 'system_scope': 'all', 'project_id': None, 'project_domain_id': None, 'roles': ['admin', 'member', 'reader'], 'is_admin_project': True, 'service_user_id': None, 'service_user_domain_id': None, 'service_project_id': None, 'service_project_domain_id': None, 'service_roles': []} {{(pid=80069) fill_context /opt/stack/keystone/keystone/server/flask/request_processing/middleware/auth_context.py:478}}
May 11 05:44:05.315178 dv-cinder-733623-13-iscsi devstack@keystone.service[80069]: DEBUG keystone.server.flask.request_processing.req_logging [None req-10e54c19-efcb-433a-91cb-9b0dc381ecac None admin] REQUEST_METHOD: `GET` {{(pid=80069) log_request_info /opt/stack/keystone/keystone/server/flask/request_processing/req_logging.py:27}}
May 11 05:44:05.315464 dv-cinder-733623-13-iscsi devstack@keystone.service[80069]: DEBUG keystone.server.flask.request_processing.req_logging [None req-10e54c19-efcb-433a-91cb-9b0dc381ecac None admin] SCRIPT_NAME: `/identity` {{(pid=80069) log_request_info /opt/stack/keystone/keystone/server/flask/request_processing/req_logging.py:28}}
May 11 05:44:05.315745 dv-cinder-733623-13-iscsi devstack@keystone.service[80069]: DEBUG keystone.server.flask.request_processing.req_logging [None req-10e54c19-efcb-433a-91cb-9b0dc381ecac None admin] PATH_INFO: `/v3/roles/member` {{(pid=80069) log_request_info /opt/stack/keystone/keystone/server/flask/request_processing/req_logging.py:29}}
May 11 05:44:05.326102 dv-cinder-733623-13-iscsi devstack@keystone.service[80069]: DEBUG keystone.common.rbac_enforcer.enforcer [None req-10e54c19-efcb-433a-91cb-9b0dc381ecac None admin] Extracting inferred target data resulted in "NOT FOUND (404)". {{(pid=80069) enforce_call /opt/stack/keystone/keystone/common/rbac_enforcer/enforcer.py:409}}
May 11 05:44:05.334339 dv-cinder-733623-13-iscsi devstack@keystone.service[80069]: ERROR keystone.server.flask.application [None req-10e54c19-efcb-433a-91cb-9b0dc381ecac None admin] Could not find role: member.: keystone.exception.RoleNotFound: Could not find role: member.
May 11 05:44:05.334339 dv-cinder-733623-13-iscsi devstack@keystone.service[80069]: ERROR keystone.server.flask.application
Traceback (most recent call last):
May 11 05:44:05.334339 dv-cinder-733623-13-iscsi devstack@keystone.service[80069]: ERROR keystone.server.flask.application
File "/usr/local/lib/python3.8/dist-packages/flask/app.py", line 1523, in full_dispatch_request
May 11 05:44:05.334339 dv-cinder-733623-13-iscsi devstack@keystone.service[80069]: ERROR keystone.server.flask.application rv = self.dispatch_request()
May 11 05:44:05.334339 dv-cinder-733623-13-iscsi devstack@keystone.service[80069]: ERROR keystone.server.flask.application
File "/usr/local/lib/python3.8/dist-packages/flask/app.py", line 1509, in dispatch_request
May 11 05:44:05.334339 dv-cinder-733623-13-iscsi devstack@keystone.service[80069]: ERROR keystone.server.flask.application return self.ensure_sync(self.view_functions[rule.endpoint])(**req.view_args)
May 11 05:44:05.334339 dv-cinder-733623-13-iscsi devstack@keystone.service[80069]: ERROR keystone.server.flask.application
File "/usr/local/lib/python3.8/dist-packages/flask_restful/__init__.py", line 467, in wrapper
May 11 05:44:05.334339 dv-cinder-733623-13-iscsi devstack@keystone.service[80069]: ERROR keystone.server.flask.application resp = resource(*args, **kwargs)
May 11 05:44:05.334339 dv-cinder-733623-13-iscsi devstack@keystone.service[80069]: ERROR keystone.server.flask.application
File "/usr/local/lib/python3.8/dist-packages/flask/views.py", line 84, in view
May 11 05:44:05.334339 dv-cinder-733623-13-iscsi devstack@keystone.service[80069]: ERROR keystone.server.flask.application return current_app.ensure_sync(self.dispatch_request)(*args, **kwargs)
May 11 05:44:05.334339 dv-cinder-733623-13-iscsi devstack@keystone.service[80069]: ERROR keystone.server.flask.application
File "/usr/local/lib/python3.8/dist-packages/flask_restful/__init__.py", line 582, in dispatch_request
May 11 05:44:05.334339 dv-cinder-733623-13-iscsi devstack@keystone.service[80069]: ERROR keystone.server.flask.application resp = meth(*args, **kwargs)
May 11 05:44:05.334339 dv-cinder-733623-13-iscsi devstack@keystone.service[80069]: ERROR keystone.server.flask.application
File "/opt/stack/keystone/keystone/api/roles.py", line 50, in get
May 11 05:44:05.334339 dv-cinder-733623-13-iscsi devstack@keystone.service[80069]: ERROR keystone.server.flask.application return self._get_role(role_id)
May 11 05:44:05.334339 dv-cinder-733623-13-iscsi devstack@keystone.service[80069]: ERROR keystone.server.flask.application
File "/opt/stack/keystone/keystone/api/roles.py", line 70, in _get_role
May 11 05:44:05.334339 dv-cinder-733623-13-iscsi devstack@keystone.service[80069]: ERROR keystone.server.flask.application ENFORCER.enforce_call(action='identity:get_role')
May 11 05:44:05.335304 dv-cinder-733623-13-iscsi devstack@keystone.service[80069]: ERROR keystone.server.flask.application
File "/opt/stack/keystone/keystone/common/rbac_enforcer/enforcer.py", line 402, in enforce_call
May 11 05:44:05.335304 dv-cinder-733623-13-iscsi devstack@keystone.service[80069]: ERROR keystone.server.flask.application policy_dict.update(cls._extract_member_target_data(
May 11 05:44:05.335304 dv-cinder-733623-13-iscsi devstack@keystone.service[80069]: ERROR keystone.server.flask.application
File "/opt/stack/keystone/keystone/common/rbac_enforcer/enforcer.py", line 234, in _extract_member_target_data
May 11 05:44:05.335304 dv-cinder-733623-13-iscsi devstack@keystone.service[80069]: ERROR keystone.server.flask.application member_name: func(flask.request.view_args[key])
May 11 05:44:05.335304 dv-cinder-733623-13-iscsi devstack@keystone.service[80069]: ERROR keystone.server.flask.application
File "/opt/stack/keystone/keystone/common/manager.py", line 115, in wrapped
May 11 05:44:05.335304 dv-cinder-733623-13-iscsi devstack@keystone.service[80069]: ERROR keystone.server.flask.application __ret_val = __f(*args, **kwargs)
May 11 05:44:05.335304 dv-cinder-733623-13-iscsi devstack@keystone.service[80069]: ERROR keystone.server.flask.application
File "/usr/local/lib/python3.8/dist-packages/decorator.py", line 232, in fun
May 11 05:44:05.335304 dv-cinder-733623-13-iscsi devstack@keystone.service[80069]: ERROR keystone.server.flask.application return caller(func, *(extras + args), **kw)
May 11 05:44:05.335304 dv-cinder-733623-13-iscsi devstack@keystone.service[80069]: ERROR keystone.server.flask.application
File "/usr/local/lib/python3.8/dist-packages/dogpile/cache/region.py", line 1577, in get_or_create_for_user_func
May 11 05:44:05.335304 dv-cinder-733623-13-iscsi devstack@keystone.service[80069]: ERROR keystone.server.flask.application return self.get_or_create(
May 11 05:44:05.335304 dv-cinder-733623-13-iscsi devstack@keystone.service[80069]: ERROR keystone.server.flask.application
File "/usr/local/lib/python3.8/dist-packages/dogpile/cache/region.py", line 1042, in get_or_create
May 11 05:44:05.335304 dv-cinder-733623-13-iscsi devstack@keystone.service[80069]: ERROR keystone.server.flask.application with Lock(
May 11 05:44:05.335304 dv-cinder-733623-13-iscsi devstack@keystone.service[80069]: ERROR keystone.server.flask.application
File "/usr/local/lib/python3.8/dist-packages/dogpile/lock.py", line 185, in __enter__
May 11 05:44:05.335304 dv-cinder-733623-13-iscsi devstack@keystone.service[80069]: ERROR keystone.server.flask.application return self._enter()
May 11 05:44:05.335304 dv-cinder-733623-13-iscsi devstack@keystone.service[80069]: ERROR keystone.server.flask.application
File "/usr/local/lib/python3.8/dist-packages/dogpile/lock.py", line 94, in _enter
May 11 05:44:05.335304 dv-cinder-733623-13-iscsi devstack@keystone.service[80069]: ERROR keystone.server.flask.application generated = self._enter_create(value, createdtime)
May 11 05:44:05.336072 dv-cinder-733623-13-iscsi devstack@keystone.service[80069]: ERROR keystone.server.flask.application
File "/usr/local/lib/python3.8/dist-packages/dogpile/lock.py", line 178, in _enter_create
May 11 05:44:05.336072 dv-cinder-733623-13-iscsi devstack@keystone.service[80069]: ERROR keystone.server.flask.application return self.creator()
May 11 05:44:05.336072 dv-cinder-733623-13-iscsi devstack@keystone.service[80069]: ERROR keystone.server.flask.application
File "/usr/local/lib/python3.8/dist-packages/dogpile/cache/region.py", line 995, in gen_value
May 11 05:44:05.336072 dv-cinder-733623-13-iscsi devstack@keystone.service[80069]: ERROR keystone.server.flask.application created_value = creator(
May 11 05:44:05.336072 dv-cinder-733623-13-iscsi devstack@keystone.service[80069]: ERROR keystone.server.flask.application
File "/opt/stack/keystone/keystone/assignment/core.py", line 1276, in get_role
May 11 05:44:05.336072 dv-cinder-733623-13-iscsi devstack@keystone.service[80069]: ERROR keystone.server.flask.application return self.driver.get_role(role_id)
May 11 05:44:05.336072 dv-cinder-733623-13-iscsi devstack@keystone.service[80069]: ERROR keystone.server.flask.application
File "/opt/stack/keystone/keystone/assignment/role_backends/sql.py", line 70, in get_role
May 11 05:44:05.336072 dv-cinder-733623-13-iscsi devstack@keystone.service[80069]: ERROR keystone.server.flask.application return self._get_role(session, role_id).to_dict()
May 11 05:44:05.336072 dv-cinder-733623-13-iscsi devstack@keystone.service[80069]: ERROR keystone.server.flask.application
File "/opt/stack/keystone/keystone/assignment/role_backends/sql.py", line 65, in _get_role
May 11 05:44:05.336072 dv-cinder-733623-13-iscsi devstack@keystone.service[80069]: ERROR keystone.server.flask.application raise exception.RoleNotFound(role_id=role_id)
May 11 05:44:05.336072 dv-cinder-733623-13-iscsi devstack@keystone.service[80069]: ERROR keystone.server.flask.application keystone.exception.RoleNotFound: Could not find role: member.
May 11 05:44:05.336072 dv-cinder-733623-13-iscsi devstack@keystone.service[80069]: ERROR keystone.server.flask.application
May 11 05:44:05.340204 dv-cinder-733623-13-iscsi devstack@keystone.service[80069]: [pid: 80069|app: 0|req: 151/297] 10.222.0.44 () {56 vars in 1099 bytes} [Wed May 11 05:44:05 2022] GET /identity/v3/roles/member => generated 84 bytes in 161 msecs (HTTP/1.1 404) 5 headers in 183 bytes (1 switches on core 0)
May 11 05:44:05.342571 dv-cinder-733623-13-iscsi devstack@keystone.service[80070]: DEBUG keystone.server.flask.request_processing.middleware.auth_context [None req-d775c7f0-00c8-4d4e-b25b-c6748167758f None None] Authenticating user token {{(pid=80070) process_request /usr/local/lib/python3.8/dist-packages/keystonemiddleware/auth_token/__init__.py:407}}
May 11 05:44:05.449205 dv-cinder-733623-13-iscsi devstack@keystone.service[80070]: DEBUG keystone.server.flask.request_processing.middleware.auth_context [None req-d775c7f0-00c8-4d4e-b25b-c6748167758f None None] Validating token access rules against request {{(pid=80070) validate_allowed_request /usr/local/lib/python3.8/dist-packages/keystonemiddleware/auth_token/__init__.py:545}}
May 11 05:44:05.485806 dv-cinder-733623-13-iscsi devstack@keystone.service[80070]: DEBUG keystone.server.flask.request_processing.middleware.auth_context [None req-ba7960f3-c665-44a4-953a-7c7ac8d37597 None admin] RBAC: auth_context: {'token': , 'domain_id': None, 'trust_id': None, 'trustor_id': None, 'trustee_id': None, 'domain_name': None, 'group_ids': [], 'user_id': 'f9be91d729474890b96917c482066429', 'user_domain_id': 'default', 'system_scope': 'all', 'project_id': None, 'project_domain_id': None, 'roles': ['admin', 'member', 'reader'], 'is_admin_project': True, 'service_user_id': None, 'service_user_domain_id': None, 'service_project_id': None, 'service_project_domain_id': None, 'service_roles': []} {{(pid=80070) fill_context /opt/stack/keystone/keystone/server/flask/request_processing/middleware/auth_context.py:478}}
May 11 05:44:05.486475 dv-cinder-733623-13-iscsi devstack@keystone.service[80070]: DEBUG keystone.server.flask.request_processing.req_logging [None req-ba7960f3-c665-44a4-953a-7c7ac8d37597 None admin] REQUEST_METHOD: `GET` {{(pid=80070) log_request_info /opt/stack/keystone/keystone/server/flask/request_processing/req_logging.py:27}}
May 11 05:44:05.486758 dv-cinder-733623-13-iscsi devstack@keystone.service[80070]: DEBUG keystone.server.flask.request_processing.req_logging [None req-ba7960f3-c665-44a4-953a-7c7ac8d37597 None admin] SCRIPT_NAME: `/identity` {{(pid=80070) log_request_info /opt/stack/keystone/keystone/server/flask/request_processing/req_logging.py:28}}
May 11 05:44:05.487030 dv-cinder-733623-13-iscsi devstack@keystone.service[80070]: DEBUG keystone.server.flask.request_processing.req_logging [None req-ba7960f3-c665-44a4-953a-7c7ac8d37597 None admin] PATH_INFO: `/v3/roles` {{(pid=80070) log_request_info /opt/stack/keystone/keystone/server/flask/request_processing/req_logging.py:29}}
May 11 05:44:05.487775 dv-cinder-733623-13-iscsi devstack@keystone.service[80070]: DEBUG keystone.common.rbac_enforcer.enforcer [None req-ba7960f3-c665-44a4-953a-7c7ac8d37597 None admin] RBAC: Adding query filter params (name=member) {{(pid=80070) _extract_filter_values /opt/stack/keystone/keystone/common/rbac_enforcer/enforcer.py:167}}
May 11 05:44:05.488080 dv-cinder-733623-13-iscsi devstack@keystone.service[80070]: DEBUG keystone.common.rbac_enforcer.enforcer [None req-ba7960f3-c665-44a4-953a-7c7ac8d37597 None admin] RBAC: Authorizing `identity:list_roles()` {{(pid=80070) enforce_call /opt/stack/keystone/keystone/common/rbac_enforcer/enforcer.py:449}}
May 11 05:44:05.489451 dv-cinder-733623-13-iscsi devstack@keystone.service[80070]: DEBUG keystone.common.rbac_enforcer.enforcer [None req-ba7960f3-c665-44a4-953a-7c7ac8d37597 None admin] RBAC: Authorization granted {{(pid=80070) enforce_call /opt/stack/keystone/keystone/common/rbac_enforcer/enforcer.py:457}}
May 11 05:44:05.498171 dv-cinder-733623-13-iscsi devstack@keystone.service[80070]: [pid: 80070|app: 0|req: 147/298] 10.222.0.44 () {56 vars in 1101 bytes} [Wed May 11 05:44:05 2022] GET /identity/v3/roles?name=member => generated 341 bytes in 156 msecs (HTTP/1.1 200) 5 headers in 177 bytes (1 switches on core 0)
May 11 05:44:05.503892 dv-cinder-733623-13-iscsi devstack@keystone.service[80069]: DEBUG keystone.server.flask.request_processing.middleware.auth_context [None req-10e54c19-efcb-433a-91cb-9b0dc381ecac None admin] Authenticating user token {{(pid=80069) process_request /usr/local/lib/python3.8/dist-packages/keystonemiddleware/auth_token/__init__.py:407}}
May 11 05:44:05.605244 dv-cinder-733623-13-iscsi devstack@keystone.service[80069]: DEBUG keystone.server.flask.request_processing.middleware.auth_context [None req-10e54c19-efcb-433a-91cb-9b0dc381ecac None admin] Validating token access rules against request {{(pid=80069) validate_allowed_request /usr/local/lib/python3.8/dist-packages/keystonemiddleware/auth_token/__init__.py:545}}
May 11 05:44:05.635130 dv-cinder-733623-13-iscsi devstack@keystone.service[80070]: DEBUG keystone.server.flask.request_processing.req_logging [None req-5ad09079-7f87-4626-ac30-e65b2db9ecf6 None None] REQUEST_METHOD: `GET` {{(pid=80070) log_request_info /opt/stack/keystone/keystone/server/flask/request_processing/req_logging.py:27}}
May 11 05:44:05.635417 dv-cinder-733623-13-iscsi devstack@keystone.service[80070]: DEBUG keystone.server.flask.request_processing.req_logging [None req-5ad09079-7f87-4626-ac30-e65b2db9ecf6 None None] SCRIPT_NAME: `/identity` {{(pid=80070) log_request_info /opt/stack/keystone/keystone/server/flask/request_processing/req_logging.py:28}}
May 11 05:44:05.635851 dv-cinder-733623-13-iscsi devstack@keystone.service[80070]: DEBUG keystone.server.flask.request_processing.req_logging [None req-5ad09079-7f87-4626-ac30-e65b2db9ecf6 None None] PATH_INFO: `/` {{(pid=80070) log_request_info /opt/stack/keystone/keystone/server/flask/request_processing/req_logging.py:29}}
May 11 05:44:05.637774 dv-cinder-733623-13-iscsi devstack@keystone.service[80070]: [pid: 80070|app: 0|req: 148/299] 10.222.0.44 () {54 vars in 926 bytes} [Wed May 11 05:44:05 2022] GET /identity => generated 270 bytes in 4 msecs (HTTP/1.1 300) 6 headers in 234 bytes (1 switches on core 0)
May 11 05:44:05.638912 dv-cinder-733623-13-iscsi devstack@keystone.service[80070]: DEBUG keystone.server.flask.request_processing.req_logging [None req-531d76e5-d205-4e8a-97a1-d24f198dd3bf None None] REQUEST_METHOD: `GET` {{(pid=80070) log_request_info /opt/stack/keystone/keystone/server/flask/request_processing/req_logging.py:27}}
May 11 05:44:05.639201 dv-cinder-733623-13-iscsi devstack@keystone.service[80070]: DEBUG keystone.server.flask.request_processing.req_logging [None req-531d76e5-d205-4e8a-97a1-d24f198dd3bf None None] SCRIPT_NAME: `/identity` {{(pid=80070) log_request_info /opt/stack/keystone/keystone/server/flask/request_processing/req_logging.py:28}}
May 11 05:44:05.639478 dv-cinder-733623-13-iscsi devstack@keystone.service[80070]: DEBUG keystone.server.flask.request_processing.req_logging [None req-531d76e5-d205-4e8a-97a1-d24f198dd3bf None None] PATH_INFO: `/` {{(pid=80070) log_request_info /opt/stack/keystone/keystone/server/flask/request_processing/req_logging.py:29}}
May 11 05:44:05.640452 dv-cinder-733623-13-iscsi devstack@keystone.service[80069]: DEBUG keystone.server.flask.request_processing.middleware.auth_context [None req-4fd3d884-babf-4c2d-b522-aae815786e88 None admin] RBAC: auth_context: {'token': , 'domain_id': None, 'trust_id': None, 'trustor_id': None, 'trustee_id': None, 'domain_name': None, 'group_ids': [], 'user_id': 'f9be91d729474890b96917c482066429', 'user_domain_id': 'default', 'system_scope': 'all', 'project_id': None, 'project_domain_id': None, 'roles': ['admin', 'member', 'reader'], 'is_admin_project': True, 'service_user_id': None, 'service_user_domain_id': None, 'service_project_id': None, 'service_project_domain_id': None, 'service_roles': []} {{(pid=80069) fill_context /opt/stack/keystone/keystone/server/flask/request_processing/middleware/auth_context.py:478}}
May 11 05:44:05.640682 dv-cinder-733623-13-iscsi devstack@keystone.service[80070]: [pid: 80070|app: 0|req: 149/300] 10.222.0.44 () {54 vars in 926 bytes} [Wed May 11 05:44:05 2022] GET /identity => generated 270 bytes in 2 msecs (HTTP/1.1 300) 6 headers in 234 bytes (1 switches on core 0)
May 11 05:44:05.641703 dv-cinder-733623-13-iscsi devstack@keystone.service[80069]: DEBUG keystone.server.flask.request_processing.req_logging [None req-4fd3d884-babf-4c2d-b522-aae815786e88 None admin] REQUEST_METHOD: `GET` {{(pid=80069) log_request_info /opt/stack/keystone/keystone/server/flask/request_processing/req_logging.py:27}}
May 11 05:44:05.642154 dv-cinder-733623-13-iscsi devstack@keystone.service[80069]: DEBUG keystone.server.flask.request_processing.req_logging [None req-4fd3d884-babf-4c2d-b522-aae815786e88 None admin] SCRIPT_NAME: `/identity` {{(pid=80069) log_request_info /opt/stack/keystone/keystone/server/flask/request_processing/req_logging.py:28}}
May 11 05:44:05.642612 dv-cinder-733623-13-iscsi devstack@keystone.service[80069]: DEBUG keystone.server.flask.request_processing.req_logging [None req-4fd3d884-babf-4c2d-b522-aae815786e88 None admin] PATH_INFO: `/v3/users/06995ab442c84f28a6f002a53d6bc4b2` {{(pid=80069) log_request_info /opt/stack/keystone/keystone/server/flask/request_processing/req_logging.py:29}}
May 11 05:44:05.643977 dv-cinder-733623-13-iscsi devstack@keystone.service[80069]: DEBUG keystone.common.rbac_enforcer.enforcer [None req-4fd3d884-babf-4c2d-b522-aae815786e88 None admin] RBAC: Authorizing `identity:get_user(user_id=06995ab442c84f28a6f002a53d6bc4b2)` {{(pid=80069) enforce_call /opt/stack/keystone/keystone/common/rbac_enforcer/enforcer.py:449}}
May 11 05:44:05.645635 dv-cinder-733623-13-iscsi devstack@keystone.service[80069]: DEBUG keystone.common.rbac_enforcer.enforcer [None req-4fd3d884-babf-4c2d-b522-aae815786e88 None admin] RBAC: Authorization granted {{(pid=80069) enforce_call /opt/stack/keystone/keystone/common/rbac_enforcer/enforcer.py:457}}
May 11 05:44:05.645738 dv-cinder-733623-13-iscsi devstack@keystone.service[80070]: DEBUG keystone.server.flask.request_processing.req_logging [None req-47374659-4035-4b1c-a1c4-5eb226de6677 None None] REQUEST_METHOD: `POST` {{(pid=80070) log_request_info /opt/stack/keystone/keystone/server/flask/request_processing/req_logging.py:27}}
May 11 05:44:05.646066 dv-cinder-733623-13-iscsi devstack@keystone.service[80070]: DEBUG keystone.server.flask.request_processing.req_logging [None req-47374659-4035-4b1c-a1c4-5eb226de6677 None None] SCRIPT_NAME: `/identity` {{(pid=80070) log_request_info /opt/stack/keystone/keystone/server/flask/request_processing/req_logging.py:28}}
May 11 05:44:05.646352 dv-cinder-733623-13-iscsi devstack@keystone.service[80070]: DEBUG keystone.server.flask.request_processing.req_logging [None req-47374659-4035-4b1c-a1c4-5eb226de6677 None None] PATH_INFO: `/v3/auth/tokens` {{(pid=80070) log_request_info /opt/stack/keystone/keystone/server/flask/request_processing/req_logging.py:29}}
May 11 05:44:05.648341 dv-cinder-733623-13-iscsi devstack@keystone.service[80069]: [pid: 80069|app: 0|req: 152/301] 10.222.0.44 () {56 vars in 1177 bytes} [Wed May 11 05:44:05 2022] GET /identity/v3/users/06995ab442c84f28a6f002a53d6bc4b2 => generated 293 bytes in 145 msecs (HTTP/1.1 200) 5 headers in 177 bytes (1 switches on core 0)
May 11 05:44:05.649864 dv-cinder-733623-13-iscsi devstack@keystone.service[80069]: DEBUG keystone.server.flask.request_processing.req_logging [None req-045a577b-5416-4434-82f9-ca3e5d50cb20 None None] REQUEST_METHOD: `POST` {{(pid=80069) log_request_info /opt/stack/keystone/keystone/server/flask/request_processing/req_logging.py:27}}
May 11 05:44:05.650320 dv-cinder-733623-13-iscsi devstack@keystone.service[80069]: DEBUG keystone.server.flask.request_processing.req_logging [None req-045a577b-5416-4434-82f9-ca3e5d50cb20 None None] SCRIPT_NAME: `/identity` {{(pid=80069) log_request_info /opt/stack/keystone/keystone/server/flask/request_processing/req_logging.py:28}}
May 11 05:44:05.650763 dv-cinder-733623-13-iscsi devstack@keystone.service[80069]: DEBUG keystone.server.flask.request_processing.req_logging [None req-045a577b-5416-4434-82f9-ca3e5d50cb20 None None] PATH_INFO: `/v3/auth/tokens` {{(pid=80069) log_request_info /opt/stack/keystone/keystone/server/flask/request_processing/req_logging.py:29}}
May 11 05:44:05.663923 dv-cinder-733623-13-iscsi devstack@keystone.service[80070]: DEBUG keystone.auth.core [None req-47374659-4035-4b1c-a1c4-5eb226de6677 None None] MFA Rules not processed for user `f9be91d729474890b96917c482066429`. Rule list: `[]` (Enabled: `True`). {{(pid=80070) check_auth_methods_against_rules /opt/stack/keystone/keystone/auth/core.py:438}}
May 11 05:44:05.665084 dv-cinder-733623-13-iscsi devstack@keystone.service[80070]: DEBUG keystone.common.fernet_utils [None req-47374659-4035-4b1c-a1c4-5eb226de6677 None None] Loaded 2 Fernet keys from /etc/keystone/fernet-keys/, but `[fernet_tokens] max_active_keys = 3`; perhaps there have not been enough key rotations to reach `max_active_keys` yet? {{(pid=80070) load_keys /opt/stack/keystone/keystone/common/fernet_utils.py:286}}
May 11 05:44:05.670355 dv-cinder-733623-13-iscsi devstack@keystone.service[80069]: DEBUG keystone.auth.core [None req-045a577b-5416-4434-82f9-ca3e5d50cb20 None None] MFA Rules not processed for user `f9be91d729474890b96917c482066429`. Rule list: `[]` (Enabled: `True`). {{(pid=80069) check_auth_methods_against_rules /opt/stack/keystone/keystone/auth/core.py:438}}
May 11 05:44:05.671733 dv-cinder-733623-13-iscsi devstack@keystone.service[80069]: DEBUG keystone.common.fernet_utils [None req-045a577b-5416-4434-82f9-ca3e5d50cb20 None None] Loaded 2 Fernet keys from /etc/keystone/fernet-keys/, but `[fernet_tokens] max_active_keys = 3`; perhaps there have not been enough key rotations to reach `max_active_keys` yet? {{(pid=80069) load_keys /opt/stack/keystone/keystone/common/fernet_utils.py:286}}
May 11 05:44:05.730294 dv-cinder-733623-13-iscsi devstack@keystone.service[80070]: [pid: 80070|app: 0|req: 150/302] 10.222.0.44 () {58 vars in 1023 bytes} [Wed May 11 05:44:05 2022] POST /identity/v3/auth/tokens => generated 799 bytes in 85 msecs (HTTP/1.1 201) 6 headers in 363 bytes (2 switches on core 0)
May 11 05:44:05.732243 dv-cinder-733623-13-iscsi devstack@keystone.service[80070]: DEBUG keystone.server.flask.request_processing.middleware.auth_context [None req-47374659-4035-4b1c-a1c4-5eb226de6677 None None] Authenticating user token {{(pid=80070) process_request /usr/local/lib/python3.8/dist-packages/keystonemiddleware/auth_token/__init__.py:407}}
May 11 05:44:05.744230 dv-cinder-733623-13-iscsi devstack@keystone.service[80069]: [pid: 80069|app: 0|req: 153/303] 10.222.0.44 () {58 vars in 1023 bytes} [Wed May 11 05:44:05 2022] POST /identity/v3/auth/tokens => generated 799 bytes in 95 msecs (HTTP/1.1 201) 6 headers in 363 bytes (1 switches on core 0)
May 11 05:44:05.752801 dv-cinder-733623-13-iscsi devstack@keystone.service[80069]: DEBUG keystone.server.flask.request_processing.middleware.auth_context [None req-045a577b-5416-4434-82f9-ca3e5d50cb20 None None] Authenticating user token {{(pid=80069) process_request /usr/local/lib/python3.8/dist-packages/keystonemiddleware/auth_token/__init__.py:407}}
May 11 05:44:05.853841 dv-cinder-733623-13-iscsi devstack@keystone.service[80069]: DEBUG keystone.server.flask.request_processing.middleware.auth_context [None req-045a577b-5416-4434-82f9-ca3e5d50cb20 None None] Validating token access rules against request {{(pid=80069) validate_allowed_request /usr/local/lib/python3.8/dist-packages/keystonemiddleware/auth_token/__init__.py:545}}
May 11 05:44:05.855524 dv-cinder-733623-13-iscsi devstack@keystone.service[80070]: DEBUG keystone.server.flask.request_processing.middleware.auth_context [None req-47374659-4035-4b1c-a1c4-5eb226de6677 None None] Validating token access rules against request {{(pid=80070) validate_allowed_request /usr/local/lib/python3.8/dist-packages/keystonemiddleware/auth_token/__init__.py:545}}
May 11 05:44:05.890039 dv-cinder-733623-13-iscsi devstack@keystone.service[80069]: DEBUG keystone.server.flask.request_processing.middleware.auth_context [None req-466fb561-2ff1-4e22-b87d-bc86d96b0b85 None admin] RBAC: auth_context: {'token': , 'domain_id': None, 'trust_id': None, 'trustor_id': None, 'trustee_id': None, 'domain_name': None, 'group_ids': [], 'user_id': 'f9be91d729474890b96917c482066429', 'user_domain_id': 'default', 'system_scope': 'all', 'project_id': None, 'project_domain_id': None, 'roles': ['admin', 'member', 'reader'], 'is_admin_project': True, 'service_user_id': None, 'service_user_domain_id': None, 'service_project_id': None, 'service_project_domain_id': None, 'service_roles': []} {{(pid=80069) fill_context /opt/stack/keystone/keystone/server/flask/request_processing/middleware/auth_context.py:478}}
May 11 05:44:05.890232 dv-cinder-733623-13-iscsi devstack@keystone.service[80070]: DEBUG keystone.server.flask.request_processing.middleware.auth_context [None req-907d3d73-b38d-4ae2-bc2c-42284147fc9d None admin] RBAC: auth_context: {'token': , 'domain_id': None, 'trust_id': None, 'trustor_id': None, 'trustee_id': None, 'domain_name': None, 'group_ids': [], 'user_id': 'f9be91d729474890b96917c482066429', 'user_domain_id': 'default', 'system_scope': 'all', 'project_id': None, 'project_domain_id': None, 'roles': ['admin', 'member', 'reader'], 'is_admin_project': True, 'service_user_id': None, 'service_user_domain_id': None, 'service_project_id': None, 'service_project_domain_id': None, 'service_roles': []} {{(pid=80070) fill_context /opt/stack/keystone/keystone/server/flask/request_processing/middleware/auth_context.py:478}}
May 11 05:44:05.890861 dv-cinder-733623-13-iscsi devstack@keystone.service[80069]: DEBUG keystone.server.flask.request_processing.req_logging [None req-466fb561-2ff1-4e22-b87d-bc86d96b0b85 None admin] REQUEST_METHOD: `GET` {{(pid=80069) log_request_info /opt/stack/keystone/keystone/server/flask/request_processing/req_logging.py:27}}
May 11 05:44:05.891089 dv-cinder-733623-13-iscsi devstack@keystone.service[80070]: DEBUG keystone.server.flask.request_processing.req_logging [None req-907d3d73-b38d-4ae2-bc2c-42284147fc9d None admin] REQUEST_METHOD: `PUT` {{(pid=80070) log_request_info /opt/stack/keystone/keystone/server/flask/request_processing/req_logging.py:27}}
May 11 05:44:05.891183 dv-cinder-733623-13-iscsi devstack@keystone.service[80069]: DEBUG keystone.server.flask.request_processing.req_logging [None req-466fb561-2ff1-4e22-b87d-bc86d96b0b85 None admin] SCRIPT_NAME: `/identity` {{(pid=80069) log_request_info /opt/stack/keystone/keystone/server/flask/request_processing/req_logging.py:28}}
May 11 05:44:05.891376 dv-cinder-733623-13-iscsi devstack@keystone.service[80070]: DEBUG keystone.server.flask.request_processing.req_logging [None req-907d3d73-b38d-4ae2-bc2c-42284147fc9d None admin] SCRIPT_NAME: `/identity` {{(pid=80070) log_request_info /opt/stack/keystone/keystone/server/flask/request_processing/req_logging.py:28}}
May 11 05:44:05.891472 dv-cinder-733623-13-iscsi devstack@keystone.service[80069]: DEBUG keystone.server.flask.request_processing.req_logging [None req-466fb561-2ff1-4e22-b87d-bc86d96b0b85 None admin] PATH_INFO: `/v3/domains/default` {{(pid=80069) log_request_info /opt/stack/keystone/keystone/server/flask/request_processing/req_logging.py:29}}
May 11 05:44:05.891656 dv-cinder-733623-13-iscsi devstack@keystone.service[80070]: DEBUG keystone.server.flask.request_processing.req_logging [None req-907d3d73-b38d-4ae2-bc2c-42284147fc9d None admin] PATH_INFO: `/v3/system/users/06995ab442c84f28a6f002a53d6bc4b2/roles/47bff6418933442081338f0ba924ff4a` {{(pid=80070) log_request_info /opt/stack/keystone/keystone/server/flask/request_processing/req_logging.py:29}}
May 11 05:44:05.892544 dv-cinder-733623-13-iscsi devstack@keystone.service[80069]: DEBUG keystone.common.rbac_enforcer.enforcer [None req-466fb561-2ff1-4e22-b87d-bc86d96b0b85 None admin] RBAC: Authorizing `identity:get_domain(domain_id=default)` {{(pid=80069) enforce_call /opt/stack/keystone/keystone/common/rbac_enforcer/enforcer.py:449}}
May 11 05:44:05.893114 dv-cinder-733623-13-iscsi devstack@keystone.service[80070]: DEBUG keystone.common.rbac_enforcer.enforcer [None req-907d3d73-b38d-4ae2-bc2c-42284147fc9d None admin] RBAC: Authorizing `identity:create_system_grant_for_user(user_id=06995ab442c84f28a6f002a53d6bc4b2, role_id=47bff6418933442081338f0ba924ff4a)` {{(pid=80070) enforce_call /opt/stack/keystone/keystone/common/rbac_enforcer/enforcer.py:449}}
May 11 05:44:05.894033 dv-cinder-733623-13-iscsi devstack@keystone.service[80069]: DEBUG keystone.common.rbac_enforcer.enforcer [None req-466fb561-2ff1-4e22-b87d-bc86d96b0b85 None admin] RBAC: Authorization granted {{(pid=80069) enforce_call /opt/stack/keystone/keystone/common/rbac_enforcer/enforcer.py:457}}
May 11 05:44:05.894517 dv-cinder-733623-13-iscsi devstack@keystone.service[80070]: DEBUG keystone.common.rbac_enforcer.enforcer [None req-907d3d73-b38d-4ae2-bc2c-42284147fc9d None admin] RBAC: Authorization granted {{(pid=80070) enforce_call /opt/stack/keystone/keystone/common/rbac_enforcer/enforcer.py:457}}
May 11 05:44:05.900828 dv-cinder-733623-13-iscsi devstack@keystone.service[80069]: [pid: 80069|app: 0|req: 154/304] 10.222.0.44 () {56 vars in 1108 bytes} [Wed May 11 05:44:05 2022] GET /identity/v3/domains/default => generated 199 bytes in 143 msecs (HTTP/1.1 200) 5 headers in 177 bytes (2 switches on core 0)
May 11 05:44:05.900828 dv-cinder-733623-13-iscsi devstack@keystone.service[80069]: DEBUG keystone.server.flask.request_processing.middleware.auth_context [None req-466fb561-2ff1-4e22-b87d-bc86d96b0b85 None admin] Authenticating user token {{(pid=80069) process_request /usr/local/lib/python3.8/dist-packages/keystonemiddleware/auth_token/__init__.py:407}}
May 11 05:44:05.917831 dv-cinder-733623-13-iscsi devstack@keystone.service[80070]: [pid: 80070|app: 0|req: 151/305] 10.222.0.44 () {58 vars in 1334 bytes} [Wed May 11 05:44:05 2022] PUT /identity/v3/system/users/06995ab442c84f28a6f002a53d6bc4b2/roles/47bff6418933442081338f0ba924ff4a => generated 0 bytes in 180 msecs (HTTP/1.1 204) 3 headers in 132 bytes (0 switches on core 0)
May 11 05:44:05.917831 dv-cinder-733623-13-iscsi devstack@keystone.service[80070]: DEBUG keystone.server.flask.request_processing.middleware.auth_context [None req-907d3d73-b38d-4ae2-bc2c-42284147fc9d None admin] Authenticating user token {{(pid=80070) process_request /usr/local/lib/python3.8/dist-packages/keystonemiddleware/auth_token/__init__.py:407}}
May 11 05:44:06.010504 dv-cinder-733623-13-iscsi devstack@keystone.service[80069]: DEBUG keystone.server.flask.request_processing.middleware.auth_context [None req-466fb561-2ff1-4e22-b87d-bc86d96b0b85 None admin] Validating token access rules against request {{(pid=80069) validate_allowed_request /usr/local/lib/python3.8/dist-packages/keystonemiddleware/auth_token/__init__.py:545}}
May 11 05:44:06.051070 dv-cinder-733623-13-iscsi devstack@keystone.service[80069]: DEBUG keystone.server.flask.request_processing.middleware.auth_context [None req-8946bd7d-6e2c-401f-9036-ac65c760bada None admin] RBAC: auth_context: {'token': , 'domain_id': None, 'trust_id': None, 'trustor_id': None, 'trustee_id': None, 'domain_name': None, 'group_ids': [], 'user_id': 'f9be91d729474890b96917c482066429', 'user_domain_id': 'default', 'system_scope': 'all', 'project_id': None, 'project_domain_id': None, 'roles': ['admin', 'member', 'reader'], 'is_admin_project': True, 'service_user_id': None, 'service_user_domain_id': None, 'service_project_id': None, 'service_project_domain_id': None, 'service_roles': []} {{(pid=80069) fill_context /opt/stack/keystone/keystone/server/flask/request_processing/middleware/auth_context.py:478}}
May 11 05:44:06.051944 dv-cinder-733623-13-iscsi devstack@keystone.service[80069]: DEBUG keystone.server.flask.request_processing.req_logging [None req-8946bd7d-6e2c-401f-9036-ac65c760bada None admin] REQUEST_METHOD: `GET` {{(pid=80069) log_request_info /opt/stack/keystone/keystone/server/flask/request_processing/req_logging.py:27}}
