Jan 18 17:06:08.265633 dv-cinder-733623-11-iscsi devstack@c-api.service[110204]: DEBUG cinder.api.extensions [-] Ext updated: 2014-02-10T00:00:00+00:00 {{(pid=110204) _check_extension /opt/stack/cinder/cinder/api/extensions.py:183}}
Jan 18 17:06:08.265912 dv-cinder-733623-11-iscsi devstack@c-api.service[110204]: DEBUG cinder.api.extensions [-] Loaded extension: os-volume-manage {{(pid=110204) register /opt/stack/cinder/cinder/api/extensions.py:140}}
Jan 18 17:06:08.266204 dv-cinder-733623-11-iscsi devstack@c-api.service[110204]: DEBUG cinder.api.extensions [-] Loading extension cinder.api.contrib.types_manage.Types_manage {{(pid=110204) load_extension /opt/stack/cinder/cinder/api/extensions.py:199}}
Jan 18 17:06:08.266488 dv-cinder-733623-11-iscsi devstack@c-api.service[110204]: DEBUG cinder.api.extensions [-] Calling extension factory cinder.api.contrib.types_manage.Types_manage {{(pid=110204) load_extension /opt/stack/cinder/cinder/api/extensions.py:205}}
Jan 18 17:06:08.266766 dv-cinder-733623-11-iscsi devstack@c-api.service[110204]: DEBUG cinder.api.extensions [-] Ext name: TypesManage {{(pid=110204) _check_extension /opt/stack/cinder/cinder/api/extensions.py:179}}
Jan 18 17:06:08.267042 dv-cinder-733623-11-iscsi devstack@c-api.service[110204]: DEBUG cinder.api.extensions [-] Ext alias: os-types-manage {{(pid=110204) _check_extension /opt/stack/cinder/cinder/api/extensions.py:180}}
Jan 18 17:06:08.267340 dv-cinder-733623-11-iscsi devstack@c-api.service[110204]: DEBUG cinder.api.extensions [-] Ext description: Types manage support. {{(pid=110204) _check_extension /opt/stack/cinder/cinder/api/extensions.py:181}}
Jan 18 17:06:08.267614 dv-cinder-733623-11-iscsi devstack@c-api.service[110204]: DEBUG cinder.api.extensions [-] Ext updated: 2011-08-24T00:00:00+00:00 {{(pid=110204) _check_extension /opt/stack/cinder/cinder/api/extensions.py:183}}
Jan 18 17:06:08.267890 dv-cinder-733623-11-iscsi devstack@c-api.service[110204]: DEBUG cinder.api.extensions [-] Loaded extension: os-types-manage {{(pid=110204) register /opt/stack/cinder/cinder/api/extensions.py:140}}
Jan 18 17:06:08.268184 dv-cinder-733623-11-iscsi devstack@c-api.service[110204]: DEBUG cinder.api.extensions [-] Loading extension cinder.api.contrib.volume_image_metadata.Volume_image_metadata {{(pid=110204) load_extension /opt/stack/cinder/cinder/api/extensions.py:199}}
Jan 18 17:06:08.268482 dv-cinder-733623-11-iscsi devstack@c-api.service[110204]: DEBUG cinder.api.extensions [-] Calling extension factory cinder.api.contrib.volume_image_metadata.Volume_image_metadata {{(pid=110204) load_extension /opt/stack/cinder/cinder/api/extensions.py:205}}
Jan 18 17:06:08.268762 dv-cinder-733623-11-iscsi devstack@c-api.service[110204]: DEBUG cinder.api.extensions [-] Ext name: VolumeImageMetadata {{(pid=110204) _check_extension /opt/stack/cinder/cinder/api/extensions.py:179}}
Jan 18 17:06:08.269039 dv-cinder-733623-11-iscsi devstack@c-api.service[110204]: DEBUG cinder.api.extensions [-] Ext alias: os-vol-image-meta {{(pid=110204) _check_extension /opt/stack/cinder/cinder/api/extensions.py:180}}
Jan 18 17:06:08.269330 dv-cinder-733623-11-iscsi devstack@c-api.service[110204]: DEBUG cinder.api.extensions [-] Ext description: Show image metadata associated with the volume. {{(pid=110204) _check_extension /opt/stack/cinder/cinder/api/extensions.py:181}}
Jan 18 17:06:08.269595 dv-cinder-733623-11-iscsi devstack@c-api.service[110204]: DEBUG cinder.api.extensions [-] Ext updated: 2012-12-07T00:00:00+00:00 {{(pid=110204) _check_extension /opt/stack/cinder/cinder/api/extensions.py:183}}
Jan 18 17:06:08.269865 dv-cinder-733623-11-iscsi devstack@c-api.service[110204]: DEBUG cinder.api.extensions [-] Loaded extension: os-vol-image-meta {{(pid=110204) register /opt/stack/cinder/cinder/api/extensions.py:140}}
Jan 18 17:06:08.270114 dv-cinder-733623-11-iscsi devstack@c-api.service[110204]: DEBUG cinder.api.extensions [-] Loading extension cinder.api.contrib.snapshot_actions.Snapshot_actions {{(pid=110204) load_extension /opt/stack/cinder/cinder/api/extensions.py:199}}
Jan 18 17:06:08.270393 dv-cinder-733623-11-iscsi devstack@c-api.service[110204]: DEBUG cinder.api.extensions [-] Calling extension factory cinder.api.contrib.snapshot_actions.Snapshot_actions {{(pid=110204) load_extension /opt/stack/cinder/cinder/api/extensions.py:205}}
Jan 18 17:06:08.270592 dv-cinder-733623-11-iscsi devstack@c-api.service[110204]: DEBUG cinder.api.extensions [-] Ext name: SnapshotActions {{(pid=110204) _check_extension /opt/stack/cinder/cinder/api/extensions.py:179}}
Jan 18 17:06:08.270825 dv-cinder-733623-11-iscsi devstack@c-api.service[110204]: DEBUG cinder.api.extensions [-] Ext alias: os-snapshot-actions {{(pid=110204) _check_extension /opt/stack/cinder/cinder/api/extensions.py:180}}
Jan 18 17:06:08.271064 dv-cinder-733623-11-iscsi devstack@c-api.service[110204]: DEBUG cinder.api.extensions [-] Ext description: Enable snapshot manager actions. {{(pid=110204) _check_extension /opt/stack/cinder/cinder/api/extensions.py:181}}
Jan 18 17:06:08.271315 dv-cinder-733623-11-iscsi devstack@c-api.service[110204]: DEBUG cinder.api.extensions [-] Ext updated: 2013-07-16T00:00:00+00:00 {{(pid=110204) _check_extension /opt/stack/cinder/cinder/api/extensions.py:183}}
Jan 18 17:06:08.271549 dv-cinder-733623-11-iscsi devstack@c-api.service[110204]: DEBUG cinder.api.extensions [-] Loaded extension: os-snapshot-actions {{(pid=110204) register /opt/stack/cinder/cinder/api/extensions.py:140}}
Jan 18 17:06:08.271816 dv-cinder-733623-11-iscsi devstack@c-api.service[110204]: DEBUG cinder.api.extensions [-] Loading extension cinder.api.contrib.extended_services.Extended_services {{(pid=110204) load_extension /opt/stack/cinder/cinder/api/extensions.py:199}}
Jan 18 17:06:08.272296 dv-cinder-733623-11-iscsi devstack@c-api.service[110204]: DEBUG cinder.api.extensions [-] Calling extension factory cinder.api.contrib.extended_services.Extended_services {{(pid=110204) load_extension /opt/stack/cinder/cinder/api/extensions.py:205}}
Jan 18 17:06:08.272296 dv-cinder-733623-11-iscsi devstack@c-api.service[110204]: DEBUG cinder.api.extensions [-] Ext name: ExtendedServices {{(pid=110204) _check_extension /opt/stack/cinder/cinder/api/extensions.py:179}}
Jan 18 17:06:08.272458 dv-cinder-733623-11-iscsi devstack@c-api.service[110204]: DEBUG cinder.api.extensions [-] Ext alias: os-extended-services {{(pid=110204) _check_extension /opt/stack/cinder/cinder/api/extensions.py:180}}
Jan 18 17:06:08.272696 dv-cinder-733623-11-iscsi devstack@c-api.service[110204]: DEBUG cinder.api.extensions [-] Ext description: Extended services support. {{(pid=110204) _check_extension /opt/stack/cinder/cinder/api/extensions.py:181}}
Jan 18 17:06:08.275087 dv-cinder-733623-11-iscsi devstack@c-api.service[110204]: DEBUG cinder.api.extensions [-] Ext updated: 2014-01-10T00:00:00-00:00 {{(pid=110204) _check_extension /opt/stack/cinder/cinder/api/extensions.py:183}}
Jan 18 17:06:08.275087 dv-cinder-733623-11-iscsi devstack@c-api.service[110204]: DEBUG cinder.api.extensions [-] Loaded extension: os-extended-services {{(pid=110204) register /opt/stack/cinder/cinder/api/extensions.py:140}}
Jan 18 17:06:08.275087 dv-cinder-733623-11-iscsi devstack@c-api.service[110204]: DEBUG cinder.api.extensions [-] Loading extension cinder.api.contrib.capabilities.Capabilities {{(pid=110204) load_extension /opt/stack/cinder/cinder/api/extensions.py:199}}
Jan 18 17:06:08.275087 dv-cinder-733623-11-iscsi devstack@c-api.service[110204]: DEBUG cinder.api.extensions [-] Calling extension factory cinder.api.contrib.capabilities.Capabilities {{(pid=110204) load_extension /opt/stack/cinder/cinder/api/extensions.py:205}}
Jan 18 17:06:08.275087 dv-cinder-733623-11-iscsi devstack@c-api.service[110204]: DEBUG cinder.api.extensions [-] Ext name: Capabilities {{(pid=110204) _check_extension /opt/stack/cinder/cinder/api/extensions.py:179}}
Jan 18 17:06:08.275087 dv-cinder-733623-11-iscsi devstack@c-api.service[110204]: DEBUG cinder.api.extensions [-] Ext alias: capabilities {{(pid=110204) _check_extension /opt/stack/cinder/cinder/api/extensions.py:180}}
Jan 18 17:06:08.275087 dv-cinder-733623-11-iscsi devstack@c-api.service[110204]: DEBUG cinder.api.extensions [-] Ext description: Capabilities support. {{(pid=110204) _check_extension /opt/stack/cinder/cinder/api/extensions.py:181}}
Jan 18 17:06:08.275087 dv-cinder-733623-11-iscsi devstack@c-api.service[110204]: DEBUG cinder.api.extensions [-] Ext updated: 2015-08-31T00:00:00+00:00 {{(pid=110204) _check_extension /opt/stack/cinder/cinder/api/extensions.py:183}}
Jan 18 17:06:08.275087 dv-cinder-733623-11-iscsi devstack@c-api.service[110204]: DEBUG cinder.api.extensions [-] Loaded extension: capabilities {{(pid=110204) register /opt/stack/cinder/cinder/api/extensions.py:140}}
Jan 18 17:06:08.276993 dv-cinder-733623-11-iscsi devstack@c-api.service[110204]: DEBUG cinder.api.extensions [-] Loading extension cinder.api.contrib.extended_snapshot_attributes.Extended_snapshot_attributes {{(pid=110204) load_extension /opt/stack/cinder/cinder/api/extensions.py:199}}
Jan 18 17:06:08.276993 dv-cinder-733623-11-iscsi devstack@c-api.service[110204]: DEBUG cinder.api.extensions [-] Calling extension factory cinder.api.contrib.extended_snapshot_attributes.Extended_snapshot_attributes {{(pid=110204) load_extension /opt/stack/cinder/cinder/api/extensions.py:205}}
Jan 18 17:06:08.276993 dv-cinder-733623-11-iscsi devstack@c-api.service[110204]: DEBUG cinder.api.extensions [-] Ext name: ExtendedSnapshotAttributes {{(pid=110204) _check_extension /opt/stack/cinder/cinder/api/extensions.py:179}}
Jan 18 17:06:08.276993 dv-cinder-733623-11-iscsi devstack@c-api.service[110204]: DEBUG cinder.api.extensions [-] Ext alias: os-extended-snapshot-attributes {{(pid=110204) _check_extension /opt/stack/cinder/cinder/api/extensions.py:180}}
Jan 18 17:06:08.276993 dv-cinder-733623-11-iscsi devstack@c-api.service[110204]: DEBUG cinder.api.extensions [-] Ext description: Extended SnapshotAttributes support. {{(pid=110204) _check_extension /opt/stack/cinder/cinder/api/extensions.py:181}}
Jan 18 17:06:08.276993 dv-cinder-733623-11-iscsi devstack@c-api.service[110204]: DEBUG cinder.api.extensions [-] Ext updated: 2012-06-19T00:00:00+00:00 {{(pid=110204) _check_extension /opt/stack/cinder/cinder/api/extensions.py:183}}
Jan 18 17:06:08.276993 dv-cinder-733623-11-iscsi devstack@c-api.service[110204]: DEBUG cinder.api.extensions [-] Loaded extension: os-extended-snapshot-attributes {{(pid=110204) register /opt/stack/cinder/cinder/api/extensions.py:140}}
Jan 18 17:06:08.276993 dv-cinder-733623-11-iscsi devstack@c-api.service[110204]: DEBUG cinder.api.extensions [-] Loading extension cinder.api.contrib.snapshot_unmanage.Snapshot_unmanage {{(pid=110204) load_extension /opt/stack/cinder/cinder/api/extensions.py:199}}
Jan 18 17:06:08.277976 dv-cinder-733623-11-iscsi devstack@c-api.service[110204]: DEBUG cinder.api.extensions [-] Calling extension factory cinder.api.contrib.snapshot_unmanage.Snapshot_unmanage {{(pid=110204) load_extension /opt/stack/cinder/cinder/api/extensions.py:205}}
Jan 18 17:06:08.277976 dv-cinder-733623-11-iscsi devstack@c-api.service[110204]: DEBUG cinder.api.extensions [-] Ext name: SnapshotUnmanage {{(pid=110204) _check_extension /opt/stack/cinder/cinder/api/extensions.py:179}}
Jan 18 17:06:08.277976 dv-cinder-733623-11-iscsi devstack@c-api.service[110204]: DEBUG cinder.api.extensions [-] Ext alias: os-snapshot-unmanage {{(pid=110204) _check_extension /opt/stack/cinder/cinder/api/extensions.py:180}}
Jan 18 17:06:08.277976 dv-cinder-733623-11-iscsi devstack@c-api.service[110204]: DEBUG cinder.api.extensions [-] Ext description: Enable volume unmanage operation. {{(pid=110204) _check_extension /opt/stack/cinder/cinder/api/extensions.py:181}}
Jan 18 17:06:08.278476 dv-cinder-733623-11-iscsi devstack@c-api.service[110204]: DEBUG cinder.api.extensions [-] Ext updated: 2014-12-31T00:00:00+00:00 {{(pid=110204) _check_extension /opt/stack/cinder/cinder/api/extensions.py:183}}
Jan 18 17:06:08.278620 dv-cinder-733623-11-iscsi devstack@c-api.service[110204]: DEBUG cinder.api.extensions [-] Loaded extension: os-snapshot-unmanage {{(pid=110204) register /opt/stack/cinder/cinder/api/extensions.py:140}}
Jan 18 17:06:08.278876 dv-cinder-733623-11-iscsi devstack@c-api.service[110204]: DEBUG cinder.api.extensions [-] Loading extension cinder.api.contrib.volume_type_access.Volume_type_access {{(pid=110204) load_extension /opt/stack/cinder/cinder/api/extensions.py:199}}
Jan 18 17:06:08.279146 dv-cinder-733623-11-iscsi devstack@c-api.service[110204]: DEBUG cinder.api.extensions [-] Calling extension factory cinder.api.contrib.volume_type_access.Volume_type_access {{(pid=110204) load_extension /opt/stack/cinder/cinder/api/extensions.py:205}}
Jan 18 17:06:08.279382 dv-cinder-733623-11-iscsi devstack@c-api.service[110204]: DEBUG cinder.api.extensions [-] Ext name: VolumeTypeAccess {{(pid=110204) _check_extension /opt/stack/cinder/cinder/api/extensions.py:179}}
Jan 18 17:06:08.279918 dv-cinder-733623-11-iscsi devstack@c-api.service[110204]: DEBUG cinder.api.extensions [-] Ext alias: os-volume-type-access {{(pid=110204) _check_extension /opt/stack/cinder/cinder/api/extensions.py:180}}
Jan 18 17:06:08.280166 dv-cinder-733623-11-iscsi devstack@c-api.service[110204]: DEBUG cinder.api.extensions [-] Ext description: Volume type access support. {{(pid=110204) _check_extension /opt/stack/cinder/cinder/api/extensions.py:181}}
Jan 18 17:06:08.280166 dv-cinder-733623-11-iscsi devstack@c-api.service[110204]: DEBUG cinder.api.extensions [-] Ext updated: 2014-06-26T00:00:00Z {{(pid=110204) _check_extension /opt/stack/cinder/cinder/api/extensions.py:183}}
Jan 18 17:06:08.283363 dv-cinder-733623-11-iscsi devstack@c-api.service[110204]: DEBUG cinder.api.extensions [-] Loaded extension: os-volume-type-access {{(pid=110204) register /opt/stack/cinder/cinder/api/extensions.py:140}}
Jan 18 17:06:08.283363 dv-cinder-733623-11-iscsi devstack@c-api.service[110204]: DEBUG cinder.api.extensions [-] Loading extension cinder.api.contrib.snapshot_manage.Snapshot_manage {{(pid=110204) load_extension /opt/stack/cinder/cinder/api/extensions.py:199}}
Jan 18 17:06:08.283363 dv-cinder-733623-11-iscsi devstack@c-api.service[110204]: DEBUG cinder.api.extensions [-] Calling extension factory cinder.api.contrib.snapshot_manage.Snapshot_manage {{(pid=110204) load_extension /opt/stack/cinder/cinder/api/extensions.py:205}}
Jan 18 17:06:08.283363 dv-cinder-733623-11-iscsi devstack@c-api.service[110204]: DEBUG cinder.api.extensions [-] Ext name: SnapshotManage {{(pid=110204) _check_extension /opt/stack/cinder/cinder/api/extensions.py:179}}
Jan 18 17:06:08.283363 dv-cinder-733623-11-iscsi devstack@c-api.service[110204]: DEBUG cinder.api.extensions [-] Ext alias: os-snapshot-manage {{(pid=110204) _check_extension /opt/stack/cinder/cinder/api/extensions.py:180}}
Jan 18 17:06:08.283363 dv-cinder-733623-11-iscsi devstack@c-api.service[110204]: DEBUG cinder.api.extensions [-] Ext description: Allows existing backend storage to be 'managed' by Cinder. {{(pid=110204) _check_extension /opt/stack/cinder/cinder/api/extensions.py:181}}
Jan 18 17:06:08.283363 dv-cinder-733623-11-iscsi devstack@c-api.service[110204]: DEBUG cinder.api.extensions [-] Ext updated: 2014-12-31T00:00:00+00:00 {{(pid=110204) _check_extension /opt/stack/cinder/cinder/api/extensions.py:183}}
Jan 18 17:06:08.283363 dv-cinder-733623-11-iscsi devstack@c-api.service[110204]: DEBUG cinder.api.extensions [-] Loaded extension: os-snapshot-manage {{(pid=110204) register /opt/stack/cinder/cinder/api/extensions.py:140}}
Jan 18 17:06:08.283363 dv-cinder-733623-11-iscsi devstack@c-api.service[110204]: DEBUG cinder.api.extensions [-] Loading extension cinder.api.contrib.used_limits.Used_limits {{(pid=110204) load_extension /opt/stack/cinder/cinder/api/extensions.py:199}}
Jan 18 17:06:08.286419 dv-cinder-733623-11-iscsi devstack@c-api.service[110204]: DEBUG cinder.api.extensions [-] Calling extension factory cinder.api.contrib.used_limits.Used_limits {{(pid=110204) load_extension /opt/stack/cinder/cinder/api/extensions.py:205}}
Jan 18 17:06:08.286419 dv-cinder-733623-11-iscsi devstack@c-api.service[110204]: DEBUG cinder.api.extensions [-] Ext name: UsedLimits {{(pid=110204) _check_extension /opt/stack/cinder/cinder/api/extensions.py:179}}
Jan 18 17:06:08.286419 dv-cinder-733623-11-iscsi devstack@c-api.service[110204]: DEBUG cinder.api.extensions [-] Ext alias: os-used-limits {{(pid=110204) _check_extension /opt/stack/cinder/cinder/api/extensions.py:180}}
Jan 18 17:06:08.286419 dv-cinder-733623-11-iscsi devstack@c-api.service[110204]: DEBUG cinder.api.extensions [-] Ext description: Provide data on limited resources that are being used. {{(pid=110204) _check_extension /opt/stack/cinder/cinder/api/extensions.py:181}}
Jan 18 17:06:08.286419 dv-cinder-733623-11-iscsi devstack@c-api.service[110204]: DEBUG cinder.api.extensions [-] Ext updated: 2013-10-03T00:00:00+00:00 {{(pid=110204) _check_extension /opt/stack/cinder/cinder/api/extensions.py:183}}
Jan 18 17:06:08.286419 dv-cinder-733623-11-iscsi devstack@c-api.service[110204]: DEBUG cinder.api.extensions [-] Loaded extension: os-used-limits {{(pid=110204) register /opt/stack/cinder/cinder/api/extensions.py:140}}
Jan 18 17:06:08.286419 dv-cinder-733623-11-iscsi devstack@c-api.service[110204]: DEBUG cinder.api.extensions [-] Loading extension cinder.api.contrib.availability_zones.Availability_zones {{(pid=110204) load_extension /opt/stack/cinder/cinder/api/extensions.py:199}}
Jan 18 17:06:08.286419 dv-cinder-733623-11-iscsi devstack@c-api.service[110204]: DEBUG cinder.api.extensions [-] Calling extension factory cinder.api.contrib.availability_zones.Availability_zones {{(pid=110204) load_extension /opt/stack/cinder/cinder/api/extensions.py:205}}
Jan 18 17:06:08.288801 dv-cinder-733623-11-iscsi devstack@c-api.service[110203]: DEBUG oslo_db.sqlalchemy.engines [None req-9d3a8412-98b5-474a-b76f-60455cc2ed30 None None] MySQL server mode set to STRICT_TRANS_TABLES,STRICT_ALL_TABLES,NO_ZERO_IN_DATE,NO_ZERO_DATE,ERROR_FOR_DIVISION_BY_ZERO,TRADITIONAL,NO_ENGINE_SUBSTITUTION {{(pid=110203) _check_effective_sql_mode /usr/local/lib/python3.8/dist-packages/oslo_db/sqlalchemy/engines.py:314}}
Jan 18 17:06:08.288950 dv-cinder-733623-11-iscsi devstack@c-api.service[110204]: DEBUG cinder.api.extensions [-] Ext name: AvailabilityZones {{(pid=110204) _check_extension /opt/stack/cinder/cinder/api/extensions.py:179}}
Jan 18 17:06:08.288950 dv-cinder-733623-11-iscsi devstack@c-api.service[110204]: DEBUG cinder.api.extensions [-] Ext alias: os-availability-zone {{(pid=110204) _check_extension /opt/stack/cinder/cinder/api/extensions.py:180}}
Jan 18 17:06:08.288950 dv-cinder-733623-11-iscsi devstack@c-api.service[110204]: DEBUG cinder.api.extensions [-] Ext description: Describe Availability Zones. {{(pid=110204) _check_extension /opt/stack/cinder/cinder/api/extensions.py:181}}
Jan 18 17:06:08.288950 dv-cinder-733623-11-iscsi devstack@c-api.service[110204]: DEBUG cinder.api.extensions [-] Ext updated: 2013-06-27T00:00:00+00:00 {{(pid=110204) _check_extension /opt/stack/cinder/cinder/api/extensions.py:183}}
Jan 18 17:06:08.288950 dv-cinder-733623-11-iscsi devstack@c-api.service[110204]: DEBUG cinder.api.extensions [-] Loaded extension: os-availability-zone {{(pid=110204) register /opt/stack/cinder/cinder/api/extensions.py:140}}
Jan 18 17:06:08.288950 dv-cinder-733623-11-iscsi devstack@c-api.service[110204]: DEBUG cinder.api.extensions [-] Loading extension cinder.api.contrib.cgsnapshots.Cgsnapshots {{(pid=110204) load_extension /opt/stack/cinder/cinder/api/extensions.py:199}}
Jan 18 17:06:08.288950 dv-cinder-733623-11-iscsi devstack@c-api.service[110204]: DEBUG cinder.api.extensions [-] Calling extension factory cinder.api.contrib.cgsnapshots.Cgsnapshots {{(pid=110204) load_extension /opt/stack/cinder/cinder/api/extensions.py:205}}
Jan 18 17:06:08.288950 dv-cinder-733623-11-iscsi devstack@c-api.service[110204]: DEBUG cinder.api.extensions [-] Ext name: Cgsnapshots {{(pid=110204) _check_extension /opt/stack/cinder/cinder/api/extensions.py:179}}
Jan 18 17:06:08.288950 dv-cinder-733623-11-iscsi devstack@c-api.service[110204]: DEBUG cinder.api.extensions [-] Ext alias: cgsnapshots {{(pid=110204) _check_extension /opt/stack/cinder/cinder/api/extensions.py:180}}
Jan 18 17:06:08.290264 dv-cinder-733623-11-iscsi devstack@c-api.service[110204]: DEBUG cinder.api.extensions [-] Ext description: cgsnapshots support. {{(pid=110204) _check_extension /opt/stack/cinder/cinder/api/extensions.py:181}}
Jan 18 17:06:08.290264 dv-cinder-733623-11-iscsi devstack@c-api.service[110204]: DEBUG cinder.api.extensions [-] Ext updated: 2014-08-18T00:00:00+00:00 {{(pid=110204) _check_extension /opt/stack/cinder/cinder/api/extensions.py:183}}
Jan 18 17:06:08.290264 dv-cinder-733623-11-iscsi devstack@c-api.service[110204]: DEBUG cinder.api.extensions [-] Loaded extension: cgsnapshots {{(pid=110204) register /opt/stack/cinder/cinder/api/extensions.py:140}}
Jan 18 17:06:08.290264 dv-cinder-733623-11-iscsi devstack@c-api.service[110204]: DEBUG cinder.api.extensions [-] Loading extension cinder.api.contrib.backups.Backups {{(pid=110204) load_extension /opt/stack/cinder/cinder/api/extensions.py:199}}
Jan 18 17:06:08.290264 dv-cinder-733623-11-iscsi devstack@c-api.service[110204]: DEBUG cinder.api.extensions [-] Calling extension factory cinder.api.contrib.backups.Backups {{(pid=110204) load_extension /opt/stack/cinder/cinder/api/extensions.py:205}}
Jan 18 17:06:08.290264 dv-cinder-733623-11-iscsi devstack@c-api.service[110204]: DEBUG cinder.api.extensions [-] Ext name: Backups {{(pid=110204) _check_extension /opt/stack/cinder/cinder/api/extensions.py:179}}
Jan 18 17:06:08.290264 dv-cinder-733623-11-iscsi devstack@c-api.service[110204]: DEBUG cinder.api.extensions [-] Ext alias: backups {{(pid=110204) _check_extension /opt/stack/cinder/cinder/api/extensions.py:180}}
Jan 18 17:06:08.290264 dv-cinder-733623-11-iscsi devstack@c-api.service[110204]: DEBUG cinder.api.extensions [-] Ext description: Backups support. {{(pid=110204) _check_extension /opt/stack/cinder/cinder/api/extensions.py:181}}
Jan 18 17:06:08.290264 dv-cinder-733623-11-iscsi devstack@c-api.service[110204]: DEBUG cinder.api.extensions [-] Ext updated: 2012-12-12T00:00:00+00:00 {{(pid=110204) _check_extension /opt/stack/cinder/cinder/api/extensions.py:183}}
Jan 18 17:06:08.291354 dv-cinder-733623-11-iscsi devstack@c-api.service[110204]: DEBUG cinder.api.extensions [-] Loaded extension: backups {{(pid=110204) register /opt/stack/cinder/cinder/api/extensions.py:140}}
Jan 18 17:06:08.291354 dv-cinder-733623-11-iscsi devstack@c-api.service[110204]: DEBUG cinder.api.extensions [-] Loading extension cinder.api.contrib.consistencygroups.Consistencygroups {{(pid=110204) load_extension /opt/stack/cinder/cinder/api/extensions.py:199}}
Jan 18 17:06:08.291354 dv-cinder-733623-11-iscsi devstack@c-api.service[110204]: DEBUG cinder.api.extensions [-] Calling extension factory cinder.api.contrib.consistencygroups.Consistencygroups {{(pid=110204) load_extension /opt/stack/cinder/cinder/api/extensions.py:205}}
Jan 18 17:06:08.291354 dv-cinder-733623-11-iscsi devstack@c-api.service[110204]: DEBUG cinder.api.extensions [-] Ext name: Consistencygroups {{(pid=110204) _check_extension /opt/stack/cinder/cinder/api/extensions.py:179}}
Jan 18 17:06:08.291354 dv-cinder-733623-11-iscsi devstack@c-api.service[110204]: DEBUG cinder.api.extensions [-] Ext alias: consistencygroups {{(pid=110204) _check_extension /opt/stack/cinder/cinder/api/extensions.py:180}}
Jan 18 17:06:08.291354 dv-cinder-733623-11-iscsi devstack@c-api.service[110204]: DEBUG cinder.api.extensions [-] Ext description: consistency groups support. {{(pid=110204) _check_extension /opt/stack/cinder/cinder/api/extensions.py:181}}
Jan 18 17:06:08.291354 dv-cinder-733623-11-iscsi devstack@c-api.service[110204]: DEBUG cinder.api.extensions [-] Ext updated: 2014-08-18T00:00:00+00:00 {{(pid=110204) _check_extension /opt/stack/cinder/cinder/api/extensions.py:183}}
Jan 18 17:06:08.291354 dv-cinder-733623-11-iscsi devstack@c-api.service[110204]: DEBUG cinder.api.extensions [-] Loaded extension: consistencygroups {{(pid=110204) register /opt/stack/cinder/cinder/api/extensions.py:140}}
Jan 18 17:06:08.291354 dv-cinder-733623-11-iscsi devstack@c-api.service[110204]: DEBUG cinder.api.extensions [-] Loading extension cinder.api.contrib.volume_host_attribute.Volume_host_attribute {{(pid=110204) load_extension /opt/stack/cinder/cinder/api/extensions.py:199}}
Jan 18 17:06:08.291923 dv-cinder-733623-11-iscsi devstack@c-api.service[110204]: DEBUG cinder.api.extensions [-] Calling extension factory cinder.api.contrib.volume_host_attribute.Volume_host_attribute {{(pid=110204) load_extension /opt/stack/cinder/cinder/api/extensions.py:205}}
Jan 18 17:06:08.291923 dv-cinder-733623-11-iscsi devstack@c-api.service[110204]: DEBUG cinder.api.extensions [-] Ext name: VolumeHostAttribute {{(pid=110204) _check_extension /opt/stack/cinder/cinder/api/extensions.py:179}}
Jan 18 17:06:08.291923 dv-cinder-733623-11-iscsi devstack@c-api.service[110204]: DEBUG cinder.api.extensions [-] Ext alias: os-vol-host-attr {{(pid=110204) _check_extension /opt/stack/cinder/cinder/api/extensions.py:180}}
Jan 18 17:06:08.291923 dv-cinder-733623-11-iscsi devstack@c-api.service[110204]: DEBUG cinder.api.extensions [-] Ext description: Expose host as an attribute of a volume. {{(pid=110204) _check_extension /opt/stack/cinder/cinder/api/extensions.py:181}}
Jan 18 17:06:08.291923 dv-cinder-733623-11-iscsi devstack@c-api.service[110204]: DEBUG cinder.api.extensions [-] Ext updated: 2011-11-03T00:00:00+00:00 {{(pid=110204) _check_extension /opt/stack/cinder/cinder/api/extensions.py:183}}
Jan 18 17:06:08.292350 dv-cinder-733623-11-iscsi devstack@c-api.service[110204]: DEBUG cinder.api.extensions [-] Loaded extension: os-vol-host-attr {{(pid=110204) register /opt/stack/cinder/cinder/api/extensions.py:140}}
Jan 18 17:06:08.292683 dv-cinder-733623-11-iscsi devstack@c-api.service[110204]: DEBUG cinder.api.extensions [-] Loading extension cinder.api.contrib.scheduler_stats.Scheduler_stats {{(pid=110204) load_extension /opt/stack/cinder/cinder/api/extensions.py:199}}
Jan 18 17:06:08.292968 dv-cinder-733623-11-iscsi devstack@c-api.service[110204]: DEBUG cinder.api.extensions [-] Calling extension factory cinder.api.contrib.scheduler_stats.Scheduler_stats {{(pid=110204) load_extension /opt/stack/cinder/cinder/api/extensions.py:205}}
Jan 18 17:06:08.293724 dv-cinder-733623-11-iscsi devstack@c-api.service[110204]: DEBUG cinder.api.extensions [-] Ext name: Scheduler_stats {{(pid=110204) _check_extension /opt/stack/cinder/cinder/api/extensions.py:179}}
Jan 18 17:06:08.293724 dv-cinder-733623-11-iscsi devstack@c-api.service[110204]: DEBUG cinder.api.extensions [-] Ext alias: scheduler-stats {{(pid=110204) _check_extension /opt/stack/cinder/cinder/api/extensions.py:180}}
Jan 18 17:06:08.293724 dv-cinder-733623-11-iscsi devstack@c-api.service[110204]: DEBUG cinder.api.extensions [-] Ext description: Scheduler stats support. {{(pid=110204) _check_extension /opt/stack/cinder/cinder/api/extensions.py:181}}
Jan 18 17:06:08.293932 dv-cinder-733623-11-iscsi devstack@c-api.service[110204]: DEBUG cinder.api.extensions [-] Ext updated: 2014-09-07T00:00:00+00:00 {{(pid=110204) _check_extension /opt/stack/cinder/cinder/api/extensions.py:183}}
Jan 18 17:06:08.294200 dv-cinder-733623-11-iscsi devstack@c-api.service[110204]: DEBUG cinder.api.extensions [-] Loaded extension: scheduler-stats {{(pid=110204) register /opt/stack/cinder/cinder/api/extensions.py:140}}
Jan 18 17:06:08.295533 dv-cinder-733623-11-iscsi devstack@c-api.service[110204]: /usr/local/lib/python3.8/dist-packages/oslo_db/sqlalchemy/enginefacade.py:355: OsloDBDeprecationWarning: EngineFacade is deprecated; please use oslo_db.sqlalchemy.enginefacade
Jan 18 17:06:08.295533 dv-cinder-733623-11-iscsi devstack@c-api.service[110204]: self._legacy_facade = LegacyEngineFacade(None, _factory=self)
Jan 18 17:06:08.319892 dv-cinder-733623-11-iscsi devstack@c-api.service[110204]: DEBUG oslo_db.sqlalchemy.engines [None req-ef601c31-5289-4c91-8c40-03872351fc5f None None] MySQL server mode set to STRICT_TRANS_TABLES,STRICT_ALL_TABLES,NO_ZERO_IN_DATE,NO_ZERO_DATE,ERROR_FOR_DIVISION_BY_ZERO,TRADITIONAL,NO_ENGINE_SUBSTITUTION {{(pid=110204) _check_effective_sql_mode /usr/local/lib/python3.8/dist-packages/oslo_db/sqlalchemy/engines.py:314}}
Jan 18 17:06:08.633855 dv-cinder-733623-11-iscsi devstack@c-api.service[110203]: INFO cinder.rpc [None req-9d3a8412-98b5-474a-b76f-60455cc2ed30 None None] Automatically selected cinder-scheduler objects version 1.39 as minimum service version.
Jan 18 17:06:08.638084 dv-cinder-733623-11-iscsi devstack@c-api.service[110203]: INFO cinder.rpc [None req-9d3a8412-98b5-474a-b76f-60455cc2ed30 None None] Automatically selected cinder-scheduler RPC version 3.12 as minimum service version.
Jan 18 17:06:08.641967 dv-cinder-733623-11-iscsi devstack@c-api.service[110203]: INFO cinder.rpc [None req-9d3a8412-98b5-474a-b76f-60455cc2ed30 None None] Automatically selected cinder-volume objects version 1.39 as minimum service version.
Jan 18 17:06:08.645604 dv-cinder-733623-11-iscsi devstack@c-api.service[110203]: INFO cinder.rpc [None req-9d3a8412-98b5-474a-b76f-60455cc2ed30 None None] Automatically selected cinder-volume RPC version 3.16 as minimum service version.
Jan 18 17:06:08.646390 dv-cinder-733623-11-iscsi devstack@c-api.service[110203]: WARNING stevedore.named [None req-9d3a8412-98b5-474a-b76f-60455cc2ed30 None None] Could not load cinder.keymgr.conf_key_mgr.ConfKeyManager
Jan 18 17:06:08.646787 dv-cinder-733623-11-iscsi devstack@c-api.service[110203]: WARNING castellan.key_manager [None req-9d3a8412-98b5-474a-b76f-60455cc2ed30 None None] Deprecation Warning : cinder.keymgr.conf_key_mgr.ConfKeyManager is not a stevedore based driver, trying to load it as a class: stevedore.exception.NoMatches: No 'castellan.drivers' driver found, looking for 'cinder.keymgr.conf_key_mgr.ConfKeyManager'
Jan 18 17:06:08.662710 dv-cinder-733623-11-iscsi devstack@c-api.service[110204]: INFO cinder.rpc [None req-ef601c31-5289-4c91-8c40-03872351fc5f None None] Automatically selected cinder-scheduler objects version 1.39 as minimum service version.
Jan 18 17:06:08.667808 dv-cinder-733623-11-iscsi devstack@c-api.service[110204]: INFO cinder.rpc [None req-ef601c31-5289-4c91-8c40-03872351fc5f None None] Automatically selected cinder-scheduler RPC version 3.12 as minimum service version.
Jan 18 17:06:08.668735 dv-cinder-733623-11-iscsi devstack@c-api.service[110203]: WARNING cinder.keymgr.conf_key_mgr [None req-9d3a8412-98b5-474a-b76f-60455cc2ed30 None None] This key manager is insecure and is not recommended for production deployments: stevedore.exception.NoMatches: No 'castellan.drivers' driver found, looking for 'cinder.keymgr.conf_key_mgr.ConfKeyManager'
Jan 18 17:06:08.672323 dv-cinder-733623-11-iscsi devstack@c-api.service[110204]: INFO cinder.rpc [None req-ef601c31-5289-4c91-8c40-03872351fc5f None None] Automatically selected cinder-volume objects version 1.39 as minimum service version.
Jan 18 17:06:08.675221 dv-cinder-733623-11-iscsi devstack@c-api.service[110203]: DEBUG oslo_db.sqlalchemy.engines [None req-9d3a8412-98b5-474a-b76f-60455cc2ed30 None None] MySQL server mode set to STRICT_TRANS_TABLES,STRICT_ALL_TABLES,NO_ZERO_IN_DATE,NO_ZERO_DATE,ERROR_FOR_DIVISION_BY_ZERO,TRADITIONAL,NO_ENGINE_SUBSTITUTION {{(pid=110203) _check_effective_sql_mode /usr/local/lib/python3.8/dist-packages/oslo_db/sqlalchemy/engines.py:314}}
Jan 18 17:06:08.678136 dv-cinder-733623-11-iscsi devstack@c-api.service[110204]: INFO cinder.rpc [None req-ef601c31-5289-4c91-8c40-03872351fc5f None None] Automatically selected cinder-volume RPC version 3.16 as minimum service version.
Jan 18 17:06:08.679047 dv-cinder-733623-11-iscsi devstack@c-api.service[110204]: WARNING stevedore.named [None req-ef601c31-5289-4c91-8c40-03872351fc5f None None] Could not load cinder.keymgr.conf_key_mgr.ConfKeyManager
Jan 18 17:06:08.679391 dv-cinder-733623-11-iscsi devstack@c-api.service[110203]: INFO cinder.rpc [None req-9d3a8412-98b5-474a-b76f-60455cc2ed30 None None] Automatically selected cinder-backup objects version 1.39 as minimum service version.
Jan 18 17:06:08.679623 dv-cinder-733623-11-iscsi devstack@c-api.service[110204]: WARNING castellan.key_manager [None req-ef601c31-5289-4c91-8c40-03872351fc5f None None] Deprecation Warning : cinder.keymgr.conf_key_mgr.ConfKeyManager is not a stevedore based driver, trying to load it as a class: stevedore.exception.NoMatches: No 'castellan.drivers' driver found, looking for 'cinder.keymgr.conf_key_mgr.ConfKeyManager'
Jan 18 17:06:08.683359 dv-cinder-733623-11-iscsi devstack@c-api.service[110203]: INFO cinder.rpc [None req-9d3a8412-98b5-474a-b76f-60455cc2ed30 None None] Automatically selected cinder-backup RPC version 2.2 as minimum service version.
Jan 18 17:06:08.684329 dv-cinder-733623-11-iscsi devstack@c-api.service[110203]: WARNING stevedore.named [None req-9d3a8412-98b5-474a-b76f-60455cc2ed30 None None] Could not load cinder.keymgr.conf_key_mgr.ConfKeyManager
Jan 18 17:06:08.684904 dv-cinder-733623-11-iscsi devstack@c-api.service[110203]: WARNING castellan.key_manager [None req-9d3a8412-98b5-474a-b76f-60455cc2ed30 None None] Deprecation Warning : cinder.keymgr.conf_key_mgr.ConfKeyManager is not a stevedore based driver, trying to load it as a class: stevedore.exception.NoMatches: No 'castellan.drivers' driver found, looking for 'cinder.keymgr.conf_key_mgr.ConfKeyManager'
Jan 18 17:06:08.687210 dv-cinder-733623-11-iscsi devstack@c-api.service[110203]: WARNING stevedore.named [None req-9d3a8412-98b5-474a-b76f-60455cc2ed30 None None] Could not load cinder.keymgr.conf_key_mgr.ConfKeyManager
Jan 18 17:06:08.687630 dv-cinder-733623-11-iscsi devstack@c-api.service[110203]: WARNING castellan.key_manager [None req-9d3a8412-98b5-474a-b76f-60455cc2ed30 None None] Deprecation Warning : cinder.keymgr.conf_key_mgr.ConfKeyManager is not a stevedore based driver, trying to load it as a class: stevedore.exception.NoMatches: No 'castellan.drivers' driver found, looking for 'cinder.keymgr.conf_key_mgr.ConfKeyManager'
Jan 18 17:06:08.689209 dv-cinder-733623-11-iscsi devstack@c-api.service[110203]: WARNING stevedore.named [None req-9d3a8412-98b5-474a-b76f-60455cc2ed30 None None] Could not load cinder.keymgr.conf_key_mgr.ConfKeyManager
Jan 18 17:06:08.689629 dv-cinder-733623-11-iscsi devstack@c-api.service[110203]: WARNING castellan.key_manager [None req-9d3a8412-98b5-474a-b76f-60455cc2ed30 None None] Deprecation Warning : cinder.keymgr.conf_key_mgr.ConfKeyManager is not a stevedore based driver, trying to load it as a class: stevedore.exception.NoMatches: No 'castellan.drivers' driver found, looking for 'cinder.keymgr.conf_key_mgr.ConfKeyManager'
Jan 18 17:06:08.700860 dv-cinder-733623-11-iscsi devstack@c-api.service[110204]: WARNING cinder.keymgr.conf_key_mgr [None req-ef601c31-5289-4c91-8c40-03872351fc5f None None] This key manager is insecure and is not recommended for production deployments: stevedore.exception.NoMatches: No 'castellan.drivers' driver found, looking for 'cinder.keymgr.conf_key_mgr.ConfKeyManager'
Jan 18 17:06:08.702907 dv-cinder-733623-11-iscsi devstack@c-api.service[110203]: WARNING stevedore.named [None req-9d3a8412-98b5-474a-b76f-60455cc2ed30 None None] Could not load cinder.keymgr.conf_key_mgr.ConfKeyManager
Jan 18 17:06:08.703369 dv-cinder-733623-11-iscsi devstack@c-api.service[110203]: WARNING castellan.key_manager [None req-9d3a8412-98b5-474a-b76f-60455cc2ed30 None None] Deprecation Warning : cinder.keymgr.conf_key_mgr.ConfKeyManager is not a stevedore based driver, trying to load it as a class: stevedore.exception.NoMatches: No 'castellan.drivers' driver found, looking for 'cinder.keymgr.conf_key_mgr.ConfKeyManager'
Jan 18 17:06:08.707947 dv-cinder-733623-11-iscsi devstack@c-api.service[110203]: WARNING stevedore.named [None req-9d3a8412-98b5-474a-b76f-60455cc2ed30 None None] Could not load cinder.keymgr.conf_key_mgr.ConfKeyManager
Jan 18 17:06:08.708178 dv-cinder-733623-11-iscsi devstack@c-api.service[110204]: DEBUG oslo_db.sqlalchemy.engines [None req-ef601c31-5289-4c91-8c40-03872351fc5f None None] MySQL server mode set to STRICT_TRANS_TABLES,STRICT_ALL_TABLES,NO_ZERO_IN_DATE,NO_ZERO_DATE,ERROR_FOR_DIVISION_BY_ZERO,TRADITIONAL,NO_ENGINE_SUBSTITUTION {{(pid=110204) _check_effective_sql_mode /usr/local/lib/python3.8/dist-packages/oslo_db/sqlalchemy/engines.py:314}}
Jan 18 17:06:08.708496 dv-cinder-733623-11-iscsi devstack@c-api.service[110203]: WARNING castellan.key_manager [None req-9d3a8412-98b5-474a-b76f-60455cc2ed30 None None] Deprecation Warning : cinder.keymgr.conf_key_mgr.ConfKeyManager is not a stevedore based driver, trying to load it as a class: stevedore.exception.NoMatches: No 'castellan.drivers' driver found, looking for 'cinder.keymgr.conf_key_mgr.ConfKeyManager'
Jan 18 17:06:08.712432 dv-cinder-733623-11-iscsi devstack@c-api.service[110204]: INFO cinder.rpc [None req-ef601c31-5289-4c91-8c40-03872351fc5f None None] Automatically selected cinder-backup objects version 1.39 as minimum service version.
Jan 18 17:06:08.712569 dv-cinder-733623-11-iscsi devstack@c-api.service[110203]: WARNING stevedore.named [None req-9d3a8412-98b5-474a-b76f-60455cc2ed30 None None] Could not load cinder.keymgr.conf_key_mgr.ConfKeyManager
Jan 18 17:06:08.713552 dv-cinder-733623-11-iscsi devstack@c-api.service[110203]: WARNING castellan.key_manager [None req-9d3a8412-98b5-474a-b76f-60455cc2ed30 None None] Deprecation Warning : cinder.keymgr.conf_key_mgr.ConfKeyManager is not a stevedore based driver, trying to load it as a class: stevedore.exception.NoMatches: No 'castellan.drivers' driver found, looking for 'cinder.keymgr.conf_key_mgr.ConfKeyManager'
Jan 18 17:06:08.717579 dv-cinder-733623-11-iscsi devstack@c-api.service[110204]: INFO cinder.rpc [None req-ef601c31-5289-4c91-8c40-03872351fc5f None None] Automatically selected cinder-backup RPC version 2.2 as minimum service version.
Jan 18 17:06:08.718555 dv-cinder-733623-11-iscsi devstack@c-api.service[110204]: WARNING stevedore.named [None req-ef601c31-5289-4c91-8c40-03872351fc5f None None] Could not load cinder.keymgr.conf_key_mgr.ConfKeyManager
Jan 18 17:06:08.719038 dv-cinder-733623-11-iscsi devstack@c-api.service[110204]: WARNING castellan.key_manager [None req-ef601c31-5289-4c91-8c40-03872351fc5f None None] Deprecation Warning : cinder.keymgr.conf_key_mgr.ConfKeyManager is not a stevedore based driver, trying to load it as a class: stevedore.exception.NoMatches: No 'castellan.drivers' driver found, looking for 'cinder.keymgr.conf_key_mgr.ConfKeyManager'
Jan 18 17:06:08.719272 dv-cinder-733623-11-iscsi devstack@c-api.service[110203]: WARNING stevedore.named [None req-9d3a8412-98b5-474a-b76f-60455cc2ed30 None None] Could not load cinder.keymgr.conf_key_mgr.ConfKeyManager
Jan 18 17:06:08.719655 dv-cinder-733623-11-iscsi devstack@c-api.service[110203]: WARNING castellan.key_manager [None req-9d3a8412-98b5-474a-b76f-60455cc2ed30 None None] Deprecation Warning : cinder.keymgr.conf_key_mgr.ConfKeyManager is not a stevedore based driver, trying to load it as a class: stevedore.exception.NoMatches: No 'castellan.drivers' driver found, looking for 'cinder.keymgr.conf_key_mgr.ConfKeyManager'
Jan 18 17:06:08.721687 dv-cinder-733623-11-iscsi devstack@c-api.service[110204]: WARNING stevedore.named [None req-ef601c31-5289-4c91-8c40-03872351fc5f None None] Could not load cinder.keymgr.conf_key_mgr.ConfKeyManager
Jan 18 17:06:08.722110 dv-cinder-733623-11-iscsi devstack@c-api.service[110204]: WARNING castellan.key_manager [None req-ef601c31-5289-4c91-8c40-03872351fc5f None None] Deprecation Warning : cinder.keymgr.conf_key_mgr.ConfKeyManager is not a stevedore based driver, trying to load it as a class: stevedore.exception.NoMatches: No 'castellan.drivers' driver found, looking for 'cinder.keymgr.conf_key_mgr.ConfKeyManager'
Jan 18 17:06:08.723225 dv-cinder-733623-11-iscsi devstack@c-api.service[110203]: WARNING stevedore.named [None req-9d3a8412-98b5-474a-b76f-60455cc2ed30 None None] Could not load cinder.keymgr.conf_key_mgr.ConfKeyManager
Jan 18 17:06:08.723593 dv-cinder-733623-11-iscsi devstack@c-api.service[110203]: WARNING castellan.key_manager [None req-9d3a8412-98b5-474a-b76f-60455cc2ed30 None None] Deprecation Warning : cinder.keymgr.conf_key_mgr.ConfKeyManager is not a stevedore based driver, trying to load it as a class: stevedore.exception.NoMatches: No 'castellan.drivers' driver found, looking for 'cinder.keymgr.conf_key_mgr.ConfKeyManager'
Jan 18 17:06:08.723867 dv-cinder-733623-11-iscsi devstack@c-api.service[110204]: WARNING stevedore.named [None req-ef601c31-5289-4c91-8c40-03872351fc5f None None] Could not load cinder.keymgr.conf_key_mgr.ConfKeyManager
Jan 18 17:06:08.724287 dv-cinder-733623-11-iscsi devstack@c-api.service[110204]: WARNING castellan.key_manager [None req-ef601c31-5289-4c91-8c40-03872351fc5f None None] Deprecation Warning : cinder.keymgr.conf_key_mgr.ConfKeyManager is not a stevedore based driver, trying to load it as a class: stevedore.exception.NoMatches: No 'castellan.drivers' driver found, looking for 'cinder.keymgr.conf_key_mgr.ConfKeyManager'
Jan 18 17:06:08.727134 dv-cinder-733623-11-iscsi devstack@c-api.service[110203]: WARNING stevedore.named [None req-9d3a8412-98b5-474a-b76f-60455cc2ed30 None None] Could not load cinder.keymgr.conf_key_mgr.ConfKeyManager
Jan 18 17:06:08.727510 dv-cinder-733623-11-iscsi devstack@c-api.service[110203]: WARNING castellan.key_manager [None req-9d3a8412-98b5-474a-b76f-60455cc2ed30 None None] Deprecation Warning : cinder.keymgr.conf_key_mgr.ConfKeyManager is not a stevedore based driver, trying to load it as a class: stevedore.exception.NoMatches: No 'castellan.drivers' driver found, looking for 'cinder.keymgr.conf_key_mgr.ConfKeyManager'
Jan 18 17:06:08.732147 dv-cinder-733623-11-iscsi devstack@c-api.service[110203]: WARNING stevedore.named [None req-9d3a8412-98b5-474a-b76f-60455cc2ed30 None None] Could not load cinder.keymgr.conf_key_mgr.ConfKeyManager
Jan 18 17:06:08.732523 dv-cinder-733623-11-iscsi devstack@c-api.service[110203]: WARNING castellan.key_manager [None req-9d3a8412-98b5-474a-b76f-60455cc2ed30 None None] Deprecation Warning : cinder.keymgr.conf_key_mgr.ConfKeyManager is not a stevedore based driver, trying to load it as a class: stevedore.exception.NoMatches: No 'castellan.drivers' driver found, looking for 'cinder.keymgr.conf_key_mgr.ConfKeyManager'
Jan 18 17:06:08.735942 dv-cinder-733623-11-iscsi devstack@c-api.service[110203]: WARNING stevedore.named [None req-9d3a8412-98b5-474a-b76f-60455cc2ed30 None None] Could not load cinder.keymgr.conf_key_mgr.ConfKeyManager
Jan 18 17:06:08.736305 dv-cinder-733623-11-iscsi devstack@c-api.service[110203]: WARNING castellan.key_manager [None req-9d3a8412-98b5-474a-b76f-60455cc2ed30 None None] Deprecation Warning : cinder.keymgr.conf_key_mgr.ConfKeyManager is not a stevedore based driver, trying to load it as a class: stevedore.exception.NoMatches: No 'castellan.drivers' driver found, looking for 'cinder.keymgr.conf_key_mgr.ConfKeyManager'
Jan 18 17:06:08.738924 dv-cinder-733623-11-iscsi devstack@c-api.service[110204]: WARNING stevedore.named [None req-ef601c31-5289-4c91-8c40-03872351fc5f None None] Could not load cinder.keymgr.conf_key_mgr.ConfKeyManager
Jan 18 17:06:08.739395 dv-cinder-733623-11-iscsi devstack@c-api.service[110204]: WARNING castellan.key_manager [None req-ef601c31-5289-4c91-8c40-03872351fc5f None None] Deprecation Warning : cinder.keymgr.conf_key_mgr.ConfKeyManager is not a stevedore based driver, trying to load it as a class: stevedore.exception.NoMatches: No 'castellan.drivers' driver found, looking for 'cinder.keymgr.conf_key_mgr.ConfKeyManager'
Jan 18 17:06:08.739759 dv-cinder-733623-11-iscsi devstack@c-api.service[110203]: WARNING stevedore.named [None req-9d3a8412-98b5-474a-b76f-60455cc2ed30 None None] Could not load cinder.keymgr.conf_key_mgr.ConfKeyManager
Jan 18 17:06:08.740124 dv-cinder-733623-11-iscsi devstack@c-api.service[110203]: WARNING castellan.key_manager [None req-9d3a8412-98b5-474a-b76f-60455cc2ed30 None None] Deprecation Warning : cinder.keymgr.conf_key_mgr.ConfKeyManager is not a stevedore based driver, trying to load it as a class: stevedore.exception.NoMatches: No 'castellan.drivers' driver found, looking for 'cinder.keymgr.conf_key_mgr.ConfKeyManager'
Jan 18 17:06:08.742053 dv-cinder-733623-11-iscsi devstack@c-api.service[110203]: WARNING stevedore.named [None req-9d3a8412-98b5-474a-b76f-60455cc2ed30 None None] Could not load cinder.keymgr.conf_key_mgr.ConfKeyManager
Jan 18 17:06:08.742410 dv-cinder-733623-11-iscsi devstack@c-api.service[110203]: WARNING castellan.key_manager [None req-9d3a8412-98b5-474a-b76f-60455cc2ed30 None None] Deprecation Warning : cinder.keymgr.conf_key_mgr.ConfKeyManager is not a stevedore based driver, trying to load it as a class: stevedore.exception.NoMatches: No 'castellan.drivers' driver found, looking for 'cinder.keymgr.conf_key_mgr.ConfKeyManager'
Jan 18 17:06:08.743780 dv-cinder-733623-11-iscsi devstack@c-api.service[110204]: WARNING stevedore.named [None req-ef601c31-5289-4c91-8c40-03872351fc5f None None] Could not load cinder.keymgr.conf_key_mgr.ConfKeyManager
Jan 18 17:06:08.744314 dv-cinder-733623-11-iscsi devstack@c-api.service[110204]: WARNING castellan.key_manager [None req-ef601c31-5289-4c91-8c40-03872351fc5f None None] Deprecation Warning : cinder.keymgr.conf_key_mgr.ConfKeyManager is not a stevedore based driver, trying to load it as a class: stevedore.exception.NoMatches: No 'castellan.drivers' driver found, looking for 'cinder.keymgr.conf_key_mgr.ConfKeyManager'
Jan 18 17:06:08.746155 dv-cinder-733623-11-iscsi devstack@c-api.service[110203]: WARNING stevedore.named [None req-9d3a8412-98b5-474a-b76f-60455cc2ed30 None None] Could not load cinder.keymgr.conf_key_mgr.ConfKeyManager
Jan 18 17:06:08.746525 dv-cinder-733623-11-iscsi devstack@c-api.service[110203]: WARNING castellan.key_manager [None req-9d3a8412-98b5-474a-b76f-60455cc2ed30 None None] Deprecation Warning : cinder.keymgr.conf_key_mgr.ConfKeyManager is not a stevedore based driver, trying to load it as a class: stevedore.exception.NoMatches: No 'castellan.drivers' driver found, looking for 'cinder.keymgr.conf_key_mgr.ConfKeyManager'
Jan 18 17:06:08.748645 dv-cinder-733623-11-iscsi devstack@c-api.service[110204]: WARNING stevedore.named [None req-ef601c31-5289-4c91-8c40-03872351fc5f None None] Could not load cinder.keymgr.conf_key_mgr.ConfKeyManager
Jan 18 17:06:08.749071 dv-cinder-733623-11-iscsi devstack@c-api.service[110204]: WARNING castellan.key_manager [None req-ef601c31-5289-4c91-8c40-03872351fc5f None None] Deprecation Warning : cinder.keymgr.conf_key_mgr.ConfKeyManager is not a stevedore based driver, trying to load it as a class: stevedore.exception.NoMatches: No 'castellan.drivers' driver found, looking for 'cinder.keymgr.conf_key_mgr.ConfKeyManager'
Jan 18 17:06:08.753314 dv-cinder-733623-11-iscsi devstack@c-api.service[110203]: WARNING stevedore.named [None req-9d3a8412-98b5-474a-b76f-60455cc2ed30 None None] Could not load cinder.keymgr.conf_key_mgr.ConfKeyManager
Jan 18 17:06:08.753672 dv-cinder-733623-11-iscsi devstack@c-api.service[110203]: WARNING castellan.key_manager [None req-9d3a8412-98b5-474a-b76f-60455cc2ed30 None None] Deprecation Warning : cinder.keymgr.conf_key_mgr.ConfKeyManager is not a stevedore based driver, trying to load it as a class: stevedore.exception.NoMatches: No 'castellan.drivers' driver found, looking for 'cinder.keymgr.conf_key_mgr.ConfKeyManager'
Jan 18 17:06:08.754251 dv-cinder-733623-11-iscsi devstack@c-api.service[110204]: WARNING stevedore.named [None req-ef601c31-5289-4c91-8c40-03872351fc5f None None] Could not load cinder.keymgr.conf_key_mgr.ConfKeyManager
Jan 18 17:06:08.754690 dv-cinder-733623-11-iscsi devstack@c-api.service[110204]: WARNING castellan.key_manager [None req-ef601c31-5289-4c91-8c40-03872351fc5f None None] Deprecation Warning : cinder.keymgr.conf_key_mgr.ConfKeyManager is not a stevedore based driver, trying to load it as a class: stevedore.exception.NoMatches: No 'castellan.drivers' driver found, looking for 'cinder.keymgr.conf_key_mgr.ConfKeyManager'
Jan 18 17:06:08.758093 dv-cinder-733623-11-iscsi devstack@c-api.service[110203]: WARNING stevedore.named [None req-9d3a8412-98b5-474a-b76f-60455cc2ed30 None None] Could not load cinder.keymgr.conf_key_mgr.ConfKeyManager
Jan 18 17:06:08.758379 dv-cinder-733623-11-iscsi devstack@c-api.service[110204]: WARNING stevedore.named [None req-ef601c31-5289-4c91-8c40-03872351fc5f None None] Could not load cinder.keymgr.conf_key_mgr.ConfKeyManager
Jan 18 17:06:08.758497 dv-cinder-733623-11-iscsi devstack@c-api.service[110203]: WARNING castellan.key_manager [None req-9d3a8412-98b5-474a-b76f-60455cc2ed30 None None] Deprecation Warning : cinder.keymgr.conf_key_mgr.ConfKeyManager is not a stevedore based driver, trying to load it as a class: stevedore.exception.NoMatches: No 'castellan.drivers' driver found, looking for 'cinder.keymgr.conf_key_mgr.ConfKeyManager'
Jan 18 17:06:08.758855 dv-cinder-733623-11-iscsi devstack@c-api.service[110204]: WARNING castellan.key_manager [None req-ef601c31-5289-4c91-8c40-03872351fc5f None None] Deprecation Warning : cinder.keymgr.conf_key_mgr.ConfKeyManager is not a stevedore based driver, trying to load it as a class: stevedore.exception.NoMatches: No 'castellan.drivers' driver found, looking for 'cinder.keymgr.conf_key_mgr.ConfKeyManager'
Jan 18 17:06:08.760669 dv-cinder-733623-11-iscsi devstack@c-api.service[110203]: WARNING cinder.api.contrib.hosts [None req-9d3a8412-98b5-474a-b76f-60455cc2ed30 None None] Deprecated: The Host API is deprecated and will be be removed in a future version.
