Nov 18 16:38:03.392749 dv-cinder-733622-22-iscsi devstack@c-api.service[110919]: DEBUG cinder.volume.api [None req-39954a97-f5d9-4c3f-88fa-7a1806aa46e2 tempest-VolumesActionsTest-2038460963 tempest-VolumesActionsTest-2038460963-project] Task 'cinder.volume.flows.api.create_volume.QuotaReserveTask;volume:create' (078803a6-4993-4949-adb3-059f2c218a9f) transitioned into state 'SUCCESS' from state 'RUNNING' with result '{'reservations': ['87e6ab85-d265-4ecf-be4d-42dd9e6441ed', '4a42e776-0c81-436f-aab8-141962b03850', '8cc24beb-9dda-4aac-86f5-72deb42774e3', 'c1a55115-efba-4ee9-918f-bf97f5237c00']}' {{(pid=110919) _task_receiver /usr/local/lib/python3.8/dist-packages/taskflow/listeners/logging.py:178}}
Nov 18 16:38:03.395078 dv-cinder-733622-22-iscsi devstack@c-api.service[110919]: DEBUG cinder.volume.api [None req-39954a97-f5d9-4c3f-88fa-7a1806aa46e2 tempest-VolumesActionsTest-2038460963 tempest-VolumesActionsTest-2038460963-project] Task 'cinder.volume.flows.api.create_volume.EntryCreateTask;volume:create' (e4633380-b528-4283-b052-71255f4da8aa) transitioned into state 'RUNNING' from state 'PENDING' {{(pid=110919) _task_receiver /usr/local/lib/python3.8/dist-packages/taskflow/listeners/logging.py:190}}
Nov 18 16:38:03.436510 dv-cinder-733622-22-iscsi devstack@c-api.service[110919]: DEBUG cinder.volume.api [None req-39954a97-f5d9-4c3f-88fa-7a1806aa46e2 tempest-VolumesActionsTest-2038460963 tempest-VolumesActionsTest-2038460963-project] Task 'cinder.volume.flows.api.create_volume.EntryCreateTask;volume:create' (e4633380-b528-4283-b052-71255f4da8aa) transitioned into state 'SUCCESS' from state 'RUNNING' with result '{'volume_id': '68362c55-03d8-4bd9-84d1-10cd793150c7', 'volume_properties': VolumeProperties(attach_status='detached',availability_zone='nova',cgsnapshot_id=None,consistencygroup_id=None,display_description=None,display_name='tempest-VolumesActionsTest-Volume-673188536',encryption_key_id=None,group_id=None,group_type_id=,metadata={},multiattach=False,project_id='fb72401b53214966991c572447ced76b',qos_specs=None,replication_status=,reservations=['87e6ab85-d265-4ecf-be4d-42dd9e6441ed','4a42e776-0c81-436f-aab8-141962b03850','8cc24beb-9dda-4aac-86f5-72deb42774e3','c1a55115-efba-4ee9-918f-bf97f5237c00'],size=1,snapshot_id=None,source_replicaid=,source_volid=None,status='creating',user_id='6a506eaf9bf645d08e2ea977f394b6bd',volume_type_id=f8c326be-0e22-4e3c-8492-b9e6bdf33974), 'volume': Volume(_name_id=None,admin_metadata=,attach_status='detached',availability_zone='nova',bootable=False,cluster=,cluster_name=None,consistencygroup=,consistencygroup_id=None,created_at=2021-11-18T16:38:03Z,deleted=False,deleted_at=None,display_description=None,display_name='tempest-VolumesActionsTest-Volume-673188536',ec2_id=None,encryption_key_id=None,glance_metadata=,group=,group_id=None,host=None,id=68362c55-03d8-4bd9-84d1-10cd793150c7,launched_at=None,metadata={},migration_status=None,multiattach=False,previous_status=None,project_id='fb72401b53214966991c572447ced76b',provider_auth=None,provider_geometry=None,provider_id=None,provider_location=None,replication_driver_data=None,replication_extended_status=None,replication_status=None,scheduled_at=None,service_uuid=None,shared_targets=True,size=1,snapshot_id=None,snapshots=,source_volid=None,status='creating',terminated_at=None,updated_at=None,use_quota=True,user_id='6a506eaf9bf645d08e2ea977f394b6bd',volume_attachment=VolumeAttachmentList,volume_type=VolumeType(f8c326be-0e22-4e3c-8492-b9e6bdf33974),volume_type_id=f8c326be-0e22-4e3c-8492-b9e6bdf33974)}' {{(pid=110919) _task_receiver /usr/local/lib/python3.8/dist-packages/taskflow/listeners/logging.py:178}}
Nov 18 16:38:03.441039 dv-cinder-733622-22-iscsi devstack@c-api.service[110919]: DEBUG cinder.volume.api [None req-39954a97-f5d9-4c3f-88fa-7a1806aa46e2 tempest-VolumesActionsTest-2038460963 tempest-VolumesActionsTest-2038460963-project] Task 'cinder.volume.flows.api.create_volume.QuotaCommitTask;volume:create' (f8de8c7e-3966-4ef0-9874-e801c2fd7e08) transitioned into state 'RUNNING' from state 'PENDING' {{(pid=110919) _task_receiver /usr/local/lib/python3.8/dist-packages/taskflow/listeners/logging.py:190}}
Nov 18 16:38:03.481885 dv-cinder-733622-22-iscsi devstack@c-api.service[110919]: DEBUG cinder.volume.api [None req-39954a97-f5d9-4c3f-88fa-7a1806aa46e2 tempest-VolumesActionsTest-2038460963 tempest-VolumesActionsTest-2038460963-project] Task 'cinder.volume.flows.api.create_volume.QuotaCommitTask;volume:create' (f8de8c7e-3966-4ef0-9874-e801c2fd7e08) transitioned into state 'SUCCESS' from state 'RUNNING' with result '{'volume_properties': VolumeProperties(attach_status='detached',availability_zone='nova',cgsnapshot_id=None,consistencygroup_id=None,display_description=None,display_name='tempest-VolumesActionsTest-Volume-673188536',encryption_key_id=None,group_id=None,group_type_id=,metadata={},multiattach=False,project_id='fb72401b53214966991c572447ced76b',qos_specs=None,replication_status=,reservations=['87e6ab85-d265-4ecf-be4d-42dd9e6441ed','4a42e776-0c81-436f-aab8-141962b03850','8cc24beb-9dda-4aac-86f5-72deb42774e3','c1a55115-efba-4ee9-918f-bf97f5237c00'],size=1,snapshot_id=None,source_replicaid=,source_volid=None,status='creating',user_id='6a506eaf9bf645d08e2ea977f394b6bd',volume_type_id=f8c326be-0e22-4e3c-8492-b9e6bdf33974)}' {{(pid=110919) _task_receiver /usr/local/lib/python3.8/dist-packages/taskflow/listeners/logging.py:178}}
Nov 18 16:38:03.484152 dv-cinder-733622-22-iscsi devstack@c-api.service[110919]: DEBUG cinder.volume.api [None req-39954a97-f5d9-4c3f-88fa-7a1806aa46e2 tempest-VolumesActionsTest-2038460963 tempest-VolumesActionsTest-2038460963-project] Task 'cinder.volume.flows.api.create_volume.VolumeCastTask;volume:create' (b20bf618-d30c-4cb6-b62c-d8482f2496c3) transitioned into state 'RUNNING' from state 'PENDING' {{(pid=110919) _task_receiver /usr/local/lib/python3.8/dist-packages/taskflow/listeners/logging.py:190}}
Nov 18 16:38:03.502762 dv-cinder-733622-22-iscsi devstack@c-api.service[110919]: DEBUG cinder.volume.api [None req-39954a97-f5d9-4c3f-88fa-7a1806aa46e2 tempest-VolumesActionsTest-2038460963 tempest-VolumesActionsTest-2038460963-project] Task 'cinder.volume.flows.api.create_volume.VolumeCastTask;volume:create' (b20bf618-d30c-4cb6-b62c-d8482f2496c3) transitioned into state 'SUCCESS' from state 'RUNNING' with result 'None' {{(pid=110919) _task_receiver /usr/local/lib/python3.8/dist-packages/taskflow/listeners/logging.py:178}}
Nov 18 16:38:03.505014 dv-cinder-733622-22-iscsi devstack@c-api.service[110919]: DEBUG cinder.volume.api [None req-39954a97-f5d9-4c3f-88fa-7a1806aa46e2 tempest-VolumesActionsTest-2038460963 tempest-VolumesActionsTest-2038460963-project] Flow 'volume_create_api' (3a14899f-4c06-44d5-a5d9-f579a83c41f1) transitioned into state 'SUCCESS' from state 'RUNNING' {{(pid=110919) _flow_receiver /usr/local/lib/python3.8/dist-packages/taskflow/listeners/logging.py:141}}
Nov 18 16:38:03.506003 dv-cinder-733622-22-iscsi devstack@c-api.service[110919]: INFO cinder.volume.api [None req-39954a97-f5d9-4c3f-88fa-7a1806aa46e2 tempest-VolumesActionsTest-2038460963 tempest-VolumesActionsTest-2038460963-project] Create volume request issued successfully.
Nov 18 16:38:03.507854 dv-cinder-733622-22-iscsi devstack@c-api.service[110919]: INFO cinder.api.openstack.wsgi [None req-39954a97-f5d9-4c3f-88fa-7a1806aa46e2 tempest-VolumesActionsTest-2038460963 tempest-VolumesActionsTest-2038460963-project] http://10.222.0.37/volume/v3/fb72401b53214966991c572447ced76b/volumes returned with HTTP 202
Nov 18 16:38:03.519237 dv-cinder-733622-22-iscsi devstack@c-api.service[110919]: [pid: 110919|app: 0|req: 111/218] 10.222.0.37 () {60 vars in 1234 bytes} [Thu Nov 18 16:38:03 2021] POST /volume/v3/fb72401b53214966991c572447ced76b/volumes => generated 817 bytes in 321 msecs (HTTP/1.1 202) 7 headers in 291 bytes (1 switches on core 0)
Nov 18 16:38:03.525483 dv-cinder-733622-22-iscsi devstack@c-api.service[110918]: INFO cinder.api.openstack.wsgi [None req-754fb3e6-ee26-4016-9836-e3490a99b54f tempest-VolumesActionsTest-2038460963 tempest-VolumesActionsTest-2038460963-project] GET http://10.222.0.37/volume/v3/fb72401b53214966991c572447ced76b/volumes/68362c55-03d8-4bd9-84d1-10cd793150c7
Nov 18 16:38:03.526191 dv-cinder-733622-22-iscsi devstack@c-api.service[110918]: DEBUG cinder.api.openstack.wsgi [None req-754fb3e6-ee26-4016-9836-e3490a99b54f tempest-VolumesActionsTest-2038460963 tempest-VolumesActionsTest-2038460963-project] Empty body provided in request {{(pid=110918) get_body /opt/stack/cinder/cinder/api/openstack/wsgi.py:703}}
Nov 18 16:38:03.526673 dv-cinder-733622-22-iscsi devstack@c-api.service[110918]: DEBUG cinder.api.openstack.wsgi [None req-754fb3e6-ee26-4016-9836-e3490a99b54f tempest-VolumesActionsTest-2038460963 tempest-VolumesActionsTest-2038460963-project] Calling method 'show' {{(pid=110918) _process_stack /opt/stack/cinder/cinder/api/openstack/wsgi.py:856}}
Nov 18 16:38:03.552367 dv-cinder-733622-22-iscsi devstack@c-api.service[110918]: /usr/local/lib/python3.8/dist-packages/oslo_context/context.py:105: DeprecationWarning: Policy enforcement is depending on the value of is_admin. This key is deprecated. Please update your policy file to use the standard policy values.
Nov 18 16:38:03.552367 dv-cinder-733622-22-iscsi devstack@c-api.service[110918]: warnings.warn('Policy enforcement is depending on the value of '
Nov 18 16:38:03.568943 dv-cinder-733622-22-iscsi devstack@c-api.service[110918]: INFO cinder.volume.api [None req-754fb3e6-ee26-4016-9836-e3490a99b54f tempest-VolumesActionsTest-2038460963 tempest-VolumesActionsTest-2038460963-project] Volume info retrieved successfully.
Nov 18 16:38:03.580718 dv-cinder-733622-22-iscsi devstack@c-api.service[110918]: INFO cinder.api.openstack.wsgi [None req-754fb3e6-ee26-4016-9836-e3490a99b54f tempest-VolumesActionsTest-2038460963 tempest-VolumesActionsTest-2038460963-project] http://10.222.0.37/volume/v3/fb72401b53214966991c572447ced76b/volumes/68362c55-03d8-4bd9-84d1-10cd793150c7 returned with HTTP 200
Nov 18 16:38:03.581788 dv-cinder-733622-22-iscsi devstack@c-api.service[110918]: [pid: 110918|app: 0|req: 108/219] 10.222.0.37 () {58 vars in 1324 bytes} [Thu Nov 18 16:38:03 2021] GET /volume/v3/fb72401b53214966991c572447ced76b/volumes/68362c55-03d8-4bd9-84d1-10cd793150c7 => generated 885 bytes in 61 msecs (HTTP/1.1 200) 7 headers in 285 bytes (1 switches on core 0)
Nov 18 16:38:03.713452 dv-cinder-733622-22-iscsi devstack@c-api.service[110919]: INFO cinder.api.openstack.wsgi [None req-8f3586e4-227e-4a55-939e-7d67e5898c88 tempest-UserMessagesTest-1261853380 tempest-UserMessagesTest-1261853380-project] GET http://10.222.0.37/volume/v3/3957b5ea70cd4540a1d2fb0f38eb05ce/volumes/ecc2c718-a7a4-4937-aa92-1f29c102f05d
Nov 18 16:38:03.714528 dv-cinder-733622-22-iscsi devstack@c-api.service[110919]: DEBUG cinder.api.openstack.wsgi [None req-8f3586e4-227e-4a55-939e-7d67e5898c88 tempest-UserMessagesTest-1261853380 tempest-UserMessagesTest-1261853380-project] Empty body provided in request {{(pid=110919) get_body /opt/stack/cinder/cinder/api/openstack/wsgi.py:703}}
Nov 18 16:38:03.714700 dv-cinder-733622-22-iscsi devstack@c-api.service[110919]: /usr/local/lib/python3.8/dist-packages/webob/acceptparse.py:1047: DeprecationWarning: The behavior of AcceptValidHeader.best_match is currently being maintained for backward compatibility, but it will be deprecated in the future, as it does not conform to the RFC.
Nov 18 16:38:03.714700 dv-cinder-733622-22-iscsi devstack@c-api.service[110919]: warnings.warn(
Nov 18 16:38:03.715410 dv-cinder-733622-22-iscsi devstack@c-api.service[110919]: DEBUG cinder.api.openstack.wsgi [None req-8f3586e4-227e-4a55-939e-7d67e5898c88 tempest-UserMessagesTest-1261853380 tempest-UserMessagesTest-1261853380-project] Calling method 'show' {{(pid=110919) _process_stack /opt/stack/cinder/cinder/api/openstack/wsgi.py:856}}
Nov 18 16:38:03.736400 dv-cinder-733622-22-iscsi devstack@c-api.service[110919]: /usr/local/lib/python3.8/dist-packages/oslo_context/context.py:105: DeprecationWarning: Policy enforcement is depending on the value of is_admin. This key is deprecated. Please update your policy file to use the standard policy values.
Nov 18 16:38:03.736400 dv-cinder-733622-22-iscsi devstack@c-api.service[110919]: warnings.warn('Policy enforcement is depending on the value of '
Nov 18 16:38:03.748252 dv-cinder-733622-22-iscsi devstack@c-api.service[110919]: INFO cinder.volume.api [None req-8f3586e4-227e-4a55-939e-7d67e5898c88 tempest-UserMessagesTest-1261853380 tempest-UserMessagesTest-1261853380-project] Volume info retrieved successfully.
Nov 18 16:38:03.770995 dv-cinder-733622-22-iscsi devstack@c-api.service[110919]: INFO cinder.api.openstack.wsgi [None req-8f3586e4-227e-4a55-939e-7d67e5898c88 tempest-UserMessagesTest-1261853380 tempest-UserMessagesTest-1261853380-project] http://10.222.0.37/volume/v3/3957b5ea70cd4540a1d2fb0f38eb05ce/volumes/ecc2c718-a7a4-4937-aa92-1f29c102f05d returned with HTTP 200
Nov 18 16:38:03.771822 dv-cinder-733622-22-iscsi devstack@c-api.service[110919]: [pid: 110919|app: 0|req: 112/220] 10.222.0.37 () {60 vars in 1364 bytes} [Thu Nov 18 16:38:03 2021] GET /volume/v3/3957b5ea70cd4540a1d2fb0f38eb05ce/volumes/ecc2c718-a7a4-4937-aa92-1f29c102f05d => generated 941 bytes in 63 msecs (HTTP/1.1 200) 7 headers in 285 bytes (2 switches on core 0)
Nov 18 16:38:03.790628 dv-cinder-733622-22-iscsi devstack@c-api.service[110918]: INFO cinder.api.openstack.wsgi [None req-82cefc0e-e58a-4c48-ac0f-2dc57213c447 tempest-UserMessagesTest-1261853380 tempest-UserMessagesTest-1261853380-project] GET http://10.222.0.37/volume/v3/3957b5ea70cd4540a1d2fb0f38eb05ce/messages
Nov 18 16:38:03.791409 dv-cinder-733622-22-iscsi devstack@c-api.service[110918]: DEBUG cinder.api.openstack.wsgi [None req-82cefc0e-e58a-4c48-ac0f-2dc57213c447 tempest-UserMessagesTest-1261853380 tempest-UserMessagesTest-1261853380-project] Empty body provided in request {{(pid=110918) get_body /opt/stack/cinder/cinder/api/openstack/wsgi.py:703}}
Nov 18 16:38:03.791666 dv-cinder-733622-22-iscsi devstack@c-api.service[110918]: /usr/local/lib/python3.8/dist-packages/webob/acceptparse.py:1047: DeprecationWarning: The behavior of AcceptValidHeader.best_match is currently being maintained for backward compatibility, but it will be deprecated in the future, as it does not conform to the RFC.
Nov 18 16:38:03.791666 dv-cinder-733622-22-iscsi devstack@c-api.service[110918]: warnings.warn(
Nov 18 16:38:03.792065 dv-cinder-733622-22-iscsi devstack@c-api.service[110918]: DEBUG cinder.api.openstack.wsgi [None req-82cefc0e-e58a-4c48-ac0f-2dc57213c447 tempest-UserMessagesTest-1261853380 tempest-UserMessagesTest-1261853380-project] Calling method 'version_select' {{(pid=110918) _process_stack /opt/stack/cinder/cinder/api/openstack/wsgi.py:856}}
Nov 18 16:38:03.815394 dv-cinder-733622-22-iscsi devstack@c-api.service[110918]: INFO cinder.api.openstack.wsgi [None req-82cefc0e-e58a-4c48-ac0f-2dc57213c447 tempest-UserMessagesTest-1261853380 tempest-UserMessagesTest-1261853380-project] http://10.222.0.37/volume/v3/3957b5ea70cd4540a1d2fb0f38eb05ce/messages returned with HTTP 200
Nov 18 16:38:03.823552 dv-cinder-733622-22-iscsi devstack@c-api.service[110918]: [pid: 110918|app: 0|req: 109/221] 10.222.0.37 () {60 vars in 1256 bytes} [Thu Nov 18 16:38:03 2021] GET /volume/v3/3957b5ea70cd4540a1d2fb0f38eb05ce/messages => generated 736 bytes in 38 msecs (HTTP/1.1 200) 7 headers in 285 bytes (1 switches on core 0)
Nov 18 16:38:03.832272 dv-cinder-733622-22-iscsi devstack@c-api.service[110919]: INFO cinder.api.openstack.wsgi [None req-bc405497-8113-44cd-91ed-09f3061b47f1 tempest-UserMessagesTest-1261853380 tempest-UserMessagesTest-1261853380-project] DELETE http://10.222.0.37/volume/v3/3957b5ea70cd4540a1d2fb0f38eb05ce/messages/960eba17-1a0e-434d-a512-43d53f6e9edd
Nov 18 16:38:03.833423 dv-cinder-733622-22-iscsi devstack@c-api.service[110919]: DEBUG cinder.api.openstack.wsgi [None req-bc405497-8113-44cd-91ed-09f3061b47f1 tempest-UserMessagesTest-1261853380 tempest-UserMessagesTest-1261853380-project] Empty body provided in request {{(pid=110919) get_body /opt/stack/cinder/cinder/api/openstack/wsgi.py:703}}
Nov 18 16:38:03.833698 dv-cinder-733622-22-iscsi devstack@c-api.service[110919]: /usr/local/lib/python3.8/dist-packages/webob/acceptparse.py:1047: DeprecationWarning: The behavior of AcceptValidHeader.best_match is currently being maintained for backward compatibility, but it will be deprecated in the future, as it does not conform to the RFC.
Nov 18 16:38:03.833698 dv-cinder-733622-22-iscsi devstack@c-api.service[110919]: warnings.warn(
Nov 18 16:38:03.834479 dv-cinder-733622-22-iscsi devstack@c-api.service[110919]: DEBUG cinder.api.openstack.wsgi [None req-bc405497-8113-44cd-91ed-09f3061b47f1 tempest-UserMessagesTest-1261853380 tempest-UserMessagesTest-1261853380-project] Calling method 'version_select' {{(pid=110919) _process_stack /opt/stack/cinder/cinder/api/openstack/wsgi.py:856}}
Nov 18 16:38:03.869068 dv-cinder-733622-22-iscsi devstack@c-api.service[110919]: INFO cinder.api.openstack.wsgi [None req-bc405497-8113-44cd-91ed-09f3061b47f1 tempest-UserMessagesTest-1261853380 tempest-UserMessagesTest-1261853380-project] http://10.222.0.37/volume/v3/3957b5ea70cd4540a1d2fb0f38eb05ce/messages/960eba17-1a0e-434d-a512-43d53f6e9edd returned with HTTP 204
Nov 18 16:38:03.872285 dv-cinder-733622-22-iscsi devstack@c-api.service[110919]: [pid: 110919|app: 0|req: 113/222] 10.222.0.37 () {60 vars in 1370 bytes} [Thu Nov 18 16:38:03 2021] DELETE /volume/v3/3957b5ea70cd4540a1d2fb0f38eb05ce/messages/960eba17-1a0e-434d-a512-43d53f6e9edd => generated 0 bytes in 47 msecs (HTTP/1.1 204) 6 headers in 235 bytes (1 switches on core 0)
Nov 18 16:38:03.880537 dv-cinder-733622-22-iscsi devstack@c-api.service[110918]: INFO cinder.api.openstack.wsgi [None req-bedb87ec-1ef8-40f0-8fd6-781aeac944ef tempest-UserMessagesTest-1261853380 tempest-UserMessagesTest-1261853380-project] GET http://10.222.0.37/volume/v3/3957b5ea70cd4540a1d2fb0f38eb05ce/messages/960eba17-1a0e-434d-a512-43d53f6e9edd
Nov 18 16:38:03.881376 dv-cinder-733622-22-iscsi devstack@c-api.service[110918]: DEBUG cinder.api.openstack.wsgi [None req-bedb87ec-1ef8-40f0-8fd6-781aeac944ef tempest-UserMessagesTest-1261853380 tempest-UserMessagesTest-1261853380-project] Empty body provided in request {{(pid=110918) get_body /opt/stack/cinder/cinder/api/openstack/wsgi.py:703}}
Nov 18 16:38:03.882091 dv-cinder-733622-22-iscsi devstack@c-api.service[110918]: DEBUG cinder.api.openstack.wsgi [None req-bedb87ec-1ef8-40f0-8fd6-781aeac944ef tempest-UserMessagesTest-1261853380 tempest-UserMessagesTest-1261853380-project] Calling method 'version_select' {{(pid=110918) _process_stack /opt/stack/cinder/cinder/api/openstack/wsgi.py:856}}
Nov 18 16:38:03.892250 dv-cinder-733622-22-iscsi devstack@c-api.service[110918]: INFO cinder.api.openstack.wsgi [None req-bedb87ec-1ef8-40f0-8fd6-781aeac944ef tempest-UserMessagesTest-1261853380 tempest-UserMessagesTest-1261853380-project] http://10.222.0.37/volume/v3/3957b5ea70cd4540a1d2fb0f38eb05ce/messages/960eba17-1a0e-434d-a512-43d53f6e9edd returned with HTTP 404
Nov 18 16:38:03.894275 dv-cinder-733622-22-iscsi devstack@c-api.service[110918]: [pid: 110918|app: 0|req: 110/223] 10.222.0.37 () {60 vars in 1367 bytes} [Thu Nov 18 16:38:03 2021] GET /volume/v3/3957b5ea70cd4540a1d2fb0f38eb05ce/messages/960eba17-1a0e-434d-a512-43d53f6e9edd => generated 110 bytes in 18 msecs (HTTP/1.1 404) 7 headers in 292 bytes (1 switches on core 0)
Nov 18 16:38:03.904729 dv-cinder-733622-22-iscsi devstack@c-api.service[110919]: INFO cinder.api.openstack.wsgi [None req-c7a892f7-20ee-4f6f-8381-39a04fb3f269 tempest-UserMessagesTest-1939706467 tempest-UserMessagesTest-1939706467-project-admin] POST http://10.222.0.37/volume/v3/c5fea43d50a34cebbe2332305825b04a/types
Nov 18 16:38:03.905676 dv-cinder-733622-22-iscsi devstack@c-api.service[110919]: DEBUG cinder.api.openstack.wsgi [None req-c7a892f7-20ee-4f6f-8381-39a04fb3f269 tempest-UserMessagesTest-1939706467 tempest-UserMessagesTest-1939706467-project-admin] Action: 'create', calling method: _create, body: {"volume_type": {"name": "tempest-UserMessagesTest-volume-type-714601923", "extra_specs": {"storage_protocol": "tempest-storage_protocol-1659948541", "vendor_name": "tempest-vendor_name-769836246"}}} {{(pid=110919) _process_stack /opt/stack/cinder/cinder/api/openstack/wsgi.py:854}}
Nov 18 16:38:03.959016 dv-cinder-733622-22-iscsi devstack@c-api.service[110919]: INFO cinder.api.openstack.wsgi [None req-c7a892f7-20ee-4f6f-8381-39a04fb3f269 tempest-UserMessagesTest-1939706467 tempest-UserMessagesTest-1939706467-project-admin] http://10.222.0.37/volume/v3/c5fea43d50a34cebbe2332305825b04a/types returned with HTTP 200
Nov 18 16:38:03.960068 dv-cinder-733622-22-iscsi devstack@c-api.service[110919]: [pid: 110919|app: 0|req: 114/224] 10.222.0.37 () {60 vars in 1229 bytes} [Thu Nov 18 16:38:03 2021] POST /volume/v3/c5fea43d50a34cebbe2332305825b04a/types => generated 326 bytes in 59 msecs (HTTP/1.1 200) 7 headers in 285 bytes (1 switches on core 0)
Nov 18 16:38:03.961062 dv-cinder-733622-22-iscsi devstack@c-api.service[110918]: INFO cinder.api.openstack.wsgi [None req-83097738-6639-4561-86a3-6d8cdb96d19a tempest-GroupSnapshotsTest-7256757 tempest-GroupSnapshotsTest-7256757-project] GET http://10.222.0.37/volume/v3/fe8420c375414d20ae7508f2defc8c74/snapshots/fd09af05-71fc-4429-a006-638b575d3230
Nov 18 16:38:03.961536 dv-cinder-733622-22-iscsi devstack@c-api.service[110918]: DEBUG cinder.api.openstack.wsgi [None req-83097738-6639-4561-86a3-6d8cdb96d19a tempest-GroupSnapshotsTest-7256757 tempest-GroupSnapshotsTest-7256757-project] Empty body provided in request {{(pid=110918) get_body /opt/stack/cinder/cinder/api/openstack/wsgi.py:703}}
Nov 18 16:38:03.962172 dv-cinder-733622-22-iscsi devstack@c-api.service[110918]: DEBUG cinder.api.openstack.wsgi [None req-83097738-6639-4561-86a3-6d8cdb96d19a tempest-GroupSnapshotsTest-7256757 tempest-GroupSnapshotsTest-7256757-project] Calling method 'show' {{(pid=110918) _process_stack /opt/stack/cinder/cinder/api/openstack/wsgi.py:856}}
Nov 18 16:38:03.974615 dv-cinder-733622-22-iscsi devstack@c-api.service[110919]: INFO cinder.api.openstack.wsgi [None req-6f761ef7-c46f-40d8-b69f-deb36aac7c36 tempest-UserMessagesTest-1261853380 tempest-UserMessagesTest-1261853380-project] POST http://10.222.0.37/volume/v3/3957b5ea70cd4540a1d2fb0f38eb05ce/volumes
Nov 18 16:38:03.975613 dv-cinder-733622-22-iscsi devstack@c-api.service[110919]: DEBUG cinder.api.openstack.wsgi [None req-6f761ef7-c46f-40d8-b69f-deb36aac7c36 tempest-UserMessagesTest-1261853380 tempest-UserMessagesTest-1261853380-project] Action: 'create', calling method: create, body: {"volume": {"volume_type": "77d7e7bb-5a7a-4ecd-acb6-53b7c5751d2c", "size": 1, "name": "tempest-UserMessagesTest-Volume-1611705998"}} {{(pid=110919) _process_stack /opt/stack/cinder/cinder/api/openstack/wsgi.py:854}}
Nov 18 16:38:03.977568 dv-cinder-733622-22-iscsi devstack@c-api.service[110919]: DEBUG cinder.api.v3.volumes [None req-6f761ef7-c46f-40d8-b69f-deb36aac7c36 tempest-UserMessagesTest-1261853380 tempest-UserMessagesTest-1261853380-project] Create volume request body: {'volume': {'volume_type': '77d7e7bb-5a7a-4ecd-acb6-53b7c5751d2c', 'size': 1, 'name': 'tempest-UserMessagesTest-Volume-1611705998'}} {{(pid=110919) create /opt/stack/cinder/cinder/api/v3/volumes.py:298}}
Nov 18 16:38:03.989914 dv-cinder-733622-22-iscsi devstack@c-api.service[110919]: INFO cinder.api.v3.volumes [None req-6f761ef7-c46f-40d8-b69f-deb36aac7c36 tempest-UserMessagesTest-1261853380 tempest-UserMessagesTest-1261853380-project] Create volume of 1 GB
Nov 18 16:38:03.990679 dv-cinder-733622-22-iscsi devstack@c-api.service[110918]: INFO cinder.api.openstack.wsgi [None req-83097738-6639-4561-86a3-6d8cdb96d19a tempest-GroupSnapshotsTest-7256757 tempest-GroupSnapshotsTest-7256757-project] http://10.222.0.37/volume/v3/fe8420c375414d20ae7508f2defc8c74/snapshots/fd09af05-71fc-4429-a006-638b575d3230 returned with HTTP 404
Nov 18 16:38:03.992045 dv-cinder-733622-22-iscsi devstack@c-api.service[110919]: /usr/local/lib/python3.8/dist-packages/oslo_context/context.py:105: DeprecationWarning: Policy enforcement is depending on the value of is_admin. This key is deprecated. Please update your policy file to use the standard policy values.
Nov 18 16:38:03.992045 dv-cinder-733622-22-iscsi devstack@c-api.service[110919]: warnings.warn('Policy enforcement is depending on the value of '
Nov 18 16:38:03.994821 dv-cinder-733622-22-iscsi devstack@c-api.service[110918]: [pid: 110918|app: 0|req: 111/225] 10.222.0.37 () {58 vars in 1330 bytes} [Thu Nov 18 16:38:03 2021] GET /volume/v3/fe8420c375414d20ae7508f2defc8c74/snapshots/fd09af05-71fc-4429-a006-638b575d3230 => generated 111 bytes in 39 msecs (HTTP/1.1 404) 7 headers in 292 bytes (2 switches on core 0)
Nov 18 16:38:03.995580 dv-cinder-733622-22-iscsi devstack@c-api.service[110919]: INFO cinder.volume.api [None req-6f761ef7-c46f-40d8-b69f-deb36aac7c36 tempest-UserMessagesTest-1261853380 tempest-UserMessagesTest-1261853380-project] Availability Zones retrieved successfully.
Nov 18 16:38:04.015252 dv-cinder-733622-22-iscsi devstack@c-api.service[110919]: DEBUG cinder.volume.api [None req-6f761ef7-c46f-40d8-b69f-deb36aac7c36 tempest-UserMessagesTest-1261853380 tempest-UserMessagesTest-1261853380-project] Flow 'volume_create_api' (8867f539-509a-4cb6-b0e4-903797cbc232) transitioned into state 'RUNNING' from state 'PENDING' {{(pid=110919) _flow_receiver /usr/local/lib/python3.8/dist-packages/taskflow/listeners/logging.py:141}}
Nov 18 16:38:04.015491 dv-cinder-733622-22-iscsi devstack@c-api.service[110918]: INFO cinder.api.openstack.wsgi [None req-49295a9b-9d5b-4cbf-be61-41fdf27aad77 tempest-GroupSnapshotsTest-7256757 tempest-GroupSnapshotsTest-7256757-project] GET http://10.222.0.37/volume/v3/fe8420c375414d20ae7508f2defc8c74/snapshots/2fc7afc5-e429-4bd6-92de-8b5061838de5
Nov 18 16:38:04.016089 dv-cinder-733622-22-iscsi devstack@c-api.service[110918]: DEBUG cinder.api.openstack.wsgi [None req-49295a9b-9d5b-4cbf-be61-41fdf27aad77 tempest-GroupSnapshotsTest-7256757 tempest-GroupSnapshotsTest-7256757-project] Empty body provided in request {{(pid=110918) get_body /opt/stack/cinder/cinder/api/openstack/wsgi.py:703}}
Nov 18 16:38:04.016888 dv-cinder-733622-22-iscsi devstack@c-api.service[110918]: DEBUG cinder.api.openstack.wsgi [None req-49295a9b-9d5b-4cbf-be61-41fdf27aad77 tempest-GroupSnapshotsTest-7256757 tempest-GroupSnapshotsTest-7256757-project] Calling method 'show' {{(pid=110918) _process_stack /opt/stack/cinder/cinder/api/openstack/wsgi.py:856}}
Nov 18 16:38:04.017948 dv-cinder-733622-22-iscsi devstack@c-api.service[110919]: DEBUG cinder.volume.api [None req-6f761ef7-c46f-40d8-b69f-deb36aac7c36 tempest-UserMessagesTest-1261853380 tempest-UserMessagesTest-1261853380-project] Task 'cinder.volume.flows.api.create_volume.ExtractVolumeRequestTask;volume:create' (f6a03a78-a79c-4e75-9aee-c05645fa23ab) transitioned into state 'RUNNING' from state 'PENDING' {{(pid=110919) _task_receiver /usr/local/lib/python3.8/dist-packages/taskflow/listeners/logging.py:190}}
Nov 18 16:38:04.020704 dv-cinder-733622-22-iscsi devstack@c-api.service[110919]: DEBUG cinder.volume.flows.api.create_volume [None req-6f761ef7-c46f-40d8-b69f-deb36aac7c36 tempest-UserMessagesTest-1261853380 tempest-UserMessagesTest-1261853380-project] Validating volume size '1' using validate_int {{(pid=110919) _extract_size /opt/stack/cinder/cinder/volume/flows/api/create_volume.py:225}}
Nov 18 16:38:04.030701 dv-cinder-733622-22-iscsi devstack@c-api.service[110918]: INFO cinder.api.openstack.wsgi [None req-49295a9b-9d5b-4cbf-be61-41fdf27aad77 tempest-GroupSnapshotsTest-7256757 tempest-GroupSnapshotsTest-7256757-project] http://10.222.0.37/volume/v3/fe8420c375414d20ae7508f2defc8c74/snapshots/2fc7afc5-e429-4bd6-92de-8b5061838de5 returned with HTTP 404
Nov 18 16:38:04.033113 dv-cinder-733622-22-iscsi devstack@c-api.service[110918]: [pid: 110918|app: 0|req: 112/226] 10.222.0.37 () {58 vars in 1330 bytes} [Thu Nov 18 16:38:03 2021] GET /volume/v3/fe8420c375414d20ae7508f2defc8c74/snapshots/2fc7afc5-e429-4bd6-92de-8b5061838de5 => generated 111 bytes in 35 msecs (HTTP/1.1 404) 7 headers in 292 bytes (2 switches on core 0)
Nov 18 16:38:04.062371 dv-cinder-733622-22-iscsi devstack@c-api.service[110918]: INFO cinder.api.openstack.wsgi [None req-b9c25e30-97da-44e1-8ab4-1b050a6f04a2 tempest-GroupSnapshotsTest-7256757 tempest-GroupSnapshotsTest-7256757-project] GET http://10.222.0.37/volume/v3/fe8420c375414d20ae7508f2defc8c74/group_snapshots/d143c3ef-011c-438d-9617-e29860cfb4d5
Nov 18 16:38:04.068126 dv-cinder-733622-22-iscsi devstack@c-api.service[110918]: DEBUG cinder.api.openstack.wsgi [None req-b9c25e30-97da-44e1-8ab4-1b050a6f04a2 tempest-GroupSnapshotsTest-7256757 tempest-GroupSnapshotsTest-7256757-project] Empty body provided in request {{(pid=110918) get_body /opt/stack/cinder/cinder/api/openstack/wsgi.py:703}}
Nov 18 16:38:04.072281 dv-cinder-733622-22-iscsi devstack@c-api.service[110918]: DEBUG cinder.api.openstack.wsgi [None req-b9c25e30-97da-44e1-8ab4-1b050a6f04a2 tempest-GroupSnapshotsTest-7256757 tempest-GroupSnapshotsTest-7256757-project] Calling method 'version_select' {{(pid=110918) _process_stack /opt/stack/cinder/cinder/api/openstack/wsgi.py:856}}
Nov 18 16:38:04.074042 dv-cinder-733622-22-iscsi devstack@c-api.service[110918]: DEBUG cinder.api.v3.group_snapshots [None req-b9c25e30-97da-44e1-8ab4-1b050a6f04a2 tempest-GroupSnapshotsTest-7256757 tempest-GroupSnapshotsTest-7256757-project] show called for member d143c3ef-011c-438d-9617-e29860cfb4d5 {{(pid=110918) show /opt/stack/cinder/cinder/api/v3/group_snapshots.py:58}}
Nov 18 16:38:04.087526 dv-cinder-733622-22-iscsi devstack@c-api.service[110918]: INFO cinder.api.openstack.wsgi [None req-b9c25e30-97da-44e1-8ab4-1b050a6f04a2 tempest-GroupSnapshotsTest-7256757 tempest-GroupSnapshotsTest-7256757-project] http://10.222.0.37/volume/v3/fe8420c375414d20ae7508f2defc8c74/group_snapshots/d143c3ef-011c-438d-9617-e29860cfb4d5 returned with HTTP 404
Nov 18 16:38:04.092533 dv-cinder-733622-22-iscsi devstack@c-api.service[110918]: [pid: 110918|app: 0|req: 113/227] 10.222.0.37 () {60 vars in 1389 bytes} [Thu Nov 18 16:38:04 2021] GET /volume/v3/fe8420c375414d20ae7508f2defc8c74/group_snapshots/d143c3ef-011c-438d-9617-e29860cfb4d5 => generated 116 bytes in 54 msecs (HTTP/1.1 404) 7 headers in 293 bytes (2 switches on core 0)
Nov 18 16:38:04.101997 dv-cinder-733622-22-iscsi devstack@c-api.service[110918]: INFO cinder.api.openstack.wsgi [None req-6d5a87b7-16ab-480c-9f51-acc93e779d90 tempest-GroupSnapshotsTest-7256757 tempest-GroupSnapshotsTest-7256757-project] DELETE http://10.222.0.37/volume/v3/fe8420c375414d20ae7508f2defc8c74/group_snapshots/d143c3ef-011c-438d-9617-e29860cfb4d5
Nov 18 16:38:04.103625 dv-cinder-733622-22-iscsi devstack@c-api.service[110918]: DEBUG cinder.api.openstack.wsgi [None req-6d5a87b7-16ab-480c-9f51-acc93e779d90 tempest-GroupSnapshotsTest-7256757 tempest-GroupSnapshotsTest-7256757-project] Empty body provided in request {{(pid=110918) get_body /opt/stack/cinder/cinder/api/openstack/wsgi.py:703}}
Nov 18 16:38:04.104692 dv-cinder-733622-22-iscsi devstack@c-api.service[110918]: DEBUG cinder.api.openstack.wsgi [None req-6d5a87b7-16ab-480c-9f51-acc93e779d90 tempest-GroupSnapshotsTest-7256757 tempest-GroupSnapshotsTest-7256757-project] Calling method 'version_select' {{(pid=110918) _process_stack /opt/stack/cinder/cinder/api/openstack/wsgi.py:856}}
Nov 18 16:38:04.105614 dv-cinder-733622-22-iscsi devstack@c-api.service[110918]: DEBUG cinder.api.v3.group_snapshots [None req-6d5a87b7-16ab-480c-9f51-acc93e779d90 tempest-GroupSnapshotsTest-7256757 tempest-GroupSnapshotsTest-7256757-project] delete called for member d143c3ef-011c-438d-9617-e29860cfb4d5 {{(pid=110918) delete /opt/stack/cinder/cinder/api/v3/group_snapshots.py:72}}
Nov 18 16:38:04.106249 dv-cinder-733622-22-iscsi devstack@c-api.service[110918]: INFO cinder.api.v3.group_snapshots [None req-6d5a87b7-16ab-480c-9f51-acc93e779d90 tempest-GroupSnapshotsTest-7256757 tempest-GroupSnapshotsTest-7256757-project] Delete group_snapshot with id: d143c3ef-011c-438d-9617-e29860cfb4d5
Nov 18 16:38:04.118624 dv-cinder-733622-22-iscsi devstack@c-api.service[110918]: INFO cinder.api.openstack.wsgi [None req-6d5a87b7-16ab-480c-9f51-acc93e779d90 tempest-GroupSnapshotsTest-7256757 tempest-GroupSnapshotsTest-7256757-project] http://10.222.0.37/volume/v3/fe8420c375414d20ae7508f2defc8c74/group_snapshots/d143c3ef-011c-438d-9617-e29860cfb4d5 returned with HTTP 404
Nov 18 16:38:04.121029 dv-cinder-733622-22-iscsi devstack@c-api.service[110918]: [pid: 110918|app: 0|req: 114/228] 10.222.0.37 () {60 vars in 1392 bytes} [Thu Nov 18 16:38:04 2021] DELETE /volume/v3/fe8420c375414d20ae7508f2defc8c74/group_snapshots/d143c3ef-011c-438d-9617-e29860cfb4d5 => generated 116 bytes in 26 msecs (HTTP/1.1 404) 7 headers in 293 bytes (1 switches on core 0)
Nov 18 16:38:04.132741 dv-cinder-733622-22-iscsi devstack@c-api.service[110919]: DEBUG cinder.volume.api [None req-6f761ef7-c46f-40d8-b69f-deb36aac7c36 tempest-UserMessagesTest-1261853380 tempest-UserMessagesTest-1261853380-project] Task 'cinder.volume.flows.api.create_volume.ExtractVolumeRequestTask;volume:create' (f6a03a78-a79c-4e75-9aee-c05645fa23ab) transitioned into state 'SUCCESS' from state 'RUNNING' with result '{'size': 1, 'snapshot_id': None, 'source_volid': None, 'volume_type': VolumeType(created_at=2021-11-18T16:38:04Z,deleted=False,deleted_at=None,description=None,extra_specs={storage_protocol='tempest-storage_protocol-1659948541',vendor_name='tempest-vendor_name-769836246'},id=77d7e7bb-5a7a-4ecd-acb6-53b7c5751d2c,is_public=True,name='tempest-UserMessagesTest-volume-type-714601923',projects=[],qos_specs=,qos_specs_id=None,updated_at=None), 'volume_type_id': '77d7e7bb-5a7a-4ecd-acb6-53b7c5751d2c', 'encryption_key_id': None, 'qos_specs': None, 'consistencygroup_id': None, 'cgsnapshot_id': None, 'group_id': None, 'replication_status': 'disabled', 'refresh_az': False, 'backup_id': None, 'multiattach': False, 'availability_zones': ['nova']}' {{(pid=110919) _task_receiver /usr/local/lib/python3.8/dist-packages/taskflow/listeners/logging.py:178}}
Nov 18 16:38:04.139106 dv-cinder-733622-22-iscsi devstack@c-api.service[110919]: DEBUG cinder.volume.api [None req-6f761ef7-c46f-40d8-b69f-deb36aac7c36 tempest-UserMessagesTest-1261853380 tempest-UserMessagesTest-1261853380-project] Task 'cinder.volume.flows.api.create_volume.QuotaReserveTask;volume:create' (5d6582db-8857-4c1b-a7b0-402b7de514ef) transitioned into state 'RUNNING' from state 'PENDING' {{(pid=110919) _task_receiver /usr/local/lib/python3.8/dist-packages/taskflow/listeners/logging.py:190}}
Nov 18 16:38:04.153558 dv-cinder-733622-22-iscsi devstack@c-api.service[110918]: INFO cinder.api.openstack.wsgi [None req-ee6c00b1-0d3b-4df6-9c7f-6ad73daa5cca tempest-GroupSnapshotsTest-7256757 tempest-GroupSnapshotsTest-7256757-project] GET http://10.222.0.37/volume/v3/fe8420c375414d20ae7508f2defc8c74/volumes/detail
Nov 18 16:38:04.154752 dv-cinder-733622-22-iscsi devstack@c-api.service[110918]: DEBUG cinder.api.openstack.wsgi [None req-ee6c00b1-0d3b-4df6-9c7f-6ad73daa5cca tempest-GroupSnapshotsTest-7256757 tempest-GroupSnapshotsTest-7256757-project] Empty body provided in request {{(pid=110918) get_body /opt/stack/cinder/cinder/api/openstack/wsgi.py:703}}
Nov 18 16:38:04.155648 dv-cinder-733622-22-iscsi devstack@c-api.service[110918]: DEBUG cinder.api.openstack.wsgi [None req-ee6c00b1-0d3b-4df6-9c7f-6ad73daa5cca tempest-GroupSnapshotsTest-7256757 tempest-GroupSnapshotsTest-7256757-project] Calling method 'detail' {{(pid=110918) _process_stack /opt/stack/cinder/cinder/api/openstack/wsgi.py:856}}
Nov 18 16:38:04.159292 dv-cinder-733622-22-iscsi devstack@c-api.service[110918]: DEBUG cinder.api.api_utils [None req-ee6c00b1-0d3b-4df6-9c7f-6ad73daa5cca tempest-GroupSnapshotsTest-7256757 tempest-GroupSnapshotsTest-7256757-project] Removing options '' from query. {{(pid=110918) remove_invalid_filter_options /opt/stack/cinder/cinder/api/api_utils.py:73}}
Nov 18 16:38:04.167057 dv-cinder-733622-22-iscsi devstack@c-api.service[110918]: DEBUG cinder.volume.api [None req-ee6c00b1-0d3b-4df6-9c7f-6ad73daa5cca tempest-GroupSnapshotsTest-7256757 tempest-GroupSnapshotsTest-7256757-project] Searching by: MultiDict([('no_migration_targets', True)]). {{(pid=110918) get_all /opt/stack/cinder/cinder/volume/api.py:662}}
Nov 18 16:38:04.242908 dv-cinder-733622-22-iscsi devstack@c-api.service[110919]: WARNING cinder.quota [None req-6f761ef7-c46f-40d8-b69f-deb36aac7c36 tempest-UserMessagesTest-1261853380 tempest-UserMessagesTest-1261853380-project] Deprecated: Default quota for resource: volumes_tempest-UserMessagesTest-volume-type-714601923 is set by the default quota flag: quota_volumes_tempest-UserMessagesTest-volume-type-714601923, it is now deprecated. Please use the default quota class for default quota.
Nov 18 16:38:04.244200 dv-cinder-733622-22-iscsi devstack@c-api.service[110919]: WARNING cinder.quota [None req-6f761ef7-c46f-40d8-b69f-deb36aac7c36 tempest-UserMessagesTest-1261853380 tempest-UserMessagesTest-1261853380-project] Deprecated: Default quota for resource: gigabytes_tempest-UserMessagesTest-volume-type-714601923 is set by the default quota flag: quota_gigabytes_tempest-UserMessagesTest-volume-type-714601923, it is now deprecated. Please use the default quota class for default quota.
Nov 18 16:38:04.339541 dv-cinder-733622-22-iscsi devstack@c-api.service[110918]: INFO cinder.volume.api [None req-ee6c00b1-0d3b-4df6-9c7f-6ad73daa5cca tempest-GroupSnapshotsTest-7256757 tempest-GroupSnapshotsTest-7256757-project] Get all volumes completed successfully.
Nov 18 16:38:04.342017 dv-cinder-733622-22-iscsi devstack@c-api.service[110918]: WARNING stevedore.named [None req-ee6c00b1-0d3b-4df6-9c7f-6ad73daa5cca tempest-GroupSnapshotsTest-7256757 tempest-GroupSnapshotsTest-7256757-project] Could not load cinder.keymgr.conf_key_mgr.ConfKeyManager
Nov 18 16:38:04.342795 dv-cinder-733622-22-iscsi devstack@c-api.service[110918]: WARNING castellan.key_manager [None req-ee6c00b1-0d3b-4df6-9c7f-6ad73daa5cca tempest-GroupSnapshotsTest-7256757 tempest-GroupSnapshotsTest-7256757-project] Deprecation Warning : cinder.keymgr.conf_key_mgr.ConfKeyManager is not a stevedore based driver, trying to load it as a class: stevedore.exception.NoMatches: No 'castellan.drivers' driver found, looking for 'cinder.keymgr.conf_key_mgr.ConfKeyManager'
Nov 18 16:38:04.355391 dv-cinder-733622-22-iscsi devstack@c-api.service[110918]: DEBUG oslo_db.sqlalchemy.engines [None req-ee6c00b1-0d3b-4df6-9c7f-6ad73daa5cca tempest-GroupSnapshotsTest-7256757 tempest-GroupSnapshotsTest-7256757-project] MySQL server mode set to STRICT_TRANS_TABLES,STRICT_ALL_TABLES,NO_ZERO_IN_DATE,NO_ZERO_DATE,ERROR_FOR_DIVISION_BY_ZERO,TRADITIONAL,NO_ENGINE_SUBSTITUTION {{(pid=110918) _check_effective_sql_mode /usr/local/lib/python3.8/dist-packages/oslo_db/sqlalchemy/engines.py:314}}
Nov 18 16:38:04.381432 dv-cinder-733622-22-iscsi devstack@c-api.service[110918]: /usr/local/lib/python3.8/dist-packages/oslo_context/context.py:105: DeprecationWarning: Policy enforcement is depending on the value of is_admin. This key is deprecated. Please update your policy file to use the standard policy values.
Nov 18 16:38:04.381432 dv-cinder-733622-22-iscsi devstack@c-api.service[110918]: warnings.warn('Policy enforcement is depending on the value of '
Nov 18 16:38:04.384769 dv-cinder-733622-22-iscsi devstack@c-api.service[110919]: DEBUG cinder.quota [None req-6f761ef7-c46f-40d8-b69f-deb36aac7c36 tempest-UserMessagesTest-1261853380 tempest-UserMessagesTest-1261853380-project] Created reservations ['402c1cec-1f93-45cb-866e-0130bf26fbea', 'e5644900-8846-4948-8e02-6a7a8be9ed06', '3e22c3ba-309f-487f-a820-a5f64286effb', 'e645661e-fb96-4754-9877-41960787000f'] {{(pid=110919) reserve /opt/stack/cinder/cinder/quota.py:755}}
Nov 18 16:38:04.392666 dv-cinder-733622-22-iscsi devstack@c-api.service[110919]: DEBUG cinder.volume.api [None req-6f761ef7-c46f-40d8-b69f-deb36aac7c36 tempest-UserMessagesTest-1261853380 tempest-UserMessagesTest-1261853380-project] Task 'cinder.volume.flows.api.create_volume.QuotaReserveTask;volume:create' (5d6582db-8857-4c1b-a7b0-402b7de514ef) transitioned into state 'SUCCESS' from state 'RUNNING' with result '{'reservations': ['402c1cec-1f93-45cb-866e-0130bf26fbea', 'e5644900-8846-4948-8e02-6a7a8be9ed06', '3e22c3ba-309f-487f-a820-a5f64286effb', 'e645661e-fb96-4754-9877-41960787000f']}' {{(pid=110919) _task_receiver /usr/local/lib/python3.8/dist-packages/taskflow/listeners/logging.py:178}}
Nov 18 16:38:04.401315 dv-cinder-733622-22-iscsi devstack@c-api.service[110919]: DEBUG cinder.volume.api [None req-6f761ef7-c46f-40d8-b69f-deb36aac7c36 tempest-UserMessagesTest-1261853380 tempest-UserMessagesTest-1261853380-project] Task 'cinder.volume.flows.api.create_volume.EntryCreateTask;volume:create' (ddc92d47-6800-4eb6-bab8-2974bc15253e) transitioned into state 'RUNNING' from state 'PENDING' {{(pid=110919) _task_receiver /usr/local/lib/python3.8/dist-packages/taskflow/listeners/logging.py:190}}
Nov 18 16:38:04.410825 dv-cinder-733622-22-iscsi devstack@c-api.service[110918]: WARNING stevedore.named [None req-ee6c00b1-0d3b-4df6-9c7f-6ad73daa5cca tempest-GroupSnapshotsTest-7256757 tempest-GroupSnapshotsTest-7256757-project] Could not load cinder.keymgr.conf_key_mgr.ConfKeyManager
Nov 18 16:38:04.414690 dv-cinder-733622-22-iscsi devstack@c-api.service[110918]: WARNING castellan.key_manager [None req-ee6c00b1-0d3b-4df6-9c7f-6ad73daa5cca tempest-GroupSnapshotsTest-7256757 tempest-GroupSnapshotsTest-7256757-project] Deprecation Warning : cinder.keymgr.conf_key_mgr.ConfKeyManager is not a stevedore based driver, trying to load it as a class: stevedore.exception.NoMatches: No 'castellan.drivers' driver found, looking for 'cinder.keymgr.conf_key_mgr.ConfKeyManager'
Nov 18 16:38:04.437346 dv-cinder-733622-22-iscsi devstack@c-api.service[110918]: DEBUG oslo_db.sqlalchemy.engines [None req-ee6c00b1-0d3b-4df6-9c7f-6ad73daa5cca tempest-GroupSnapshotsTest-7256757 tempest-GroupSnapshotsTest-7256757-project] MySQL server mode set to STRICT_TRANS_TABLES,STRICT_ALL_TABLES,NO_ZERO_IN_DATE,NO_ZERO_DATE,ERROR_FOR_DIVISION_BY_ZERO,TRADITIONAL,NO_ENGINE_SUBSTITUTION {{(pid=110918) _check_effective_sql_mode /usr/local/lib/python3.8/dist-packages/oslo_db/sqlalchemy/engines.py:314}}
Nov 18 16:38:04.453095 dv-cinder-733622-22-iscsi devstack@c-api.service[110919]: DEBUG cinder.volume.api [None req-6f761ef7-c46f-40d8-b69f-deb36aac7c36 tempest-UserMessagesTest-1261853380 tempest-UserMessagesTest-1261853380-project] Task 'cinder.volume.flows.api.create_volume.EntryCreateTask;volume:create' (ddc92d47-6800-4eb6-bab8-2974bc15253e) transitioned into state 'SUCCESS' from state 'RUNNING' with result '{'volume_id': '13407890-3505-45f9-b02c-8047e400a066', 'volume_properties': VolumeProperties(attach_status='detached',availability_zone='nova',cgsnapshot_id=None,consistencygroup_id=None,display_description=None,display_name='tempest-UserMessagesTest-Volume-1611705998',encryption_key_id=None,group_id=None,group_type_id=,metadata={},multiattach=False,project_id='3957b5ea70cd4540a1d2fb0f38eb05ce',qos_specs=None,replication_status=,reservations=['402c1cec-1f93-45cb-866e-0130bf26fbea','e5644900-8846-4948-8e02-6a7a8be9ed06','3e22c3ba-309f-487f-a820-a5f64286effb','e645661e-fb96-4754-9877-41960787000f'],size=1,snapshot_id=None,source_replicaid=,source_volid=None,status='creating',user_id='424ac05856ee497db9d8d269c798a86e',volume_type_id=77d7e7bb-5a7a-4ecd-acb6-53b7c5751d2c), 'volume': Volume(_name_id=None,admin_metadata=,attach_status='detached',availability_zone='nova',bootable=False,cluster=,cluster_name=None,consistencygroup=,consistencygroup_id=None,created_at=2021-11-18T16:38:04Z,deleted=False,deleted_at=None,display_description=None,display_name='tempest-UserMessagesTest-Volume-1611705998',ec2_id=None,encryption_key_id=None,glance_metadata=,group=,group_id=None,host=None,id=13407890-3505-45f9-b02c-8047e400a066,launched_at=None,metadata={},migration_status=None,multiattach=False,previous_status=None,project_id='3957b5ea70cd4540a1d2fb0f38eb05ce',provider_auth=None,provider_geometry=None,provider_id=None,provider_location=None,replication_driver_data=None,replication_extended_status=None,replication_status=None,scheduled_at=None,service_uuid=None,shared_targets=True,size=1,snapshot_id=None,snapshots=,source_volid=None,status='creating',terminated_at=None,updated_at=None,use_quota=True,user_id='424ac05856ee497db9d8d269c798a86e',volume_attachment=VolumeAttachmentList,volume_type=VolumeType(77d7e7bb-5a7a-4ecd-acb6-53b7c5751d2c),volume_type_id=77d7e7bb-5a7a-4ecd-acb6-53b7c5751d2c)}' {{(pid=110919) _task_receiver /usr/local/lib/python3.8/dist-packages/taskflow/listeners/logging.py:178}}
Nov 18 16:38:04.455687 dv-cinder-733622-22-iscsi devstack@c-api.service[110919]: DEBUG cinder.volume.api [None req-6f761ef7-c46f-40d8-b69f-deb36aac7c36 tempest-UserMessagesTest-1261853380 tempest-UserMessagesTest-1261853380-project] Task 'cinder.volume.flows.api.create_volume.QuotaCommitTask;volume:create' (d17eaaa9-f39d-4a43-9878-0e46570657ce) transitioned into state 'RUNNING' from state 'PENDING' {{(pid=110919) _task_receiver /usr/local/lib/python3.8/dist-packages/taskflow/listeners/logging.py:190}}
Nov 18 16:38:04.477339 dv-cinder-733622-22-iscsi devstack@c-api.service[110918]: /usr/local/lib/python3.8/dist-packages/oslo_context/context.py:105: DeprecationWarning: Policy enforcement is depending on the value of is_admin. This key is deprecated. Please update your policy file to use the standard policy values.
Nov 18 16:38:04.477339 dv-cinder-733622-22-iscsi devstack@c-api.service[110918]: warnings.warn('Policy enforcement is depending on the value of '
Nov 18 16:38:04.497215 dv-cinder-733622-22-iscsi devstack@c-api.service[110919]: DEBUG cinder.volume.api [None req-6f761ef7-c46f-40d8-b69f-deb36aac7c36 tempest-UserMessagesTest-1261853380 tempest-UserMessagesTest-1261853380-project] Task 'cinder.volume.flows.api.create_volume.QuotaCommitTask;volume:create' (d17eaaa9-f39d-4a43-9878-0e46570657ce) transitioned into state 'SUCCESS' from state 'RUNNING' with result '{'volume_properties': VolumeProperties(attach_status='detached',availability_zone='nova',cgsnapshot_id=None,consistencygroup_id=None,display_description=None,display_name='tempest-UserMessagesTest-Volume-1611705998',encryption_key_id=None,group_id=None,group_type_id=,metadata={},multiattach=False,project_id='3957b5ea70cd4540a1d2fb0f38eb05ce',qos_specs=None,replication_status=,reservations=['402c1cec-1f93-45cb-866e-0130bf26fbea','e5644900-8846-4948-8e02-6a7a8be9ed06','3e22c3ba-309f-487f-a820-a5f64286effb','e645661e-fb96-4754-9877-41960787000f'],size=1,snapshot_id=None,source_replicaid=,source_volid=None,status='creating',user_id='424ac05856ee497db9d8d269c798a86e',volume_type_id=77d7e7bb-5a7a-4ecd-acb6-53b7c5751d2c)}' {{(pid=110919) _task_receiver /usr/local/lib/python3.8/dist-packages/taskflow/listeners/logging.py:178}}
Nov 18 16:38:04.499987 dv-cinder-733622-22-iscsi devstack@c-api.service[110919]: DEBUG cinder.volume.api [None req-6f761ef7-c46f-40d8-b69f-deb36aac7c36 tempest-UserMessagesTest-1261853380 tempest-UserMessagesTest-1261853380-project] Task 'cinder.volume.flows.api.create_volume.VolumeCastTask;volume:create' (4a374431-02e8-4e3a-9061-1182d3d5d82a) transitioned into state 'RUNNING' from state 'PENDING' {{(pid=110919) _task_receiver /usr/local/lib/python3.8/dist-packages/taskflow/listeners/logging.py:190}}
Nov 18 16:38:04.521720 dv-cinder-733622-22-iscsi devstack@c-api.service[110919]: DEBUG cinder.volume.api [None req-6f761ef7-c46f-40d8-b69f-deb36aac7c36 tempest-UserMessagesTest-1261853380 tempest-UserMessagesTest-1261853380-project] Task 'cinder.volume.flows.api.create_volume.VolumeCastTask;volume:create' (4a374431-02e8-4e3a-9061-1182d3d5d82a) transitioned into state 'SUCCESS' from state 'RUNNING' with result 'None' {{(pid=110919) _task_receiver /usr/local/lib/python3.8/dist-packages/taskflow/listeners/logging.py:178}}
Nov 18 16:38:04.526032 dv-cinder-733622-22-iscsi devstack@c-api.service[110919]: DEBUG cinder.volume.api [None req-6f761ef7-c46f-40d8-b69f-deb36aac7c36 tempest-UserMessagesTest-1261853380 tempest-UserMessagesTest-1261853380-project] Flow 'volume_create_api' (8867f539-509a-4cb6-b0e4-903797cbc232) transitioned into state 'SUCCESS' from state 'RUNNING' {{(pid=110919) _flow_receiver /usr/local/lib/python3.8/dist-packages/taskflow/listeners/logging.py:141}}
Nov 18 16:38:04.527401 dv-cinder-733622-22-iscsi devstack@c-api.service[110919]: INFO cinder.volume.api [None req-6f761ef7-c46f-40d8-b69f-deb36aac7c36 tempest-UserMessagesTest-1261853380 tempest-UserMessagesTest-1261853380-project] Create volume request issued successfully.
Nov 18 16:38:04.529441 dv-cinder-733622-22-iscsi devstack@c-api.service[110919]: INFO cinder.api.openstack.wsgi [None req-6f761ef7-c46f-40d8-b69f-deb36aac7c36 tempest-UserMessagesTest-1261853380 tempest-UserMessagesTest-1261853380-project] http://10.222.0.37/volume/v3/3957b5ea70cd4540a1d2fb0f38eb05ce/volumes returned with HTTP 202
Nov 18 16:38:04.530458 dv-cinder-733622-22-iscsi devstack@c-api.service[110919]: [pid: 110919|app: 0|req: 115/229] 10.222.0.37 () {62 vars in 1275 bytes} [Thu Nov 18 16:38:03 2021] POST /volume/v3/3957b5ea70cd4540a1d2fb0f38eb05ce/volumes => generated 851 bytes in 562 msecs (HTTP/1.1 202) 7 headers in 291 bytes (1 switches on core 0)
Nov 18 16:38:04.537719 dv-cinder-733622-22-iscsi devstack@c-api.service[110918]: INFO cinder.api.openstack.wsgi [None req-ee6c00b1-0d3b-4df6-9c7f-6ad73daa5cca tempest-GroupSnapshotsTest-7256757 tempest-GroupSnapshotsTest-7256757-project] http://10.222.0.37/volume/v3/fe8420c375414d20ae7508f2defc8c74/volumes/detail returned with HTTP 200
