Nov 16 20:59:01.492035 dv-cinder-733622-21-iscsi devstack@placement-api.service[102248]: DEBUG placement.objects.research_context [req-2f7eaf42-07a5-4b64-b47f-4782156d1625 req-e074e9de-2c66-4beb-8d76-80e25ba3cf55 service placement] found 1 providers after filtering by previous result {{(pid=102248) get_provider_ids_matching /opt/stack/placement/placement/objects/research_context.py:580}}
Nov 16 20:59:01.517703 dv-cinder-733622-21-iscsi devstack@placement-api.service[102248]: DEBUG placement.objects.allocation_candidate [req-2f7eaf42-07a5-4b64-b47f-4782156d1625 req-e074e9de-2c66-4beb-8d76-80e25ba3cf55 service placement] RequestGroup(use_same_provider=False, resources={DISK_GB:1, MEMORY_MB:1024, VCPU:1}, traits=[], aggregates=[]) (suffix '') returned 1 matches {{(pid=102248) _get_by_requests /opt/stack/placement/placement/objects/allocation_candidate.py:145}}
Nov 16 20:59:01.518230 dv-cinder-733622-21-iscsi devstack@placement-api.service[102248]: DEBUG placement.objects.allocation_candidate [req-2f7eaf42-07a5-4b64-b47f-4782156d1625 req-e074e9de-2c66-4beb-8d76-80e25ba3cf55 service placement] Merging candidates yields 1 allocation requests and 1 provider summaries {{(pid=102248) _merge_candidates /opt/stack/placement/placement/objects/allocation_candidate.py:783}}
Nov 16 20:59:01.520325 dv-cinder-733622-21-iscsi devstack@placement-api.service[102248]: INFO placement.requestlog [req-2f7eaf42-07a5-4b64-b47f-4782156d1625 req-e074e9de-2c66-4beb-8d76-80e25ba3cf55 service placement] 10.222.0.31 "GET /placement/allocation_candidates?limit=1000&resources=DISK_GB%3A1%2CMEMORY_MB%3A1024%2CVCPU%3A1&root_required=%21COMPUTE_STATUS_DISABLED" status: 200 len: 767 microversion: 1.36
Nov 16 20:59:01.523249 dv-cinder-733622-21-iscsi devstack@placement-api.service[102248]: [pid: 102248|app: 0|req: 23/44] 10.222.0.31 () {60 vars in 1506 bytes} [Tue Nov 16 20:59:01 2021] GET /placement/allocation_candidates?limit=1000&resources=DISK_GB%3A1%2CMEMORY_MB%3A1024%2CVCPU%3A1&root_required=%21COMPUTE_STATUS_DISABLED => generated 767 bytes in 163 msecs (HTTP/1.1 200) 8 headers in 296 bytes (1 switches on core 0)
Nov 16 20:59:01.607379 dv-cinder-733622-21-iscsi devstack@placement-api.service[102247]: DEBUG placement.requestlog [req-2f7eaf42-07a5-4b64-b47f-4782156d1625 req-526ed76e-e11f-4373-8ee3-093b8d25ea8c None None] Starting request: 10.222.0.31 "GET /placement/allocations/80a7a991-b07e-423d-8a80-c88bada8f1de" {{(pid=102247) __call__ /opt/stack/placement/placement/requestlog.py:55}}
Nov 16 20:59:01.645603 dv-cinder-733622-21-iscsi devstack@placement-api.service[102247]: INFO placement.requestlog [req-2f7eaf42-07a5-4b64-b47f-4782156d1625 req-526ed76e-e11f-4373-8ee3-093b8d25ea8c service placement] 10.222.0.31 "GET /placement/allocations/80a7a991-b07e-423d-8a80-c88bada8f1de" status: 200 len: 19 microversion: 1.28
Nov 16 20:59:01.646685 dv-cinder-733622-21-iscsi devstack@placement-api.service[102247]: [pid: 102247|app: 0|req: 22/45] 10.222.0.31 () {60 vars in 1380 bytes} [Tue Nov 16 20:59:01 2021] GET /placement/allocations/80a7a991-b07e-423d-8a80-c88bada8f1de => generated 19 bytes in 40 msecs (HTTP/1.1 200) 8 headers in 295 bytes (1 switches on core 0)
Nov 16 20:59:01.655410 dv-cinder-733622-21-iscsi devstack@placement-api.service[102248]: DEBUG placement.requestlog [req-2f7eaf42-07a5-4b64-b47f-4782156d1625 req-62b5d1d3-9ab2-44e3-a231-c1b65bb45626 None None] Starting request: 10.222.0.31 "PUT /placement/allocations/80a7a991-b07e-423d-8a80-c88bada8f1de" {{(pid=102248) __call__ /opt/stack/placement/placement/requestlog.py:55}}
Nov 16 20:59:01.741402 dv-cinder-733622-21-iscsi devstack@placement-api.service[102248]: DEBUG placement.handlers.allocation [req-2f7eaf42-07a5-4b64-b47f-4782156d1625 req-62b5d1d3-9ab2-44e3-a231-c1b65bb45626 service placement] Successfully wrote allocations [, , ] {{(pid=102248) _update_consumers_and_create_allocations /opt/stack/placement/placement/handlers/allocation.py:462}}
Nov 16 20:59:01.746229 dv-cinder-733622-21-iscsi devstack@placement-api.service[102248]: INFO placement.requestlog [req-2f7eaf42-07a5-4b64-b47f-4782156d1625 req-62b5d1d3-9ab2-44e3-a231-c1b65bb45626 service placement] 10.222.0.31 "PUT /placement/allocations/80a7a991-b07e-423d-8a80-c88bada8f1de" status: 204 len: 0 microversion: 1.36
Nov 16 20:59:01.746486 dv-cinder-733622-21-iscsi devstack@placement-api.service[102248]: [pid: 102248|app: 0|req: 24/46] 10.222.0.31 () {64 vars in 1433 bytes} [Tue Nov 16 20:59:01 2021] PUT /placement/allocations/80a7a991-b07e-423d-8a80-c88bada8f1de => generated 0 bytes in 91 msecs (HTTP/1.1 204) 5 headers in 199 bytes (2 switches on core 0)
Nov 16 20:59:02.177436 dv-cinder-733622-21-iscsi devstack@placement-api.service[102247]: DEBUG placement.requestlog [req-2f7eaf42-07a5-4b64-b47f-4782156d1625 req-9a1a2e92-f91d-4dbf-971e-64871e2f29cc None None] Starting request: 10.222.0.37 "GET /placement/allocations/80a7a991-b07e-423d-8a80-c88bada8f1de" {{(pid=102247) __call__ /opt/stack/placement/placement/requestlog.py:55}}
Nov 16 20:59:02.193806 dv-cinder-733622-21-iscsi devstack@placement-api.service[102247]: INFO placement.requestlog [req-2f7eaf42-07a5-4b64-b47f-4782156d1625 req-9a1a2e92-f91d-4dbf-971e-64871e2f29cc service placement] 10.222.0.37 "GET /placement/allocations/80a7a991-b07e-423d-8a80-c88bada8f1de" status: 200 len: 259 microversion: 1.28
Nov 16 20:59:02.194482 dv-cinder-733622-21-iscsi devstack@placement-api.service[102247]: [pid: 102247|app: 0|req: 23/47] 10.222.0.37 () {60 vars in 1377 bytes} [Tue Nov 16 20:59:02 2021] GET /placement/allocations/80a7a991-b07e-423d-8a80-c88bada8f1de => generated 259 bytes in 17 msecs (HTTP/1.1 200) 8 headers in 296 bytes (1 switches on core 0)
Nov 16 20:59:08.572996 dv-cinder-733622-21-iscsi devstack@placement-api.service[102248]: DEBUG placement.requestlog [req-ce2974b5-2cac-488b-81eb-086edecbbb30 req-97eea3e7-f59b-476d-9bdb-8f5fc98461c7 None None] Starting request: 10.222.0.31 "GET /placement/allocation_candidates?limit=1000&resources=DISK_GB%3A1%2CMEMORY_MB%3A1024%2CVCPU%3A1&root_required=%21COMPUTE_STATUS_DISABLED" {{(pid=102248) __call__ /opt/stack/placement/placement/requestlog.py:55}}
Nov 16 20:59:08.610623 dv-cinder-733622-21-iscsi devstack@placement-api.service[102248]: DEBUG placement.objects.research_context [req-ce2974b5-2cac-488b-81eb-086edecbbb30 req-97eea3e7-f59b-476d-9bdb-8f5fc98461c7 service placement] getting providers with 1 DISK_GB {{(pid=102248) __init__ /opt/stack/placement/placement/objects/research_context.py:126}}
Nov 16 20:59:08.618435 dv-cinder-733622-21-iscsi devstack@placement-api.service[102248]: DEBUG placement.objects.research_context [req-ce2974b5-2cac-488b-81eb-086edecbbb30 req-97eea3e7-f59b-476d-9bdb-8f5fc98461c7 service placement] getting providers with 1024 MEMORY_MB {{(pid=102248) __init__ /opt/stack/placement/placement/objects/research_context.py:126}}
Nov 16 20:59:08.626417 dv-cinder-733622-21-iscsi devstack@placement-api.service[102248]: DEBUG placement.objects.research_context [req-ce2974b5-2cac-488b-81eb-086edecbbb30 req-97eea3e7-f59b-476d-9bdb-8f5fc98461c7 service placement] getting providers with 1 VCPU {{(pid=102248) __init__ /opt/stack/placement/placement/objects/research_context.py:126}}
Nov 16 20:59:08.636026 dv-cinder-733622-21-iscsi devstack@placement-api.service[102248]: DEBUG placement.objects.research_context [req-ce2974b5-2cac-488b-81eb-086edecbbb30 req-97eea3e7-f59b-476d-9bdb-8f5fc98461c7 service placement] found 1 providers with available 1 DISK_GB {{(pid=102248) get_provider_ids_matching /opt/stack/placement/placement/objects/research_context.py:549}}
Nov 16 20:59:08.636532 dv-cinder-733622-21-iscsi devstack@placement-api.service[102248]: DEBUG placement.objects.research_context [req-ce2974b5-2cac-488b-81eb-086edecbbb30 req-97eea3e7-f59b-476d-9bdb-8f5fc98461c7 service placement] found 1 providers with available 1024 MEMORY_MB {{(pid=102248) get_provider_ids_matching /opt/stack/placement/placement/objects/research_context.py:549}}
Nov 16 20:59:08.637059 dv-cinder-733622-21-iscsi devstack@placement-api.service[102248]: DEBUG placement.objects.research_context [req-ce2974b5-2cac-488b-81eb-086edecbbb30 req-97eea3e7-f59b-476d-9bdb-8f5fc98461c7 service placement] found 1 providers after filtering by previous result {{(pid=102248) get_provider_ids_matching /opt/stack/placement/placement/objects/research_context.py:580}}
Nov 16 20:59:08.637951 dv-cinder-733622-21-iscsi devstack@placement-api.service[102248]: DEBUG placement.objects.research_context [req-ce2974b5-2cac-488b-81eb-086edecbbb30 req-97eea3e7-f59b-476d-9bdb-8f5fc98461c7 service placement] found 1 providers with available 1 VCPU {{(pid=102248) get_provider_ids_matching /opt/stack/placement/placement/objects/research_context.py:549}}
Nov 16 20:59:08.638620 dv-cinder-733622-21-iscsi devstack@placement-api.service[102248]: DEBUG placement.objects.research_context [req-ce2974b5-2cac-488b-81eb-086edecbbb30 req-97eea3e7-f59b-476d-9bdb-8f5fc98461c7 service placement] found 1 providers after filtering by previous result {{(pid=102248) get_provider_ids_matching /opt/stack/placement/placement/objects/research_context.py:580}}
Nov 16 20:59:08.658801 dv-cinder-733622-21-iscsi devstack@placement-api.service[102248]: DEBUG placement.objects.allocation_candidate [req-ce2974b5-2cac-488b-81eb-086edecbbb30 req-97eea3e7-f59b-476d-9bdb-8f5fc98461c7 service placement] RequestGroup(use_same_provider=False, resources={DISK_GB:1, MEMORY_MB:1024, VCPU:1}, traits=[], aggregates=[]) (suffix '') returned 1 matches {{(pid=102248) _get_by_requests /opt/stack/placement/placement/objects/allocation_candidate.py:145}}
Nov 16 20:59:08.659615 dv-cinder-733622-21-iscsi devstack@placement-api.service[102248]: DEBUG placement.objects.allocation_candidate [req-ce2974b5-2cac-488b-81eb-086edecbbb30 req-97eea3e7-f59b-476d-9bdb-8f5fc98461c7 service placement] Merging candidates yields 1 allocation requests and 1 provider summaries {{(pid=102248) _merge_candidates /opt/stack/placement/placement/objects/allocation_candidate.py:783}}
Nov 16 20:59:08.661645 dv-cinder-733622-21-iscsi devstack@placement-api.service[102248]: INFO placement.requestlog [req-ce2974b5-2cac-488b-81eb-086edecbbb30 req-97eea3e7-f59b-476d-9bdb-8f5fc98461c7 service placement] 10.222.0.31 "GET /placement/allocation_candidates?limit=1000&resources=DISK_GB%3A1%2CMEMORY_MB%3A1024%2CVCPU%3A1&root_required=%21COMPUTE_STATUS_DISABLED" status: 200 len: 767 microversion: 1.36
Nov 16 20:59:08.668416 dv-cinder-733622-21-iscsi devstack@placement-api.service[102248]: [pid: 102248|app: 0|req: 25/48] 10.222.0.31 () {60 vars in 1506 bytes} [Tue Nov 16 20:59:08 2021] GET /placement/allocation_candidates?limit=1000&resources=DISK_GB%3A1%2CMEMORY_MB%3A1024%2CVCPU%3A1&root_required=%21COMPUTE_STATUS_DISABLED => generated 767 bytes in 95 msecs (HTTP/1.1 200) 8 headers in 296 bytes (1 switches on core 0)
Nov 16 20:59:08.709504 dv-cinder-733622-21-iscsi devstack@placement-api.service[102247]: DEBUG placement.requestlog [req-ce2974b5-2cac-488b-81eb-086edecbbb30 req-350fcb8c-63c6-4f8e-8990-13282bbc451b None None] Starting request: 10.222.0.31 "GET /placement/allocations/08186f9d-b98f-4e76-be73-123f51651523" {{(pid=102247) __call__ /opt/stack/placement/placement/requestlog.py:55}}
Nov 16 20:59:08.724203 dv-cinder-733622-21-iscsi devstack@placement-api.service[102247]: INFO placement.requestlog [req-ce2974b5-2cac-488b-81eb-086edecbbb30 req-350fcb8c-63c6-4f8e-8990-13282bbc451b service placement] 10.222.0.31 "GET /placement/allocations/08186f9d-b98f-4e76-be73-123f51651523" status: 200 len: 19 microversion: 1.28
Nov 16 20:59:08.725623 dv-cinder-733622-21-iscsi devstack@placement-api.service[102247]: [pid: 102247|app: 0|req: 24/49] 10.222.0.31 () {60 vars in 1380 bytes} [Tue Nov 16 20:59:08 2021] GET /placement/allocations/08186f9d-b98f-4e76-be73-123f51651523 => generated 19 bytes in 16 msecs (HTTP/1.1 200) 8 headers in 295 bytes (1 switches on core 0)
Nov 16 20:59:08.732550 dv-cinder-733622-21-iscsi devstack@placement-api.service[102248]: DEBUG placement.requestlog [req-ce2974b5-2cac-488b-81eb-086edecbbb30 req-84d1f793-1ce7-4ae5-84aa-532babfacae5 None None] Starting request: 10.222.0.31 "PUT /placement/allocations/08186f9d-b98f-4e76-be73-123f51651523" {{(pid=102248) __call__ /opt/stack/placement/placement/requestlog.py:55}}
Nov 16 20:59:08.826367 dv-cinder-733622-21-iscsi devstack@placement-api.service[102248]: DEBUG placement.handlers.allocation [req-ce2974b5-2cac-488b-81eb-086edecbbb30 req-84d1f793-1ce7-4ae5-84aa-532babfacae5 service placement] Successfully wrote allocations [, , ] {{(pid=102248) _update_consumers_and_create_allocations /opt/stack/placement/placement/handlers/allocation.py:462}}
Nov 16 20:59:08.830734 dv-cinder-733622-21-iscsi devstack@placement-api.service[102248]: INFO placement.requestlog [req-ce2974b5-2cac-488b-81eb-086edecbbb30 req-84d1f793-1ce7-4ae5-84aa-532babfacae5 service placement] 10.222.0.31 "PUT /placement/allocations/08186f9d-b98f-4e76-be73-123f51651523" status: 204 len: 0 microversion: 1.36
Nov 16 20:59:08.838005 dv-cinder-733622-21-iscsi devstack@placement-api.service[102248]: [pid: 102248|app: 0|req: 26/50] 10.222.0.31 () {64 vars in 1433 bytes} [Tue Nov 16 20:59:08 2021] PUT /placement/allocations/08186f9d-b98f-4e76-be73-123f51651523 => generated 0 bytes in 99 msecs (HTTP/1.1 204) 5 headers in 199 bytes (2 switches on core 0)
Nov 16 20:59:09.176535 dv-cinder-733622-21-iscsi devstack@placement-api.service[102247]: DEBUG placement.requestlog [req-ce2974b5-2cac-488b-81eb-086edecbbb30 req-1ac0ec54-e83d-47c5-a13e-0d2e81bbc1da None None] Starting request: 10.222.0.37 "GET /placement/allocations/08186f9d-b98f-4e76-be73-123f51651523" {{(pid=102247) __call__ /opt/stack/placement/placement/requestlog.py:55}}
Nov 16 20:59:09.194407 dv-cinder-733622-21-iscsi devstack@placement-api.service[102247]: INFO placement.requestlog [req-ce2974b5-2cac-488b-81eb-086edecbbb30 req-1ac0ec54-e83d-47c5-a13e-0d2e81bbc1da service placement] 10.222.0.37 "GET /placement/allocations/08186f9d-b98f-4e76-be73-123f51651523" status: 200 len: 259 microversion: 1.28
Nov 16 20:59:09.195626 dv-cinder-733622-21-iscsi devstack@placement-api.service[102247]: [pid: 102247|app: 0|req: 25/51] 10.222.0.37 () {60 vars in 1377 bytes} [Tue Nov 16 20:59:09 2021] GET /placement/allocations/08186f9d-b98f-4e76-be73-123f51651523 => generated 259 bytes in 19 msecs (HTTP/1.1 200) 8 headers in 296 bytes (1 switches on core 0)
Nov 16 20:59:14.302062 dv-cinder-733622-21-iscsi devstack@placement-api.service[102248]: DEBUG placement.requestlog [req-5ad47df4-55c6-4ff3-95df-49a11985361e req-a93928e4-ff51-4e3a-ac0d-2277b00fef3a None None] Starting request: 10.222.0.37 "DELETE /placement/allocations/0d32c2b1-37e5-454f-9b98-43f0d7d75074" {{(pid=102248) __call__ /opt/stack/placement/placement/requestlog.py:55}}
Nov 16 20:59:14.334640 dv-cinder-733622-21-iscsi devstack@placement-api.service[102248]: DEBUG placement.handlers.allocation [req-5ad47df4-55c6-4ff3-95df-49a11985361e req-a93928e4-ff51-4e3a-ac0d-2277b00fef3a service placement] Successfully deleted allocations [, , ] {{(pid=102248) delete_allocations /opt/stack/placement/placement/handlers/allocation.py:627}}
Nov 16 20:59:14.335533 dv-cinder-733622-21-iscsi devstack@placement-api.service[102248]: INFO placement.requestlog [req-5ad47df4-55c6-4ff3-95df-49a11985361e req-a93928e4-ff51-4e3a-ac0d-2277b00fef3a service placement] 10.222.0.37 "DELETE /placement/allocations/0d32c2b1-37e5-454f-9b98-43f0d7d75074" status: 204 len: 0 microversion: 1.0
Nov 16 20:59:14.336256 dv-cinder-733622-21-iscsi devstack@placement-api.service[102248]: [pid: 102248|app: 0|req: 27/52] 10.222.0.37 () {60 vars in 1355 bytes} [Tue Nov 16 20:59:14 2021] DELETE /placement/allocations/0d32c2b1-37e5-454f-9b98-43f0d7d75074 => generated 0 bytes in 34 msecs (HTTP/1.1 204) 5 headers in 198 bytes (1 switches on core 0)
Nov 16 20:59:15.939535 dv-cinder-733622-21-iscsi devstack@placement-api.service[102247]: DEBUG placement.requestlog [req-c4c0a93c-4e10-4fc7-a842-39a650755d58 req-807a53e2-fecf-45bc-95ab-d376cb929421 None None] Starting request: 10.222.0.31 "GET /placement/allocation_candidates?limit=1000&resources=DISK_GB%3A1%2CMEMORY_MB%3A1024%2CVCPU%3A1&root_required=%21COMPUTE_STATUS_DISABLED" {{(pid=102247) __call__ /opt/stack/placement/placement/requestlog.py:55}}
Nov 16 20:59:15.977049 dv-cinder-733622-21-iscsi devstack@placement-api.service[102247]: DEBUG placement.objects.research_context [req-c4c0a93c-4e10-4fc7-a842-39a650755d58 req-807a53e2-fecf-45bc-95ab-d376cb929421 service placement] getting providers with 1 DISK_GB {{(pid=102247) __init__ /opt/stack/placement/placement/objects/research_context.py:126}}
Nov 16 20:59:15.986321 dv-cinder-733622-21-iscsi devstack@placement-api.service[102247]: DEBUG placement.objects.research_context [req-c4c0a93c-4e10-4fc7-a842-39a650755d58 req-807a53e2-fecf-45bc-95ab-d376cb929421 service placement] getting providers with 1024 MEMORY_MB {{(pid=102247) __init__ /opt/stack/placement/placement/objects/research_context.py:126}}
Nov 16 20:59:15.993614 dv-cinder-733622-21-iscsi devstack@placement-api.service[102247]: DEBUG placement.objects.research_context [req-c4c0a93c-4e10-4fc7-a842-39a650755d58 req-807a53e2-fecf-45bc-95ab-d376cb929421 service placement] getting providers with 1 VCPU {{(pid=102247) __init__ /opt/stack/placement/placement/objects/research_context.py:126}}
Nov 16 20:59:16.000731 dv-cinder-733622-21-iscsi devstack@placement-api.service[102247]: DEBUG placement.objects.research_context [req-c4c0a93c-4e10-4fc7-a842-39a650755d58 req-807a53e2-fecf-45bc-95ab-d376cb929421 service placement] found 1 providers with available 1 DISK_GB {{(pid=102247) get_provider_ids_matching /opt/stack/placement/placement/objects/research_context.py:549}}
Nov 16 20:59:16.000999 dv-cinder-733622-21-iscsi devstack@placement-api.service[102247]: DEBUG placement.objects.research_context [req-c4c0a93c-4e10-4fc7-a842-39a650755d58 req-807a53e2-fecf-45bc-95ab-d376cb929421 service placement] found 1 providers with available 1024 MEMORY_MB {{(pid=102247) get_provider_ids_matching /opt/stack/placement/placement/objects/research_context.py:549}}
Nov 16 20:59:16.001477 dv-cinder-733622-21-iscsi devstack@placement-api.service[102247]: DEBUG placement.objects.research_context [req-c4c0a93c-4e10-4fc7-a842-39a650755d58 req-807a53e2-fecf-45bc-95ab-d376cb929421 service placement] found 1 providers after filtering by previous result {{(pid=102247) get_provider_ids_matching /opt/stack/placement/placement/objects/research_context.py:580}}
Nov 16 20:59:16.001732 dv-cinder-733622-21-iscsi devstack@placement-api.service[102247]: DEBUG placement.objects.research_context [req-c4c0a93c-4e10-4fc7-a842-39a650755d58 req-807a53e2-fecf-45bc-95ab-d376cb929421 service placement] found 1 providers with available 1 VCPU {{(pid=102247) get_provider_ids_matching /opt/stack/placement/placement/objects/research_context.py:549}}
Nov 16 20:59:16.002013 dv-cinder-733622-21-iscsi devstack@placement-api.service[102247]: DEBUG placement.objects.research_context [req-c4c0a93c-4e10-4fc7-a842-39a650755d58 req-807a53e2-fecf-45bc-95ab-d376cb929421 service placement] found 1 providers after filtering by previous result {{(pid=102247) get_provider_ids_matching /opt/stack/placement/placement/objects/research_context.py:580}}
Nov 16 20:59:16.018271 dv-cinder-733622-21-iscsi devstack@placement-api.service[102247]: DEBUG placement.objects.allocation_candidate [req-c4c0a93c-4e10-4fc7-a842-39a650755d58 req-807a53e2-fecf-45bc-95ab-d376cb929421 service placement] RequestGroup(use_same_provider=False, resources={DISK_GB:1, MEMORY_MB:1024, VCPU:1}, traits=[], aggregates=[]) (suffix '') returned 1 matches {{(pid=102247) _get_by_requests /opt/stack/placement/placement/objects/allocation_candidate.py:145}}
Nov 16 20:59:16.018873 dv-cinder-733622-21-iscsi devstack@placement-api.service[102247]: DEBUG placement.objects.allocation_candidate [req-c4c0a93c-4e10-4fc7-a842-39a650755d58 req-807a53e2-fecf-45bc-95ab-d376cb929421 service placement] Merging candidates yields 1 allocation requests and 1 provider summaries {{(pid=102247) _merge_candidates /opt/stack/placement/placement/objects/allocation_candidate.py:783}}
Nov 16 20:59:16.021825 dv-cinder-733622-21-iscsi devstack@placement-api.service[102247]: INFO placement.requestlog [req-c4c0a93c-4e10-4fc7-a842-39a650755d58 req-807a53e2-fecf-45bc-95ab-d376cb929421 service placement] 10.222.0.31 "GET /placement/allocation_candidates?limit=1000&resources=DISK_GB%3A1%2CMEMORY_MB%3A1024%2CVCPU%3A1&root_required=%21COMPUTE_STATUS_DISABLED" status: 200 len: 767 microversion: 1.36
Nov 16 20:59:16.022537 dv-cinder-733622-21-iscsi devstack@placement-api.service[102247]: [pid: 102247|app: 0|req: 26/53] 10.222.0.31 () {60 vars in 1506 bytes} [Tue Nov 16 20:59:15 2021] GET /placement/allocation_candidates?limit=1000&resources=DISK_GB%3A1%2CMEMORY_MB%3A1024%2CVCPU%3A1&root_required=%21COMPUTE_STATUS_DISABLED => generated 767 bytes in 83 msecs (HTTP/1.1 200) 8 headers in 296 bytes (1 switches on core 0)
Nov 16 20:59:16.152625 dv-cinder-733622-21-iscsi devstack@placement-api.service[102248]: DEBUG placement.requestlog [req-c4c0a93c-4e10-4fc7-a842-39a650755d58 req-f4392fdc-1335-4b35-adaa-b9c1f5cea798 None None] Starting request: 10.222.0.31 "GET /placement/allocations/0fa04e65-6056-43b3-b1df-849429f335e6" {{(pid=102248) __call__ /opt/stack/placement/placement/requestlog.py:55}}
Nov 16 20:59:16.170323 dv-cinder-733622-21-iscsi devstack@placement-api.service[102248]: INFO placement.requestlog [req-c4c0a93c-4e10-4fc7-a842-39a650755d58 req-f4392fdc-1335-4b35-adaa-b9c1f5cea798 service placement] 10.222.0.31 "GET /placement/allocations/0fa04e65-6056-43b3-b1df-849429f335e6" status: 200 len: 19 microversion: 1.28
Nov 16 20:59:16.170972 dv-cinder-733622-21-iscsi devstack@placement-api.service[102248]: [pid: 102248|app: 0|req: 28/54] 10.222.0.31 () {60 vars in 1380 bytes} [Tue Nov 16 20:59:16 2021] GET /placement/allocations/0fa04e65-6056-43b3-b1df-849429f335e6 => generated 19 bytes in 19 msecs (HTTP/1.1 200) 8 headers in 295 bytes (1 switches on core 0)
Nov 16 20:59:16.178994 dv-cinder-733622-21-iscsi devstack@placement-api.service[102247]: DEBUG placement.requestlog [req-c4c0a93c-4e10-4fc7-a842-39a650755d58 req-ec54b546-c925-41a6-a985-04e48d67a33b None None] Starting request: 10.222.0.31 "PUT /placement/allocations/0fa04e65-6056-43b3-b1df-849429f335e6" {{(pid=102247) __call__ /opt/stack/placement/placement/requestlog.py:55}}
Nov 16 20:59:16.245741 dv-cinder-733622-21-iscsi devstack@placement-api.service[102247]: DEBUG placement.handlers.allocation [req-c4c0a93c-4e10-4fc7-a842-39a650755d58 req-ec54b546-c925-41a6-a985-04e48d67a33b service placement] Successfully wrote allocations [, , ] {{(pid=102247) _update_consumers_and_create_allocations /opt/stack/placement/placement/handlers/allocation.py:462}}
Nov 16 20:59:16.251091 dv-cinder-733622-21-iscsi devstack@placement-api.service[102247]: INFO placement.requestlog [req-c4c0a93c-4e10-4fc7-a842-39a650755d58 req-ec54b546-c925-41a6-a985-04e48d67a33b service placement] 10.222.0.31 "PUT /placement/allocations/0fa04e65-6056-43b3-b1df-849429f335e6" status: 204 len: 0 microversion: 1.36
Nov 16 20:59:16.251778 dv-cinder-733622-21-iscsi devstack@placement-api.service[102247]: [pid: 102247|app: 0|req: 27/55] 10.222.0.31 () {64 vars in 1433 bytes} [Tue Nov 16 20:59:16 2021] PUT /placement/allocations/0fa04e65-6056-43b3-b1df-849429f335e6 => generated 0 bytes in 73 msecs (HTTP/1.1 204) 5 headers in 199 bytes (1 switches on core 0)
Nov 16 20:59:16.667863 dv-cinder-733622-21-iscsi devstack@placement-api.service[102248]: DEBUG placement.requestlog [req-c4c0a93c-4e10-4fc7-a842-39a650755d58 req-9c9e333f-5113-4b3c-a56c-1967029c47b9 None None] Starting request: 10.222.0.37 "GET /placement/allocations/0fa04e65-6056-43b3-b1df-849429f335e6" {{(pid=102248) __call__ /opt/stack/placement/placement/requestlog.py:55}}
Nov 16 20:59:16.717097 dv-cinder-733622-21-iscsi devstack@placement-api.service[102248]: INFO placement.requestlog [req-c4c0a93c-4e10-4fc7-a842-39a650755d58 req-9c9e333f-5113-4b3c-a56c-1967029c47b9 service placement] 10.222.0.37 "GET /placement/allocations/0fa04e65-6056-43b3-b1df-849429f335e6" status: 200 len: 259 microversion: 1.28
Nov 16 20:59:16.717561 dv-cinder-733622-21-iscsi devstack@placement-api.service[102248]: [pid: 102248|app: 0|req: 29/56] 10.222.0.37 () {60 vars in 1377 bytes} [Tue Nov 16 20:59:16 2021] GET /placement/allocations/0fa04e65-6056-43b3-b1df-849429f335e6 => generated 259 bytes in 50 msecs (HTTP/1.1 200) 8 headers in 296 bytes (1 switches on core 0)
Nov 16 20:59:29.596257 dv-cinder-733622-21-iscsi devstack@placement-api.service[102247]: DEBUG placement.requestlog [req-98f5adef-dc01-4959-be11-53964fe7e18d req-96fabb55-caf8-4753-8cf8-a7adc7c2693b None None] Starting request: 10.222.0.37 "GET /placement/resource_providers/1410585a-ecd2-4683-945e-d826d2365fa8/allocations" {{(pid=102247) __call__ /opt/stack/placement/placement/requestlog.py:55}}
Nov 16 20:59:29.631857 dv-cinder-733622-21-iscsi devstack@placement-api.service[102247]: INFO placement.requestlog [req-98f5adef-dc01-4959-be11-53964fe7e18d req-96fabb55-caf8-4753-8cf8-a7adc7c2693b service placement] 10.222.0.37 "GET /placement/resource_providers/1410585a-ecd2-4683-945e-d826d2365fa8/allocations" status: 200 len: 861 microversion: 1.0
Nov 16 20:59:29.632331 dv-cinder-733622-21-iscsi devstack@placement-api.service[102247]: [pid: 102247|app: 0|req: 28/57] 10.222.0.37 () {58 vars in 1390 bytes} [Tue Nov 16 20:59:29 2021] GET /placement/resource_providers/1410585a-ecd2-4683-945e-d826d2365fa8/allocations => generated 861 bytes in 36 msecs (HTTP/1.1 200) 6 headers in 224 bytes (2 switches on core 0)
Nov 16 20:59:34.537401 dv-cinder-733622-21-iscsi devstack@placement-api.service[102248]: DEBUG placement.requestlog [req-02ac30f3-0a8b-47dd-a4dd-4ef283d4f039 req-a039edea-546d-4ced-acba-aec0de15774b None None] Starting request: 10.222.0.37 "DELETE /placement/allocations/0fa04e65-6056-43b3-b1df-849429f335e6" {{(pid=102248) __call__ /opt/stack/placement/placement/requestlog.py:55}}
Nov 16 20:59:34.563110 dv-cinder-733622-21-iscsi devstack@placement-api.service[102248]: DEBUG placement.handlers.allocation [req-02ac30f3-0a8b-47dd-a4dd-4ef283d4f039 req-a039edea-546d-4ced-acba-aec0de15774b service placement] Successfully deleted allocations [, , ] {{(pid=102248) delete_allocations /opt/stack/placement/placement/handlers/allocation.py:627}}
Nov 16 20:59:34.563729 dv-cinder-733622-21-iscsi devstack@placement-api.service[102248]: INFO placement.requestlog [req-02ac30f3-0a8b-47dd-a4dd-4ef283d4f039 req-a039edea-546d-4ced-acba-aec0de15774b service placement] 10.222.0.37 "DELETE /placement/allocations/0fa04e65-6056-43b3-b1df-849429f335e6" status: 204 len: 0 microversion: 1.0
Nov 16 20:59:34.563948 dv-cinder-733622-21-iscsi devstack@placement-api.service[102248]: [pid: 102248|app: 0|req: 30/58] 10.222.0.37 () {60 vars in 1355 bytes} [Tue Nov 16 20:59:34 2021] DELETE /placement/allocations/0fa04e65-6056-43b3-b1df-849429f335e6 => generated 0 bytes in 27 msecs (HTTP/1.1 204) 5 headers in 198 bytes (2 switches on core 0)
Nov 16 20:59:37.327039 dv-cinder-733622-21-iscsi devstack@placement-api.service[102247]: DEBUG placement.requestlog [req-ee940b0a-2c32-4237-8025-8294993d109c req-f0e1d8be-e2b1-42ee-baf8-5325ad752af1 None None] Starting request: 10.222.0.31 "GET /placement/allocation_candidates?limit=1000&resources=DISK_GB%3A1%2CMEMORY_MB%3A1024%2CVCPU%3A1&root_required=%21COMPUTE_STATUS_DISABLED" {{(pid=102247) __call__ /opt/stack/placement/placement/requestlog.py:55}}
Nov 16 20:59:37.357824 dv-cinder-733622-21-iscsi devstack@placement-api.service[102247]: DEBUG placement.objects.research_context [req-ee940b0a-2c32-4237-8025-8294993d109c req-f0e1d8be-e2b1-42ee-baf8-5325ad752af1 service placement] getting providers with 1 DISK_GB {{(pid=102247) __init__ /opt/stack/placement/placement/objects/research_context.py:126}}
Nov 16 20:59:37.363723 dv-cinder-733622-21-iscsi devstack@placement-api.service[102247]: DEBUG placement.objects.research_context [req-ee940b0a-2c32-4237-8025-8294993d109c req-f0e1d8be-e2b1-42ee-baf8-5325ad752af1 service placement] getting providers with 1024 MEMORY_MB {{(pid=102247) __init__ /opt/stack/placement/placement/objects/research_context.py:126}}
Nov 16 20:59:37.369560 dv-cinder-733622-21-iscsi devstack@placement-api.service[102247]: DEBUG placement.objects.research_context [req-ee940b0a-2c32-4237-8025-8294993d109c req-f0e1d8be-e2b1-42ee-baf8-5325ad752af1 service placement] getting providers with 1 VCPU {{(pid=102247) __init__ /opt/stack/placement/placement/objects/research_context.py:126}}
Nov 16 20:59:37.381918 dv-cinder-733622-21-iscsi devstack@placement-api.service[102247]: DEBUG placement.objects.research_context [req-ee940b0a-2c32-4237-8025-8294993d109c req-f0e1d8be-e2b1-42ee-baf8-5325ad752af1 service placement] found 1 providers with available 1 DISK_GB {{(pid=102247) get_provider_ids_matching /opt/stack/placement/placement/objects/research_context.py:549}}
Nov 16 20:59:37.382205 dv-cinder-733622-21-iscsi devstack@placement-api.service[102247]: DEBUG placement.objects.research_context [req-ee940b0a-2c32-4237-8025-8294993d109c req-f0e1d8be-e2b1-42ee-baf8-5325ad752af1 service placement] found 1 providers with available 1024 MEMORY_MB {{(pid=102247) get_provider_ids_matching /opt/stack/placement/placement/objects/research_context.py:549}}
Nov 16 20:59:37.382686 dv-cinder-733622-21-iscsi devstack@placement-api.service[102247]: DEBUG placement.objects.research_context [req-ee940b0a-2c32-4237-8025-8294993d109c req-f0e1d8be-e2b1-42ee-baf8-5325ad752af1 service placement] found 1 providers after filtering by previous result {{(pid=102247) get_provider_ids_matching /opt/stack/placement/placement/objects/research_context.py:580}}
Nov 16 20:59:37.383098 dv-cinder-733622-21-iscsi devstack@placement-api.service[102247]: DEBUG placement.objects.research_context [req-ee940b0a-2c32-4237-8025-8294993d109c req-f0e1d8be-e2b1-42ee-baf8-5325ad752af1 service placement] found 1 providers with available 1 VCPU {{(pid=102247) get_provider_ids_matching /opt/stack/placement/placement/objects/research_context.py:549}}
Nov 16 20:59:37.383364 dv-cinder-733622-21-iscsi devstack@placement-api.service[102247]: DEBUG placement.objects.research_context [req-ee940b0a-2c32-4237-8025-8294993d109c req-f0e1d8be-e2b1-42ee-baf8-5325ad752af1 service placement] found 1 providers after filtering by previous result {{(pid=102247) get_provider_ids_matching /opt/stack/placement/placement/objects/research_context.py:580}}
Nov 16 20:59:37.395990 dv-cinder-733622-21-iscsi devstack@placement-api.service[102247]: DEBUG placement.objects.allocation_candidate [req-ee940b0a-2c32-4237-8025-8294993d109c req-f0e1d8be-e2b1-42ee-baf8-5325ad752af1 service placement] RequestGroup(use_same_provider=False, resources={DISK_GB:1, MEMORY_MB:1024, VCPU:1}, traits=[], aggregates=[]) (suffix '') returned 1 matches {{(pid=102247) _get_by_requests /opt/stack/placement/placement/objects/allocation_candidate.py:145}}
Nov 16 20:59:37.396398 dv-cinder-733622-21-iscsi devstack@placement-api.service[102247]: DEBUG placement.objects.allocation_candidate [req-ee940b0a-2c32-4237-8025-8294993d109c req-f0e1d8be-e2b1-42ee-baf8-5325ad752af1 service placement] Merging candidates yields 1 allocation requests and 1 provider summaries {{(pid=102247) _merge_candidates /opt/stack/placement/placement/objects/allocation_candidate.py:783}}
Nov 16 20:59:37.398085 dv-cinder-733622-21-iscsi devstack@placement-api.service[102247]: INFO placement.requestlog [req-ee940b0a-2c32-4237-8025-8294993d109c req-f0e1d8be-e2b1-42ee-baf8-5325ad752af1 service placement] 10.222.0.31 "GET /placement/allocation_candidates?limit=1000&resources=DISK_GB%3A1%2CMEMORY_MB%3A1024%2CVCPU%3A1&root_required=%21COMPUTE_STATUS_DISABLED" status: 200 len: 767 microversion: 1.36
Nov 16 20:59:37.398632 dv-cinder-733622-21-iscsi devstack@placement-api.service[102247]: [pid: 102247|app: 0|req: 29/59] 10.222.0.31 () {60 vars in 1506 bytes} [Tue Nov 16 20:59:37 2021] GET /placement/allocation_candidates?limit=1000&resources=DISK_GB%3A1%2CMEMORY_MB%3A1024%2CVCPU%3A1&root_required=%21COMPUTE_STATUS_DISABLED => generated 767 bytes in 72 msecs (HTTP/1.1 200) 8 headers in 296 bytes (1 switches on core 0)
Nov 16 20:59:37.445845 dv-cinder-733622-21-iscsi devstack@placement-api.service[102248]: DEBUG placement.requestlog [req-ee940b0a-2c32-4237-8025-8294993d109c req-40935ebc-9130-4866-87a2-581edfe7b0b1 None None] Starting request: 10.222.0.31 "GET /placement/allocations/1bbfb7b2-a9be-42a1-a8f1-e063f597ceb5" {{(pid=102248) __call__ /opt/stack/placement/placement/requestlog.py:55}}
Nov 16 20:59:37.501252 dv-cinder-733622-21-iscsi devstack@placement-api.service[102247]: DEBUG placement.requestlog [req-81fa966a-5290-4fc8-8a03-162097fa9e0f req-294123ce-a073-419e-be41-d1556d9f4c50 None None] Starting request: 10.222.0.31 "GET /placement/allocation_candidates?limit=1000&resources=DISK_GB%3A1%2CMEMORY_MB%3A1024%2CVCPU%3A1&root_required=%21COMPUTE_STATUS_DISABLED" {{(pid=102247) __call__ /opt/stack/placement/placement/requestlog.py:55}}
Nov 16 20:59:37.530190 dv-cinder-733622-21-iscsi devstack@placement-api.service[102248]: INFO placement.requestlog [req-ee940b0a-2c32-4237-8025-8294993d109c req-40935ebc-9130-4866-87a2-581edfe7b0b1 service placement] 10.222.0.31 "GET /placement/allocations/1bbfb7b2-a9be-42a1-a8f1-e063f597ceb5" status: 200 len: 19 microversion: 1.28
Nov 16 20:59:37.530732 dv-cinder-733622-21-iscsi devstack@placement-api.service[102248]: [pid: 102248|app: 0|req: 31/60] 10.222.0.31 () {60 vars in 1380 bytes} [Tue Nov 16 20:59:37 2021] GET /placement/allocations/1bbfb7b2-a9be-42a1-a8f1-e063f597ceb5 => generated 19 bytes in 85 msecs (HTTP/1.1 200) 8 headers in 295 bytes (1 switches on core 0)
Nov 16 20:59:37.536415 dv-cinder-733622-21-iscsi devstack@placement-api.service[102248]: DEBUG placement.requestlog [req-ee940b0a-2c32-4237-8025-8294993d109c req-434eca01-3d53-4680-a034-32a963512e32 None None] Starting request: 10.222.0.31 "PUT /placement/allocations/1bbfb7b2-a9be-42a1-a8f1-e063f597ceb5" {{(pid=102248) __call__ /opt/stack/placement/placement/requestlog.py:55}}
Nov 16 20:59:37.578402 dv-cinder-733622-21-iscsi devstack@placement-api.service[102247]: DEBUG placement.objects.research_context [req-81fa966a-5290-4fc8-8a03-162097fa9e0f req-294123ce-a073-419e-be41-d1556d9f4c50 service placement] getting providers with 1 DISK_GB {{(pid=102247) __init__ /opt/stack/placement/placement/objects/research_context.py:126}}
Nov 16 20:59:37.599981 dv-cinder-733622-21-iscsi devstack@placement-api.service[102247]: DEBUG placement.objects.research_context [req-81fa966a-5290-4fc8-8a03-162097fa9e0f req-294123ce-a073-419e-be41-d1556d9f4c50 service placement] getting providers with 1024 MEMORY_MB {{(pid=102247) __init__ /opt/stack/placement/placement/objects/research_context.py:126}}
Nov 16 20:59:37.612739 dv-cinder-733622-21-iscsi devstack@placement-api.service[102247]: DEBUG placement.objects.research_context [req-81fa966a-5290-4fc8-8a03-162097fa9e0f req-294123ce-a073-419e-be41-d1556d9f4c50 service placement] getting providers with 1 VCPU {{(pid=102247) __init__ /opt/stack/placement/placement/objects/research_context.py:126}}
Nov 16 20:59:37.621754 dv-cinder-733622-21-iscsi devstack@placement-api.service[102247]: DEBUG placement.objects.research_context [req-81fa966a-5290-4fc8-8a03-162097fa9e0f req-294123ce-a073-419e-be41-d1556d9f4c50 service placement] found 1 providers with available 1 DISK_GB {{(pid=102247) get_provider_ids_matching /opt/stack/placement/placement/objects/research_context.py:549}}
Nov 16 20:59:37.622253 dv-cinder-733622-21-iscsi devstack@placement-api.service[102247]: DEBUG placement.objects.research_context [req-81fa966a-5290-4fc8-8a03-162097fa9e0f req-294123ce-a073-419e-be41-d1556d9f4c50 service placement] found 1 providers with available 1024 MEMORY_MB {{(pid=102247) get_provider_ids_matching /opt/stack/placement/placement/objects/research_context.py:549}}
Nov 16 20:59:37.622411 dv-cinder-733622-21-iscsi devstack@placement-api.service[102247]: DEBUG placement.objects.research_context [req-81fa966a-5290-4fc8-8a03-162097fa9e0f req-294123ce-a073-419e-be41-d1556d9f4c50 service placement] found 1 providers after filtering by previous result {{(pid=102247) get_provider_ids_matching /opt/stack/placement/placement/objects/research_context.py:580}}
Nov 16 20:59:37.622750 dv-cinder-733622-21-iscsi devstack@placement-api.service[102247]: DEBUG placement.objects.research_context [req-81fa966a-5290-4fc8-8a03-162097fa9e0f req-294123ce-a073-419e-be41-d1556d9f4c50 service placement] found 1 providers with available 1 VCPU {{(pid=102247) get_provider_ids_matching /opt/stack/placement/placement/objects/research_context.py:549}}
Nov 16 20:59:37.623021 dv-cinder-733622-21-iscsi devstack@placement-api.service[102247]: DEBUG placement.objects.research_context [req-81fa966a-5290-4fc8-8a03-162097fa9e0f req-294123ce-a073-419e-be41-d1556d9f4c50 service placement] found 1 providers after filtering by previous result {{(pid=102247) get_provider_ids_matching /opt/stack/placement/placement/objects/research_context.py:580}}
Nov 16 20:59:37.652483 dv-cinder-733622-21-iscsi devstack@placement-api.service[102247]: DEBUG placement.objects.allocation_candidate [req-81fa966a-5290-4fc8-8a03-162097fa9e0f req-294123ce-a073-419e-be41-d1556d9f4c50 service placement] RequestGroup(use_same_provider=False, resources={DISK_GB:1, MEMORY_MB:1024, VCPU:1}, traits=[], aggregates=[]) (suffix '') returned 1 matches {{(pid=102247) _get_by_requests /opt/stack/placement/placement/objects/allocation_candidate.py:145}}
Nov 16 20:59:37.653763 dv-cinder-733622-21-iscsi devstack@placement-api.service[102247]: DEBUG placement.objects.allocation_candidate [req-81fa966a-5290-4fc8-8a03-162097fa9e0f req-294123ce-a073-419e-be41-d1556d9f4c50 service placement] Merging candidates yields 1 allocation requests and 1 provider summaries {{(pid=102247) _merge_candidates /opt/stack/placement/placement/objects/allocation_candidate.py:783}}
Nov 16 20:59:37.655549 dv-cinder-733622-21-iscsi devstack@placement-api.service[102247]: INFO placement.requestlog [req-81fa966a-5290-4fc8-8a03-162097fa9e0f req-294123ce-a073-419e-be41-d1556d9f4c50 service placement] 10.222.0.31 "GET /placement/allocation_candidates?limit=1000&resources=DISK_GB%3A1%2CMEMORY_MB%3A1024%2CVCPU%3A1&root_required=%21COMPUTE_STATUS_DISABLED" status: 200 len: 767 microversion: 1.36
Nov 16 20:59:37.656096 dv-cinder-733622-21-iscsi devstack@placement-api.service[102247]: [pid: 102247|app: 0|req: 30/61] 10.222.0.31 () {60 vars in 1506 bytes} [Tue Nov 16 20:59:37 2021] GET /placement/allocation_candidates?limit=1000&resources=DISK_GB%3A1%2CMEMORY_MB%3A1024%2CVCPU%3A1&root_required=%21COMPUTE_STATUS_DISABLED => generated 767 bytes in 156 msecs (HTTP/1.1 200) 8 headers in 296 bytes (1 switches on core 0)
Nov 16 20:59:37.663253 dv-cinder-733622-21-iscsi devstack@placement-api.service[102248]: DEBUG placement.handlers.allocation [req-ee940b0a-2c32-4237-8025-8294993d109c req-434eca01-3d53-4680-a034-32a963512e32 service placement] Successfully wrote allocations [, , ] {{(pid=102248) _update_consumers_and_create_allocations /opt/stack/placement/placement/handlers/allocation.py:462}}
Nov 16 20:59:37.669470 dv-cinder-733622-21-iscsi devstack@placement-api.service[102248]: INFO placement.requestlog [req-ee940b0a-2c32-4237-8025-8294993d109c req-434eca01-3d53-4680-a034-32a963512e32 service placement] 10.222.0.31 "PUT /placement/allocations/1bbfb7b2-a9be-42a1-a8f1-e063f597ceb5" status: 204 len: 0 microversion: 1.36
Nov 16 20:59:37.670054 dv-cinder-733622-21-iscsi devstack@placement-api.service[102248]: [pid: 102248|app: 0|req: 32/62] 10.222.0.31 () {64 vars in 1433 bytes} [Tue Nov 16 20:59:37 2021] PUT /placement/allocations/1bbfb7b2-a9be-42a1-a8f1-e063f597ceb5 => generated 0 bytes in 134 msecs (HTTP/1.1 204) 5 headers in 199 bytes (1 switches on core 0)
Nov 16 20:59:37.715908 dv-cinder-733622-21-iscsi devstack@placement-api.service[102247]: DEBUG placement.requestlog [req-81fa966a-5290-4fc8-8a03-162097fa9e0f req-b73dad85-e947-4ab3-b8f1-6194fd53be33 None None] Starting request: 10.222.0.31 "GET /placement/allocations/d8f12a41-dbaa-42e0-bd7a-a41b100338a4" {{(pid=102247) __call__ /opt/stack/placement/placement/requestlog.py:55}}
Nov 16 20:59:37.726935 dv-cinder-733622-21-iscsi devstack@placement-api.service[102247]: INFO placement.requestlog [req-81fa966a-5290-4fc8-8a03-162097fa9e0f req-b73dad85-e947-4ab3-b8f1-6194fd53be33 service placement] 10.222.0.31 "GET /placement/allocations/d8f12a41-dbaa-42e0-bd7a-a41b100338a4" status: 200 len: 19 microversion: 1.28
Nov 16 20:59:37.727881 dv-cinder-733622-21-iscsi devstack@placement-api.service[102247]: [pid: 102247|app: 0|req: 31/63] 10.222.0.31 () {60 vars in 1380 bytes} [Tue Nov 16 20:59:37 2021] GET /placement/allocations/d8f12a41-dbaa-42e0-bd7a-a41b100338a4 => generated 19 bytes in 12 msecs (HTTP/1.1 200) 8 headers in 295 bytes (1 switches on core 0)
Nov 16 20:59:37.736154 dv-cinder-733622-21-iscsi devstack@placement-api.service[102248]: DEBUG placement.requestlog [req-81fa966a-5290-4fc8-8a03-162097fa9e0f req-54715c20-a8dc-457c-b6ed-cec4b8f9ead1 None None] Starting request: 10.222.0.31 "PUT /placement/allocations/d8f12a41-dbaa-42e0-bd7a-a41b100338a4" {{(pid=102248) __call__ /opt/stack/placement/placement/requestlog.py:55}}
Nov 16 20:59:37.833364 dv-cinder-733622-21-iscsi devstack@placement-api.service[102248]: DEBUG placement.handlers.allocation [req-81fa966a-5290-4fc8-8a03-162097fa9e0f req-54715c20-a8dc-457c-b6ed-cec4b8f9ead1 service placement] Successfully wrote allocations [, , ] {{(pid=102248) _update_consumers_and_create_allocations /opt/stack/placement/placement/handlers/allocation.py:462}}
Nov 16 20:59:37.836900 dv-cinder-733622-21-iscsi devstack@placement-api.service[102248]: INFO placement.requestlog [req-81fa966a-5290-4fc8-8a03-162097fa9e0f req-54715c20-a8dc-457c-b6ed-cec4b8f9ead1 service placement] 10.222.0.31 "PUT /placement/allocations/d8f12a41-dbaa-42e0-bd7a-a41b100338a4" status: 204 len: 0 microversion: 1.36
Nov 16 20:59:37.837283 dv-cinder-733622-21-iscsi devstack@placement-api.service[102248]: [pid: 102248|app: 0|req: 33/64] 10.222.0.31 () {64 vars in 1433 bytes} [Tue Nov 16 20:59:37 2021] PUT /placement/allocations/d8f12a41-dbaa-42e0-bd7a-a41b100338a4 => generated 0 bytes in 101 msecs (HTTP/1.1 204) 5 headers in 199 bytes (1 switches on core 0)
Nov 16 20:59:38.058232 dv-cinder-733622-21-iscsi devstack@placement-api.service[102247]: DEBUG placement.requestlog [req-ee940b0a-2c32-4237-8025-8294993d109c req-77154d45-a329-49c8-9829-e65ec683950c None None] Starting request: 10.222.0.37 "GET /placement/allocations/1bbfb7b2-a9be-42a1-a8f1-e063f597ceb5" {{(pid=102247) __call__ /opt/stack/placement/placement/requestlog.py:55}}
Nov 16 20:59:38.075556 dv-cinder-733622-21-iscsi devstack@placement-api.service[102247]: INFO placement.requestlog [req-ee940b0a-2c32-4237-8025-8294993d109c req-77154d45-a329-49c8-9829-e65ec683950c service placement] 10.222.0.37 "GET /placement/allocations/1bbfb7b2-a9be-42a1-a8f1-e063f597ceb5" status: 200 len: 259 microversion: 1.28
Nov 16 20:59:38.076434 dv-cinder-733622-21-iscsi devstack@placement-api.service[102247]: [pid: 102247|app: 0|req: 32/65] 10.222.0.37 () {60 vars in 1377 bytes} [Tue Nov 16 20:59:38 2021] GET /placement/allocations/1bbfb7b2-a9be-42a1-a8f1-e063f597ceb5 => generated 259 bytes in 18 msecs (HTTP/1.1 200) 8 headers in 296 bytes (1 switches on core 0)
Nov 16 20:59:38.129472 dv-cinder-733622-21-iscsi devstack@placement-api.service[102248]: DEBUG placement.requestlog [req-81fa966a-5290-4fc8-8a03-162097fa9e0f req-a16b3206-b90d-4d8f-9bf1-c4e64980bbec None None] Starting request: 10.222.0.37 "GET /placement/allocations/d8f12a41-dbaa-42e0-bd7a-a41b100338a4" {{(pid=102248) __call__ /opt/stack/placement/placement/requestlog.py:55}}
Nov 16 20:59:38.150153 dv-cinder-733622-21-iscsi devstack@placement-api.service[102248]: INFO placement.requestlog [req-81fa966a-5290-4fc8-8a03-162097fa9e0f req-a16b3206-b90d-4d8f-9bf1-c4e64980bbec service placement] 10.222.0.37 "GET /placement/allocations/d8f12a41-dbaa-42e0-bd7a-a41b100338a4" status: 200 len: 259 microversion: 1.28
Nov 16 20:59:38.150632 dv-cinder-733622-21-iscsi devstack@placement-api.service[102248]: [pid: 102248|app: 0|req: 34/66] 10.222.0.37 () {60 vars in 1377 bytes} [Tue Nov 16 20:59:38 2021] GET /placement/allocations/d8f12a41-dbaa-42e0-bd7a-a41b100338a4 => generated 259 bytes in 21 msecs (HTTP/1.1 200) 8 headers in 296 bytes (1 switches on core 0)
Nov 16 21:00:12.779553 dv-cinder-733622-21-iscsi devstack@placement-api.service[102247]: DEBUG placement.requestlog [req-678232b5-c15f-4a31-afa6-b3b27eb729ba req-b555482a-a841-4efb-9905-cf1be6b319cd None None] Starting request: 10.222.0.37 "DELETE /placement/allocations/175ebc9e-51f9-4050-85ad-539a200d81bc" {{(pid=102247) __call__ /opt/stack/placement/placement/requestlog.py:55}}
Nov 16 21:00:12.855978 dv-cinder-733622-21-iscsi devstack@placement-api.service[102247]: DEBUG placement.handlers.allocation [req-678232b5-c15f-4a31-afa6-b3b27eb729ba req-b555482a-a841-4efb-9905-cf1be6b319cd service placement] Successfully deleted allocations [, , ] {{(pid=102247) delete_allocations /opt/stack/placement/placement/handlers/allocation.py:627}}
Nov 16 21:00:12.859756 dv-cinder-733622-21-iscsi devstack@placement-api.service[102247]: INFO placement.requestlog [req-678232b5-c15f-4a31-afa6-b3b27eb729ba req-b555482a-a841-4efb-9905-cf1be6b319cd service placement] 10.222.0.37 "DELETE /placement/allocations/175ebc9e-51f9-4050-85ad-539a200d81bc" status: 204 len: 0 microversion: 1.0
Nov 16 21:00:12.860709 dv-cinder-733622-21-iscsi devstack@placement-api.service[102247]: [pid: 102247|app: 0|req: 33/67] 10.222.0.37 () {60 vars in 1355 bytes} [Tue Nov 16 21:00:12 2021] DELETE /placement/allocations/175ebc9e-51f9-4050-85ad-539a200d81bc => generated 0 bytes in 81 msecs (HTTP/1.1 204) 5 headers in 198 bytes (1 switches on core 0)
Nov 16 21:00:13.318917 dv-cinder-733622-21-iscsi devstack@placement-api.service[102248]: DEBUG placement.requestlog [req-2a90fed3-76da-456c-b095-76f8ca12ccaa req-993cbbf6-6780-4fae-a072-8f3783f29916 None None] Starting request: 10.222.0.37 "DELETE /placement/allocations/1bbfb7b2-a9be-42a1-a8f1-e063f597ceb5" {{(pid=102248) __call__ /opt/stack/placement/placement/requestlog.py:55}}
Nov 16 21:00:13.367229 dv-cinder-733622-21-iscsi devstack@placement-api.service[102248]: DEBUG placement.handlers.allocation [req-2a90fed3-76da-456c-b095-76f8ca12ccaa req-993cbbf6-6780-4fae-a072-8f3783f29916 service placement] Successfully deleted allocations [, , ] {{(pid=102248) delete_allocations /opt/stack/placement/placement/handlers/allocation.py:627}}
Nov 16 21:00:13.368449 dv-cinder-733622-21-iscsi devstack@placement-api.service[102248]: INFO placement.requestlog [req-2a90fed3-76da-456c-b095-76f8ca12ccaa req-993cbbf6-6780-4fae-a072-8f3783f29916 service placement] 10.222.0.37 "DELETE /placement/allocations/1bbfb7b2-a9be-42a1-a8f1-e063f597ceb5" status: 204 len: 0 microversion: 1.0
Nov 16 21:00:13.369388 dv-cinder-733622-21-iscsi devstack@placement-api.service[102248]: [pid: 102248|app: 0|req: 35/68] 10.222.0.37 () {60 vars in 1355 bytes} [Tue Nov 16 21:00:13 2021] DELETE /placement/allocations/1bbfb7b2-a9be-42a1-a8f1-e063f597ceb5 => generated 0 bytes in 51 msecs (HTTP/1.1 204) 5 headers in 198 bytes (1 switches on core 0)
Nov 16 21:00:16.076145 dv-cinder-733622-21-iscsi devstack@placement-api.service[102247]: DEBUG placement.requestlog [req-d361acf0-a43d-4a82-bbe5-5fb687416dcf req-fe6f87ef-836e-4dfa-aa1f-71933bd31b62 None None] Starting request: 10.222.0.31 "GET /placement/allocation_candidates?limit=1000&resources=DISK_GB%3A1%2CMEMORY_MB%3A1024%2CVCPU%3A1&root_required=%21COMPUTE_STATUS_DISABLED" {{(pid=102247) __call__ /opt/stack/placement/placement/requestlog.py:55}}
Nov 16 21:00:16.106722 dv-cinder-733622-21-iscsi devstack@placement-api.service[102247]: DEBUG placement.objects.research_context [req-d361acf0-a43d-4a82-bbe5-5fb687416dcf req-fe6f87ef-836e-4dfa-aa1f-71933bd31b62 service placement] getting providers with 1 DISK_GB {{(pid=102247) __init__ /opt/stack/placement/placement/objects/research_context.py:126}}
Nov 16 21:00:16.112720 dv-cinder-733622-21-iscsi devstack@placement-api.service[102247]: DEBUG placement.objects.research_context [req-d361acf0-a43d-4a82-bbe5-5fb687416dcf req-fe6f87ef-836e-4dfa-aa1f-71933bd31b62 service placement] getting providers with 1024 MEMORY_MB {{(pid=102247) __init__ /opt/stack/placement/placement/objects/research_context.py:126}}
Nov 16 21:00:16.118116 dv-cinder-733622-21-iscsi devstack@placement-api.service[102247]: DEBUG placement.objects.research_context [req-d361acf0-a43d-4a82-bbe5-5fb687416dcf req-fe6f87ef-836e-4dfa-aa1f-71933bd31b62 service placement] getting providers with 1 VCPU {{(pid=102247) __init__ /opt/stack/placement/placement/objects/research_context.py:126}}
Nov 16 21:00:16.124063 dv-cinder-733622-21-iscsi devstack@placement-api.service[102247]: DEBUG placement.objects.research_context [req-d361acf0-a43d-4a82-bbe5-5fb687416dcf req-fe6f87ef-836e-4dfa-aa1f-71933bd31b62 service placement] found 1 providers with available 1 DISK_GB {{(pid=102247) get_provider_ids_matching /opt/stack/placement/placement/objects/research_context.py:549}}
Nov 16 21:00:16.124274 dv-cinder-733622-21-iscsi devstack@placement-api.service[102247]: DEBUG placement.objects.research_context [req-d361acf0-a43d-4a82-bbe5-5fb687416dcf req-fe6f87ef-836e-4dfa-aa1f-71933bd31b62 service placement] found 1 providers with available 1024 MEMORY_MB {{(pid=102247) get_provider_ids_matching /opt/stack/placement/placement/objects/research_context.py:549}}
