Sep 23 13:58:27.464724 dv-cinder-733622-19-smb devstack@c-api.service[108067]: [pid: 108067|app: 0|req: 228/368] 10.222.0.44 () {58 vars in 1328 bytes} [Thu Sep 23 13:58:27 2021] DELETE /volume/v3/e97654e77a344101a285211274af1a77/volumes/3f047f46-e5e5-4ae0-a004-4d69567e40b5 => generated 0 bytes in 302 msecs (HTTP/1.1 202) 6 headers in 233 bytes (1 switches on core 0)
Sep 23 13:58:27.472419 dv-cinder-733622-19-smb devstack@c-api.service[108066]: INFO cinder.api.openstack.wsgi [None req-d1367f2c-55ef-4ee6-8ca5-5b9d00ecc991 tempest-VolumeTypesTest-2042659216 tempest-VolumeTypesTest-2042659216-project] GET http://10.222.0.44/volume/v3/e97654e77a344101a285211274af1a77/volumes/3f047f46-e5e5-4ae0-a004-4d69567e40b5
Sep 23 13:58:27.473219 dv-cinder-733622-19-smb devstack@c-api.service[108066]: DEBUG cinder.api.openstack.wsgi [None req-d1367f2c-55ef-4ee6-8ca5-5b9d00ecc991 tempest-VolumeTypesTest-2042659216 tempest-VolumeTypesTest-2042659216-project] Empty body provided in request {{(pid=108066) get_body /opt/stack/cinder/cinder/api/openstack/wsgi.py:703}}
Sep 23 13:58:27.473926 dv-cinder-733622-19-smb devstack@c-api.service[108066]: DEBUG cinder.api.openstack.wsgi [None req-d1367f2c-55ef-4ee6-8ca5-5b9d00ecc991 tempest-VolumeTypesTest-2042659216 tempest-VolumeTypesTest-2042659216-project] Calling method 'show' {{(pid=108066) _process_stack /opt/stack/cinder/cinder/api/openstack/wsgi.py:856}}
Sep 23 13:58:27.496373 dv-cinder-733622-19-smb devstack@c-api.service[108066]: /usr/local/lib/python3.8/dist-packages/oslo_context/context.py:105: DeprecationWarning: Policy enforcement is depending on the value of is_admin. This key is deprecated. Please update your policy file to use the standard policy values.
Sep 23 13:58:27.496373 dv-cinder-733622-19-smb devstack@c-api.service[108066]: warnings.warn('Policy enforcement is depending on the value of '
Sep 23 13:58:27.504345 dv-cinder-733622-19-smb devstack@c-api.service[108066]: INFO cinder.volume.api [None req-d1367f2c-55ef-4ee6-8ca5-5b9d00ecc991 tempest-VolumeTypesTest-2042659216 tempest-VolumeTypesTest-2042659216-project] Volume info retrieved successfully.
Sep 23 13:58:27.523286 dv-cinder-733622-19-smb devstack@c-api.service[108066]: INFO cinder.api.openstack.wsgi [None req-d1367f2c-55ef-4ee6-8ca5-5b9d00ecc991 tempest-VolumeTypesTest-2042659216 tempest-VolumeTypesTest-2042659216-project] http://10.222.0.44/volume/v3/e97654e77a344101a285211274af1a77/volumes/3f047f46-e5e5-4ae0-a004-4d69567e40b5 returned with HTTP 200
Sep 23 13:58:27.524019 dv-cinder-733622-19-smb devstack@c-api.service[108066]: [pid: 108066|app: 0|req: 141/369] 10.222.0.44 () {58 vars in 1325 bytes} [Thu Sep 23 13:58:27 2021] GET /volume/v3/e97654e77a344101a285211274af1a77/volumes/3f047f46-e5e5-4ae0-a004-4d69567e40b5 => generated 940 bytes in 58 msecs (HTTP/1.1 200) 7 headers in 285 bytes (1 switches on core 0)
Sep 23 13:58:28.012406 dv-cinder-733622-19-smb devstack@c-api.service[108067]: INFO cinder.api.openstack.wsgi [None req-6c3afe49-f77b-4357-8a6e-1d7bab53ff98 tempest-AttachVolumeNegativeTest-430984415 tempest-AttachVolumeNegativeTest-430984415-project] GET http://10.222.0.44/volume/v3/e2b3e7dbaf4849b3b6c564f4347d7836/volumes/05f42e6a-7868-4f28-9f19-e4fbc2e83750
Sep 23 13:58:28.012849 dv-cinder-733622-19-smb devstack@c-api.service[108067]: DEBUG cinder.api.openstack.wsgi [None req-6c3afe49-f77b-4357-8a6e-1d7bab53ff98 tempest-AttachVolumeNegativeTest-430984415 tempest-AttachVolumeNegativeTest-430984415-project] Empty body provided in request {{(pid=108067) get_body /opt/stack/cinder/cinder/api/openstack/wsgi.py:703}}
Sep 23 13:58:28.013024 dv-cinder-733622-19-smb devstack@c-api.service[108067]: /usr/local/lib/python3.8/dist-packages/webob/acceptparse.py:1047: DeprecationWarning: The behavior of AcceptValidHeader.best_match is currently being maintained for backward compatibility, but it will be deprecated in the future, as it does not conform to the RFC.
Sep 23 13:58:28.013024 dv-cinder-733622-19-smb devstack@c-api.service[108067]: warnings.warn(
Sep 23 13:58:28.013622 dv-cinder-733622-19-smb devstack@c-api.service[108067]: DEBUG cinder.api.openstack.wsgi [None req-6c3afe49-f77b-4357-8a6e-1d7bab53ff98 tempest-AttachVolumeNegativeTest-430984415 tempest-AttachVolumeNegativeTest-430984415-project] Calling method 'show' {{(pid=108067) _process_stack /opt/stack/cinder/cinder/api/openstack/wsgi.py:856}}
Sep 23 13:58:28.029691 dv-cinder-733622-19-smb devstack@c-api.service[108067]: /usr/local/lib/python3.8/dist-packages/oslo_context/context.py:105: DeprecationWarning: Policy enforcement is depending on the value of is_admin. This key is deprecated. Please update your policy file to use the standard policy values.
Sep 23 13:58:28.029691 dv-cinder-733622-19-smb devstack@c-api.service[108067]: warnings.warn('Policy enforcement is depending on the value of '
Sep 23 13:58:28.038089 dv-cinder-733622-19-smb devstack@c-api.service[108067]: INFO cinder.volume.api [None req-6c3afe49-f77b-4357-8a6e-1d7bab53ff98 tempest-AttachVolumeNegativeTest-430984415 tempest-AttachVolumeNegativeTest-430984415-project] Volume info retrieved successfully.
Sep 23 13:58:28.074459 dv-cinder-733622-19-smb devstack@c-api.service[108067]: INFO cinder.api.openstack.wsgi [None req-6c3afe49-f77b-4357-8a6e-1d7bab53ff98 tempest-AttachVolumeNegativeTest-430984415 tempest-AttachVolumeNegativeTest-430984415-project] http://10.222.0.44/volume/v3/e2b3e7dbaf4849b3b6c564f4347d7836/volumes/05f42e6a-7868-4f28-9f19-e4fbc2e83750 returned with HTTP 200
Sep 23 13:58:28.079713 dv-cinder-733622-19-smb devstack@c-api.service[108067]: [pid: 108067|app: 0|req: 229/370] 10.222.0.44 () {58 vars in 1325 bytes} [Thu Sep 23 13:58:28 2021] GET /volume/v3/e2b3e7dbaf4849b3b6c564f4347d7836/volumes/05f42e6a-7868-4f28-9f19-e4fbc2e83750 => generated 915 bytes in 71 msecs (HTTP/1.1 200) 7 headers in 285 bytes (2 switches on core 0)
Sep 23 13:58:28.539636 dv-cinder-733622-19-smb devstack@c-api.service[108066]: INFO cinder.api.openstack.wsgi [None req-2cfc6cf1-1efe-4e4d-bf0b-556ec916a76b tempest-VolumeTypesTest-2042659216 tempest-VolumeTypesTest-2042659216-project] GET http://10.222.0.44/volume/v3/e97654e77a344101a285211274af1a77/volumes/3f047f46-e5e5-4ae0-a004-4d69567e40b5
Sep 23 13:58:28.542090 dv-cinder-733622-19-smb devstack@c-api.service[108066]: DEBUG cinder.api.openstack.wsgi [None req-2cfc6cf1-1efe-4e4d-bf0b-556ec916a76b tempest-VolumeTypesTest-2042659216 tempest-VolumeTypesTest-2042659216-project] Empty body provided in request {{(pid=108066) get_body /opt/stack/cinder/cinder/api/openstack/wsgi.py:703}}
Sep 23 13:58:28.542090 dv-cinder-733622-19-smb devstack@c-api.service[108066]: /usr/local/lib/python3.8/dist-packages/webob/acceptparse.py:1047: DeprecationWarning: The behavior of AcceptValidHeader.best_match is currently being maintained for backward compatibility, but it will be deprecated in the future, as it does not conform to the RFC.
Sep 23 13:58:28.542090 dv-cinder-733622-19-smb devstack@c-api.service[108066]: warnings.warn(
Sep 23 13:58:28.542090 dv-cinder-733622-19-smb devstack@c-api.service[108066]: DEBUG cinder.api.openstack.wsgi [None req-2cfc6cf1-1efe-4e4d-bf0b-556ec916a76b tempest-VolumeTypesTest-2042659216 tempest-VolumeTypesTest-2042659216-project] Calling method 'show' {{(pid=108066) _process_stack /opt/stack/cinder/cinder/api/openstack/wsgi.py:856}}
Sep 23 13:58:28.557012 dv-cinder-733622-19-smb devstack@c-api.service[108066]: INFO cinder.api.openstack.wsgi [None req-2cfc6cf1-1efe-4e4d-bf0b-556ec916a76b tempest-VolumeTypesTest-2042659216 tempest-VolumeTypesTest-2042659216-project] http://10.222.0.44/volume/v3/e97654e77a344101a285211274af1a77/volumes/3f047f46-e5e5-4ae0-a004-4d69567e40b5 returned with HTTP 404
Sep 23 13:58:28.558505 dv-cinder-733622-19-smb devstack@c-api.service[108066]: [pid: 108066|app: 0|req: 142/371] 10.222.0.44 () {58 vars in 1325 bytes} [Thu Sep 23 13:58:28 2021] GET /volume/v3/e97654e77a344101a285211274af1a77/volumes/3f047f46-e5e5-4ae0-a004-4d69567e40b5 => generated 109 bytes in 22 msecs (HTTP/1.1 404) 7 headers in 292 bytes (1 switches on core 0)
Sep 23 13:58:28.567766 dv-cinder-733622-19-smb devstack@c-api.service[108067]: INFO cinder.api.openstack.wsgi [None req-17239837-763b-47ee-91ed-1aaaa192f1a1 tempest-VolumeTypesTest-183501619 tempest-VolumeTypesTest-183501619-project-admin] DELETE http://10.222.0.44/volume/v3/a530dafbe7d0408bacd57eff9fbb53e2/types/eda16916-6a3a-43f4-abb3-2177748ecc47
Sep 23 13:58:28.568525 dv-cinder-733622-19-smb devstack@c-api.service[108067]: DEBUG cinder.api.openstack.wsgi [None req-17239837-763b-47ee-91ed-1aaaa192f1a1 tempest-VolumeTypesTest-183501619 tempest-VolumeTypesTest-183501619-project-admin] Empty body provided in request {{(pid=108067) get_body /opt/stack/cinder/cinder/api/openstack/wsgi.py:703}}
Sep 23 13:58:28.568525 dv-cinder-733622-19-smb devstack@c-api.service[108067]: /usr/local/lib/python3.8/dist-packages/webob/acceptparse.py:1047: DeprecationWarning: The behavior of AcceptValidHeader.best_match is currently being maintained for backward compatibility, but it will be deprecated in the future, as it does not conform to the RFC.
Sep 23 13:58:28.568525 dv-cinder-733622-19-smb devstack@c-api.service[108067]: warnings.warn(
Sep 23 13:58:28.568736 dv-cinder-733622-19-smb devstack@c-api.service[108067]: DEBUG cinder.api.openstack.wsgi [None req-17239837-763b-47ee-91ed-1aaaa192f1a1 tempest-VolumeTypesTest-183501619 tempest-VolumeTypesTest-183501619-project-admin] Calling method '_delete' {{(pid=108067) _process_stack /opt/stack/cinder/cinder/api/openstack/wsgi.py:856}}
Sep 23 13:58:28.717662 dv-cinder-733622-19-smb devstack@c-api.service[108067]: INFO cinder.api.openstack.wsgi [None req-17239837-763b-47ee-91ed-1aaaa192f1a1 tempest-VolumeTypesTest-183501619 tempest-VolumeTypesTest-183501619-project-admin] http://10.222.0.44/volume/v3/a530dafbe7d0408bacd57eff9fbb53e2/types/eda16916-6a3a-43f4-abb3-2177748ecc47 returned with HTTP 202
Sep 23 13:58:28.718559 dv-cinder-733622-19-smb devstack@c-api.service[108067]: [pid: 108067|app: 0|req: 230/372] 10.222.0.44 () {58 vars in 1322 bytes} [Thu Sep 23 13:58:28 2021] DELETE /volume/v3/a530dafbe7d0408bacd57eff9fbb53e2/types/eda16916-6a3a-43f4-abb3-2177748ecc47 => generated 0 bytes in 155 msecs (HTTP/1.1 202) 6 headers in 233 bytes (2 switches on core 0)
Sep 23 13:58:28.718742 dv-cinder-733622-19-smb devstack@c-api.service[108066]: INFO cinder.api.openstack.wsgi [None req-34e27639-7472-4850-a4a8-465090f972fd tempest-VolumesSummaryTest-1776882292 tempest-VolumesSummaryTest-1776882292-project] GET http://10.222.0.44/volume/v3/642f905a171a4d62ad08e9d317063514/volumes/summary
Sep 23 13:58:28.719387 dv-cinder-733622-19-smb devstack@c-api.service[108066]: DEBUG cinder.api.openstack.wsgi [None req-34e27639-7472-4850-a4a8-465090f972fd tempest-VolumesSummaryTest-1776882292 tempest-VolumesSummaryTest-1776882292-project] Empty body provided in request {{(pid=108066) get_body /opt/stack/cinder/cinder/api/openstack/wsgi.py:703}}
Sep 23 13:58:28.719809 dv-cinder-733622-19-smb devstack@c-api.service[108066]: DEBUG cinder.api.openstack.wsgi [None req-34e27639-7472-4850-a4a8-465090f972fd tempest-VolumesSummaryTest-1776882292 tempest-VolumesSummaryTest-1776882292-project] Calling method 'version_select' {{(pid=108066) _process_stack /opt/stack/cinder/cinder/api/openstack/wsgi.py:856}}
Sep 23 13:58:28.720284 dv-cinder-733622-19-smb devstack@c-api.service[108066]: DEBUG cinder.api.api_utils [None req-34e27639-7472-4850-a4a8-465090f972fd tempest-VolumesSummaryTest-1776882292 tempest-VolumesSummaryTest-1776882292-project] Removing options '' from query. {{(pid=108066) remove_invalid_filter_options /opt/stack/cinder/cinder/api/api_utils.py:73}}
Sep 23 13:58:28.726124 dv-cinder-733622-19-smb devstack@c-api.service[108067]: INFO cinder.api.openstack.wsgi [None req-7c7204ff-a6c3-4c94-a1a4-0a56cc9022d4 tempest-VolumeTypesTest-183501619 tempest-VolumeTypesTest-183501619-project-admin] GET http://10.222.0.44/volume/v3/a530dafbe7d0408bacd57eff9fbb53e2/types/eda16916-6a3a-43f4-abb3-2177748ecc47
Sep 23 13:58:28.726807 dv-cinder-733622-19-smb devstack@c-api.service[108067]: DEBUG cinder.api.openstack.wsgi [None req-7c7204ff-a6c3-4c94-a1a4-0a56cc9022d4 tempest-VolumeTypesTest-183501619 tempest-VolumeTypesTest-183501619-project-admin] Empty body provided in request {{(pid=108067) get_body /opt/stack/cinder/cinder/api/openstack/wsgi.py:703}}
Sep 23 13:58:28.727539 dv-cinder-733622-19-smb devstack@c-api.service[108067]: DEBUG cinder.api.openstack.wsgi [None req-7c7204ff-a6c3-4c94-a1a4-0a56cc9022d4 tempest-VolumeTypesTest-183501619 tempest-VolumeTypesTest-183501619-project-admin] Calling method 'show' {{(pid=108067) _process_stack /opt/stack/cinder/cinder/api/openstack/wsgi.py:856}}
Sep 23 13:58:28.733637 dv-cinder-733622-19-smb devstack@c-api.service[108066]: INFO cinder.volume.api [None req-34e27639-7472-4850-a4a8-465090f972fd tempest-VolumesSummaryTest-1776882292 tempest-VolumesSummaryTest-1776882292-project] Get summary completed successfully.
Sep 23 13:58:28.733907 dv-cinder-733622-19-smb devstack@c-api.service[108067]: INFO cinder.api.openstack.wsgi [None req-7c7204ff-a6c3-4c94-a1a4-0a56cc9022d4 tempest-VolumeTypesTest-183501619 tempest-VolumeTypesTest-183501619-project-admin] http://10.222.0.44/volume/v3/a530dafbe7d0408bacd57eff9fbb53e2/types/eda16916-6a3a-43f4-abb3-2177748ecc47 returned with HTTP 404
Sep 23 13:58:28.734432 dv-cinder-733622-19-smb devstack@c-api.service[108066]: INFO cinder.api.openstack.wsgi [None req-34e27639-7472-4850-a4a8-465090f972fd tempest-VolumesSummaryTest-1776882292 tempest-VolumesSummaryTest-1776882292-project] http://10.222.0.44/volume/v3/642f905a171a4d62ad08e9d317063514/volumes/summary returned with HTTP 200
Sep 23 13:58:28.735292 dv-cinder-733622-19-smb devstack@c-api.service[108067]: [pid: 108067|app: 0|req: 231/374] 10.222.0.44 () {58 vars in 1319 bytes} [Thu Sep 23 13:58:28 2021] GET /volume/v3/a530dafbe7d0408bacd57eff9fbb53e2/types/eda16916-6a3a-43f4-abb3-2177748ecc47 => generated 114 bytes in 13 msecs (HTTP/1.1 404) 7 headers in 292 bytes (2 switches on core 0)
Sep 23 13:58:28.735516 dv-cinder-733622-19-smb devstack@c-api.service[108066]: [pid: 108066|app: 0|req: 143/374] 10.222.0.44 () {60 vars in 1279 bytes} [Thu Sep 23 13:58:28 2021] GET /volume/v3/642f905a171a4d62ad08e9d317063514/volumes/summary => generated 55 bytes in 123 msecs (HTTP/1.1 200) 7 headers in 285 bytes (2 switches on core 0)
Sep 23 13:58:28.749657 dv-cinder-733622-19-smb devstack@c-api.service[108066]: INFO cinder.api.openstack.wsgi [None req-1ae1a7b7-3ce0-45a7-ba95-00d11b223fd7 tempest-VolumeTypesTest-183501619 tempest-VolumeTypesTest-183501619-project-admin] DELETE http://10.222.0.44/volume/v3/a530dafbe7d0408bacd57eff9fbb53e2/types/76218996-4d0a-4e2c-85a8-d6e450edfe93
Sep 23 13:58:28.750165 dv-cinder-733622-19-smb devstack@c-api.service[108066]: DEBUG cinder.api.openstack.wsgi [None req-1ae1a7b7-3ce0-45a7-ba95-00d11b223fd7 tempest-VolumeTypesTest-183501619 tempest-VolumeTypesTest-183501619-project-admin] Empty body provided in request {{(pid=108066) get_body /opt/stack/cinder/cinder/api/openstack/wsgi.py:703}}
Sep 23 13:58:28.750909 dv-cinder-733622-19-smb devstack@c-api.service[108066]: DEBUG cinder.api.openstack.wsgi [None req-1ae1a7b7-3ce0-45a7-ba95-00d11b223fd7 tempest-VolumeTypesTest-183501619 tempest-VolumeTypesTest-183501619-project-admin] Calling method '_delete' {{(pid=108066) _process_stack /opt/stack/cinder/cinder/api/openstack/wsgi.py:856}}
Sep 23 13:58:28.889053 dv-cinder-733622-19-smb devstack@c-api.service[108066]: INFO cinder.api.openstack.wsgi [None req-1ae1a7b7-3ce0-45a7-ba95-00d11b223fd7 tempest-VolumeTypesTest-183501619 tempest-VolumeTypesTest-183501619-project-admin] http://10.222.0.44/volume/v3/a530dafbe7d0408bacd57eff9fbb53e2/types/76218996-4d0a-4e2c-85a8-d6e450edfe93 returned with HTTP 202
Sep 23 13:58:28.889849 dv-cinder-733622-19-smb devstack@c-api.service[108066]: [pid: 108066|app: 0|req: 144/375] 10.222.0.44 () {58 vars in 1322 bytes} [Thu Sep 23 13:58:28 2021] DELETE /volume/v3/a530dafbe7d0408bacd57eff9fbb53e2/types/76218996-4d0a-4e2c-85a8-d6e450edfe93 => generated 0 bytes in 150 msecs (HTTP/1.1 202) 6 headers in 233 bytes (2 switches on core 0)
Sep 23 13:58:28.898111 dv-cinder-733622-19-smb devstack@c-api.service[108067]: INFO cinder.api.openstack.wsgi [None req-2ce462de-ae9f-4164-98ce-e73af1b38be7 tempest-VolumeTypesTest-183501619 tempest-VolumeTypesTest-183501619-project-admin] GET http://10.222.0.44/volume/v3/a530dafbe7d0408bacd57eff9fbb53e2/types/76218996-4d0a-4e2c-85a8-d6e450edfe93
Sep 23 13:58:28.899000 dv-cinder-733622-19-smb devstack@c-api.service[108067]: DEBUG cinder.api.openstack.wsgi [None req-2ce462de-ae9f-4164-98ce-e73af1b38be7 tempest-VolumeTypesTest-183501619 tempest-VolumeTypesTest-183501619-project-admin] Empty body provided in request {{(pid=108067) get_body /opt/stack/cinder/cinder/api/openstack/wsgi.py:703}}
Sep 23 13:58:28.899434 dv-cinder-733622-19-smb devstack@c-api.service[108067]: DEBUG cinder.api.openstack.wsgi [None req-2ce462de-ae9f-4164-98ce-e73af1b38be7 tempest-VolumeTypesTest-183501619 tempest-VolumeTypesTest-183501619-project-admin] Calling method 'show' {{(pid=108067) _process_stack /opt/stack/cinder/cinder/api/openstack/wsgi.py:856}}
Sep 23 13:58:28.904963 dv-cinder-733622-19-smb devstack@c-api.service[108067]: INFO cinder.api.openstack.wsgi [None req-2ce462de-ae9f-4164-98ce-e73af1b38be7 tempest-VolumeTypesTest-183501619 tempest-VolumeTypesTest-183501619-project-admin] http://10.222.0.44/volume/v3/a530dafbe7d0408bacd57eff9fbb53e2/types/76218996-4d0a-4e2c-85a8-d6e450edfe93 returned with HTTP 404
Sep 23 13:58:28.905911 dv-cinder-733622-19-smb devstack@c-api.service[108067]: [pid: 108067|app: 0|req: 232/376] 10.222.0.44 () {58 vars in 1319 bytes} [Thu Sep 23 13:58:28 2021] GET /volume/v3/a530dafbe7d0408bacd57eff9fbb53e2/types/76218996-4d0a-4e2c-85a8-d6e450edfe93 => generated 114 bytes in 12 msecs (HTTP/1.1 404) 7 headers in 292 bytes (1 switches on core 0)
Sep 23 13:58:29.091128 dv-cinder-733622-19-smb devstack@c-api.service[108066]: INFO cinder.api.openstack.wsgi [None req-4c34d2eb-7516-4f66-bb42-81d98b206493 tempest-AttachVolumeNegativeTest-430984415 tempest-AttachVolumeNegativeTest-430984415-project] GET http://10.222.0.44/volume/v3/e2b3e7dbaf4849b3b6c564f4347d7836/volumes/05f42e6a-7868-4f28-9f19-e4fbc2e83750
Sep 23 13:58:29.091576 dv-cinder-733622-19-smb devstack@c-api.service[108066]: DEBUG cinder.api.openstack.wsgi [None req-4c34d2eb-7516-4f66-bb42-81d98b206493 tempest-AttachVolumeNegativeTest-430984415 tempest-AttachVolumeNegativeTest-430984415-project] Empty body provided in request {{(pid=108066) get_body /opt/stack/cinder/cinder/api/openstack/wsgi.py:703}}
Sep 23 13:58:29.091993 dv-cinder-733622-19-smb devstack@c-api.service[108066]: DEBUG cinder.api.openstack.wsgi [None req-4c34d2eb-7516-4f66-bb42-81d98b206493 tempest-AttachVolumeNegativeTest-430984415 tempest-AttachVolumeNegativeTest-430984415-project] Calling method 'show' {{(pid=108066) _process_stack /opt/stack/cinder/cinder/api/openstack/wsgi.py:856}}
Sep 23 13:58:29.107685 dv-cinder-733622-19-smb devstack@c-api.service[108066]: /usr/local/lib/python3.8/dist-packages/oslo_context/context.py:105: DeprecationWarning: Policy enforcement is depending on the value of is_admin. This key is deprecated. Please update your policy file to use the standard policy values.
Sep 23 13:58:29.107685 dv-cinder-733622-19-smb devstack@c-api.service[108066]: warnings.warn('Policy enforcement is depending on the value of '
Sep 23 13:58:29.115529 dv-cinder-733622-19-smb devstack@c-api.service[108066]: INFO cinder.volume.api [None req-4c34d2eb-7516-4f66-bb42-81d98b206493 tempest-AttachVolumeNegativeTest-430984415 tempest-AttachVolumeNegativeTest-430984415-project] Volume info retrieved successfully.
Sep 23 13:58:29.134079 dv-cinder-733622-19-smb devstack@c-api.service[108066]: INFO cinder.api.openstack.wsgi [None req-4c34d2eb-7516-4f66-bb42-81d98b206493 tempest-AttachVolumeNegativeTest-430984415 tempest-AttachVolumeNegativeTest-430984415-project] http://10.222.0.44/volume/v3/e2b3e7dbaf4849b3b6c564f4347d7836/volumes/05f42e6a-7868-4f28-9f19-e4fbc2e83750 returned with HTTP 200
Sep 23 13:58:29.135527 dv-cinder-733622-19-smb devstack@c-api.service[108066]: [pid: 108066|app: 0|req: 145/377] 10.222.0.44 () {58 vars in 1325 bytes} [Thu Sep 23 13:58:29 2021] GET /volume/v3/e2b3e7dbaf4849b3b6c564f4347d7836/volumes/05f42e6a-7868-4f28-9f19-e4fbc2e83750 => generated 916 bytes in 48 msecs (HTTP/1.1 200) 7 headers in 285 bytes (2 switches on core 0)
Sep 23 13:58:29.200796 dv-cinder-733622-19-smb devstack@c-api.service[108067]: INFO cinder.api.openstack.wsgi [req-38ac4427-9ca9-4b00-861e-41956b0a3acc req-ed9cc66b-98ec-4a28-badd-9ad3bbf40d23 tempest-AttachVolumeNegativeTest-430984415 tempest-AttachVolumeNegativeTest-430984415-project] GET http://10.222.0.44/volume/v3/e2b3e7dbaf4849b3b6c564f4347d7836/volumes/05f42e6a-7868-4f28-9f19-e4fbc2e83750
Sep 23 13:58:29.201242 dv-cinder-733622-19-smb devstack@c-api.service[108067]: DEBUG cinder.api.openstack.wsgi [req-38ac4427-9ca9-4b00-861e-41956b0a3acc req-ed9cc66b-98ec-4a28-badd-9ad3bbf40d23 tempest-AttachVolumeNegativeTest-430984415 tempest-AttachVolumeNegativeTest-430984415-project] Empty body provided in request {{(pid=108067) get_body /opt/stack/cinder/cinder/api/openstack/wsgi.py:703}}
Sep 23 13:58:29.201932 dv-cinder-733622-19-smb devstack@c-api.service[108067]: DEBUG cinder.api.openstack.wsgi [req-38ac4427-9ca9-4b00-861e-41956b0a3acc req-ed9cc66b-98ec-4a28-badd-9ad3bbf40d23 tempest-AttachVolumeNegativeTest-430984415 tempest-AttachVolumeNegativeTest-430984415-project] Calling method 'show' {{(pid=108067) _process_stack /opt/stack/cinder/cinder/api/openstack/wsgi.py:856}}
Sep 23 13:58:29.218132 dv-cinder-733622-19-smb devstack@c-api.service[108067]: /usr/local/lib/python3.8/dist-packages/oslo_context/context.py:105: DeprecationWarning: Policy enforcement is depending on the value of is_admin. This key is deprecated. Please update your policy file to use the standard policy values.
Sep 23 13:58:29.218132 dv-cinder-733622-19-smb devstack@c-api.service[108067]: warnings.warn('Policy enforcement is depending on the value of '
Sep 23 13:58:29.226849 dv-cinder-733622-19-smb devstack@c-api.service[108067]: INFO cinder.volume.api [req-38ac4427-9ca9-4b00-861e-41956b0a3acc req-ed9cc66b-98ec-4a28-badd-9ad3bbf40d23 tempest-AttachVolumeNegativeTest-430984415 tempest-AttachVolumeNegativeTest-430984415-project] Volume info retrieved successfully.
Sep 23 13:58:29.252984 dv-cinder-733622-19-smb devstack@c-api.service[108067]: INFO cinder.api.openstack.wsgi [req-38ac4427-9ca9-4b00-861e-41956b0a3acc req-ed9cc66b-98ec-4a28-badd-9ad3bbf40d23 tempest-AttachVolumeNegativeTest-430984415 tempest-AttachVolumeNegativeTest-430984415-project] http://10.222.0.44/volume/v3/e2b3e7dbaf4849b3b6c564f4347d7836/volumes/05f42e6a-7868-4f28-9f19-e4fbc2e83750 returned with HTTP 200
Sep 23 13:58:29.254696 dv-cinder-733622-19-smb devstack@c-api.service[108067]: [pid: 108067|app: 0|req: 233/378] 10.222.0.44 () {60 vars in 1579 bytes} [Thu Sep 23 13:58:29 2021] GET /volume/v3/e2b3e7dbaf4849b3b6c564f4347d7836/volumes/05f42e6a-7868-4f28-9f19-e4fbc2e83750 => generated 916 bytes in 58 msecs (HTTP/1.1 200) 7 headers in 285 bytes (1 switches on core 0)
Sep 23 13:58:29.457632 dv-cinder-733622-19-smb devstack@c-api.service[108066]: INFO cinder.api.openstack.wsgi [None req-56315c30-05c8-419e-9d59-84bac2657cb4 tempest-ServerRescueNegativeTestJSON-1680025615 tempest-ServerRescueNegativeTestJSON-1680025615-project] POST http://10.222.0.44/volume/v3/ed99c55519af46059a58636f87ecf95b/volumes
Sep 23 13:58:29.457999 dv-cinder-733622-19-smb devstack@c-api.service[108066]: /usr/local/lib/python3.8/dist-packages/webob/acceptparse.py:1047: DeprecationWarning: The behavior of AcceptValidHeader.best_match is currently being maintained for backward compatibility, but it will be deprecated in the future, as it does not conform to the RFC.
Sep 23 13:58:29.457999 dv-cinder-733622-19-smb devstack@c-api.service[108066]: warnings.warn(
Sep 23 13:58:29.459338 dv-cinder-733622-19-smb devstack@c-api.service[108066]: DEBUG cinder.api.openstack.wsgi [None req-56315c30-05c8-419e-9d59-84bac2657cb4 tempest-ServerRescueNegativeTestJSON-1680025615 tempest-ServerRescueNegativeTestJSON-1680025615-project] Action: 'create', calling method: create, body: {"volume": {"size": 1, "display_name": "tempest-ServerRescueNegativeTestJSON-volume-547332542"}} {{(pid=108066) _process_stack /opt/stack/cinder/cinder/api/openstack/wsgi.py:854}}
Sep 23 13:58:29.459574 dv-cinder-733622-19-smb devstack@c-api.service[108066]: DEBUG cinder.api.v3.volumes [None req-56315c30-05c8-419e-9d59-84bac2657cb4 tempest-ServerRescueNegativeTestJSON-1680025615 tempest-ServerRescueNegativeTestJSON-1680025615-project] Create volume request body: {'volume': {'size': 1, 'display_name': 'tempest-ServerRescueNegativeTestJSON-volume-547332542'}} {{(pid=108066) create /opt/stack/cinder/cinder/api/v3/volumes.py:298}}
Sep 23 13:58:29.460037 dv-cinder-733622-19-smb devstack@c-api.service[108066]: INFO cinder.api.v3.volumes [None req-56315c30-05c8-419e-9d59-84bac2657cb4 tempest-ServerRescueNegativeTestJSON-1680025615 tempest-ServerRescueNegativeTestJSON-1680025615-project] Create volume of 1 GB
Sep 23 13:58:29.467351 dv-cinder-733622-19-smb devstack@c-api.service[108066]: INFO cinder.volume.api [None req-56315c30-05c8-419e-9d59-84bac2657cb4 tempest-ServerRescueNegativeTestJSON-1680025615 tempest-ServerRescueNegativeTestJSON-1680025615-project] Availability Zones retrieved successfully.
Sep 23 13:58:29.487023 dv-cinder-733622-19-smb devstack@c-api.service[108066]: DEBUG cinder.volume.api [None req-56315c30-05c8-419e-9d59-84bac2657cb4 tempest-ServerRescueNegativeTestJSON-1680025615 tempest-ServerRescueNegativeTestJSON-1680025615-project] Flow 'volume_create_api' (5592fb97-2df9-491b-916b-31074e5a224a) transitioned into state 'RUNNING' from state 'PENDING' {{(pid=108066) _flow_receiver /usr/local/lib/python3.8/dist-packages/taskflow/listeners/logging.py:141}}
Sep 23 13:58:29.504911 dv-cinder-733622-19-smb devstack@c-api.service[108066]: DEBUG cinder.volume.api [None req-56315c30-05c8-419e-9d59-84bac2657cb4 tempest-ServerRescueNegativeTestJSON-1680025615 tempest-ServerRescueNegativeTestJSON-1680025615-project] Task 'cinder.volume.flows.api.create_volume.ExtractVolumeRequestTask;volume:create' (cb759be9-b2b0-41b4-a424-9cd6ad7af707) transitioned into state 'RUNNING' from state 'PENDING' {{(pid=108066) _task_receiver /usr/local/lib/python3.8/dist-packages/taskflow/listeners/logging.py:190}}
Sep 23 13:58:29.507808 dv-cinder-733622-19-smb devstack@c-api.service[108066]: DEBUG cinder.volume.flows.api.create_volume [None req-56315c30-05c8-419e-9d59-84bac2657cb4 tempest-ServerRescueNegativeTestJSON-1680025615 tempest-ServerRescueNegativeTestJSON-1680025615-project] Validating volume size '1' using validate_int {{(pid=108066) _extract_size /opt/stack/cinder/cinder/volume/flows/api/create_volume.py:225}}
Sep 23 13:58:29.556109 dv-cinder-733622-19-smb devstack@c-api.service[108066]: DEBUG cinder.volume.api [None req-56315c30-05c8-419e-9d59-84bac2657cb4 tempest-ServerRescueNegativeTestJSON-1680025615 tempest-ServerRescueNegativeTestJSON-1680025615-project] Task 'cinder.volume.flows.api.create_volume.ExtractVolumeRequestTask;volume:create' (cb759be9-b2b0-41b4-a424-9cd6ad7af707) transitioned into state 'SUCCESS' from state 'RUNNING' with result '{'size': 1, 'snapshot_id': None, 'source_volid': None, 'volume_type': VolumeType(created_at=2021-09-23T13:40:49Z,deleted=False,deleted_at=None,description='Default Volume Type',extra_specs={},id=33d34c5e-e531-4cc5-ae6f-ab76cabad25d,is_public=True,name='__DEFAULT__',projects=[],qos_specs=,qos_specs_id=None,updated_at=2021-09-23T13:40:49Z), 'volume_type_id': '33d34c5e-e531-4cc5-ae6f-ab76cabad25d', 'encryption_key_id': None, 'qos_specs': None, 'consistencygroup_id': None, 'cgsnapshot_id': None, 'group_id': None, 'replication_status': 'disabled', 'refresh_az': False, 'backup_id': None, 'multiattach': False, 'availability_zones': ['nova']}' {{(pid=108066) _task_receiver /usr/local/lib/python3.8/dist-packages/taskflow/listeners/logging.py:178}}
Sep 23 13:58:29.559749 dv-cinder-733622-19-smb devstack@c-api.service[108067]: INFO cinder.api.openstack.wsgi [req-38ac4427-9ca9-4b00-861e-41956b0a3acc req-ed9cc66b-98ec-4a28-badd-9ad3bbf40d23 tempest-AttachVolumeNegativeTest-430984415 tempest-AttachVolumeNegativeTest-430984415-project] GET http://10.222.0.44/volume//
Sep 23 13:58:29.560588 dv-cinder-733622-19-smb devstack@c-api.service[108067]: DEBUG cinder.api.openstack.wsgi [req-38ac4427-9ca9-4b00-861e-41956b0a3acc req-ed9cc66b-98ec-4a28-badd-9ad3bbf40d23 tempest-AttachVolumeNegativeTest-430984415 tempest-AttachVolumeNegativeTest-430984415-project] Empty body provided in request {{(pid=108067) get_body /opt/stack/cinder/cinder/api/openstack/wsgi.py:703}}
Sep 23 13:58:29.560934 dv-cinder-733622-19-smb devstack@c-api.service[108067]: /usr/local/lib/python3.8/dist-packages/webob/acceptparse.py:1047: DeprecationWarning: The behavior of AcceptValidHeader.best_match is currently being maintained for backward compatibility, but it will be deprecated in the future, as it does not conform to the RFC.
Sep 23 13:58:29.560934 dv-cinder-733622-19-smb devstack@c-api.service[108067]: warnings.warn(
Sep 23 13:58:29.561515 dv-cinder-733622-19-smb devstack@c-api.service[108066]: DEBUG cinder.volume.api [None req-56315c30-05c8-419e-9d59-84bac2657cb4 tempest-ServerRescueNegativeTestJSON-1680025615 tempest-ServerRescueNegativeTestJSON-1680025615-project] Task 'cinder.volume.flows.api.create_volume.QuotaReserveTask;volume:create' (272d32ac-ad5b-464c-bfa1-4b593c91a408) transitioned into state 'RUNNING' from state 'PENDING' {{(pid=108066) _task_receiver /usr/local/lib/python3.8/dist-packages/taskflow/listeners/logging.py:190}}
Sep 23 13:58:29.561676 dv-cinder-733622-19-smb devstack@c-api.service[108067]: DEBUG cinder.api.openstack.wsgi [req-38ac4427-9ca9-4b00-861e-41956b0a3acc req-ed9cc66b-98ec-4a28-badd-9ad3bbf40d23 tempest-AttachVolumeNegativeTest-430984415 tempest-AttachVolumeNegativeTest-430984415-project] Calling method 'all' {{(pid=108067) _process_stack /opt/stack/cinder/cinder/api/openstack/wsgi.py:856}}
Sep 23 13:58:29.563313 dv-cinder-733622-19-smb devstack@c-api.service[108067]: INFO cinder.api.openstack.wsgi [req-38ac4427-9ca9-4b00-861e-41956b0a3acc req-ed9cc66b-98ec-4a28-badd-9ad3bbf40d23 tempest-AttachVolumeNegativeTest-430984415 tempest-AttachVolumeNegativeTest-430984415-project] http://10.222.0.44/volume// returned with HTTP 300
Sep 23 13:58:29.564923 dv-cinder-733622-19-smb devstack@c-api.service[108067]: [pid: 108067|app: 0|req: 234/379] 10.222.0.44 () {58 vars in 1300 bytes} [Thu Sep 23 13:58:29 2021] GET /volume/ => generated 386 bytes in 7 msecs (HTTP/1.1 300) 5 headers in 169 bytes (1 switches on core 0)
Sep 23 13:58:29.591348 dv-cinder-733622-19-smb devstack@c-api.service[108067]: INFO cinder.api.openstack.wsgi [req-38ac4427-9ca9-4b00-861e-41956b0a3acc req-b3d93df8-ca5d-4dca-8774-778fc8b4778f tempest-AttachVolumeNegativeTest-430984415 tempest-AttachVolumeNegativeTest-430984415-project] POST http://10.222.0.44/volume/v3/e2b3e7dbaf4849b3b6c564f4347d7836/attachments
Sep 23 13:58:29.592685 dv-cinder-733622-19-smb devstack@c-api.service[108067]: DEBUG cinder.api.openstack.wsgi [req-38ac4427-9ca9-4b00-861e-41956b0a3acc req-b3d93df8-ca5d-4dca-8774-778fc8b4778f tempest-AttachVolumeNegativeTest-430984415 tempest-AttachVolumeNegativeTest-430984415-project] Action: 'create', calling method: version_select, body: {"attachment": {"volume_uuid": "05f42e6a-7868-4f28-9f19-e4fbc2e83750", "connector": null, "instance_uuid": "f139b209-4ac4-4a81-9ba4-0b985925eb66"}} {{(pid=108067) _process_stack /opt/stack/cinder/cinder/api/openstack/wsgi.py:854}}
Sep 23 13:58:29.624174 dv-cinder-733622-19-smb devstack@c-api.service[108067]: /usr/local/lib/python3.8/dist-packages/oslo_context/context.py:105: DeprecationWarning: Policy enforcement is depending on the value of is_admin. This key is deprecated. Please update your policy file to use the standard policy values.
Sep 23 13:58:29.624174 dv-cinder-733622-19-smb devstack@c-api.service[108067]: warnings.warn('Policy enforcement is depending on the value of '
Sep 23 13:58:29.700445 dv-cinder-733622-19-smb devstack@c-api.service[108066]: DEBUG cinder.quota [None req-56315c30-05c8-419e-9d59-84bac2657cb4 tempest-ServerRescueNegativeTestJSON-1680025615 tempest-ServerRescueNegativeTestJSON-1680025615-project] Created reservations ['62c029f5-5c78-4eec-8436-aa3ac7fd5c1e', 'f72653d6-02cb-49f2-b238-9945f6676529', '5dc5129f-a58c-49f6-b8e3-b4cf5efe2af3', '6853cc75-a4e8-4624-acdc-1aa57589ec64'] {{(pid=108066) reserve /opt/stack/cinder/cinder/quota.py:755}}
Sep 23 13:58:29.702183 dv-cinder-733622-19-smb devstack@c-api.service[108066]: DEBUG cinder.volume.api [None req-56315c30-05c8-419e-9d59-84bac2657cb4 tempest-ServerRescueNegativeTestJSON-1680025615 tempest-ServerRescueNegativeTestJSON-1680025615-project] Task 'cinder.volume.flows.api.create_volume.QuotaReserveTask;volume:create' (272d32ac-ad5b-464c-bfa1-4b593c91a408) transitioned into state 'SUCCESS' from state 'RUNNING' with result '{'reservations': ['62c029f5-5c78-4eec-8436-aa3ac7fd5c1e', 'f72653d6-02cb-49f2-b238-9945f6676529', '5dc5129f-a58c-49f6-b8e3-b4cf5efe2af3', '6853cc75-a4e8-4624-acdc-1aa57589ec64']}' {{(pid=108066) _task_receiver /usr/local/lib/python3.8/dist-packages/taskflow/listeners/logging.py:178}}
Sep 23 13:58:29.704454 dv-cinder-733622-19-smb devstack@c-api.service[108066]: DEBUG cinder.volume.api [None req-56315c30-05c8-419e-9d59-84bac2657cb4 tempest-ServerRescueNegativeTestJSON-1680025615 tempest-ServerRescueNegativeTestJSON-1680025615-project] Task 'cinder.volume.flows.api.create_volume.EntryCreateTask;volume:create' (60e4dc54-5271-47ab-b726-642191c7e7c8) transitioned into state 'RUNNING' from state 'PENDING' {{(pid=108066) _task_receiver /usr/local/lib/python3.8/dist-packages/taskflow/listeners/logging.py:190}}
Sep 23 13:58:29.826261 dv-cinder-733622-19-smb devstack@c-api.service[108066]: DEBUG cinder.volume.api [None req-56315c30-05c8-419e-9d59-84bac2657cb4 tempest-ServerRescueNegativeTestJSON-1680025615 tempest-ServerRescueNegativeTestJSON-1680025615-project] Task 'cinder.volume.flows.api.create_volume.EntryCreateTask;volume:create' (60e4dc54-5271-47ab-b726-642191c7e7c8) transitioned into state 'SUCCESS' from state 'RUNNING' with result '{'volume_id': 'a33bf1d6-37a2-470d-8f7c-80a4e177c23e', 'volume_properties': VolumeProperties(attach_status='detached',availability_zone='nova',cgsnapshot_id=None,consistencygroup_id=None,display_description=None,display_name='tempest-ServerRescueNegativeTestJSON-volume-547332542',encryption_key_id=None,group_id=None,group_type_id=,metadata={},multiattach=False,project_id='ed99c55519af46059a58636f87ecf95b',qos_specs=None,replication_status=,reservations=['62c029f5-5c78-4eec-8436-aa3ac7fd5c1e','f72653d6-02cb-49f2-b238-9945f6676529','5dc5129f-a58c-49f6-b8e3-b4cf5efe2af3','6853cc75-a4e8-4624-acdc-1aa57589ec64'],size=1,snapshot_id=None,source_replicaid=,source_volid=None,status='creating',user_id='00c17037791b43bbaf1f1a7bbf4ae729',volume_type_id=33d34c5e-e531-4cc5-ae6f-ab76cabad25d), 'volume': Volume(_name_id=None,admin_metadata=,attach_status='detached',availability_zone='nova',bootable=False,cluster=,cluster_name=None,consistencygroup=,consistencygroup_id=None,created_at=2021-09-23T13:58:29Z,deleted=False,deleted_at=None,display_description=None,display_name='tempest-ServerRescueNegativeTestJSON-volume-547332542',ec2_id=None,encryption_key_id=None,glance_metadata=,group=,group_id=None,host=None,id=a33bf1d6-37a2-470d-8f7c-80a4e177c23e,launched_at=None,metadata={},migration_status=None,multiattach=False,previous_status=None,project_id='ed99c55519af46059a58636f87ecf95b',provider_auth=None,provider_geometry=None,provider_id=None,provider_location=None,replication_driver_data=None,replication_extended_status=None,replication_status=None,scheduled_at=None,service_uuid=None,shared_targets=True,size=1,snapshot_id=None,snapshots=,source_volid=None,status='creating',terminated_at=None,updated_at=None,use_quota=True,user_id='00c17037791b43bbaf1f1a7bbf4ae729',volume_attachment=,volume_type=VolumeType(33d34c5e-e531-4cc5-ae6f-ab76cabad25d),volume_type_id=33d34c5e-e531-4cc5-ae6f-ab76cabad25d)}' {{(pid=108066) _task_receiver /usr/local/lib/python3.8/dist-packages/taskflow/listeners/logging.py:178}}
Sep 23 13:58:29.830023 dv-cinder-733622-19-smb devstack@c-api.service[108066]: DEBUG cinder.volume.api [None req-56315c30-05c8-419e-9d59-84bac2657cb4 tempest-ServerRescueNegativeTestJSON-1680025615 tempest-ServerRescueNegativeTestJSON-1680025615-project] Task 'cinder.volume.flows.api.create_volume.QuotaCommitTask;volume:create' (def86caa-9571-4d4b-9fb6-9905c5569e84) transitioned into state 'RUNNING' from state 'PENDING' {{(pid=108066) _task_receiver /usr/local/lib/python3.8/dist-packages/taskflow/listeners/logging.py:190}}
Sep 23 13:58:29.945985 dv-cinder-733622-19-smb devstack@c-api.service[108067]: INFO cinder.api.openstack.wsgi [req-38ac4427-9ca9-4b00-861e-41956b0a3acc req-b3d93df8-ca5d-4dca-8774-778fc8b4778f tempest-AttachVolumeNegativeTest-430984415 tempest-AttachVolumeNegativeTest-430984415-project] http://10.222.0.44/volume/v3/e2b3e7dbaf4849b3b6c564f4347d7836/attachments returned with HTTP 200
Sep 23 13:58:29.946879 dv-cinder-733622-19-smb devstack@c-api.service[108067]: [pid: 108067|app: 0|req: 235/380] 10.222.0.44 () {66 vars in 1575 bytes} [Thu Sep 23 13:58:29 2021] POST /volume/v3/e2b3e7dbaf4849b3b6c564f4347d7836/attachments => generated 273 bytes in 369 msecs (HTTP/1.1 200) 7 headers in 286 bytes (1 switches on core 0)
Sep 23 13:58:29.947521 dv-cinder-733622-19-smb devstack@c-api.service[108066]: DEBUG cinder.volume.api [None req-56315c30-05c8-419e-9d59-84bac2657cb4 tempest-ServerRescueNegativeTestJSON-1680025615 tempest-ServerRescueNegativeTestJSON-1680025615-project] Task 'cinder.volume.flows.api.create_volume.QuotaCommitTask;volume:create' (def86caa-9571-4d4b-9fb6-9905c5569e84) transitioned into state 'SUCCESS' from state 'RUNNING' with result '{'volume_properties': VolumeProperties(attach_status='detached',availability_zone='nova',cgsnapshot_id=None,consistencygroup_id=None,display_description=None,display_name='tempest-ServerRescueNegativeTestJSON-volume-547332542',encryption_key_id=None,group_id=None,group_type_id=,metadata={},multiattach=False,project_id='ed99c55519af46059a58636f87ecf95b',qos_specs=None,replication_status=,reservations=['62c029f5-5c78-4eec-8436-aa3ac7fd5c1e','f72653d6-02cb-49f2-b238-9945f6676529','5dc5129f-a58c-49f6-b8e3-b4cf5efe2af3','6853cc75-a4e8-4624-acdc-1aa57589ec64'],size=1,snapshot_id=None,source_replicaid=,source_volid=None,status='creating',user_id='00c17037791b43bbaf1f1a7bbf4ae729',volume_type_id=33d34c5e-e531-4cc5-ae6f-ab76cabad25d)}' {{(pid=108066) _task_receiver /usr/local/lib/python3.8/dist-packages/taskflow/listeners/logging.py:178}}
Sep 23 13:58:29.950076 dv-cinder-733622-19-smb devstack@c-api.service[108066]: DEBUG cinder.volume.api [None req-56315c30-05c8-419e-9d59-84bac2657cb4 tempest-ServerRescueNegativeTestJSON-1680025615 tempest-ServerRescueNegativeTestJSON-1680025615-project] Task 'cinder.volume.flows.api.create_volume.VolumeCastTask;volume:create' (b6401c08-ee67-4f37-8f77-de6b4b937bec) transitioned into state 'RUNNING' from state 'PENDING' {{(pid=108066) _task_receiver /usr/local/lib/python3.8/dist-packages/taskflow/listeners/logging.py:190}}
Sep 23 13:58:30.056121 dv-cinder-733622-19-smb devstack@c-api.service[108066]: DEBUG cinder.volume.api [None req-56315c30-05c8-419e-9d59-84bac2657cb4 tempest-ServerRescueNegativeTestJSON-1680025615 tempest-ServerRescueNegativeTestJSON-1680025615-project] Task 'cinder.volume.flows.api.create_volume.VolumeCastTask;volume:create' (b6401c08-ee67-4f37-8f77-de6b4b937bec) transitioned into state 'SUCCESS' from state 'RUNNING' with result 'None' {{(pid=108066) _task_receiver /usr/local/lib/python3.8/dist-packages/taskflow/listeners/logging.py:178}}
Sep 23 13:58:30.060407 dv-cinder-733622-19-smb devstack@c-api.service[108066]: DEBUG cinder.volume.api [None req-56315c30-05c8-419e-9d59-84bac2657cb4 tempest-ServerRescueNegativeTestJSON-1680025615 tempest-ServerRescueNegativeTestJSON-1680025615-project] Flow 'volume_create_api' (5592fb97-2df9-491b-916b-31074e5a224a) transitioned into state 'SUCCESS' from state 'RUNNING' {{(pid=108066) _flow_receiver /usr/local/lib/python3.8/dist-packages/taskflow/listeners/logging.py:141}}
Sep 23 13:58:30.061134 dv-cinder-733622-19-smb devstack@c-api.service[108066]: INFO cinder.volume.api [None req-56315c30-05c8-419e-9d59-84bac2657cb4 tempest-ServerRescueNegativeTestJSON-1680025615 tempest-ServerRescueNegativeTestJSON-1680025615-project] Create volume request issued successfully.
Sep 23 13:58:30.083096 dv-cinder-733622-19-smb devstack@c-api.service[108066]: INFO cinder.api.openstack.wsgi [None req-56315c30-05c8-419e-9d59-84bac2657cb4 tempest-ServerRescueNegativeTestJSON-1680025615 tempest-ServerRescueNegativeTestJSON-1680025615-project] http://10.222.0.44/volume/v3/ed99c55519af46059a58636f87ecf95b/volumes returned with HTTP 202
Sep 23 13:58:30.090973 dv-cinder-733622-19-smb devstack@c-api.service[108066]: [pid: 108066|app: 0|req: 146/381] 10.222.0.44 () {60 vars in 1235 bytes} [Thu Sep 23 13:58:29 2021] POST /volume/v3/ed99c55519af46059a58636f87ecf95b/volumes => generated 827 bytes in 636 msecs (HTTP/1.1 202) 7 headers in 291 bytes (1 switches on core 0)
Sep 23 13:58:30.097849 dv-cinder-733622-19-smb devstack@c-api.service[108067]: INFO cinder.api.openstack.wsgi [None req-41d7f97f-1d5c-4024-bd12-9d0097ec27fc tempest-ServerRescueNegativeTestJSON-1680025615 tempest-ServerRescueNegativeTestJSON-1680025615-project] GET http://10.222.0.44/volume/v3/ed99c55519af46059a58636f87ecf95b/volumes/a33bf1d6-37a2-470d-8f7c-80a4e177c23e
Sep 23 13:58:30.098298 dv-cinder-733622-19-smb devstack@c-api.service[108067]: DEBUG cinder.api.openstack.wsgi [None req-41d7f97f-1d5c-4024-bd12-9d0097ec27fc tempest-ServerRescueNegativeTestJSON-1680025615 tempest-ServerRescueNegativeTestJSON-1680025615-project] Empty body provided in request {{(pid=108067) get_body /opt/stack/cinder/cinder/api/openstack/wsgi.py:703}}
Sep 23 13:58:30.102926 dv-cinder-733622-19-smb devstack@c-api.service[108067]: /usr/local/lib/python3.8/dist-packages/webob/acceptparse.py:1047: DeprecationWarning: The behavior of AcceptValidHeader.best_match is currently being maintained for backward compatibility, but it will be deprecated in the future, as it does not conform to the RFC.
Sep 23 13:58:30.102926 dv-cinder-733622-19-smb devstack@c-api.service[108067]: warnings.warn(
Sep 23 13:58:30.102926 dv-cinder-733622-19-smb devstack@c-api.service[108067]: DEBUG cinder.api.openstack.wsgi [None req-41d7f97f-1d5c-4024-bd12-9d0097ec27fc tempest-ServerRescueNegativeTestJSON-1680025615 tempest-ServerRescueNegativeTestJSON-1680025615-project] Calling method 'show' {{(pid=108067) _process_stack /opt/stack/cinder/cinder/api/openstack/wsgi.py:856}}
Sep 23 13:58:30.113281 dv-cinder-733622-19-smb devstack@c-api.service[108067]: /usr/local/lib/python3.8/dist-packages/oslo_context/context.py:105: DeprecationWarning: Policy enforcement is depending on the value of is_admin. This key is deprecated. Please update your policy file to use the standard policy values.
Sep 23 13:58:30.113281 dv-cinder-733622-19-smb devstack@c-api.service[108067]: warnings.warn('Policy enforcement is depending on the value of '
Sep 23 13:58:30.123307 dv-cinder-733622-19-smb devstack@c-api.service[108067]: INFO cinder.volume.api [None req-41d7f97f-1d5c-4024-bd12-9d0097ec27fc tempest-ServerRescueNegativeTestJSON-1680025615 tempest-ServerRescueNegativeTestJSON-1680025615-project] Volume info retrieved successfully.
Sep 23 13:58:30.144855 dv-cinder-733622-19-smb devstack@c-api.service[108067]: INFO cinder.api.openstack.wsgi [None req-41d7f97f-1d5c-4024-bd12-9d0097ec27fc tempest-ServerRescueNegativeTestJSON-1680025615 tempest-ServerRescueNegativeTestJSON-1680025615-project] http://10.222.0.44/volume/v3/ed99c55519af46059a58636f87ecf95b/volumes/a33bf1d6-37a2-470d-8f7c-80a4e177c23e returned with HTTP 200
Sep 23 13:58:30.145598 dv-cinder-733622-19-smb devstack@c-api.service[108067]: [pid: 108067|app: 0|req: 236/382] 10.222.0.44 () {58 vars in 1325 bytes} [Thu Sep 23 13:58:30 2021] GET /volume/v3/ed99c55519af46059a58636f87ecf95b/volumes/a33bf1d6-37a2-470d-8f7c-80a4e177c23e => generated 895 bytes in 51 msecs (HTTP/1.1 200) 7 headers in 285 bytes (1 switches on core 0)
Sep 23 13:58:30.179991 dv-cinder-733622-19-smb devstack@c-api.service[108066]: INFO cinder.api.openstack.wsgi [None req-76e2f65b-d889-4f4d-bac4-ddd6a3528686 tempest-AttachVolumeNegativeTest-430984415 tempest-AttachVolumeNegativeTest-430984415-project] GET http://10.222.0.44/volume/v3/e2b3e7dbaf4849b3b6c564f4347d7836/volumes/05f42e6a-7868-4f28-9f19-e4fbc2e83750
Sep 23 13:58:30.180898 dv-cinder-733622-19-smb devstack@c-api.service[108066]: DEBUG cinder.api.openstack.wsgi [None req-76e2f65b-d889-4f4d-bac4-ddd6a3528686 tempest-AttachVolumeNegativeTest-430984415 tempest-AttachVolumeNegativeTest-430984415-project] Empty body provided in request {{(pid=108066) get_body /opt/stack/cinder/cinder/api/openstack/wsgi.py:703}}
Sep 23 13:58:30.183426 dv-cinder-733622-19-smb devstack@c-api.service[108066]: /usr/local/lib/python3.8/dist-packages/webob/acceptparse.py:1047: DeprecationWarning: The behavior of AcceptValidHeader.best_match is currently being maintained for backward compatibility, but it will be deprecated in the future, as it does not conform to the RFC.
Sep 23 13:58:30.183426 dv-cinder-733622-19-smb devstack@c-api.service[108066]: warnings.warn(
Sep 23 13:58:30.184353 dv-cinder-733622-19-smb devstack@c-api.service[108066]: DEBUG cinder.api.openstack.wsgi [None req-76e2f65b-d889-4f4d-bac4-ddd6a3528686 tempest-AttachVolumeNegativeTest-430984415 tempest-AttachVolumeNegativeTest-430984415-project] Calling method 'show' {{(pid=108066) _process_stack /opt/stack/cinder/cinder/api/openstack/wsgi.py:856}}
Sep 23 13:58:30.203824 dv-cinder-733622-19-smb devstack@c-api.service[108066]: /usr/local/lib/python3.8/dist-packages/oslo_context/context.py:105: DeprecationWarning: Policy enforcement is depending on the value of is_admin. This key is deprecated. Please update your policy file to use the standard policy values.
Sep 23 13:58:30.203824 dv-cinder-733622-19-smb devstack@c-api.service[108066]: warnings.warn('Policy enforcement is depending on the value of '
Sep 23 13:58:30.211708 dv-cinder-733622-19-smb devstack@c-api.service[108066]: INFO cinder.volume.api [None req-76e2f65b-d889-4f4d-bac4-ddd6a3528686 tempest-AttachVolumeNegativeTest-430984415 tempest-AttachVolumeNegativeTest-430984415-project] Volume info retrieved successfully.
Sep 23 13:58:30.223684 dv-cinder-733622-19-smb devstack@c-api.service[108066]: /usr/local/lib/python3.8/dist-packages/oslo_context/context.py:105: DeprecationWarning: Policy enforcement is depending on the value of is_admin. This key is deprecated. Please update your policy file to use the standard policy values.
Sep 23 13:58:30.223684 dv-cinder-733622-19-smb devstack@c-api.service[108066]: warnings.warn('Policy enforcement is depending on the value of '
Sep 23 13:58:30.231991 dv-cinder-733622-19-smb devstack@c-api.service[108066]: INFO cinder.api.openstack.wsgi [None req-76e2f65b-d889-4f4d-bac4-ddd6a3528686 tempest-AttachVolumeNegativeTest-430984415 tempest-AttachVolumeNegativeTest-430984415-project] http://10.222.0.44/volume/v3/e2b3e7dbaf4849b3b6c564f4347d7836/volumes/05f42e6a-7868-4f28-9f19-e4fbc2e83750 returned with HTTP 200
Sep 23 13:58:30.232734 dv-cinder-733622-19-smb devstack@c-api.service[108066]: [pid: 108066|app: 0|req: 147/383] 10.222.0.44 () {58 vars in 1325 bytes} [Thu Sep 23 13:58:30 2021] GET /volume/v3/e2b3e7dbaf4849b3b6c564f4347d7836/volumes/05f42e6a-7868-4f28-9f19-e4fbc2e83750 => generated 915 bytes in 67 msecs (HTTP/1.1 200) 7 headers in 285 bytes (1 switches on core 0)
Sep 23 13:58:30.266560 dv-cinder-733622-19-smb devstack@c-api.service[108067]: INFO cinder.api.openstack.wsgi [None req-41d7f97f-1d5c-4024-bd12-9d0097ec27fc tempest-ServerRescueNegativeTestJSON-1680025615 tempest-ServerRescueNegativeTestJSON-1680025615-project] GET http://10.222.0.44/volume//
Sep 23 13:58:30.267087 dv-cinder-733622-19-smb devstack@c-api.service[108067]: DEBUG cinder.api.openstack.wsgi [None req-41d7f97f-1d5c-4024-bd12-9d0097ec27fc tempest-ServerRescueNegativeTestJSON-1680025615 tempest-ServerRescueNegativeTestJSON-1680025615-project] Empty body provided in request {{(pid=108067) get_body /opt/stack/cinder/cinder/api/openstack/wsgi.py:703}}
Sep 23 13:58:30.267338 dv-cinder-733622-19-smb devstack@c-api.service[108067]: /usr/local/lib/python3.8/dist-packages/webob/acceptparse.py:1047: DeprecationWarning: The behavior of AcceptValidHeader.best_match is currently being maintained for backward compatibility, but it will be deprecated in the future, as it does not conform to the RFC.
Sep 23 13:58:30.267338 dv-cinder-733622-19-smb devstack@c-api.service[108067]: warnings.warn(
Sep 23 13:58:30.268064 dv-cinder-733622-19-smb devstack@c-api.service[108067]: DEBUG cinder.api.openstack.wsgi [None req-41d7f97f-1d5c-4024-bd12-9d0097ec27fc tempest-ServerRescueNegativeTestJSON-1680025615 tempest-ServerRescueNegativeTestJSON-1680025615-project] Calling method 'all' {{(pid=108067) _process_stack /opt/stack/cinder/cinder/api/openstack/wsgi.py:856}}
Sep 23 13:58:30.268923 dv-cinder-733622-19-smb devstack@c-api.service[108067]: INFO cinder.api.openstack.wsgi [None req-41d7f97f-1d5c-4024-bd12-9d0097ec27fc tempest-ServerRescueNegativeTestJSON-1680025615 tempest-ServerRescueNegativeTestJSON-1680025615-project] http://10.222.0.44/volume// returned with HTTP 300
