Sep 08 18:41:51.190934 dv-cinder-733622-18-smb devstack@c-api.service[107431]: /usr/local/lib/python3.8/dist-packages/webob/acceptparse.py:1047: DeprecationWarning: The behavior of AcceptValidHeader.best_match is currently being maintained for backward compatibility, but it will be deprecated in the future, as it does not conform to the RFC.
Sep 08 18:41:51.190934 dv-cinder-733622-18-smb devstack@c-api.service[107431]: warnings.warn(
Sep 08 18:41:51.191552 dv-cinder-733622-18-smb devstack@c-api.service[107431]: DEBUG cinder.api.openstack.wsgi [None req-0b65feb5-7a51-4e40-bbe5-20b2dd7b99c3 tempest-VolumesTransfersV355Test-40743458 tempest-VolumesTransfersV355Test-40743458-project] Calling method 'show' {{(pid=107431) _process_stack /opt/stack/cinder/cinder/api/openstack/wsgi.py:856}}
Sep 08 18:41:51.231104 dv-cinder-733622-18-smb devstack@c-api.service[107431]: /usr/local/lib/python3.8/dist-packages/oslo_context/context.py:105: DeprecationWarning: Policy enforcement is depending on the value of is_admin. This key is deprecated. Please update your policy file to use the standard policy values.
Sep 08 18:41:51.231104 dv-cinder-733622-18-smb devstack@c-api.service[107431]: warnings.warn('Policy enforcement is depending on the value of '
Sep 08 18:41:51.253506 dv-cinder-733622-18-smb devstack@c-api.service[107431]: INFO cinder.volume.api [None req-0b65feb5-7a51-4e40-bbe5-20b2dd7b99c3 tempest-VolumesTransfersV355Test-40743458 tempest-VolumesTransfersV355Test-40743458-project] Volume info retrieved successfully.
Sep 08 18:41:51.290175 dv-cinder-733622-18-smb devstack@c-api.service[107431]: INFO cinder.api.openstack.wsgi [None req-0b65feb5-7a51-4e40-bbe5-20b2dd7b99c3 tempest-VolumesTransfersV355Test-40743458 tempest-VolumesTransfersV355Test-40743458-project] http://10.222.0.22/volume/v3/76ac48e28d7b4e67a9291f9a6325ccb1/volumes/939716f4-763d-4e3e-a411-41d51bb03bcd returned with HTTP 200
Sep 08 18:41:51.300483 dv-cinder-733622-18-smb devstack@c-api.service[107431]: [pid: 107431|app: 0|req: 116/238] 10.222.0.22 () {60 vars in 1366 bytes} [Wed Sep 8 18:41:51 2021] GET /volume/v3/76ac48e28d7b4e67a9291f9a6325ccb1/volumes/939716f4-763d-4e3e-a411-41d51bb03bcd => generated 955 bytes in 111 msecs (HTTP/1.1 200) 7 headers in 286 bytes (2 switches on core 0)
Sep 08 18:41:51.783635 dv-cinder-733622-18-smb devstack@c-api.service[107430]: INFO cinder.api.openstack.wsgi [None req-8df12840-3c6c-48f7-a33f-d7515134b1e6 tempest-GroupSnapshotsTest-2007750255 tempest-GroupSnapshotsTest-2007750255-project] GET http://10.222.0.22/volume/v3/b20888c9c29640a0a458098f162da630/volumes/3cfcde30-6063-4b28-a0e6-d9d3ee210951
Sep 08 18:41:51.784705 dv-cinder-733622-18-smb devstack@c-api.service[107430]: DEBUG cinder.api.openstack.wsgi [None req-8df12840-3c6c-48f7-a33f-d7515134b1e6 tempest-GroupSnapshotsTest-2007750255 tempest-GroupSnapshotsTest-2007750255-project] Empty body provided in request {{(pid=107430) get_body /opt/stack/cinder/cinder/api/openstack/wsgi.py:703}}
Sep 08 18:41:51.784967 dv-cinder-733622-18-smb devstack@c-api.service[107430]: /usr/local/lib/python3.8/dist-packages/webob/acceptparse.py:1047: DeprecationWarning: The behavior of AcceptValidHeader.best_match is currently being maintained for backward compatibility, but it will be deprecated in the future, as it does not conform to the RFC.
Sep 08 18:41:51.784967 dv-cinder-733622-18-smb devstack@c-api.service[107430]: warnings.warn(
Sep 08 18:41:51.785464 dv-cinder-733622-18-smb devstack@c-api.service[107430]: DEBUG cinder.api.openstack.wsgi [None req-8df12840-3c6c-48f7-a33f-d7515134b1e6 tempest-GroupSnapshotsTest-2007750255 tempest-GroupSnapshotsTest-2007750255-project] Calling method 'show' {{(pid=107430) _process_stack /opt/stack/cinder/cinder/api/openstack/wsgi.py:856}}
Sep 08 18:41:51.812541 dv-cinder-733622-18-smb devstack@c-api.service[107430]: /usr/local/lib/python3.8/dist-packages/oslo_context/context.py:105: DeprecationWarning: Policy enforcement is depending on the value of is_admin. This key is deprecated. Please update your policy file to use the standard policy values.
Sep 08 18:41:51.812541 dv-cinder-733622-18-smb devstack@c-api.service[107430]: warnings.warn('Policy enforcement is depending on the value of '
Sep 08 18:41:51.825593 dv-cinder-733622-18-smb devstack@c-api.service[107430]: INFO cinder.volume.api [None req-8df12840-3c6c-48f7-a33f-d7515134b1e6 tempest-GroupSnapshotsTest-2007750255 tempest-GroupSnapshotsTest-2007750255-project] Volume info retrieved successfully.
Sep 08 18:41:51.842722 dv-cinder-733622-18-smb devstack@c-api.service[107430]: WARNING stevedore.named [None req-8df12840-3c6c-48f7-a33f-d7515134b1e6 tempest-GroupSnapshotsTest-2007750255 tempest-GroupSnapshotsTest-2007750255-project] Could not load cinder.keymgr.conf_key_mgr.ConfKeyManager
Sep 08 18:41:51.843749 dv-cinder-733622-18-smb devstack@c-api.service[107430]: WARNING castellan.key_manager [None req-8df12840-3c6c-48f7-a33f-d7515134b1e6 tempest-GroupSnapshotsTest-2007750255 tempest-GroupSnapshotsTest-2007750255-project] Deprecation Warning : cinder.keymgr.conf_key_mgr.ConfKeyManager is not a stevedore based driver, trying to load it as a class: stevedore.exception.NoMatches: No 'castellan.drivers' driver found, looking for 'cinder.keymgr.conf_key_mgr.ConfKeyManager'
Sep 08 18:41:51.853792 dv-cinder-733622-18-smb devstack@c-api.service[107430]: DEBUG oslo_db.sqlalchemy.engines [None req-8df12840-3c6c-48f7-a33f-d7515134b1e6 tempest-GroupSnapshotsTest-2007750255 tempest-GroupSnapshotsTest-2007750255-project] MySQL server mode set to STRICT_TRANS_TABLES,STRICT_ALL_TABLES,NO_ZERO_IN_DATE,NO_ZERO_DATE,ERROR_FOR_DIVISION_BY_ZERO,TRADITIONAL,NO_ENGINE_SUBSTITUTION {{(pid=107430) _check_effective_sql_mode /usr/local/lib/python3.8/dist-packages/oslo_db/sqlalchemy/engines.py:314}}
Sep 08 18:41:51.865707 dv-cinder-733622-18-smb devstack@c-api.service[107430]: /usr/local/lib/python3.8/dist-packages/oslo_context/context.py:105: DeprecationWarning: Policy enforcement is depending on the value of is_admin. This key is deprecated. Please update your policy file to use the standard policy values.
Sep 08 18:41:51.865707 dv-cinder-733622-18-smb devstack@c-api.service[107430]: warnings.warn('Policy enforcement is depending on the value of '
Sep 08 18:41:51.894392 dv-cinder-733622-18-smb devstack@c-api.service[107430]: INFO cinder.api.openstack.wsgi [None req-8df12840-3c6c-48f7-a33f-d7515134b1e6 tempest-GroupSnapshotsTest-2007750255 tempest-GroupSnapshotsTest-2007750255-project] http://10.222.0.22/volume/v3/b20888c9c29640a0a458098f162da630/volumes/3cfcde30-6063-4b28-a0e6-d9d3ee210951 returned with HTTP 200
Sep 08 18:41:51.896074 dv-cinder-733622-18-smb devstack@c-api.service[107430]: [pid: 107430|app: 0|req: 123/239] 10.222.0.22 () {60 vars in 1366 bytes} [Wed Sep 8 18:41:51 2021] GET /volume/v3/b20888c9c29640a0a458098f162da630/volumes/3cfcde30-6063-4b28-a0e6-d9d3ee210951 => generated 1001 bytes in 117 msecs (HTTP/1.1 200) 7 headers in 287 bytes (1 switches on core 0)
Sep 08 18:41:51.917068 dv-cinder-733622-18-smb devstack@c-api.service[107431]: INFO cinder.api.openstack.wsgi [None req-5044e8ae-1640-44b9-818a-c6c0231da509 tempest-GroupSnapshotsTest-2007750255 tempest-GroupSnapshotsTest-2007750255-project] POST http://10.222.0.22/volume/v3/b20888c9c29640a0a458098f162da630/volumes
Sep 08 18:41:51.917690 dv-cinder-733622-18-smb devstack@c-api.service[107431]: /usr/local/lib/python3.8/dist-packages/webob/acceptparse.py:1047: DeprecationWarning: The behavior of AcceptValidHeader.best_match is currently being maintained for backward compatibility, but it will be deprecated in the future, as it does not conform to the RFC.
Sep 08 18:41:51.917690 dv-cinder-733622-18-smb devstack@c-api.service[107431]: warnings.warn(
Sep 08 18:41:51.918152 dv-cinder-733622-18-smb devstack@c-api.service[107431]: DEBUG cinder.api.openstack.wsgi [None req-5044e8ae-1640-44b9-818a-c6c0231da509 tempest-GroupSnapshotsTest-2007750255 tempest-GroupSnapshotsTest-2007750255-project] Action: 'create', calling method: create, body: {"volume": {"volume_type": "da22b09f-8c2a-49d1-977a-bd94ee4c90e5", "group_id": "a580d43f-f637-4f40-8ca3-d4c1aef3918e", "size": 1, "name": "tempest-GroupSnapshotsTest-Volume-969410839"}} {{(pid=107431) _process_stack /opt/stack/cinder/cinder/api/openstack/wsgi.py:854}}
Sep 08 18:41:51.919405 dv-cinder-733622-18-smb devstack@c-api.service[107431]: DEBUG cinder.api.v3.volumes [None req-5044e8ae-1640-44b9-818a-c6c0231da509 tempest-GroupSnapshotsTest-2007750255 tempest-GroupSnapshotsTest-2007750255-project] Create volume request body: {'volume': {'volume_type': 'da22b09f-8c2a-49d1-977a-bd94ee4c90e5', 'group_id': 'a580d43f-f637-4f40-8ca3-d4c1aef3918e', 'size': 1, 'name': 'tempest-GroupSnapshotsTest-Volume-969410839'}} {{(pid=107431) create /opt/stack/cinder/cinder/api/v3/volumes.py:298}}
Sep 08 18:41:51.942837 dv-cinder-733622-18-smb devstack@c-api.service[107431]: /usr/local/lib/python3.8/dist-packages/oslo_context/context.py:105: DeprecationWarning: Policy enforcement is depending on the value of is_admin. This key is deprecated. Please update your policy file to use the standard policy values.
Sep 08 18:41:51.942837 dv-cinder-733622-18-smb devstack@c-api.service[107431]: warnings.warn('Policy enforcement is depending on the value of '
Sep 08 18:41:51.944560 dv-cinder-733622-18-smb devstack@c-api.service[107430]: INFO cinder.api.openstack.wsgi [None req-d65757dc-89db-4bba-be3d-6d79629befd3 tempest-VolumeRetypeWithoutMigrationTest-724913489 tempest-VolumeRetypeWithoutMigrationTest-724913489-project] GET http://10.222.0.22/volume/v3/c595a028aa264b6b8bfb389c90ffb399/volumes/f9c4800d-6175-4f63-bae5-ef52f349a2d6
Sep 08 18:41:51.946792 dv-cinder-733622-18-smb devstack@c-api.service[107431]: INFO cinder.api.v3.volumes [None req-5044e8ae-1640-44b9-818a-c6c0231da509 tempest-GroupSnapshotsTest-2007750255 tempest-GroupSnapshotsTest-2007750255-project] Create volume of 1 GB
Sep 08 18:41:51.948426 dv-cinder-733622-18-smb devstack@c-api.service[107430]: DEBUG cinder.api.openstack.wsgi [None req-d65757dc-89db-4bba-be3d-6d79629befd3 tempest-VolumeRetypeWithoutMigrationTest-724913489 tempest-VolumeRetypeWithoutMigrationTest-724913489-project] Empty body provided in request {{(pid=107430) get_body /opt/stack/cinder/cinder/api/openstack/wsgi.py:703}}
Sep 08 18:41:51.950017 dv-cinder-733622-18-smb devstack@c-api.service[107430]: /usr/local/lib/python3.8/dist-packages/webob/acceptparse.py:1047: DeprecationWarning: The behavior of AcceptValidHeader.best_match is currently being maintained for backward compatibility, but it will be deprecated in the future, as it does not conform to the RFC.
Sep 08 18:41:51.950017 dv-cinder-733622-18-smb devstack@c-api.service[107430]: warnings.warn(
Sep 08 18:41:51.950704 dv-cinder-733622-18-smb devstack@c-api.service[107430]: DEBUG cinder.api.openstack.wsgi [None req-d65757dc-89db-4bba-be3d-6d79629befd3 tempest-VolumeRetypeWithoutMigrationTest-724913489 tempest-VolumeRetypeWithoutMigrationTest-724913489-project] Calling method 'show' {{(pid=107430) _process_stack /opt/stack/cinder/cinder/api/openstack/wsgi.py:856}}
Sep 08 18:41:51.986789 dv-cinder-733622-18-smb devstack@c-api.service[107431]: INFO cinder.volume.api [None req-5044e8ae-1640-44b9-818a-c6c0231da509 tempest-GroupSnapshotsTest-2007750255 tempest-GroupSnapshotsTest-2007750255-project] Availability Zones retrieved successfully.
Sep 08 18:41:51.997757 dv-cinder-733622-18-smb devstack@c-api.service[107430]: /usr/local/lib/python3.8/dist-packages/oslo_context/context.py:105: DeprecationWarning: Policy enforcement is depending on the value of is_admin. This key is deprecated. Please update your policy file to use the standard policy values.
Sep 08 18:41:51.997757 dv-cinder-733622-18-smb devstack@c-api.service[107430]: warnings.warn('Policy enforcement is depending on the value of '
Sep 08 18:41:52.025697 dv-cinder-733622-18-smb devstack@c-api.service[107430]: INFO cinder.volume.api [None req-d65757dc-89db-4bba-be3d-6d79629befd3 tempest-VolumeRetypeWithoutMigrationTest-724913489 tempest-VolumeRetypeWithoutMigrationTest-724913489-project] Volume info retrieved successfully.
Sep 08 18:41:52.026336 dv-cinder-733622-18-smb devstack@c-api.service[107431]: DEBUG cinder.volume.api [None req-5044e8ae-1640-44b9-818a-c6c0231da509 tempest-GroupSnapshotsTest-2007750255 tempest-GroupSnapshotsTest-2007750255-project] Flow 'volume_create_api' (6e465578-ee1b-4b88-96cc-d15585359686) transitioned into state 'RUNNING' from state 'PENDING' {{(pid=107431) _flow_receiver /usr/local/lib/python3.8/dist-packages/taskflow/listeners/logging.py:141}}
Sep 08 18:41:52.035132 dv-cinder-733622-18-smb devstack@c-api.service[107431]: DEBUG cinder.volume.api [None req-5044e8ae-1640-44b9-818a-c6c0231da509 tempest-GroupSnapshotsTest-2007750255 tempest-GroupSnapshotsTest-2007750255-project] Task 'cinder.volume.flows.api.create_volume.ExtractVolumeRequestTask;volume:create' (0e8346a9-aa64-4ca7-8ea0-6827ae00a099) transitioned into state 'RUNNING' from state 'PENDING' {{(pid=107431) _task_receiver /usr/local/lib/python3.8/dist-packages/taskflow/listeners/logging.py:190}}
Sep 08 18:41:52.040994 dv-cinder-733622-18-smb devstack@c-api.service[107431]: /usr/local/lib/python3.8/dist-packages/oslo_context/context.py:105: DeprecationWarning: Policy enforcement is depending on the value of is_admin. This key is deprecated. Please update your policy file to use the standard policy values.
Sep 08 18:41:52.040994 dv-cinder-733622-18-smb devstack@c-api.service[107431]: warnings.warn('Policy enforcement is depending on the value of '
Sep 08 18:41:52.041557 dv-cinder-733622-18-smb devstack@c-api.service[107431]: DEBUG cinder.volume.flows.api.create_volume [None req-5044e8ae-1640-44b9-818a-c6c0231da509 tempest-GroupSnapshotsTest-2007750255 tempest-GroupSnapshotsTest-2007750255-project] Validating volume size '1' using validate_int {{(pid=107431) _extract_size /opt/stack/cinder/cinder/volume/flows/api/create_volume.py:225}}
Sep 08 18:41:52.069347 dv-cinder-733622-18-smb devstack@c-api.service[107430]: INFO cinder.api.openstack.wsgi [None req-d65757dc-89db-4bba-be3d-6d79629befd3 tempest-VolumeRetypeWithoutMigrationTest-724913489 tempest-VolumeRetypeWithoutMigrationTest-724913489-project] http://10.222.0.22/volume/v3/c595a028aa264b6b8bfb389c90ffb399/volumes/f9c4800d-6175-4f63-bae5-ef52f349a2d6 returned with HTTP 200
Sep 08 18:41:52.071559 dv-cinder-733622-18-smb devstack@c-api.service[107430]: [pid: 107430|app: 0|req: 124/240] 10.222.0.22 () {58 vars in 1325 bytes} [Wed Sep 8 18:41:51 2021] GET /volume/v3/c595a028aa264b6b8bfb389c90ffb399/volumes/f9c4800d-6175-4f63-bae5-ef52f349a2d6 => generated 926 bytes in 140 msecs (HTTP/1.1 200) 7 headers in 285 bytes (2 switches on core 0)
Sep 08 18:41:52.112281 dv-cinder-733622-18-smb devstack@c-api.service[107431]: DEBUG cinder.volume.api [None req-5044e8ae-1640-44b9-818a-c6c0231da509 tempest-GroupSnapshotsTest-2007750255 tempest-GroupSnapshotsTest-2007750255-project] Task 'cinder.volume.flows.api.create_volume.ExtractVolumeRequestTask;volume:create' (0e8346a9-aa64-4ca7-8ea0-6827ae00a099) transitioned into state 'SUCCESS' from state 'RUNNING' with result '{'size': 1, 'snapshot_id': None, 'source_volid': None, 'volume_type': VolumeType(created_at=2021-09-08T18:41:48Z,deleted=False,deleted_at=None,description=None,extra_specs={},id=da22b09f-8c2a-49d1-977a-bd94ee4c90e5,is_public=True,name='tempest-GroupSnapshotsTest-volume-type-2077681207',projects=[],qos_specs=,qos_specs_id=None,updated_at=None), 'volume_type_id': 'da22b09f-8c2a-49d1-977a-bd94ee4c90e5', 'encryption_key_id': None, 'qos_specs': None, 'consistencygroup_id': None, 'cgsnapshot_id': None, 'group_id': 'a580d43f-f637-4f40-8ca3-d4c1aef3918e', 'replication_status': 'disabled', 'refresh_az': False, 'backup_id': None, 'multiattach': False, 'availability_zones': ['nova']}' {{(pid=107431) _task_receiver /usr/local/lib/python3.8/dist-packages/taskflow/listeners/logging.py:178}}
Sep 08 18:41:52.116747 dv-cinder-733622-18-smb devstack@c-api.service[107431]: DEBUG cinder.volume.api [None req-5044e8ae-1640-44b9-818a-c6c0231da509 tempest-GroupSnapshotsTest-2007750255 tempest-GroupSnapshotsTest-2007750255-project] Task 'cinder.volume.flows.api.create_volume.QuotaReserveTask;volume:create' (82d91245-04b6-4672-9884-3701b846ba5a) transitioned into state 'RUNNING' from state 'PENDING' {{(pid=107431) _task_receiver /usr/local/lib/python3.8/dist-packages/taskflow/listeners/logging.py:190}}
Sep 08 18:41:52.122101 dv-cinder-733622-18-smb devstack@c-api.service[107430]: INFO cinder.api.openstack.wsgi [None req-43a1c81d-fab2-416d-a145-2e8cd390df3c tempest-VolumeRetypeWithoutMigrationTest-645353907 tempest-VolumeRetypeWithoutMigrationTest-645353907-project-admin] GET http://10.222.0.22/volume/v3/9fc42282d34b4c19871f48ef481831fe/volumes/f9c4800d-6175-4f63-bae5-ef52f349a2d6
Sep 08 18:41:52.122899 dv-cinder-733622-18-smb devstack@c-api.service[107430]: DEBUG cinder.api.openstack.wsgi [None req-43a1c81d-fab2-416d-a145-2e8cd390df3c tempest-VolumeRetypeWithoutMigrationTest-645353907 tempest-VolumeRetypeWithoutMigrationTest-645353907-project-admin] Empty body provided in request {{(pid=107430) get_body /opt/stack/cinder/cinder/api/openstack/wsgi.py:703}}
Sep 08 18:41:52.123171 dv-cinder-733622-18-smb devstack@c-api.service[107430]: /usr/local/lib/python3.8/dist-packages/webob/acceptparse.py:1047: DeprecationWarning: The behavior of AcceptValidHeader.best_match is currently being maintained for backward compatibility, but it will be deprecated in the future, as it does not conform to the RFC.
Sep 08 18:41:52.123171 dv-cinder-733622-18-smb devstack@c-api.service[107430]: warnings.warn(
Sep 08 18:41:52.123703 dv-cinder-733622-18-smb devstack@c-api.service[107430]: DEBUG cinder.api.openstack.wsgi [None req-43a1c81d-fab2-416d-a145-2e8cd390df3c tempest-VolumeRetypeWithoutMigrationTest-645353907 tempest-VolumeRetypeWithoutMigrationTest-645353907-project-admin] Calling method 'show' {{(pid=107430) _process_stack /opt/stack/cinder/cinder/api/openstack/wsgi.py:856}}
Sep 08 18:41:52.194911 dv-cinder-733622-18-smb devstack@c-api.service[107431]: WARNING cinder.quota [None req-5044e8ae-1640-44b9-818a-c6c0231da509 tempest-GroupSnapshotsTest-2007750255 tempest-GroupSnapshotsTest-2007750255-project] Deprecated: Default quota for resource: volumes_tempest-GroupSnapshotsTest-volume-type-2077681207 is set by the default quota flag: quota_volumes_tempest-GroupSnapshotsTest-volume-type-2077681207, it is now deprecated. Please use the default quota class for default quota.
Sep 08 18:41:52.195723 dv-cinder-733622-18-smb devstack@c-api.service[107431]: WARNING cinder.quota [None req-5044e8ae-1640-44b9-818a-c6c0231da509 tempest-GroupSnapshotsTest-2007750255 tempest-GroupSnapshotsTest-2007750255-project] Deprecated: Default quota for resource: gigabytes_tempest-GroupSnapshotsTest-volume-type-2077681207 is set by the default quota flag: quota_gigabytes_tempest-GroupSnapshotsTest-volume-type-2077681207, it is now deprecated. Please use the default quota class for default quota.
Sep 08 18:41:52.210549 dv-cinder-733622-18-smb devstack@c-api.service[107430]: /usr/local/lib/python3.8/dist-packages/oslo_context/context.py:105: DeprecationWarning: Policy enforcement is depending on the value of is_admin. This key is deprecated. Please update your policy file to use the standard policy values.
Sep 08 18:41:52.210549 dv-cinder-733622-18-smb devstack@c-api.service[107430]: warnings.warn('Policy enforcement is depending on the value of '
Sep 08 18:41:52.236800 dv-cinder-733622-18-smb devstack@c-api.service[107430]: INFO cinder.volume.api [None req-43a1c81d-fab2-416d-a145-2e8cd390df3c tempest-VolumeRetypeWithoutMigrationTest-645353907 tempest-VolumeRetypeWithoutMigrationTest-645353907-project-admin] Volume info retrieved successfully.
Sep 08 18:41:52.241153 dv-cinder-733622-18-smb devstack@c-api.service[107431]: DEBUG cinder.quota [None req-5044e8ae-1640-44b9-818a-c6c0231da509 tempest-GroupSnapshotsTest-2007750255 tempest-GroupSnapshotsTest-2007750255-project] Created reservations ['e7bd250e-7d57-4433-93f9-b318574378d3', 'd5342fc9-637c-42b9-abe8-2bafe1ff115a', 'a023f25e-22e2-4171-902b-0a97a2219ee0', 'f5d101d1-fde0-4ba9-9616-757d070bbad6'] {{(pid=107431) reserve /opt/stack/cinder/cinder/quota.py:755}}
Sep 08 18:41:52.243584 dv-cinder-733622-18-smb devstack@c-api.service[107431]: DEBUG cinder.volume.api [None req-5044e8ae-1640-44b9-818a-c6c0231da509 tempest-GroupSnapshotsTest-2007750255 tempest-GroupSnapshotsTest-2007750255-project] Task 'cinder.volume.flows.api.create_volume.QuotaReserveTask;volume:create' (82d91245-04b6-4672-9884-3701b846ba5a) transitioned into state 'SUCCESS' from state 'RUNNING' with result '{'reservations': ['e7bd250e-7d57-4433-93f9-b318574378d3', 'd5342fc9-637c-42b9-abe8-2bafe1ff115a', 'a023f25e-22e2-4171-902b-0a97a2219ee0', 'f5d101d1-fde0-4ba9-9616-757d070bbad6']}' {{(pid=107431) _task_receiver /usr/local/lib/python3.8/dist-packages/taskflow/listeners/logging.py:178}}
Sep 08 18:41:52.246267 dv-cinder-733622-18-smb devstack@c-api.service[107431]: DEBUG cinder.volume.api [None req-5044e8ae-1640-44b9-818a-c6c0231da509 tempest-GroupSnapshotsTest-2007750255 tempest-GroupSnapshotsTest-2007750255-project] Task 'cinder.volume.flows.api.create_volume.EntryCreateTask;volume:create' (c497f104-caf9-4756-b74b-2ef288b530fe) transitioned into state 'RUNNING' from state 'PENDING' {{(pid=107431) _task_receiver /usr/local/lib/python3.8/dist-packages/taskflow/listeners/logging.py:190}}
Sep 08 18:41:52.268426 dv-cinder-733622-18-smb devstack@c-api.service[107430]: INFO cinder.api.openstack.wsgi [None req-43a1c81d-fab2-416d-a145-2e8cd390df3c tempest-VolumeRetypeWithoutMigrationTest-645353907 tempest-VolumeRetypeWithoutMigrationTest-645353907-project-admin] http://10.222.0.22/volume/v3/9fc42282d34b4c19871f48ef481831fe/volumes/f9c4800d-6175-4f63-bae5-ef52f349a2d6 returned with HTTP 200
Sep 08 18:41:52.270103 dv-cinder-733622-18-smb devstack@c-api.service[107430]: [pid: 107430|app: 0|req: 125/241] 10.222.0.22 () {58 vars in 1325 bytes} [Wed Sep 8 18:41:52 2021] GET /volume/v3/9fc42282d34b4c19871f48ef481831fe/volumes/f9c4800d-6175-4f63-bae5-ef52f349a2d6 => generated 1092 bytes in 186 msecs (HTTP/1.1 200) 7 headers in 286 bytes (1 switches on core 0)
Sep 08 18:41:52.295336 dv-cinder-733622-18-smb devstack@c-api.service[107430]: INFO cinder.api.openstack.wsgi [None req-03f8eb7c-8995-45ca-8ec8-0f21cf77eb8d tempest-VolumeRetypeWithoutMigrationTest-645353907 tempest-VolumeRetypeWithoutMigrationTest-645353907-project-admin] GET http://10.222.0.22/volume/v3/9fc42282d34b4c19871f48ef481831fe/volumes?all_tenants=True&name=tempest-VolumeRetypeWithoutMigrationTest-Volume-918896465
Sep 08 18:41:52.296443 dv-cinder-733622-18-smb devstack@c-api.service[107430]: DEBUG cinder.api.openstack.wsgi [None req-03f8eb7c-8995-45ca-8ec8-0f21cf77eb8d tempest-VolumeRetypeWithoutMigrationTest-645353907 tempest-VolumeRetypeWithoutMigrationTest-645353907-project-admin] Empty body provided in request {{(pid=107430) get_body /opt/stack/cinder/cinder/api/openstack/wsgi.py:703}}
Sep 08 18:41:52.296722 dv-cinder-733622-18-smb devstack@c-api.service[107430]: /usr/local/lib/python3.8/dist-packages/webob/acceptparse.py:1047: DeprecationWarning: The behavior of AcceptValidHeader.best_match is currently being maintained for backward compatibility, but it will be deprecated in the future, as it does not conform to the RFC.
Sep 08 18:41:52.296722 dv-cinder-733622-18-smb devstack@c-api.service[107430]: warnings.warn(
Sep 08 18:41:52.297115 dv-cinder-733622-18-smb devstack@c-api.service[107430]: DEBUG cinder.api.openstack.wsgi [None req-03f8eb7c-8995-45ca-8ec8-0f21cf77eb8d tempest-VolumeRetypeWithoutMigrationTest-645353907 tempest-VolumeRetypeWithoutMigrationTest-645353907-project-admin] Calling method 'index' {{(pid=107430) _process_stack /opt/stack/cinder/cinder/api/openstack/wsgi.py:856}}
Sep 08 18:41:52.300071 dv-cinder-733622-18-smb devstack@c-api.service[107430]: DEBUG cinder.volume.api [None req-03f8eb7c-8995-45ca-8ec8-0f21cf77eb8d tempest-VolumeRetypeWithoutMigrationTest-645353907 tempest-VolumeRetypeWithoutMigrationTest-645353907-project-admin] Searching by: MultiDict([('display_name', 'tempest-VolumeRetypeWithoutMigrationTest-Volume-918896465'), ('all_tenants', True)]). {{(pid=107430) get_all /opt/stack/cinder/cinder/volume/api.py:658}}
Sep 08 18:41:52.322972 dv-cinder-733622-18-smb devstack@c-api.service[107431]: DEBUG cinder.volume.api [None req-5044e8ae-1640-44b9-818a-c6c0231da509 tempest-GroupSnapshotsTest-2007750255 tempest-GroupSnapshotsTest-2007750255-project] Task 'cinder.volume.flows.api.create_volume.EntryCreateTask;volume:create' (c497f104-caf9-4756-b74b-2ef288b530fe) transitioned into state 'SUCCESS' from state 'RUNNING' with result '{'volume_id': '2d140f65-2bc3-4e97-aeca-e4a72654648c', 'volume_properties': VolumeProperties(attach_status='detached',availability_zone='nova',cgsnapshot_id=None,consistencygroup_id=None,display_description=None,display_name='tempest-GroupSnapshotsTest-Volume-969410839',encryption_key_id=None,group_id=a580d43f-f637-4f40-8ca3-d4c1aef3918e,group_type_id=,metadata={},multiattach=False,project_id='b20888c9c29640a0a458098f162da630',qos_specs=None,replication_status=,reservations=['e7bd250e-7d57-4433-93f9-b318574378d3','d5342fc9-637c-42b9-abe8-2bafe1ff115a','a023f25e-22e2-4171-902b-0a97a2219ee0','f5d101d1-fde0-4ba9-9616-757d070bbad6'],size=1,snapshot_id=None,source_replicaid=,source_volid=None,status='creating',user_id='8bd106ed277d42a39128e9dafd72826b',volume_type_id=da22b09f-8c2a-49d1-977a-bd94ee4c90e5), 'volume': Volume(_name_id=None,admin_metadata=,attach_status='detached',availability_zone='nova',bootable=False,cluster=,cluster_name=None,consistencygroup=,consistencygroup_id=None,created_at=2021-09-08T18:41:52Z,deleted=False,deleted_at=None,display_description=None,display_name='tempest-GroupSnapshotsTest-Volume-969410839',ec2_id=None,encryption_key_id=None,glance_metadata=,group=,group_id=a580d43f-f637-4f40-8ca3-d4c1aef3918e,host=None,id=2d140f65-2bc3-4e97-aeca-e4a72654648c,launched_at=None,metadata={},migration_status=None,multiattach=False,previous_status=None,project_id='b20888c9c29640a0a458098f162da630',provider_auth=None,provider_geometry=None,provider_id=None,provider_location=None,replication_driver_data=None,replication_extended_status=None,replication_status=None,scheduled_at=None,service_uuid=None,shared_targets=True,size=1,snapshot_id=None,snapshots=,source_volid=None,status='creating',terminated_at=None,updated_at=None,use_quota=True,user_id='8bd106ed277d42a39128e9dafd72826b',volume_attachment=,volume_type=VolumeType(da22b09f-8c2a-49d1-977a-bd94ee4c90e5),volume_type_id=da22b09f-8c2a-49d1-977a-bd94ee4c90e5)}' {{(pid=107431) _task_receiver /usr/local/lib/python3.8/dist-packages/taskflow/listeners/logging.py:178}}
Sep 08 18:41:52.325202 dv-cinder-733622-18-smb devstack@c-api.service[107431]: DEBUG cinder.volume.api [None req-5044e8ae-1640-44b9-818a-c6c0231da509 tempest-GroupSnapshotsTest-2007750255 tempest-GroupSnapshotsTest-2007750255-project] Task 'cinder.volume.flows.api.create_volume.QuotaCommitTask;volume:create' (b10e60d3-4277-4903-a6e6-a50a6b6217cc) transitioned into state 'RUNNING' from state 'PENDING' {{(pid=107431) _task_receiver /usr/local/lib/python3.8/dist-packages/taskflow/listeners/logging.py:190}}
Sep 08 18:41:52.374893 dv-cinder-733622-18-smb devstack@c-api.service[107431]: DEBUG cinder.volume.api [None req-5044e8ae-1640-44b9-818a-c6c0231da509 tempest-GroupSnapshotsTest-2007750255 tempest-GroupSnapshotsTest-2007750255-project] Task 'cinder.volume.flows.api.create_volume.QuotaCommitTask;volume:create' (b10e60d3-4277-4903-a6e6-a50a6b6217cc) transitioned into state 'SUCCESS' from state 'RUNNING' with result '{'volume_properties': VolumeProperties(attach_status='detached',availability_zone='nova',cgsnapshot_id=None,consistencygroup_id=None,display_description=None,display_name='tempest-GroupSnapshotsTest-Volume-969410839',encryption_key_id=None,group_id=a580d43f-f637-4f40-8ca3-d4c1aef3918e,group_type_id=,metadata={},multiattach=False,project_id='b20888c9c29640a0a458098f162da630',qos_specs=None,replication_status=,reservations=['e7bd250e-7d57-4433-93f9-b318574378d3','d5342fc9-637c-42b9-abe8-2bafe1ff115a','a023f25e-22e2-4171-902b-0a97a2219ee0','f5d101d1-fde0-4ba9-9616-757d070bbad6'],size=1,snapshot_id=None,source_replicaid=,source_volid=None,status='creating',user_id='8bd106ed277d42a39128e9dafd72826b',volume_type_id=da22b09f-8c2a-49d1-977a-bd94ee4c90e5)}' {{(pid=107431) _task_receiver /usr/local/lib/python3.8/dist-packages/taskflow/listeners/logging.py:178}}
Sep 08 18:41:52.400907 dv-cinder-733622-18-smb devstack@c-api.service[107431]: DEBUG cinder.volume.api [None req-5044e8ae-1640-44b9-818a-c6c0231da509 tempest-GroupSnapshotsTest-2007750255 tempest-GroupSnapshotsTest-2007750255-project] Task 'cinder.volume.flows.api.create_volume.VolumeCastTask;volume:create' (5b00d758-983c-4039-ae59-b3cf60ee39fa) transitioned into state 'RUNNING' from state 'PENDING' {{(pid=107431) _task_receiver /usr/local/lib/python3.8/dist-packages/taskflow/listeners/logging.py:190}}
Sep 08 18:41:52.404777 dv-cinder-733622-18-smb devstack@c-api.service[107430]: INFO cinder.volume.api [None req-03f8eb7c-8995-45ca-8ec8-0f21cf77eb8d tempest-VolumeRetypeWithoutMigrationTest-645353907 tempest-VolumeRetypeWithoutMigrationTest-645353907-project-admin] Get all volumes completed successfully.
Sep 08 18:41:52.406963 dv-cinder-733622-18-smb devstack@c-api.service[107430]: INFO cinder.api.openstack.wsgi [None req-03f8eb7c-8995-45ca-8ec8-0f21cf77eb8d tempest-VolumeRetypeWithoutMigrationTest-645353907 tempest-VolumeRetypeWithoutMigrationTest-645353907-project-admin] http://10.222.0.22/volume/v3/9fc42282d34b4c19871f48ef481831fe/volumes?all_tenants=True&name=tempest-VolumeRetypeWithoutMigrationTest-Volume-918896465 returned with HTTP 200
Sep 08 18:41:52.408284 dv-cinder-733622-18-smb devstack@c-api.service[107430]: [pid: 107430|app: 0|req: 126/242] 10.222.0.22 () {58 vars in 1373 bytes} [Wed Sep 8 18:41:52 2021] GET /volume/v3/9fc42282d34b4c19871f48ef481831fe/volumes?all_tenants=True&name=tempest-VolumeRetypeWithoutMigrationTest-Volume-918896465 => generated 412 bytes in 118 msecs (HTTP/1.1 200) 7 headers in 285 bytes (1 switches on core 0)
Sep 08 18:41:52.426560 dv-cinder-733622-18-smb devstack@c-api.service[107430]: INFO cinder.api.openstack.wsgi [None req-64fd656f-f50e-41b9-8796-417e1fa2b463 tempest-VolumesTransfersV355Test-40743458 tempest-VolumesTransfersV355Test-40743458-project] GET http://10.222.0.22/volume/v3/76ac48e28d7b4e67a9291f9a6325ccb1/volumes/939716f4-763d-4e3e-a411-41d51bb03bcd
Sep 08 18:41:52.427194 dv-cinder-733622-18-smb devstack@c-api.service[107430]: DEBUG cinder.api.openstack.wsgi [None req-64fd656f-f50e-41b9-8796-417e1fa2b463 tempest-VolumesTransfersV355Test-40743458 tempest-VolumesTransfersV355Test-40743458-project] Empty body provided in request {{(pid=107430) get_body /opt/stack/cinder/cinder/api/openstack/wsgi.py:703}}
Sep 08 18:41:52.427378 dv-cinder-733622-18-smb devstack@c-api.service[107430]: /usr/local/lib/python3.8/dist-packages/webob/acceptparse.py:1047: DeprecationWarning: The behavior of AcceptValidHeader.best_match is currently being maintained for backward compatibility, but it will be deprecated in the future, as it does not conform to the RFC.
Sep 08 18:41:52.427378 dv-cinder-733622-18-smb devstack@c-api.service[107430]: warnings.warn(
Sep 08 18:41:52.427854 dv-cinder-733622-18-smb devstack@c-api.service[107430]: DEBUG cinder.api.openstack.wsgi [None req-64fd656f-f50e-41b9-8796-417e1fa2b463 tempest-VolumesTransfersV355Test-40743458 tempest-VolumesTransfersV355Test-40743458-project] Calling method 'show' {{(pid=107430) _process_stack /opt/stack/cinder/cinder/api/openstack/wsgi.py:856}}
Sep 08 18:41:52.447537 dv-cinder-733622-18-smb devstack@c-api.service[107431]: DEBUG cinder.volume.api [None req-5044e8ae-1640-44b9-818a-c6c0231da509 tempest-GroupSnapshotsTest-2007750255 tempest-GroupSnapshotsTest-2007750255-project] Task 'cinder.volume.flows.api.create_volume.VolumeCastTask;volume:create' (5b00d758-983c-4039-ae59-b3cf60ee39fa) transitioned into state 'SUCCESS' from state 'RUNNING' with result 'None' {{(pid=107431) _task_receiver /usr/local/lib/python3.8/dist-packages/taskflow/listeners/logging.py:178}}
Sep 08 18:41:52.452845 dv-cinder-733622-18-smb devstack@c-api.service[107431]: DEBUG cinder.volume.api [None req-5044e8ae-1640-44b9-818a-c6c0231da509 tempest-GroupSnapshotsTest-2007750255 tempest-GroupSnapshotsTest-2007750255-project] Flow 'volume_create_api' (6e465578-ee1b-4b88-96cc-d15585359686) transitioned into state 'SUCCESS' from state 'RUNNING' {{(pid=107431) _flow_receiver /usr/local/lib/python3.8/dist-packages/taskflow/listeners/logging.py:141}}
Sep 08 18:41:52.455933 dv-cinder-733622-18-smb devstack@c-api.service[107430]: /usr/local/lib/python3.8/dist-packages/oslo_context/context.py:105: DeprecationWarning: Policy enforcement is depending on the value of is_admin. This key is deprecated. Please update your policy file to use the standard policy values.
Sep 08 18:41:52.455933 dv-cinder-733622-18-smb devstack@c-api.service[107430]: warnings.warn('Policy enforcement is depending on the value of '
Sep 08 18:41:52.457579 dv-cinder-733622-18-smb devstack@c-api.service[107431]: INFO cinder.volume.api [None req-5044e8ae-1640-44b9-818a-c6c0231da509 tempest-GroupSnapshotsTest-2007750255 tempest-GroupSnapshotsTest-2007750255-project] Create volume request issued successfully.
Sep 08 18:41:52.475223 dv-cinder-733622-18-smb devstack@c-api.service[107430]: INFO cinder.volume.api [None req-64fd656f-f50e-41b9-8796-417e1fa2b463 tempest-VolumesTransfersV355Test-40743458 tempest-VolumesTransfersV355Test-40743458-project] Volume info retrieved successfully.
Sep 08 18:41:52.517431 dv-cinder-733622-18-smb devstack@c-api.service[107430]: INFO cinder.api.openstack.wsgi [None req-64fd656f-f50e-41b9-8796-417e1fa2b463 tempest-VolumesTransfersV355Test-40743458 tempest-VolumesTransfersV355Test-40743458-project] http://10.222.0.22/volume/v3/76ac48e28d7b4e67a9291f9a6325ccb1/volumes/939716f4-763d-4e3e-a411-41d51bb03bcd returned with HTTP 200
Sep 08 18:41:52.518686 dv-cinder-733622-18-smb devstack@c-api.service[107431]: WARNING stevedore.named [None req-5044e8ae-1640-44b9-818a-c6c0231da509 tempest-GroupSnapshotsTest-2007750255 tempest-GroupSnapshotsTest-2007750255-project] Could not load cinder.keymgr.conf_key_mgr.ConfKeyManager
Sep 08 18:41:52.519314 dv-cinder-733622-18-smb devstack@c-api.service[107431]: WARNING castellan.key_manager [None req-5044e8ae-1640-44b9-818a-c6c0231da509 tempest-GroupSnapshotsTest-2007750255 tempest-GroupSnapshotsTest-2007750255-project] Deprecation Warning : cinder.keymgr.conf_key_mgr.ConfKeyManager is not a stevedore based driver, trying to load it as a class: stevedore.exception.NoMatches: No 'castellan.drivers' driver found, looking for 'cinder.keymgr.conf_key_mgr.ConfKeyManager'
Sep 08 18:41:52.520798 dv-cinder-733622-18-smb devstack@c-api.service[107430]: [pid: 107430|app: 0|req: 127/243] 10.222.0.22 () {60 vars in 1366 bytes} [Wed Sep 8 18:41:52 2021] GET /volume/v3/76ac48e28d7b4e67a9291f9a6325ccb1/volumes/939716f4-763d-4e3e-a411-41d51bb03bcd => generated 1015 bytes in 101 msecs (HTTP/1.1 200) 7 headers in 287 bytes (1 switches on core 0)
Sep 08 18:41:52.527723 dv-cinder-733622-18-smb devstack@c-api.service[107430]: INFO cinder.api.openstack.wsgi [None req-03828c98-524e-42dc-8f03-1fdcc662f117 tempest-VolumeRetypeWithoutMigrationTest-724913489 tempest-VolumeRetypeWithoutMigrationTest-724913489-project] DELETE http://10.222.0.22/volume/v3/c595a028aa264b6b8bfb389c90ffb399/volumes/f9c4800d-6175-4f63-bae5-ef52f349a2d6
Sep 08 18:41:52.528625 dv-cinder-733622-18-smb devstack@c-api.service[107430]: DEBUG cinder.api.openstack.wsgi [None req-03828c98-524e-42dc-8f03-1fdcc662f117 tempest-VolumeRetypeWithoutMigrationTest-724913489 tempest-VolumeRetypeWithoutMigrationTest-724913489-project] Empty body provided in request {{(pid=107430) get_body /opt/stack/cinder/cinder/api/openstack/wsgi.py:703}}
Sep 08 18:41:52.528966 dv-cinder-733622-18-smb devstack@c-api.service[107430]: /usr/local/lib/python3.8/dist-packages/webob/acceptparse.py:1047: DeprecationWarning: The behavior of AcceptValidHeader.best_match is currently being maintained for backward compatibility, but it will be deprecated in the future, as it does not conform to the RFC.
Sep 08 18:41:52.528966 dv-cinder-733622-18-smb devstack@c-api.service[107430]: warnings.warn(
Sep 08 18:41:52.529705 dv-cinder-733622-18-smb devstack@c-api.service[107430]: DEBUG cinder.api.openstack.wsgi [None req-03828c98-524e-42dc-8f03-1fdcc662f117 tempest-VolumeRetypeWithoutMigrationTest-724913489 tempest-VolumeRetypeWithoutMigrationTest-724913489-project] Calling method 'delete' {{(pid=107430) _process_stack /opt/stack/cinder/cinder/api/openstack/wsgi.py:856}}
Sep 08 18:41:52.531153 dv-cinder-733622-18-smb devstack@c-api.service[107430]: INFO cinder.api.v3.volumes [None req-03828c98-524e-42dc-8f03-1fdcc662f117 tempest-VolumeRetypeWithoutMigrationTest-724913489 tempest-VolumeRetypeWithoutMigrationTest-724913489-project] Delete volume with id: f9c4800d-6175-4f63-bae5-ef52f349a2d6
Sep 08 18:41:52.549897 dv-cinder-733622-18-smb devstack@c-api.service[107431]: DEBUG oslo_db.sqlalchemy.engines [None req-5044e8ae-1640-44b9-818a-c6c0231da509 tempest-GroupSnapshotsTest-2007750255 tempest-GroupSnapshotsTest-2007750255-project] MySQL server mode set to STRICT_TRANS_TABLES,STRICT_ALL_TABLES,NO_ZERO_IN_DATE,NO_ZERO_DATE,ERROR_FOR_DIVISION_BY_ZERO,TRADITIONAL,NO_ENGINE_SUBSTITUTION {{(pid=107431) _check_effective_sql_mode /usr/local/lib/python3.8/dist-packages/oslo_db/sqlalchemy/engines.py:314}}
Sep 08 18:41:52.565061 dv-cinder-733622-18-smb devstack@c-api.service[107431]: /usr/local/lib/python3.8/dist-packages/oslo_context/context.py:105: DeprecationWarning: Policy enforcement is depending on the value of is_admin. This key is deprecated. Please update your policy file to use the standard policy values.
Sep 08 18:41:52.565061 dv-cinder-733622-18-smb devstack@c-api.service[107431]: warnings.warn('Policy enforcement is depending on the value of '
Sep 08 18:41:52.581224 dv-cinder-733622-18-smb devstack@c-api.service[107430]: /usr/local/lib/python3.8/dist-packages/oslo_context/context.py:105: DeprecationWarning: Policy enforcement is depending on the value of is_admin. This key is deprecated. Please update your policy file to use the standard policy values.
Sep 08 18:41:52.581224 dv-cinder-733622-18-smb devstack@c-api.service[107430]: warnings.warn('Policy enforcement is depending on the value of '
Sep 08 18:41:52.583284 dv-cinder-733622-18-smb devstack@c-api.service[107430]: INFO cinder.volume.api [None req-03828c98-524e-42dc-8f03-1fdcc662f117 tempest-VolumeRetypeWithoutMigrationTest-724913489 tempest-VolumeRetypeWithoutMigrationTest-724913489-project] Volume info retrieved successfully.
Sep 08 18:41:52.585771 dv-cinder-733622-18-smb devstack@c-api.service[107431]: INFO cinder.api.openstack.wsgi [None req-5044e8ae-1640-44b9-818a-c6c0231da509 tempest-GroupSnapshotsTest-2007750255 tempest-GroupSnapshotsTest-2007750255-project] http://10.222.0.22/volume/v3/b20888c9c29640a0a458098f162da630/volumes returned with HTTP 202
Sep 08 18:41:52.587633 dv-cinder-733622-18-smb devstack@c-api.service[107431]: [pid: 107431|app: 0|req: 117/244] 10.222.0.22 () {62 vars in 1277 bytes} [Wed Sep 8 18:41:51 2021] POST /volume/v3/b20888c9c29640a0a458098f162da630/volumes => generated 907 bytes in 676 msecs (HTTP/1.1 202) 7 headers in 292 bytes (1 switches on core 0)
Sep 08 18:41:52.614081 dv-cinder-733622-18-smb devstack@c-api.service[107431]: INFO cinder.api.openstack.wsgi [None req-2548c69f-5261-4789-ad66-a4063325bb68 tempest-VolumesTransfersV355Test-40743458 tempest-VolumesTransfersV355Test-40743458-project] POST http://10.222.0.22/volume/v3/76ac48e28d7b4e67a9291f9a6325ccb1/volume-transfers
Sep 08 18:41:52.615901 dv-cinder-733622-18-smb devstack@c-api.service[107431]: /usr/local/lib/python3.8/dist-packages/webob/acceptparse.py:1047: DeprecationWarning: The behavior of AcceptValidHeader.best_match is currently being maintained for backward compatibility, but it will be deprecated in the future, as it does not conform to the RFC.
Sep 08 18:41:52.615901 dv-cinder-733622-18-smb devstack@c-api.service[107431]: warnings.warn(
Sep 08 18:41:52.617472 dv-cinder-733622-18-smb devstack@c-api.service[107431]: DEBUG cinder.api.openstack.wsgi [None req-2548c69f-5261-4789-ad66-a4063325bb68 tempest-VolumesTransfersV355Test-40743458 tempest-VolumesTransfersV355Test-40743458-project] Action: 'create', calling method: create, body: {"transfer": {"volume_id": "939716f4-763d-4e3e-a411-41d51bb03bcd"}} {{(pid=107431) _process_stack /opt/stack/cinder/cinder/api/openstack/wsgi.py:854}}
Sep 08 18:41:52.621551 dv-cinder-733622-18-smb devstack@c-api.service[107431]: DEBUG cinder.api.v3.volume_transfer [None req-2548c69f-5261-4789-ad66-a4063325bb68 tempest-VolumesTransfersV355Test-40743458 tempest-VolumesTransfersV355Test-40743458-project] Creating new volume transfer {'transfer': {'volume_id': '939716f4-763d-4e3e-a411-41d51bb03bcd'}} {{(pid=107431) create /opt/stack/cinder/cinder/api/v3/volume_transfer.py:85}}
Sep 08 18:41:52.622485 dv-cinder-733622-18-smb devstack@c-api.service[107431]: INFO cinder.api.v3.volume_transfer [None req-2548c69f-5261-4789-ad66-a4063325bb68 tempest-VolumesTransfersV355Test-40743458 tempest-VolumesTransfersV355Test-40743458-project] Creating transfer of volume 939716f4-763d-4e3e-a411-41d51bb03bcd
Sep 08 18:41:52.623158 dv-cinder-733622-18-smb devstack@c-api.service[107431]: INFO cinder.transfer.api [None req-2548c69f-5261-4789-ad66-a4063325bb68 tempest-VolumesTransfersV355Test-40743458 tempest-VolumesTransfersV355Test-40743458-project] Generating transfer record for volume 939716f4-763d-4e3e-a411-41d51bb03bcd
Sep 08 18:41:52.643849 dv-cinder-733622-18-smb devstack@c-api.service[107431]: /usr/local/lib/python3.8/dist-packages/oslo_context/context.py:105: DeprecationWarning: Policy enforcement is depending on the value of is_admin. This key is deprecated. Please update your policy file to use the standard policy values.
Sep 08 18:41:52.643849 dv-cinder-733622-18-smb devstack@c-api.service[107431]: warnings.warn('Policy enforcement is depending on the value of '
Sep 08 18:41:52.671855 dv-cinder-733622-18-smb devstack@c-api.service[107430]: INFO cinder.volume.api [None req-03828c98-524e-42dc-8f03-1fdcc662f117 tempest-VolumeRetypeWithoutMigrationTest-724913489 tempest-VolumeRetypeWithoutMigrationTest-724913489-project] Delete volume request issued successfully.
Sep 08 18:41:52.672414 dv-cinder-733622-18-smb devstack@c-api.service[107430]: INFO cinder.api.openstack.wsgi [None req-03828c98-524e-42dc-8f03-1fdcc662f117 tempest-VolumeRetypeWithoutMigrationTest-724913489 tempest-VolumeRetypeWithoutMigrationTest-724913489-project] http://10.222.0.22/volume/v3/c595a028aa264b6b8bfb389c90ffb399/volumes/f9c4800d-6175-4f63-bae5-ef52f349a2d6 returned with HTTP 202
Sep 08 18:41:52.676652 dv-cinder-733622-18-smb devstack@c-api.service[107430]: [pid: 107430|app: 0|req: 128/245] 10.222.0.22 () {58 vars in 1328 bytes} [Wed Sep 8 18:41:52 2021] DELETE /volume/v3/c595a028aa264b6b8bfb389c90ffb399/volumes/f9c4800d-6175-4f63-bae5-ef52f349a2d6 => generated 0 bytes in 152 msecs (HTTP/1.1 202) 6 headers in 233 bytes (1 switches on core 0)
Sep 08 18:41:52.682276 dv-cinder-733622-18-smb devstack@c-api.service[107430]: INFO cinder.api.openstack.wsgi [None req-b9c35e71-d29f-4a11-b96d-6153fe78618e tempest-GroupSnapshotsTest-2007750255 tempest-GroupSnapshotsTest-2007750255-project] GET http://10.222.0.22/volume/v3/b20888c9c29640a0a458098f162da630/volumes/2d140f65-2bc3-4e97-aeca-e4a72654648c
Sep 08 18:41:52.683696 dv-cinder-733622-18-smb devstack@c-api.service[107430]: DEBUG cinder.api.openstack.wsgi [None req-b9c35e71-d29f-4a11-b96d-6153fe78618e tempest-GroupSnapshotsTest-2007750255 tempest-GroupSnapshotsTest-2007750255-project] Empty body provided in request {{(pid=107430) get_body /opt/stack/cinder/cinder/api/openstack/wsgi.py:703}}
Sep 08 18:41:52.692637 dv-cinder-733622-18-smb devstack@c-api.service[107431]: INFO cinder.api.openstack.wsgi [None req-2548c69f-5261-4789-ad66-a4063325bb68 tempest-VolumesTransfersV355Test-40743458 tempest-VolumesTransfersV355Test-40743458-project] http://10.222.0.22/volume/v3/76ac48e28d7b4e67a9291f9a6325ccb1/volume-transfers returned with HTTP 202
Sep 08 18:41:52.694106 dv-cinder-733622-18-smb devstack@c-api.service[107431]: [pid: 107431|app: 0|req: 118/246] 10.222.0.22 () {60 vars in 1262 bytes} [Wed Sep 8 18:41:52 2021] POST /volume/v3/76ac48e28d7b4e67a9291f9a6325ccb1/volume-transfers => generated 507 bytes in 104 msecs (HTTP/1.1 202) 7 headers in 291 bytes (1 switches on core 0)
Sep 08 18:41:52.694398 dv-cinder-733622-18-smb devstack@c-api.service[107430]: /usr/local/lib/python3.8/dist-packages/webob/acceptparse.py:1047: DeprecationWarning: The behavior of AcceptValidHeader.best_match is currently being maintained for backward compatibility, but it will be deprecated in the future, as it does not conform to the RFC.
Sep 08 18:41:52.694398 dv-cinder-733622-18-smb devstack@c-api.service[107430]: warnings.warn(
Sep 08 18:41:52.695753 dv-cinder-733622-18-smb devstack@c-api.service[107430]: DEBUG cinder.api.openstack.wsgi [None req-b9c35e71-d29f-4a11-b96d-6153fe78618e tempest-GroupSnapshotsTest-2007750255 tempest-GroupSnapshotsTest-2007750255-project] Calling method 'show' {{(pid=107430) _process_stack /opt/stack/cinder/cinder/api/openstack/wsgi.py:856}}
Sep 08 18:41:52.735008 dv-cinder-733622-18-smb devstack@c-api.service[107430]: /usr/local/lib/python3.8/dist-packages/oslo_context/context.py:105: DeprecationWarning: Policy enforcement is depending on the value of is_admin. This key is deprecated. Please update your policy file to use the standard policy values.
Sep 08 18:41:52.735008 dv-cinder-733622-18-smb devstack@c-api.service[107430]: warnings.warn('Policy enforcement is depending on the value of '
Sep 08 18:41:52.753113 dv-cinder-733622-18-smb devstack@c-api.service[107430]: INFO cinder.volume.api [None req-b9c35e71-d29f-4a11-b96d-6153fe78618e tempest-GroupSnapshotsTest-2007750255 tempest-GroupSnapshotsTest-2007750255-project] Volume info retrieved successfully.
Sep 08 18:41:52.771120 dv-cinder-733622-18-smb devstack@c-api.service[107430]: WARNING stevedore.named [None req-b9c35e71-d29f-4a11-b96d-6153fe78618e tempest-GroupSnapshotsTest-2007750255 tempest-GroupSnapshotsTest-2007750255-project] Could not load cinder.keymgr.conf_key_mgr.ConfKeyManager
Sep 08 18:41:52.772346 dv-cinder-733622-18-smb devstack@c-api.service[107430]: WARNING castellan.key_manager [None req-b9c35e71-d29f-4a11-b96d-6153fe78618e tempest-GroupSnapshotsTest-2007750255 tempest-GroupSnapshotsTest-2007750255-project] Deprecation Warning : cinder.keymgr.conf_key_mgr.ConfKeyManager is not a stevedore based driver, trying to load it as a class: stevedore.exception.NoMatches: No 'castellan.drivers' driver found, looking for 'cinder.keymgr.conf_key_mgr.ConfKeyManager'
Sep 08 18:41:52.783084 dv-cinder-733622-18-smb devstack@c-api.service[107430]: DEBUG oslo_db.sqlalchemy.engines [None req-b9c35e71-d29f-4a11-b96d-6153fe78618e tempest-GroupSnapshotsTest-2007750255 tempest-GroupSnapshotsTest-2007750255-project] MySQL server mode set to STRICT_TRANS_TABLES,STRICT_ALL_TABLES,NO_ZERO_IN_DATE,NO_ZERO_DATE,ERROR_FOR_DIVISION_BY_ZERO,TRADITIONAL,NO_ENGINE_SUBSTITUTION {{(pid=107430) _check_effective_sql_mode /usr/local/lib/python3.8/dist-packages/oslo_db/sqlalchemy/engines.py:314}}
Sep 08 18:41:52.790588 dv-cinder-733622-18-smb devstack@c-api.service[107430]: /usr/local/lib/python3.8/dist-packages/oslo_context/context.py:105: DeprecationWarning: Policy enforcement is depending on the value of is_admin. This key is deprecated. Please update your policy file to use the standard policy values.
Sep 08 18:41:52.790588 dv-cinder-733622-18-smb devstack@c-api.service[107430]: warnings.warn('Policy enforcement is depending on the value of '
Sep 08 18:41:52.809511 dv-cinder-733622-18-smb devstack@c-api.service[107430]: INFO cinder.api.openstack.wsgi [None req-b9c35e71-d29f-4a11-b96d-6153fe78618e tempest-GroupSnapshotsTest-2007750255 tempest-GroupSnapshotsTest-2007750255-project] http://10.222.0.22/volume/v3/b20888c9c29640a0a458098f162da630/volumes/2d140f65-2bc3-4e97-aeca-e4a72654648c returned with HTTP 200
Sep 08 18:41:52.818680 dv-cinder-733622-18-smb devstack@c-api.service[107430]: [pid: 107430|app: 0|req: 129/247] 10.222.0.22 () {60 vars in 1366 bytes} [Wed Sep 8 18:41:52 2021] GET /volume/v3/b20888c9c29640a0a458098f162da630/volumes/2d140f65-2bc3-4e97-aeca-e4a72654648c => generated 999 bytes in 136 msecs (HTTP/1.1 200) 7 headers in 286 bytes (1 switches on core 0)
Sep 08 18:41:52.818680 dv-cinder-733622-18-smb devstack@c-api.service[107430]: INFO cinder.api.openstack.wsgi [None req-1b537c87-77cb-4188-a23b-424f0bf1e00d tempest-VolumeRetypeWithoutMigrationTest-724913489 tempest-VolumeRetypeWithoutMigrationTest-724913489-project] GET http://10.222.0.22/volume/v3/c595a028aa264b6b8bfb389c90ffb399/volumes/f9c4800d-6175-4f63-bae5-ef52f349a2d6
Sep 08 18:41:52.818680 dv-cinder-733622-18-smb devstack@c-api.service[107430]: DEBUG cinder.api.openstack.wsgi [None req-1b537c87-77cb-4188-a23b-424f0bf1e00d tempest-VolumeRetypeWithoutMigrationTest-724913489 tempest-VolumeRetypeWithoutMigrationTest-724913489-project] Empty body provided in request {{(pid=107430) get_body /opt/stack/cinder/cinder/api/openstack/wsgi.py:703}}
Sep 08 18:41:52.818680 dv-cinder-733622-18-smb devstack@c-api.service[107430]: /usr/local/lib/python3.8/dist-packages/webob/acceptparse.py:1047: DeprecationWarning: The behavior of AcceptValidHeader.best_match is currently being maintained for backward compatibility, but it will be deprecated in the future, as it does not conform to the RFC.
