Sep 08 18:40:58.800531 dv-cinder-733622-18-iscsi devstack@n-api.service[114767]: DEBUG oslo_concurrency.lockutils [None req-25e35751-e4cf-4aab-9fcc-727026cf002c tempest-DeleteServersTestJSON-1261622809 tempest-DeleteServersTestJSON-1261622809-project] Lock "33fdb5e0-4cfa-4540-b5ae-1afec44ff4a7" acquired by "nova.context.set_target_cell..get_or_set_cached_cell_and_set_connections" :: waited 0.000s {{(pid=114767) inner /usr/local/lib/python3.8/dist-packages/oslo_concurrency/lockutils.py:355}}
Sep 08 18:40:58.804094 dv-cinder-733622-18-iscsi devstack@n-api.service[114767]: DEBUG oslo_concurrency.lockutils [None req-25e35751-e4cf-4aab-9fcc-727026cf002c tempest-DeleteServersTestJSON-1261622809 tempest-DeleteServersTestJSON-1261622809-project] Lock "33fdb5e0-4cfa-4540-b5ae-1afec44ff4a7" released by "nova.context.set_target_cell..get_or_set_cached_cell_and_set_connections" :: held 0.001s {{(pid=114767) inner /usr/local/lib/python3.8/dist-packages/oslo_concurrency/lockutils.py:367}}
Sep 08 18:40:58.808230 dv-cinder-733622-18-iscsi devstack@n-api.service[114768]: DEBUG oslo_concurrency.lockutils [None req-33af0099-1b9c-4be9-8ec9-c2c8b88d9ece tempest-AttachVolumeNegativeTest-1466664 tempest-AttachVolumeNegativeTest-1466664-project] Lock "00000000-0000-0000-0000-000000000000" acquired by "nova.context.set_target_cell..get_or_set_cached_cell_and_set_connections" :: waited 0.000s {{(pid=114768) inner /usr/local/lib/python3.8/dist-packages/oslo_concurrency/lockutils.py:355}}
Sep 08 18:40:58.819302 dv-cinder-733622-18-iscsi devstack@n-api.service[114768]: DEBUG oslo_concurrency.lockutils [None req-33af0099-1b9c-4be9-8ec9-c2c8b88d9ece tempest-AttachVolumeNegativeTest-1466664 tempest-AttachVolumeNegativeTest-1466664-project] Lock "00000000-0000-0000-0000-000000000000" released by "nova.context.set_target_cell..get_or_set_cached_cell_and_set_connections" :: held 0.009s {{(pid=114768) inner /usr/local/lib/python3.8/dist-packages/oslo_concurrency/lockutils.py:367}}
Sep 08 18:40:58.820536 dv-cinder-733622-18-iscsi devstack@n-api.service[114768]: DEBUG oslo_concurrency.lockutils [None req-33af0099-1b9c-4be9-8ec9-c2c8b88d9ece tempest-AttachVolumeNegativeTest-1466664 tempest-AttachVolumeNegativeTest-1466664-project] Lock "33fdb5e0-4cfa-4540-b5ae-1afec44ff4a7" acquired by "nova.context.set_target_cell..get_or_set_cached_cell_and_set_connections" :: waited 0.000s {{(pid=114768) inner /usr/local/lib/python3.8/dist-packages/oslo_concurrency/lockutils.py:355}}
Sep 08 18:40:58.821317 dv-cinder-733622-18-iscsi devstack@n-api.service[114768]: DEBUG oslo_concurrency.lockutils [None req-33af0099-1b9c-4be9-8ec9-c2c8b88d9ece tempest-AttachVolumeNegativeTest-1466664 tempest-AttachVolumeNegativeTest-1466664-project] Lock "33fdb5e0-4cfa-4540-b5ae-1afec44ff4a7" released by "nova.context.set_target_cell..get_or_set_cached_cell_and_set_connections" :: held 0.001s {{(pid=114768) inner /usr/local/lib/python3.8/dist-packages/oslo_concurrency/lockutils.py:367}}
Sep 08 18:40:58.894152 dv-cinder-733622-18-iscsi devstack@n-api.service[114767]: DEBUG nova.quota [None req-25e35751-e4cf-4aab-9fcc-727026cf002c tempest-DeleteServersTestJSON-1261622809 tempest-DeleteServersTestJSON-1261622809-project] Getting quotas for project dccdf837ccb44004ba038ba5c8d8eefa. Resources: {'cores', 'instances', 'ram'} {{(pid=114767) _get_quotas /opt/stack/nova/nova/quota.py:387}}
Sep 08 18:40:58.897721 dv-cinder-733622-18-iscsi devstack@n-api.service[114768]: DEBUG nova.quota [None req-33af0099-1b9c-4be9-8ec9-c2c8b88d9ece tempest-AttachVolumeNegativeTest-1466664 tempest-AttachVolumeNegativeTest-1466664-project] Getting quotas for project 15cc39e7fa064852aba3d572e153cdc8. Resources: {'cores', 'instances', 'ram'} {{(pid=114768) _get_quotas /opt/stack/nova/nova/quota.py:387}}
Sep 08 18:40:58.911020 dv-cinder-733622-18-iscsi devstack@n-api.service[114767]: DEBUG nova.quota [None req-25e35751-e4cf-4aab-9fcc-727026cf002c tempest-DeleteServersTestJSON-1261622809 tempest-DeleteServersTestJSON-1261622809-project] Getting quotas for user b3a7ab3a5f5143379ef213738a321e4c and project dccdf837ccb44004ba038ba5c8d8eefa. Resources: {'cores', 'instances', 'ram'} {{(pid=114767) _get_quotas /opt/stack/nova/nova/quota.py:377}}
Sep 08 18:40:58.912681 dv-cinder-733622-18-iscsi devstack@n-api.service[114768]: DEBUG nova.quota [None req-33af0099-1b9c-4be9-8ec9-c2c8b88d9ece tempest-AttachVolumeNegativeTest-1466664 tempest-AttachVolumeNegativeTest-1466664-project] Getting quotas for user d2173be11cfb4f7cbefadf95868b4f3f and project 15cc39e7fa064852aba3d572e153cdc8. Resources: {'cores', 'instances', 'ram'} {{(pid=114768) _get_quotas /opt/stack/nova/nova/quota.py:377}}
Sep 08 18:40:58.929337 dv-cinder-733622-18-iscsi devstack@n-api.service[114767]: DEBUG nova.compute.api [None req-25e35751-e4cf-4aab-9fcc-727026cf002c tempest-DeleteServersTestJSON-1261622809 tempest-DeleteServersTestJSON-1261622809-project] Going to run 1 instances... {{(pid=114767) _provision_instances /opt/stack/nova/nova/compute/api.py:1350}}
Sep 08 18:40:58.937537 dv-cinder-733622-18-iscsi devstack@n-api.service[114768]: DEBUG nova.compute.api [None req-33af0099-1b9c-4be9-8ec9-c2c8b88d9ece tempest-AttachVolumeNegativeTest-1466664 tempest-AttachVolumeNegativeTest-1466664-project] Going to run 1 instances... {{(pid=114768) _provision_instances /opt/stack/nova/nova/compute/api.py:1350}}
Sep 08 18:40:58.938875 dv-cinder-733622-18-iscsi devstack@n-api.service[114767]: DEBUG nova.compute.api [None req-25e35751-e4cf-4aab-9fcc-727026cf002c tempest-DeleteServersTestJSON-1261622809 tempest-DeleteServersTestJSON-1261622809-project] [instance: 662ff0c8-8581-4ff8-8175-c6537d705bd1] block_device_mapping [BlockDeviceMapping(attachment_id=,boot_index=0,connection_info=None,created_at=,delete_on_termination=True,deleted=,deleted_at=,destination_type='local',device_name=None,device_type='disk',disk_bus=None,guest_format=None,id=,image_id='6fe513cd-ca5c-4e67-a3c4-1a09e9fcb7d9',instance=,instance_uuid=,no_device=False,snapshot_id=None,source_type='image',tag=None,updated_at=,uuid=,volume_id=None,volume_size=None,volume_type=None)] {{(pid=114767) _bdm_validate_set_size_and_instance /opt/stack/nova/nova/compute/api.py:1757}}
Sep 08 18:40:58.948262 dv-cinder-733622-18-iscsi devstack@n-api.service[114768]: DEBUG nova.compute.api [None req-33af0099-1b9c-4be9-8ec9-c2c8b88d9ece tempest-AttachVolumeNegativeTest-1466664 tempest-AttachVolumeNegativeTest-1466664-project] [instance: 1d406a50-6e97-4429-88fd-93700799b183] block_device_mapping [BlockDeviceMapping(attachment_id=,boot_index=0,connection_info=None,created_at=,delete_on_termination=True,deleted=,deleted_at=,destination_type='local',device_name=None,device_type='disk',disk_bus=None,guest_format=None,id=,image_id='6fe513cd-ca5c-4e67-a3c4-1a09e9fcb7d9',instance=,instance_uuid=,no_device=False,snapshot_id=None,source_type='image',tag=None,updated_at=,uuid=,volume_id=None,volume_size=None,volume_type=None)] {{(pid=114768) _bdm_validate_set_size_and_instance /opt/stack/nova/nova/compute/api.py:1757}}
Sep 08 18:40:59.123229 dv-cinder-733622-18-iscsi devstack@n-api.service[114767]: INFO nova.api.openstack.requestlog [None req-25e35751-e4cf-4aab-9fcc-727026cf002c tempest-DeleteServersTestJSON-1261622809 tempest-DeleteServersTestJSON-1261622809-project] 10.222.0.24 "POST /compute/v2.1/servers" status: 202 len: 380 microversion: 2.1 time: 2.910704
Sep 08 18:40:59.125196 dv-cinder-733622-18-iscsi devstack@n-api.service[114767]: [pid: 114767|app: 0|req: 2/3] 10.222.0.24 () {60 vars in 1147 bytes} [Wed Sep 8 18:40:56 2021] POST /compute/v2.1/servers => generated 380 bytes in 2914 msecs (HTTP/1.1 202) 10 headers in 451 bytes (1 switches on core 0)
Sep 08 18:40:59.131797 dv-cinder-733622-18-iscsi devstack@n-api.service[114767]: DEBUG nova.api.openstack.wsgi [None req-6654aa36-0877-4fd5-83d2-1d1bacf2425b tempest-VolumesGetTestJSON-886722263 tempest-VolumesGetTestJSON-886722263-project] Calling method '.version_select at 0x7f2d46bb6dc0>' {{(pid=114767) _process_stack /opt/stack/nova/nova/api/openstack/wsgi.py:513}}
Sep 08 18:40:59.153937 dv-cinder-733622-18-iscsi devstack@n-api.service[114768]: INFO nova.api.openstack.requestlog [None req-33af0099-1b9c-4be9-8ec9-c2c8b88d9ece tempest-AttachVolumeNegativeTest-1466664 tempest-AttachVolumeNegativeTest-1466664-project] 10.222.0.24 "POST /compute/v2.1/servers" status: 202 len: 380 microversion: 2.1 time: 2.813662
Sep 08 18:40:59.165859 dv-cinder-733622-18-iscsi devstack@n-api.service[114768]: [pid: 114768|app: 0|req: 2/4] 10.222.0.24 () {60 vars in 1147 bytes} [Wed Sep 8 18:40:56 2021] POST /compute/v2.1/servers => generated 380 bytes in 2826 msecs (HTTP/1.1 202) 10 headers in 451 bytes (1 switches on core 0)
Sep 08 18:40:59.193456 dv-cinder-733622-18-iscsi devstack@n-api.service[114768]: DEBUG nova.api.openstack.wsgi [None req-705c274e-e495-4963-8d53-0dfb08500a3d tempest-VolumesSnapshotsTestJSON-1513226950 tempest-VolumesSnapshotsTestJSON-1513226950-project] Calling method '.version_select at 0x7f2d463afd30>' {{(pid=114768) _process_stack /opt/stack/nova/nova/api/openstack/wsgi.py:513}}
Sep 08 18:40:59.254829 dv-cinder-733622-18-iscsi devstack@n-api.service[114767]: INFO nova.api.openstack.requestlog [None req-6654aa36-0877-4fd5-83d2-1d1bacf2425b tempest-VolumesGetTestJSON-886722263 tempest-VolumesGetTestJSON-886722263-project] 10.222.0.24 "GET /compute/v2.1/os-volumes/b22937fc-11f2-4f77-9f79-272be795013e" status: 200 len: 354 microversion: 2.1 time: 0.127869
Sep 08 18:40:59.255983 dv-cinder-733622-18-iscsi devstack@n-api.service[114767]: [pid: 114767|app: 0|req: 3/5] 10.222.0.24 () {58 vars in 1245 bytes} [Wed Sep 8 18:40:59 2021] GET /compute/v2.1/os-volumes/b22937fc-11f2-4f77-9f79-272be795013e => generated 354 bytes in 130 msecs (HTTP/1.1 200) 9 headers in 357 bytes (1 switches on core 0)
Sep 08 18:40:59.260875 dv-cinder-733622-18-iscsi devstack@n-api.service[114767]: DEBUG nova.api.openstack.wsgi [None req-979de9be-bde4-44f2-9c69-9b7f028b3b62 tempest-DeleteServersTestJSON-1261622809 tempest-DeleteServersTestJSON-1261622809-project] Calling method '>' {{(pid=114767) _process_stack /opt/stack/nova/nova/api/openstack/wsgi.py:513}}
Sep 08 18:40:59.262329 dv-cinder-733622-18-iscsi devstack@n-api.service[114767]: DEBUG nova.compute.api [None req-979de9be-bde4-44f2-9c69-9b7f028b3b62 tempest-DeleteServersTestJSON-1261622809 tempest-DeleteServersTestJSON-1261622809-project] [instance: 662ff0c8-8581-4ff8-8175-c6537d705bd1] Fetching instance by UUID {{(pid=114767) get /opt/stack/nova/nova/compute/api.py:2863}}
Sep 08 18:40:59.347202 dv-cinder-733622-18-iscsi devstack@n-api.service[114768]: INFO nova.api.openstack.requestlog [None req-705c274e-e495-4963-8d53-0dfb08500a3d tempest-VolumesSnapshotsTestJSON-1513226950 tempest-VolumesSnapshotsTestJSON-1513226950-project] 10.222.0.24 "GET /compute/v2.1/os-volumes/08674861-fe62-4584-906b-dfc7ff784648" status: 200 len: 345 microversion: 2.1 time: 0.175709
Sep 08 18:40:59.348729 dv-cinder-733622-18-iscsi devstack@n-api.service[114768]: [pid: 114768|app: 0|req: 3/6] 10.222.0.24 () {58 vars in 1245 bytes} [Wed Sep 8 18:40:59 2021] GET /compute/v2.1/os-volumes/08674861-fe62-4584-906b-dfc7ff784648 => generated 345 bytes in 182 msecs (HTTP/1.1 200) 9 headers in 357 bytes (1 switches on core 0)
Sep 08 18:40:59.364337 dv-cinder-733622-18-iscsi devstack@n-api.service[114768]: DEBUG nova.api.openstack.wsgi [None req-593c1f31-4d80-4bce-9cce-da0de8edce99 tempest-AttachVolumeNegativeTest-1466664 tempest-AttachVolumeNegativeTest-1466664-project] Calling method '>' {{(pid=114768) _process_stack /opt/stack/nova/nova/api/openstack/wsgi.py:513}}
Sep 08 18:40:59.367881 dv-cinder-733622-18-iscsi devstack@n-api.service[114768]: DEBUG nova.compute.api [None req-593c1f31-4d80-4bce-9cce-da0de8edce99 tempest-AttachVolumeNegativeTest-1466664 tempest-AttachVolumeNegativeTest-1466664-project] [instance: 1d406a50-6e97-4429-88fd-93700799b183] Fetching instance by UUID {{(pid=114768) get /opt/stack/nova/nova/compute/api.py:2863}}
Sep 08 18:40:59.546759 dv-cinder-733622-18-iscsi devstack@n-api.service[114767]: DEBUG nova.policy [None req-979de9be-bde4-44f2-9c69-9b7f028b3b62 tempest-DeleteServersTestJSON-1261622809 tempest-DeleteServersTestJSON-1261622809-project] Policy check for os_compute_api:os-extended-server-attributes failed with credentials {'is_admin': False, 'user_id': 'b3a7ab3a5f5143379ef213738a321e4c', 'user_domain_id': 'default', 'system_scope': None, 'domain_id': None, 'project_id': 'dccdf837ccb44004ba038ba5c8d8eefa', 'project_domain_id': 'default', 'roles': ['member', 'reader'], 'is_admin_project': True, 'service_user_id': None, 'service_user_domain_id': None, 'service_project_id': None, 'service_project_domain_id': None, 'service_roles': []} {{(pid=114767) authorize /opt/stack/nova/nova/policy.py:199}}
Sep 08 18:40:59.576225 dv-cinder-733622-18-iscsi devstack@n-api.service[114767]: INFO nova.api.openstack.requestlog [None req-979de9be-bde4-44f2-9c69-9b7f028b3b62 tempest-DeleteServersTestJSON-1261622809 tempest-DeleteServersTestJSON-1261622809-project] 10.222.0.24 "GET /compute/v2.1/servers/662ff0c8-8581-4ff8-8175-c6537d705bd1" status: 200 len: 1215 microversion: 2.1 time: 0.318978
Sep 08 18:40:59.581055 dv-cinder-733622-18-iscsi devstack@n-api.service[114767]: [pid: 114767|app: 0|req: 4/7] 10.222.0.24 () {58 vars in 1236 bytes} [Wed Sep 8 18:40:59 2021] GET /compute/v2.1/servers/662ff0c8-8581-4ff8-8175-c6537d705bd1 => generated 1215 bytes in 324 msecs (HTTP/1.1 200) 9 headers in 358 bytes (1 switches on core 0)
Sep 08 18:40:59.589706 dv-cinder-733622-18-iscsi devstack@n-api.service[114767]: DEBUG nova.api.openstack.wsgi [None req-6cdafb1e-f031-4d3c-a24d-0bd085fd7cce tempest-VolumesGetTestJSON-886722263 tempest-VolumesGetTestJSON-886722263-project] Calling method '.version_select at 0x7f2d45b51af0>' {{(pid=114767) _process_stack /opt/stack/nova/nova/api/openstack/wsgi.py:513}}
Sep 08 18:40:59.706151 dv-cinder-733622-18-iscsi devstack@n-api.service[114767]: INFO nova.api.openstack.requestlog [None req-6cdafb1e-f031-4d3c-a24d-0bd085fd7cce tempest-VolumesGetTestJSON-886722263 tempest-VolumesGetTestJSON-886722263-project] 10.222.0.24 "GET /compute/v2.1/os-volumes/b22937fc-11f2-4f77-9f79-272be795013e" status: 200 len: 354 microversion: 2.1 time: 0.123920
Sep 08 18:40:59.717196 dv-cinder-733622-18-iscsi devstack@n-api.service[114767]: [pid: 114767|app: 0|req: 5/8] 10.222.0.24 () {58 vars in 1245 bytes} [Wed Sep 8 18:40:59 2021] GET /compute/v2.1/os-volumes/b22937fc-11f2-4f77-9f79-272be795013e => generated 354 bytes in 126 msecs (HTTP/1.1 200) 9 headers in 357 bytes (1 switches on core 0)
Sep 08 18:40:59.717196 dv-cinder-733622-18-iscsi devstack@n-api.service[114767]: DEBUG nova.api.openstack.wsgi [None req-3cd19524-6c5c-484f-98bf-ce7572d25b29 tempest-VolumesSnapshotsTestJSON-1513226950 tempest-VolumesSnapshotsTestJSON-1513226950-project] Action: 'create', calling method: .version_select at 0x7f2d45b6fa60>, body: {"snapshot": {"volume_id": "08674861-fe62-4584-906b-dfc7ff784648", "display_name": "tempest-VolumesSnapshotsTestJSON-Snapshot-1168226826"}} {{(pid=114767) _process_stack /opt/stack/nova/nova/api/openstack/wsgi.py:511}}
Sep 08 18:40:59.774652 dv-cinder-733622-18-iscsi devstack@n-api.service[114768]: DEBUG nova.policy [None req-593c1f31-4d80-4bce-9cce-da0de8edce99 tempest-AttachVolumeNegativeTest-1466664 tempest-AttachVolumeNegativeTest-1466664-project] Policy check for os_compute_api:os-extended-server-attributes failed with credentials {'is_admin': False, 'user_id': 'd2173be11cfb4f7cbefadf95868b4f3f', 'user_domain_id': 'default', 'system_scope': None, 'domain_id': None, 'project_id': '15cc39e7fa064852aba3d572e153cdc8', 'project_domain_id': 'default', 'roles': ['member', 'reader'], 'is_admin_project': True, 'service_user_id': None, 'service_user_domain_id': None, 'service_project_id': None, 'service_project_domain_id': None, 'service_roles': []} {{(pid=114768) authorize /opt/stack/nova/nova/policy.py:199}}
Sep 08 18:40:59.804111 dv-cinder-733622-18-iscsi devstack@n-api.service[114768]: INFO nova.api.openstack.requestlog [None req-593c1f31-4d80-4bce-9cce-da0de8edce99 tempest-AttachVolumeNegativeTest-1466664 tempest-AttachVolumeNegativeTest-1466664-project] 10.222.0.24 "GET /compute/v2.1/servers/1d406a50-6e97-4429-88fd-93700799b183" status: 200 len: 1218 microversion: 2.1 time: 0.453363
Sep 08 18:40:59.805752 dv-cinder-733622-18-iscsi devstack@n-api.service[114768]: [pid: 114768|app: 0|req: 4/9] 10.222.0.24 () {58 vars in 1236 bytes} [Wed Sep 8 18:40:59 2021] GET /compute/v2.1/servers/1d406a50-6e97-4429-88fd-93700799b183 => generated 1218 bytes in 456 msecs (HTTP/1.1 200) 9 headers in 358 bytes (1 switches on core 0)
Sep 08 18:40:59.814479 dv-cinder-733622-18-iscsi devstack@n-api.service[114768]: DEBUG nova.api.openstack.wsgi [None req-97492176-5b0f-4072-bbdd-12387d7e1802 tempest-VolumesGetTestJSON-886722263 tempest-VolumesGetTestJSON-886722263-project] Calling method '.version_select at 0x7f2d463cf9d0>' {{(pid=114768) _process_stack /opt/stack/nova/nova/api/openstack/wsgi.py:513}}
Sep 08 18:40:59.986887 dv-cinder-733622-18-iscsi devstack@n-api.service[114768]: INFO nova.api.openstack.requestlog [None req-97492176-5b0f-4072-bbdd-12387d7e1802 tempest-VolumesGetTestJSON-886722263 tempest-VolumesGetTestJSON-886722263-project] 10.222.0.24 "DELETE /compute/v2.1/os-volumes/b22937fc-11f2-4f77-9f79-272be795013e" status: 202 len: 0 microversion: 2.1 time: 0.178598
Sep 08 18:40:59.988221 dv-cinder-733622-18-iscsi devstack@n-api.service[114768]: [pid: 114768|app: 0|req: 5/10] 10.222.0.24 () {58 vars in 1248 bytes} [Wed Sep 8 18:40:59 2021] DELETE /compute/v2.1/os-volumes/b22937fc-11f2-4f77-9f79-272be795013e => generated 0 bytes in 182 msecs (HTTP/1.1 202) 9 headers in 361 bytes (1 switches on core 0)
Sep 08 18:41:00.003701 dv-cinder-733622-18-iscsi devstack@n-api.service[114768]: DEBUG nova.api.openstack.wsgi [None req-567c6f51-c2a6-430e-90ca-e2a635259990 tempest-VolumesGetTestJSON-886722263 tempest-VolumesGetTestJSON-886722263-project] Calling method '.version_select at 0x7f2d45b6b820>' {{(pid=114768) _process_stack /opt/stack/nova/nova/api/openstack/wsgi.py:513}}
Sep 08 18:41:00.551562 dv-cinder-733622-18-iscsi devstack@n-api.service[114767]: INFO nova.api.openstack.requestlog [None req-3cd19524-6c5c-484f-98bf-ce7572d25b29 tempest-VolumesSnapshotsTestJSON-1513226950 tempest-VolumesSnapshotsTestJSON-1513226950-project] 10.222.0.24 "POST /compute/v2.1/os-snapshots" status: 200 len: 287 microversion: 2.1 time: 0.842391
Sep 08 18:41:00.553053 dv-cinder-733622-18-iscsi devstack@n-api.service[114767]: [pid: 114767|app: 0|req: 6/11] 10.222.0.24 () {60 vars in 1162 bytes} [Wed Sep 8 18:40:59 2021] POST /compute/v2.1/os-snapshots => generated 287 bytes in 845 msecs (HTTP/1.1 200) 9 headers in 357 bytes (1 switches on core 0)
Sep 08 18:41:00.574605 dv-cinder-733622-18-iscsi devstack@n-api.service[114767]: DEBUG nova.api.openstack.wsgi [None req-a6ecc92b-a739-49ff-95e6-7b07fccd92f1 tempest-VolumesSnapshotsTestJSON-1513226950 tempest-VolumesSnapshotsTestJSON-1513226950-project] Calling method '.version_select at 0x7f2d45b7d670>' {{(pid=114767) _process_stack /opt/stack/nova/nova/api/openstack/wsgi.py:513}}
Sep 08 18:41:00.616837 dv-cinder-733622-18-iscsi devstack@n-api.service[114768]: INFO nova.api.openstack.wsgi [None req-567c6f51-c2a6-430e-90ca-e2a635259990 tempest-VolumesGetTestJSON-886722263 tempest-VolumesGetTestJSON-886722263-project] HTTP exception thrown: Volume b22937fc-11f2-4f77-9f79-272be795013e could not be found.
Sep 08 18:41:00.618901 dv-cinder-733622-18-iscsi devstack@n-api.service[114768]: DEBUG nova.api.openstack.wsgi [None req-567c6f51-c2a6-430e-90ca-e2a635259990 tempest-VolumesGetTestJSON-886722263 tempest-VolumesGetTestJSON-886722263-project] Returning 404 to user: Volume b22937fc-11f2-4f77-9f79-272be795013e could not be found. {{(pid=114768) __call__ /opt/stack/nova/nova/api/openstack/wsgi.py:936}}
Sep 08 18:41:00.623226 dv-cinder-733622-18-iscsi devstack@n-api.service[114768]: INFO nova.api.openstack.requestlog [None req-567c6f51-c2a6-430e-90ca-e2a635259990 tempest-VolumesGetTestJSON-886722263 tempest-VolumesGetTestJSON-886722263-project] 10.222.0.24 "GET /compute/v2.1/os-volumes/b22937fc-11f2-4f77-9f79-272be795013e" status: 404 len: 109 microversion: 2.1 time: 0.628090
Sep 08 18:41:00.623506 dv-cinder-733622-18-iscsi devstack@n-api.service[114768]: [pid: 114768|app: 0|req: 6/12] 10.222.0.24 () {58 vars in 1245 bytes} [Wed Sep 8 18:40:59 2021] GET /compute/v2.1/os-volumes/b22937fc-11f2-4f77-9f79-272be795013e => generated 109 bytes in 631 msecs (HTTP/1.1 404) 9 headers in 379 bytes (1 switches on core 0)
Sep 08 18:41:00.667112 dv-cinder-733622-18-iscsi devstack@n-api.service[114768]: DEBUG nova.api.openstack.wsgi [None req-fbb16e1c-1d6d-4313-87d5-414c10b5feff tempest-DeleteServersTestJSON-1261622809 tempest-DeleteServersTestJSON-1261622809-project] Calling method '>' {{(pid=114768) _process_stack /opt/stack/nova/nova/api/openstack/wsgi.py:513}}
Sep 08 18:41:00.668271 dv-cinder-733622-18-iscsi devstack@n-api.service[114768]: DEBUG nova.compute.api [None req-fbb16e1c-1d6d-4313-87d5-414c10b5feff tempest-DeleteServersTestJSON-1261622809 tempest-DeleteServersTestJSON-1261622809-project] [instance: 662ff0c8-8581-4ff8-8175-c6537d705bd1] Fetching instance by UUID {{(pid=114768) get /opt/stack/nova/nova/compute/api.py:2863}}
Sep 08 18:41:00.676609 dv-cinder-733622-18-iscsi devstack@n-api.service[114767]: INFO nova.api.openstack.requestlog [None req-a6ecc92b-a739-49ff-95e6-7b07fccd92f1 tempest-VolumesSnapshotsTestJSON-1513226950 tempest-VolumesSnapshotsTestJSON-1513226950-project] 10.222.0.24 "GET /compute/v2.1/os-snapshots/a4d907ff-7002-4c68-8ed0-c44977e24cb0" status: 200 len: 287 microversion: 2.1 time: 0.112683
Sep 08 18:41:00.678626 dv-cinder-733622-18-iscsi devstack@n-api.service[114767]: [pid: 114767|app: 0|req: 7/13] 10.222.0.24 () {58 vars in 1251 bytes} [Wed Sep 8 18:41:00 2021] GET /compute/v2.1/os-snapshots/a4d907ff-7002-4c68-8ed0-c44977e24cb0 => generated 287 bytes in 116 msecs (HTTP/1.1 200) 9 headers in 357 bytes (1 switches on core 0)
Sep 08 18:41:00.689292 dv-cinder-733622-18-iscsi devstack@n-api.service[114767]: DEBUG nova.api.openstack.wsgi [None req-7f6ad91c-6571-44ad-9b88-acd88023f032 tempest-VolumesSnapshotsTestJSON-1513226950 tempest-VolumesSnapshotsTestJSON-1513226950-project] Calling method '.version_select at 0x7f2d45b6ff70>' {{(pid=114767) _process_stack /opt/stack/nova/nova/api/openstack/wsgi.py:513}}
Sep 08 18:41:00.797344 dv-cinder-733622-18-iscsi devstack@n-api.service[114767]: INFO nova.api.openstack.requestlog [None req-7f6ad91c-6571-44ad-9b88-acd88023f032 tempest-VolumesSnapshotsTestJSON-1513226950 tempest-VolumesSnapshotsTestJSON-1513226950-project] 10.222.0.24 "GET /compute/v2.1/os-snapshots" status: 200 len: 290 microversion: 2.1 time: 0.112966
Sep 08 18:41:00.797924 dv-cinder-733622-18-iscsi devstack@n-api.service[114767]: [pid: 114767|app: 0|req: 8/14] 10.222.0.24 () {58 vars in 1140 bytes} [Wed Sep 8 18:41:00 2021] GET /compute/v2.1/os-snapshots => generated 290 bytes in 114 msecs (HTTP/1.1 200) 9 headers in 357 bytes (2 switches on core 0)
Sep 08 18:41:00.808163 dv-cinder-733622-18-iscsi devstack@n-api.service[114767]: DEBUG nova.api.openstack.wsgi [None req-43f457ec-f672-422b-a06e-9017fe820659 tempest-VolumesSnapshotsTestJSON-1513226950 tempest-VolumesSnapshotsTestJSON-1513226950-project] Calling method '.version_select at 0x7f2d46bc69d0>' {{(pid=114767) _process_stack /opt/stack/nova/nova/api/openstack/wsgi.py:513}}
Sep 08 18:41:00.925120 dv-cinder-733622-18-iscsi devstack@n-api.service[114767]: INFO nova.api.openstack.requestlog [None req-43f457ec-f672-422b-a06e-9017fe820659 tempest-VolumesSnapshotsTestJSON-1513226950 tempest-VolumesSnapshotsTestJSON-1513226950-project] 10.222.0.24 "GET /compute/v2.1/os-snapshots/a4d907ff-7002-4c68-8ed0-c44977e24cb0" status: 200 len: 287 microversion: 2.1 time: 0.119813
Sep 08 18:41:00.926839 dv-cinder-733622-18-iscsi devstack@n-api.service[114767]: [pid: 114767|app: 0|req: 9/15] 10.222.0.24 () {58 vars in 1251 bytes} [Wed Sep 8 18:41:00 2021] GET /compute/v2.1/os-snapshots/a4d907ff-7002-4c68-8ed0-c44977e24cb0 => generated 287 bytes in 123 msecs (HTTP/1.1 200) 9 headers in 357 bytes (2 switches on core 0)
Sep 08 18:41:00.956628 dv-cinder-733622-18-iscsi devstack@n-api.service[114767]: DEBUG nova.api.openstack.wsgi [None req-d9d4cfb2-f4c9-4c63-a01b-8532e657b3ca tempest-AttachVolumeNegativeTest-1466664 tempest-AttachVolumeNegativeTest-1466664-project] Calling method '>' {{(pid=114767) _process_stack /opt/stack/nova/nova/api/openstack/wsgi.py:513}}
Sep 08 18:41:00.958506 dv-cinder-733622-18-iscsi devstack@n-api.service[114767]: DEBUG nova.compute.api [None req-d9d4cfb2-f4c9-4c63-a01b-8532e657b3ca tempest-AttachVolumeNegativeTest-1466664 tempest-AttachVolumeNegativeTest-1466664-project] [instance: 1d406a50-6e97-4429-88fd-93700799b183] Fetching instance by UUID {{(pid=114767) get /opt/stack/nova/nova/compute/api.py:2863}}
Sep 08 18:41:01.516006 dv-cinder-733622-18-iscsi devstack@n-api.service[114768]: DEBUG nova.policy [None req-fbb16e1c-1d6d-4313-87d5-414c10b5feff tempest-DeleteServersTestJSON-1261622809 tempest-DeleteServersTestJSON-1261622809-project] Policy check for os_compute_api:os-extended-server-attributes failed with credentials {'is_admin': False, 'user_id': 'b3a7ab3a5f5143379ef213738a321e4c', 'user_domain_id': 'default', 'system_scope': None, 'domain_id': None, 'project_id': 'dccdf837ccb44004ba038ba5c8d8eefa', 'project_domain_id': 'default', 'roles': ['member', 'reader'], 'is_admin_project': True, 'service_user_id': None, 'service_user_domain_id': None, 'service_project_id': None, 'service_project_domain_id': None, 'service_roles': []} {{(pid=114768) authorize /opt/stack/nova/nova/policy.py:199}}
Sep 08 18:41:01.525365 dv-cinder-733622-18-iscsi devstack@n-api.service[114768]: INFO nova.api.openstack.requestlog [None req-fbb16e1c-1d6d-4313-87d5-414c10b5feff tempest-DeleteServersTestJSON-1261622809 tempest-DeleteServersTestJSON-1261622809-project] 10.222.0.24 "GET /compute/v2.1/servers/662ff0c8-8581-4ff8-8175-c6537d705bd1" status: 200 len: 1215 microversion: 2.1 time: 0.892622
Sep 08 18:41:01.525965 dv-cinder-733622-18-iscsi devstack@n-api.service[114768]: [pid: 114768|app: 0|req: 7/16] 10.222.0.24 () {58 vars in 1236 bytes} [Wed Sep 8 18:41:00 2021] GET /compute/v2.1/servers/662ff0c8-8581-4ff8-8175-c6537d705bd1 => generated 1215 bytes in 902 msecs (HTTP/1.1 200) 9 headers in 358 bytes (1 switches on core 0)
Sep 08 18:41:01.604335 dv-cinder-733622-18-iscsi devstack@n-api.service[114767]: DEBUG nova.policy [None req-d9d4cfb2-f4c9-4c63-a01b-8532e657b3ca tempest-AttachVolumeNegativeTest-1466664 tempest-AttachVolumeNegativeTest-1466664-project] Policy check for os_compute_api:os-extended-server-attributes failed with credentials {'is_admin': False, 'user_id': 'd2173be11cfb4f7cbefadf95868b4f3f', 'user_domain_id': 'default', 'system_scope': None, 'domain_id': None, 'project_id': '15cc39e7fa064852aba3d572e153cdc8', 'project_domain_id': 'default', 'roles': ['member', 'reader'], 'is_admin_project': True, 'service_user_id': None, 'service_user_domain_id': None, 'service_project_id': None, 'service_project_domain_id': None, 'service_roles': []} {{(pid=114767) authorize /opt/stack/nova/nova/policy.py:199}}
Sep 08 18:41:01.649262 dv-cinder-733622-18-iscsi devstack@n-api.service[114767]: INFO nova.api.openstack.requestlog [None req-d9d4cfb2-f4c9-4c63-a01b-8532e657b3ca tempest-AttachVolumeNegativeTest-1466664 tempest-AttachVolumeNegativeTest-1466664-project] 10.222.0.24 "GET /compute/v2.1/servers/1d406a50-6e97-4429-88fd-93700799b183" status: 200 len: 1218 microversion: 2.1 time: 0.704782
Sep 08 18:41:01.651490 dv-cinder-733622-18-iscsi devstack@n-api.service[114767]: [pid: 114767|app: 0|req: 10/17] 10.222.0.24 () {58 vars in 1236 bytes} [Wed Sep 8 18:41:00 2021] GET /compute/v2.1/servers/1d406a50-6e97-4429-88fd-93700799b183 => generated 1218 bytes in 724 msecs (HTTP/1.1 200) 9 headers in 358 bytes (1 switches on core 0)
Sep 08 18:41:01.949450 dv-cinder-733622-18-iscsi devstack@n-api.service[114768]: DEBUG nova.api.openstack.wsgi [None req-ed97e02d-fd9c-40cb-8fbe-65266b30e198 tempest-VolumesSnapshotsTestJSON-1513226950 tempest-VolumesSnapshotsTestJSON-1513226950-project] Calling method '.version_select at 0x7f2d45b7c310>' {{(pid=114768) _process_stack /opt/stack/nova/nova/api/openstack/wsgi.py:513}}
Sep 08 18:41:02.019453 dv-cinder-733622-18-iscsi devstack@n-api.service[114768]: INFO nova.api.openstack.requestlog [None req-ed97e02d-fd9c-40cb-8fbe-65266b30e198 tempest-VolumesSnapshotsTestJSON-1513226950 tempest-VolumesSnapshotsTestJSON-1513226950-project] 10.222.0.24 "GET /compute/v2.1/os-snapshots/a4d907ff-7002-4c68-8ed0-c44977e24cb0" status: 200 len: 287 microversion: 2.1 time: 0.082659
Sep 08 18:41:02.020342 dv-cinder-733622-18-iscsi devstack@n-api.service[114768]: [pid: 114768|app: 0|req: 8/18] 10.222.0.24 () {58 vars in 1251 bytes} [Wed Sep 8 18:41:01 2021] GET /compute/v2.1/os-snapshots/a4d907ff-7002-4c68-8ed0-c44977e24cb0 => generated 287 bytes in 86 msecs (HTTP/1.1 200) 9 headers in 357 bytes (2 switches on core 0)
Sep 08 18:41:02.561962 dv-cinder-733622-18-iscsi devstack@n-api.service[114767]: DEBUG nova.api.openstack.wsgi [None req-c5852d85-7e79-4368-82f9-34f67ca9a80d tempest-DeleteServersTestJSON-1261622809 tempest-DeleteServersTestJSON-1261622809-project] Calling method '>' {{(pid=114767) _process_stack /opt/stack/nova/nova/api/openstack/wsgi.py:513}}
Sep 08 18:41:02.563546 dv-cinder-733622-18-iscsi devstack@n-api.service[114767]: DEBUG nova.compute.api [None req-c5852d85-7e79-4368-82f9-34f67ca9a80d tempest-DeleteServersTestJSON-1261622809 tempest-DeleteServersTestJSON-1261622809-project] [instance: 662ff0c8-8581-4ff8-8175-c6537d705bd1] Fetching instance by UUID {{(pid=114767) get /opt/stack/nova/nova/compute/api.py:2863}}
Sep 08 18:41:02.581821 dv-cinder-733622-18-iscsi devstack@n-api.service[114767]: DEBUG oslo_concurrency.lockutils [None req-c5852d85-7e79-4368-82f9-34f67ca9a80d tempest-DeleteServersTestJSON-1261622809 tempest-DeleteServersTestJSON-1261622809-project] Lock "33fdb5e0-4cfa-4540-b5ae-1afec44ff4a7" acquired by "nova.context.set_target_cell..get_or_set_cached_cell_and_set_connections" :: waited 0.000s {{(pid=114767) inner /usr/local/lib/python3.8/dist-packages/oslo_concurrency/lockutils.py:355}}
Sep 08 18:41:02.587340 dv-cinder-733622-18-iscsi devstack@n-api.service[114767]: DEBUG oslo_concurrency.lockutils [None req-c5852d85-7e79-4368-82f9-34f67ca9a80d tempest-DeleteServersTestJSON-1261622809 tempest-DeleteServersTestJSON-1261622809-project] Lock "33fdb5e0-4cfa-4540-b5ae-1afec44ff4a7" released by "nova.context.set_target_cell..get_or_set_cached_cell_and_set_connections" :: held 0.006s {{(pid=114767) inner /usr/local/lib/python3.8/dist-packages/oslo_concurrency/lockutils.py:367}}
Sep 08 18:41:02.588788 dv-cinder-733622-18-iscsi devstack@n-api.service[114767]: DEBUG oslo_concurrency.lockutils [None req-c5852d85-7e79-4368-82f9-34f67ca9a80d tempest-DeleteServersTestJSON-1261622809 tempest-DeleteServersTestJSON-1261622809-project] Lock "33fdb5e0-4cfa-4540-b5ae-1afec44ff4a7" acquired by "nova.context.set_target_cell..get_or_set_cached_cell_and_set_connections" :: waited 0.000s {{(pid=114767) inner /usr/local/lib/python3.8/dist-packages/oslo_concurrency/lockutils.py:355}}
Sep 08 18:41:02.589642 dv-cinder-733622-18-iscsi devstack@n-api.service[114767]: DEBUG oslo_concurrency.lockutils [None req-c5852d85-7e79-4368-82f9-34f67ca9a80d tempest-DeleteServersTestJSON-1261622809 tempest-DeleteServersTestJSON-1261622809-project] Lock "33fdb5e0-4cfa-4540-b5ae-1afec44ff4a7" released by "nova.context.set_target_cell..get_or_set_cached_cell_and_set_connections" :: held 0.001s {{(pid=114767) inner /usr/local/lib/python3.8/dist-packages/oslo_concurrency/lockutils.py:367}}
Sep 08 18:41:02.684873 dv-cinder-733622-18-iscsi devstack@n-api.service[114768]: DEBUG nova.api.openstack.wsgi [None req-312f3196-82aa-4aeb-b67c-a8918dd5037d tempest-AttachVolumeNegativeTest-1466664 tempest-AttachVolumeNegativeTest-1466664-project] Calling method '>' {{(pid=114768) _process_stack /opt/stack/nova/nova/api/openstack/wsgi.py:513}}
Sep 08 18:41:02.687143 dv-cinder-733622-18-iscsi devstack@n-api.service[114768]: DEBUG nova.compute.api [None req-312f3196-82aa-4aeb-b67c-a8918dd5037d tempest-AttachVolumeNegativeTest-1466664 tempest-AttachVolumeNegativeTest-1466664-project] [instance: 1d406a50-6e97-4429-88fd-93700799b183] Fetching instance by UUID {{(pid=114768) get /opt/stack/nova/nova/compute/api.py:2863}}
Sep 08 18:41:02.706347 dv-cinder-733622-18-iscsi devstack@n-api.service[114768]: DEBUG oslo_concurrency.lockutils [None req-312f3196-82aa-4aeb-b67c-a8918dd5037d tempest-AttachVolumeNegativeTest-1466664 tempest-AttachVolumeNegativeTest-1466664-project] Lock "33fdb5e0-4cfa-4540-b5ae-1afec44ff4a7" acquired by "nova.context.set_target_cell..get_or_set_cached_cell_and_set_connections" :: waited 0.000s {{(pid=114768) inner /usr/local/lib/python3.8/dist-packages/oslo_concurrency/lockutils.py:355}}
Sep 08 18:41:02.716153 dv-cinder-733622-18-iscsi devstack@n-api.service[114768]: DEBUG oslo_concurrency.lockutils [None req-312f3196-82aa-4aeb-b67c-a8918dd5037d tempest-AttachVolumeNegativeTest-1466664 tempest-AttachVolumeNegativeTest-1466664-project] Lock "33fdb5e0-4cfa-4540-b5ae-1afec44ff4a7" released by "nova.context.set_target_cell..get_or_set_cached_cell_and_set_connections" :: held 0.010s {{(pid=114768) inner /usr/local/lib/python3.8/dist-packages/oslo_concurrency/lockutils.py:367}}
Sep 08 18:41:02.720305 dv-cinder-733622-18-iscsi devstack@n-api.service[114768]: DEBUG oslo_concurrency.lockutils [None req-312f3196-82aa-4aeb-b67c-a8918dd5037d tempest-AttachVolumeNegativeTest-1466664 tempest-AttachVolumeNegativeTest-1466664-project] Lock "33fdb5e0-4cfa-4540-b5ae-1afec44ff4a7" acquired by "nova.context.set_target_cell..get_or_set_cached_cell_and_set_connections" :: waited 0.000s {{(pid=114768) inner /usr/local/lib/python3.8/dist-packages/oslo_concurrency/lockutils.py:355}}
Sep 08 18:41:02.721839 dv-cinder-733622-18-iscsi devstack@n-api.service[114768]: DEBUG oslo_concurrency.lockutils [None req-312f3196-82aa-4aeb-b67c-a8918dd5037d tempest-AttachVolumeNegativeTest-1466664 tempest-AttachVolumeNegativeTest-1466664-project] Lock "33fdb5e0-4cfa-4540-b5ae-1afec44ff4a7" released by "nova.context.set_target_cell..get_or_set_cached_cell_and_set_connections" :: held 0.002s {{(pid=114768) inner /usr/local/lib/python3.8/dist-packages/oslo_concurrency/lockutils.py:367}}
Sep 08 18:41:02.888792 dv-cinder-733622-18-iscsi devstack@n-api.service[114767]: DEBUG nova.policy [None req-c5852d85-7e79-4368-82f9-34f67ca9a80d tempest-DeleteServersTestJSON-1261622809 tempest-DeleteServersTestJSON-1261622809-project] Policy check for os_compute_api:os-extended-server-attributes failed with credentials {'is_admin': False, 'user_id': 'b3a7ab3a5f5143379ef213738a321e4c', 'user_domain_id': 'default', 'system_scope': None, 'domain_id': None, 'project_id': 'dccdf837ccb44004ba038ba5c8d8eefa', 'project_domain_id': 'default', 'roles': ['member', 'reader'], 'is_admin_project': True, 'service_user_id': None, 'service_user_domain_id': None, 'service_project_id': None, 'service_project_domain_id': None, 'service_roles': []} {{(pid=114767) authorize /opt/stack/nova/nova/policy.py:199}}
Sep 08 18:41:02.905733 dv-cinder-733622-18-iscsi devstack@n-api.service[114767]: INFO nova.api.openstack.requestlog [None req-c5852d85-7e79-4368-82f9-34f67ca9a80d tempest-DeleteServersTestJSON-1261622809 tempest-DeleteServersTestJSON-1261622809-project] 10.222.0.24 "GET /compute/v2.1/servers/662ff0c8-8581-4ff8-8175-c6537d705bd1" status: 200 len: 1219 microversion: 2.1 time: 0.351138
Sep 08 18:41:02.907550 dv-cinder-733622-18-iscsi devstack@n-api.service[114767]: [pid: 114767|app: 0|req: 11/19] 10.222.0.24 () {58 vars in 1236 bytes} [Wed Sep 8 18:41:02 2021] GET /compute/v2.1/servers/662ff0c8-8581-4ff8-8175-c6537d705bd1 => generated 1219 bytes in 354 msecs (HTTP/1.1 200) 9 headers in 358 bytes (1 switches on core 0)
Sep 08 18:41:03.042849 dv-cinder-733622-18-iscsi devstack@n-api.service[114767]: DEBUG nova.api.openstack.wsgi [None req-04631b7a-c990-4339-a82d-49150ec5c259 tempest-VolumesSnapshotsTestJSON-1513226950 tempest-VolumesSnapshotsTestJSON-1513226950-project] Calling method '.version_select at 0x7f2d45aee0d0>' {{(pid=114767) _process_stack /opt/stack/nova/nova/api/openstack/wsgi.py:513}}
Sep 08 18:41:03.081489 dv-cinder-733622-18-iscsi devstack@n-api.service[114768]: DEBUG nova.policy [None req-312f3196-82aa-4aeb-b67c-a8918dd5037d tempest-AttachVolumeNegativeTest-1466664 tempest-AttachVolumeNegativeTest-1466664-project] Policy check for os_compute_api:os-extended-server-attributes failed with credentials {'is_admin': False, 'user_id': 'd2173be11cfb4f7cbefadf95868b4f3f', 'user_domain_id': 'default', 'system_scope': None, 'domain_id': None, 'project_id': '15cc39e7fa064852aba3d572e153cdc8', 'project_domain_id': 'default', 'roles': ['member', 'reader'], 'is_admin_project': True, 'service_user_id': None, 'service_user_domain_id': None, 'service_project_id': None, 'service_project_domain_id': None, 'service_roles': []} {{(pid=114768) authorize /opt/stack/nova/nova/policy.py:199}}
Sep 08 18:41:03.220178 dv-cinder-733622-18-iscsi devstack@n-api.service[114768]: INFO nova.api.openstack.requestlog [None req-312f3196-82aa-4aeb-b67c-a8918dd5037d tempest-AttachVolumeNegativeTest-1466664 tempest-AttachVolumeNegativeTest-1466664-project] 10.222.0.24 "GET /compute/v2.1/servers/1d406a50-6e97-4429-88fd-93700799b183" status: 200 len: 1222 microversion: 2.1 time: 0.544843
Sep 08 18:41:03.222095 dv-cinder-733622-18-iscsi devstack@n-api.service[114768]: [pid: 114768|app: 0|req: 9/20] 10.222.0.24 () {58 vars in 1236 bytes} [Wed Sep 8 18:41:02 2021] GET /compute/v2.1/servers/1d406a50-6e97-4429-88fd-93700799b183 => generated 1222 bytes in 548 msecs (HTTP/1.1 200) 9 headers in 358 bytes (1 switches on core 0)
Sep 08 18:41:03.292214 dv-cinder-733622-18-iscsi devstack@n-api.service[114767]: INFO nova.api.openstack.requestlog [None req-04631b7a-c990-4339-a82d-49150ec5c259 tempest-VolumesSnapshotsTestJSON-1513226950 tempest-VolumesSnapshotsTestJSON-1513226950-project] 10.222.0.24 "GET /compute/v2.1/os-snapshots/a4d907ff-7002-4c68-8ed0-c44977e24cb0" status: 200 len: 287 microversion: 2.1 time: 0.257052
Sep 08 18:41:03.293770 dv-cinder-733622-18-iscsi devstack@n-api.service[114767]: [pid: 114767|app: 0|req: 12/21] 10.222.0.24 () {58 vars in 1251 bytes} [Wed Sep 8 18:41:03 2021] GET /compute/v2.1/os-snapshots/a4d907ff-7002-4c68-8ed0-c44977e24cb0 => generated 287 bytes in 262 msecs (HTTP/1.1 200) 9 headers in 357 bytes (1 switches on core 0)
Sep 08 18:41:03.934803 dv-cinder-733622-18-iscsi devstack@n-api.service[114768]: DEBUG nova.api.openstack.wsgi [None req-cd36034b-ff83-4866-b53c-9a4c35e87965 tempest-DeleteServersTestJSON-1261622809 tempest-DeleteServersTestJSON-1261622809-project] Calling method '>' {{(pid=114768) _process_stack /opt/stack/nova/nova/api/openstack/wsgi.py:513}}
Sep 08 18:41:03.935448 dv-cinder-733622-18-iscsi devstack@n-api.service[114768]: DEBUG nova.compute.api [None req-cd36034b-ff83-4866-b53c-9a4c35e87965 tempest-DeleteServersTestJSON-1261622809 tempest-DeleteServersTestJSON-1261622809-project] [instance: 662ff0c8-8581-4ff8-8175-c6537d705bd1] Fetching instance by UUID {{(pid=114768) get /opt/stack/nova/nova/compute/api.py:2863}}
Sep 08 18:41:03.951600 dv-cinder-733622-18-iscsi devstack@n-api.service[114768]: DEBUG oslo_concurrency.lockutils [None req-cd36034b-ff83-4866-b53c-9a4c35e87965 tempest-DeleteServersTestJSON-1261622809 tempest-DeleteServersTestJSON-1261622809-project] Lock "33fdb5e0-4cfa-4540-b5ae-1afec44ff4a7" acquired by "nova.context.set_target_cell..get_or_set_cached_cell_and_set_connections" :: waited 0.000s {{(pid=114768) inner /usr/local/lib/python3.8/dist-packages/oslo_concurrency/lockutils.py:355}}
Sep 08 18:41:03.952127 dv-cinder-733622-18-iscsi devstack@n-api.service[114768]: DEBUG oslo_concurrency.lockutils [None req-cd36034b-ff83-4866-b53c-9a4c35e87965 tempest-DeleteServersTestJSON-1261622809 tempest-DeleteServersTestJSON-1261622809-project] Lock "33fdb5e0-4cfa-4540-b5ae-1afec44ff4a7" released by "nova.context.set_target_cell..get_or_set_cached_cell_and_set_connections" :: held 0.001s {{(pid=114768) inner /usr/local/lib/python3.8/dist-packages/oslo_concurrency/lockutils.py:367}}
Sep 08 18:41:03.953474 dv-cinder-733622-18-iscsi devstack@n-api.service[114768]: DEBUG oslo_concurrency.lockutils [None req-cd36034b-ff83-4866-b53c-9a4c35e87965 tempest-DeleteServersTestJSON-1261622809 tempest-DeleteServersTestJSON-1261622809-project] Lock "33fdb5e0-4cfa-4540-b5ae-1afec44ff4a7" acquired by "nova.context.set_target_cell..get_or_set_cached_cell_and_set_connections" :: waited 0.000s {{(pid=114768) inner /usr/local/lib/python3.8/dist-packages/oslo_concurrency/lockutils.py:355}}
Sep 08 18:41:03.955853 dv-cinder-733622-18-iscsi devstack@n-api.service[114768]: DEBUG oslo_concurrency.lockutils [None req-cd36034b-ff83-4866-b53c-9a4c35e87965 tempest-DeleteServersTestJSON-1261622809 tempest-DeleteServersTestJSON-1261622809-project] Lock "33fdb5e0-4cfa-4540-b5ae-1afec44ff4a7" released by "nova.context.set_target_cell..get_or_set_cached_cell_and_set_connections" :: held 0.000s {{(pid=114768) inner /usr/local/lib/python3.8/dist-packages/oslo_concurrency/lockutils.py:367}}
Sep 08 18:41:04.219123 dv-cinder-733622-18-iscsi devstack@n-api.service[114768]: DEBUG nova.policy [None req-cd36034b-ff83-4866-b53c-9a4c35e87965 tempest-DeleteServersTestJSON-1261622809 tempest-DeleteServersTestJSON-1261622809-project] Policy check for os_compute_api:os-extended-server-attributes failed with credentials {'is_admin': False, 'user_id': 'b3a7ab3a5f5143379ef213738a321e4c', 'user_domain_id': 'default', 'system_scope': None, 'domain_id': None, 'project_id': 'dccdf837ccb44004ba038ba5c8d8eefa', 'project_domain_id': 'default', 'roles': ['member', 'reader'], 'is_admin_project': True, 'service_user_id': None, 'service_user_domain_id': None, 'service_project_id': None, 'service_project_domain_id': None, 'service_roles': []} {{(pid=114768) authorize /opt/stack/nova/nova/policy.py:199}}
Sep 08 18:41:04.236204 dv-cinder-733622-18-iscsi devstack@n-api.service[114768]: INFO nova.api.openstack.requestlog [None req-cd36034b-ff83-4866-b53c-9a4c35e87965 tempest-DeleteServersTestJSON-1261622809 tempest-DeleteServersTestJSON-1261622809-project] 10.222.0.24 "GET /compute/v2.1/servers/662ff0c8-8581-4ff8-8175-c6537d705bd1" status: 200 len: 1219 microversion: 2.1 time: 0.304569
Sep 08 18:41:04.238031 dv-cinder-733622-18-iscsi devstack@n-api.service[114767]: DEBUG nova.api.openstack.wsgi [None req-e5cfb87a-1281-414d-bcef-b42a7415fef5 tempest-AttachVolumeNegativeTest-1466664 tempest-AttachVolumeNegativeTest-1466664-project] Calling method '>' {{(pid=114767) _process_stack /opt/stack/nova/nova/api/openstack/wsgi.py:513}}
Sep 08 18:41:04.239315 dv-cinder-733622-18-iscsi devstack@n-api.service[114767]: DEBUG nova.compute.api [None req-e5cfb87a-1281-414d-bcef-b42a7415fef5 tempest-AttachVolumeNegativeTest-1466664 tempest-AttachVolumeNegativeTest-1466664-project] [instance: 1d406a50-6e97-4429-88fd-93700799b183] Fetching instance by UUID {{(pid=114767) get /opt/stack/nova/nova/compute/api.py:2863}}
Sep 08 18:41:04.246861 dv-cinder-733622-18-iscsi devstack@n-api.service[114768]: [pid: 114768|app: 0|req: 10/22] 10.222.0.24 () {58 vars in 1236 bytes} [Wed Sep 8 18:41:03 2021] GET /compute/v2.1/servers/662ff0c8-8581-4ff8-8175-c6537d705bd1 => generated 1219 bytes in 318 msecs (HTTP/1.1 200) 9 headers in 358 bytes (1 switches on core 0)
Sep 08 18:41:04.252927 dv-cinder-733622-18-iscsi devstack@n-api.service[114767]: DEBUG oslo_concurrency.lockutils [None req-e5cfb87a-1281-414d-bcef-b42a7415fef5 tempest-AttachVolumeNegativeTest-1466664 tempest-AttachVolumeNegativeTest-1466664-project] Lock "33fdb5e0-4cfa-4540-b5ae-1afec44ff4a7" acquired by "nova.context.set_target_cell..get_or_set_cached_cell_and_set_connections" :: waited 0.000s {{(pid=114767) inner /usr/local/lib/python3.8/dist-packages/oslo_concurrency/lockutils.py:355}}
Sep 08 18:41:04.253352 dv-cinder-733622-18-iscsi devstack@n-api.service[114767]: DEBUG oslo_concurrency.lockutils [None req-e5cfb87a-1281-414d-bcef-b42a7415fef5 tempest-AttachVolumeNegativeTest-1466664 tempest-AttachVolumeNegativeTest-1466664-project] Lock "33fdb5e0-4cfa-4540-b5ae-1afec44ff4a7" released by "nova.context.set_target_cell..get_or_set_cached_cell_and_set_connections" :: held 0.001s {{(pid=114767) inner /usr/local/lib/python3.8/dist-packages/oslo_concurrency/lockutils.py:367}}
Sep 08 18:41:04.254147 dv-cinder-733622-18-iscsi devstack@n-api.service[114767]: DEBUG oslo_concurrency.lockutils [None req-e5cfb87a-1281-414d-bcef-b42a7415fef5 tempest-AttachVolumeNegativeTest-1466664 tempest-AttachVolumeNegativeTest-1466664-project] Lock "33fdb5e0-4cfa-4540-b5ae-1afec44ff4a7" acquired by "nova.context.set_target_cell..get_or_set_cached_cell_and_set_connections" :: waited 0.000s {{(pid=114767) inner /usr/local/lib/python3.8/dist-packages/oslo_concurrency/lockutils.py:355}}
Sep 08 18:41:04.254560 dv-cinder-733622-18-iscsi devstack@n-api.service[114767]: DEBUG oslo_concurrency.lockutils [None req-e5cfb87a-1281-414d-bcef-b42a7415fef5 tempest-AttachVolumeNegativeTest-1466664 tempest-AttachVolumeNegativeTest-1466664-project] Lock "33fdb5e0-4cfa-4540-b5ae-1afec44ff4a7" released by "nova.context.set_target_cell..get_or_set_cached_cell_and_set_connections" :: held 0.000s {{(pid=114767) inner /usr/local/lib/python3.8/dist-packages/oslo_concurrency/lockutils.py:367}}
Sep 08 18:41:04.313940 dv-cinder-733622-18-iscsi devstack@n-api.service[114768]: DEBUG nova.api.openstack.wsgi [None req-9250d418-6344-4d28-827e-cdd2d53bd1f9 tempest-VolumesSnapshotsTestJSON-1513226950 tempest-VolumesSnapshotsTestJSON-1513226950-project] Calling method '.version_select at 0x7f2d45a9ddc0>' {{(pid=114768) _process_stack /opt/stack/nova/nova/api/openstack/wsgi.py:513}}
Sep 08 18:41:04.424417 dv-cinder-733622-18-iscsi devstack@n-api.service[114768]: INFO nova.api.openstack.requestlog [None req-9250d418-6344-4d28-827e-cdd2d53bd1f9 tempest-VolumesSnapshotsTestJSON-1513226950 tempest-VolumesSnapshotsTestJSON-1513226950-project] 10.222.0.24 "GET /compute/v2.1/os-snapshots/a4d907ff-7002-4c68-8ed0-c44977e24cb0" status: 200 len: 287 microversion: 2.1 time: 0.115191
Sep 08 18:41:04.446761 dv-cinder-733622-18-iscsi devstack@n-api.service[114768]: [pid: 114768|app: 0|req: 11/23] 10.222.0.24 () {58 vars in 1251 bytes} [Wed Sep 8 18:41:04 2021] GET /compute/v2.1/os-snapshots/a4d907ff-7002-4c68-8ed0-c44977e24cb0 => generated 287 bytes in 139 msecs (HTTP/1.1 200) 9 headers in 357 bytes (2 switches on core 0)
Sep 08 18:41:04.530767 dv-cinder-733622-18-iscsi devstack@n-api.service[114767]: DEBUG nova.policy [None req-e5cfb87a-1281-414d-bcef-b42a7415fef5 tempest-AttachVolumeNegativeTest-1466664 tempest-AttachVolumeNegativeTest-1466664-project] Policy check for os_compute_api:os-extended-server-attributes failed with credentials {'is_admin': False, 'user_id': 'd2173be11cfb4f7cbefadf95868b4f3f', 'user_domain_id': 'default', 'system_scope': None, 'domain_id': None, 'project_id': '15cc39e7fa064852aba3d572e153cdc8', 'project_domain_id': 'default', 'roles': ['member', 'reader'], 'is_admin_project': True, 'service_user_id': None, 'service_user_domain_id': None, 'service_project_id': None, 'service_project_domain_id': None, 'service_roles': []} {{(pid=114767) authorize /opt/stack/nova/nova/policy.py:199}}
Sep 08 18:41:04.546884 dv-cinder-733622-18-iscsi devstack@n-api.service[114767]: INFO nova.api.openstack.requestlog [None req-e5cfb87a-1281-414d-bcef-b42a7415fef5 tempest-AttachVolumeNegativeTest-1466664 tempest-AttachVolumeNegativeTest-1466664-project] 10.222.0.24 "GET /compute/v2.1/servers/1d406a50-6e97-4429-88fd-93700799b183" status: 200 len: 1222 microversion: 2.1 time: 0.312610
Sep 08 18:41:04.554878 dv-cinder-733622-18-iscsi devstack@n-api.service[114767]: [pid: 114767|app: 0|req: 13/24] 10.222.0.24 () {58 vars in 1236 bytes} [Wed Sep 8 18:41:04 2021] GET /compute/v2.1/servers/1d406a50-6e97-4429-88fd-93700799b183 => generated 1222 bytes in 321 msecs (HTTP/1.1 200) 9 headers in 358 bytes (1 switches on core 0)
Sep 08 18:41:05.039794 dv-cinder-733622-18-iscsi devstack@n-api.service[114768]: DEBUG nova.api.openstack.wsgi [None req-63ead210-0eef-48a3-ab79-aa5599383c4c tempest-AttachVolumeShelveTestJSON-342832092 tempest-AttachVolumeShelveTestJSON-342832092-project] Action: 'create', calling method: .version_select at 0x7f2d45af90d0>, body: {"keypair": {"name": "tempest-keypair-1761869392"}} {{(pid=114768) _process_stack /opt/stack/nova/nova/api/openstack/wsgi.py:511}}
Sep 08 18:41:05.103717 dv-cinder-733622-18-iscsi devstack@n-api.service[114768]: DEBUG nova.quota [None req-63ead210-0eef-48a3-ab79-aa5599383c4c tempest-AttachVolumeShelveTestJSON-342832092 tempest-AttachVolumeShelveTestJSON-342832092-project] Getting quotas for project f30936618e2946acb8f195a92a15c199. Resources: {'key_pairs'} {{(pid=114768) _get_quotas /opt/stack/nova/nova/quota.py:387}}
Sep 08 18:41:05.108683 dv-cinder-733622-18-iscsi devstack@n-api.service[114768]: DEBUG nova.quota [None req-63ead210-0eef-48a3-ab79-aa5599383c4c tempest-AttachVolumeShelveTestJSON-342832092 tempest-AttachVolumeShelveTestJSON-342832092-project] Getting quotas for user 5e1d280e96d84122941498c5b16924c0 and project f30936618e2946acb8f195a92a15c199. Resources: {'key_pairs'} {{(pid=114768) _get_quotas /opt/stack/nova/nova/quota.py:377}}
