Jun 08 18:22:28.396875 dv-cinder-733622-16-smb devstack@c-api.service[98520]: DEBUG cinder.volume.api [None req-c8ff7f50-1cfb-4060-abf7-818b20da4e4a tempest-VolumeRetypeWithoutMigrationTest-453461466 tempest-VolumeRetypeWithoutMigrationTest-453461466-project] Task 'cinder.volume.flows.api.create_volume.QuotaCommitTask;volume:create' (4a30023f-6824-4e93-bb36-ae103202773b) transitioned into state 'SUCCESS' from state 'RUNNING' with result '{'volume_properties': VolumeProperties(attach_status='detached',availability_zone='nova',cgsnapshot_id=None,consistencygroup_id=None,display_description=None,display_name='tempest-VolumeRetypeWithoutMigrationTest-Volume-314755412',encryption_key_id=None,group_id=None,group_type_id=,metadata={},multiattach=False,project_id='70b65d3e0e584da68ac48acdd0fab54c',qos_specs=None,replication_status=,reservations=['e9e87a36-110d-4297-8c4f-817e36e3cd3e','fd513912-dbb6-4aef-a441-95ba1e638d0b','1f984194-bef8-48d4-aa0c-6912739dd664','161c7619-a04d-432c-8adf-490e9ddcd2a1'],size=1,snapshot_id=None,source_replicaid=,source_volid=None,status='creating',user_id='072554900bac442093d2a6b6642b7e87',volume_type_id=0c5be0e0-847a-4b64-9d18-d9b7e5a75be4)}' {{(pid=98520) _task_receiver /usr/local/lib/python3.8/dist-packages/taskflow/listeners/logging.py:178}}
Jun 08 18:22:28.401493 dv-cinder-733622-16-smb devstack@c-api.service[98520]: DEBUG cinder.volume.api [None req-c8ff7f50-1cfb-4060-abf7-818b20da4e4a tempest-VolumeRetypeWithoutMigrationTest-453461466 tempest-VolumeRetypeWithoutMigrationTest-453461466-project] Task 'cinder.volume.flows.api.create_volume.VolumeCastTask;volume:create' (0a715354-d1dc-4e00-aecc-75d452277789) transitioned into state 'RUNNING' from state 'PENDING' {{(pid=98520) _task_receiver /usr/local/lib/python3.8/dist-packages/taskflow/listeners/logging.py:190}}
Jun 08 18:22:28.441860 dv-cinder-733622-16-smb devstack@c-api.service[98520]: DEBUG cinder.volume.api [None req-c8ff7f50-1cfb-4060-abf7-818b20da4e4a tempest-VolumeRetypeWithoutMigrationTest-453461466 tempest-VolumeRetypeWithoutMigrationTest-453461466-project] Task 'cinder.volume.flows.api.create_volume.VolumeCastTask;volume:create' (0a715354-d1dc-4e00-aecc-75d452277789) transitioned into state 'SUCCESS' from state 'RUNNING' with result 'None' {{(pid=98520) _task_receiver /usr/local/lib/python3.8/dist-packages/taskflow/listeners/logging.py:178}}
Jun 08 18:22:28.445230 dv-cinder-733622-16-smb devstack@c-api.service[98520]: DEBUG cinder.volume.api [None req-c8ff7f50-1cfb-4060-abf7-818b20da4e4a tempest-VolumeRetypeWithoutMigrationTest-453461466 tempest-VolumeRetypeWithoutMigrationTest-453461466-project] Flow 'volume_create_api' (2bb55051-553f-4576-ba3c-4dac1138546e) transitioned into state 'SUCCESS' from state 'RUNNING' {{(pid=98520) _flow_receiver /usr/local/lib/python3.8/dist-packages/taskflow/listeners/logging.py:141}}
Jun 08 18:22:28.446331 dv-cinder-733622-16-smb devstack@c-api.service[98520]: INFO cinder.volume.api [None req-c8ff7f50-1cfb-4060-abf7-818b20da4e4a tempest-VolumeRetypeWithoutMigrationTest-453461466 tempest-VolumeRetypeWithoutMigrationTest-453461466-project] Create volume request issued successfully.
Jun 08 18:22:28.449240 dv-cinder-733622-16-smb devstack@c-api.service[98519]: INFO cinder.api.openstack.wsgi [None req-7e705d86-6510-404b-a9fb-750f0d22b038 tempest-GroupSnapshotsTest-1083134639 tempest-GroupSnapshotsTest-1083134639-project-admin] POST http://10.222.0.41/volume/v3/1946491dc6e3465b801a55ad55c2e9c7/types
Jun 08 18:22:28.449901 dv-cinder-733622-16-smb devstack@c-api.service[98519]: DEBUG cinder.api.openstack.wsgi [None req-7e705d86-6510-404b-a9fb-750f0d22b038 tempest-GroupSnapshotsTest-1083134639 tempest-GroupSnapshotsTest-1083134639-project-admin] Action: 'create', calling method: _create, body: {"volume_type": {"name": "tempest-GroupSnapshotsTest-volume-type-1029201078"}} {{(pid=98519) _process_stack /opt/stack/cinder/cinder/api/openstack/wsgi.py:864}}
Jun 08 18:22:28.473386 dv-cinder-733622-16-smb devstack@c-api.service[98520]: INFO cinder.api.openstack.wsgi [None req-c8ff7f50-1cfb-4060-abf7-818b20da4e4a tempest-VolumeRetypeWithoutMigrationTest-453461466 tempest-VolumeRetypeWithoutMigrationTest-453461466-project] http://10.222.0.41/volume/v3/70b65d3e0e584da68ac48acdd0fab54c/volumes returned with HTTP 202
Jun 08 18:22:28.475037 dv-cinder-733622-16-smb devstack@c-api.service[98520]: [pid: 98520|app: 0|req: 74/163] 10.222.0.41 () {60 vars in 1236 bytes} [Tue Jun 8 18:22:26 2021] POST /volume/v3/70b65d3e0e584da68ac48acdd0fab54c/volumes => generated 833 bytes in 1516 msecs (HTTP/1.1 202) 7 headers in 291 bytes (1 switches on core 0)
Jun 08 18:22:28.488198 dv-cinder-733622-16-smb devstack@c-api.service[98520]: INFO cinder.api.openstack.wsgi [None req-cb526eb0-1dd5-4168-a874-5705374f5c66 tempest-SnapshotMetadataTestJSON-506838345 tempest-SnapshotMetadataTestJSON-506838345-project] DELETE http://10.222.0.41/volume/v3/aab6c3b962304537951d215f78bc2544/snapshots/b4e99a96-9a5f-497e-b7ab-e24f4c2b22a2
Jun 08 18:22:28.490749 dv-cinder-733622-16-smb devstack@c-api.service[98520]: DEBUG cinder.api.openstack.wsgi [None req-cb526eb0-1dd5-4168-a874-5705374f5c66 tempest-SnapshotMetadataTestJSON-506838345 tempest-SnapshotMetadataTestJSON-506838345-project] Empty body provided in request {{(pid=98520) get_body /opt/stack/cinder/cinder/api/openstack/wsgi.py:713}}
Jun 08 18:22:28.501682 dv-cinder-733622-16-smb devstack@c-api.service[98520]: /usr/local/lib/python3.8/dist-packages/webob/acceptparse.py:1047: DeprecationWarning: The behavior of AcceptValidHeader.best_match is currently being maintained for backward compatibility, but it will be deprecated in the future, as it does not conform to the RFC.
Jun 08 18:22:28.501682 dv-cinder-733622-16-smb devstack@c-api.service[98520]: warnings.warn(
Jun 08 18:22:28.502514 dv-cinder-733622-16-smb devstack@c-api.service[98520]: DEBUG cinder.api.openstack.wsgi [None req-cb526eb0-1dd5-4168-a874-5705374f5c66 tempest-SnapshotMetadataTestJSON-506838345 tempest-SnapshotMetadataTestJSON-506838345-project] Calling method 'delete' {{(pid=98520) _process_stack /opt/stack/cinder/cinder/api/openstack/wsgi.py:866}}
Jun 08 18:22:28.503096 dv-cinder-733622-16-smb devstack@c-api.service[98520]: INFO cinder.api.v2.snapshots [None req-cb526eb0-1dd5-4168-a874-5705374f5c66 tempest-SnapshotMetadataTestJSON-506838345 tempest-SnapshotMetadataTestJSON-506838345-project] Delete snapshot with id: b4e99a96-9a5f-497e-b7ab-e24f4c2b22a2
Jun 08 18:22:28.555059 dv-cinder-733622-16-smb devstack@c-api.service[98519]: INFO cinder.api.openstack.wsgi [None req-7e705d86-6510-404b-a9fb-750f0d22b038 tempest-GroupSnapshotsTest-1083134639 tempest-GroupSnapshotsTest-1083134639-project-admin] http://10.222.0.41/volume/v3/1946491dc6e3465b801a55ad55c2e9c7/types returned with HTTP 200
Jun 08 18:22:28.556223 dv-cinder-733622-16-smb devstack@c-api.service[98519]: [pid: 98519|app: 0|req: 90/164] 10.222.0.41 () {60 vars in 1229 bytes} [Tue Jun 8 18:22:28 2021] POST /volume/v3/1946491dc6e3465b801a55ad55c2e9c7/types => generated 224 bytes in 280 msecs (HTTP/1.1 200) 7 headers in 285 bytes (1 switches on core 0)
Jun 08 18:22:28.563425 dv-cinder-733622-16-smb devstack@c-api.service[98519]: INFO cinder.api.openstack.wsgi [None req-cafb3ea9-3798-42d9-abb4-484cfad17da2 tempest-VolumeTypesTest-1282905677 tempest-VolumeTypesTest-1282905677-project-admin] DELETE http://10.222.0.41/volume/v3/bfd7a7826916454a9b4810be6e24249c/types/bd87750a-6eaf-4e76-8c8f-0d6a43d3e99c/encryption/provider
Jun 08 18:22:28.564259 dv-cinder-733622-16-smb devstack@c-api.service[98519]: DEBUG cinder.api.openstack.wsgi [None req-cafb3ea9-3798-42d9-abb4-484cfad17da2 tempest-VolumeTypesTest-1282905677 tempest-VolumeTypesTest-1282905677-project-admin] Empty body provided in request {{(pid=98519) get_body /opt/stack/cinder/cinder/api/openstack/wsgi.py:713}}
Jun 08 18:22:28.565000 dv-cinder-733622-16-smb devstack@c-api.service[98519]: DEBUG cinder.api.openstack.wsgi [None req-cafb3ea9-3798-42d9-abb4-484cfad17da2 tempest-VolumeTypesTest-1282905677 tempest-VolumeTypesTest-1282905677-project-admin] Calling method 'delete' {{(pid=98519) _process_stack /opt/stack/cinder/cinder/api/openstack/wsgi.py:866}}
Jun 08 18:22:28.597016 dv-cinder-733622-16-smb devstack@c-api.service[98520]: /usr/local/lib/python3.8/dist-packages/oslo_context/context.py:105: DeprecationWarning: Policy enforcement is depending on the value of is_admin. This key is deprecated. Please update your policy file to use the standard policy values.
Jun 08 18:22:28.597016 dv-cinder-733622-16-smb devstack@c-api.service[98520]: warnings.warn('Policy enforcement is depending on the value of '
Jun 08 18:22:28.598221 dv-cinder-733622-16-smb devstack@c-api.service[98520]: INFO cinder.volume.api [None req-cb526eb0-1dd5-4168-a874-5705374f5c66 tempest-SnapshotMetadataTestJSON-506838345 tempest-SnapshotMetadataTestJSON-506838345-project] Snapshot retrieved successfully.
Jun 08 18:22:28.614201 dv-cinder-733622-16-smb devstack@c-api.service[98519]: INFO cinder.api.openstack.wsgi [None req-cafb3ea9-3798-42d9-abb4-484cfad17da2 tempest-VolumeTypesTest-1282905677 tempest-VolumeTypesTest-1282905677-project-admin] http://10.222.0.41/volume/v3/bfd7a7826916454a9b4810be6e24249c/types/bd87750a-6eaf-4e76-8c8f-0d6a43d3e99c/encryption/provider returned with HTTP 202
Jun 08 18:22:28.615603 dv-cinder-733622-16-smb devstack@c-api.service[98519]: [pid: 98519|app: 0|req: 91/165] 10.222.0.41 () {58 vars in 1382 bytes} [Tue Jun 8 18:22:28 2021] DELETE /volume/v3/bfd7a7826916454a9b4810be6e24249c/types/bd87750a-6eaf-4e76-8c8f-0d6a43d3e99c/encryption/provider => generated 0 bytes in 58 msecs (HTTP/1.1 202) 6 headers in 233 bytes (1 switches on core 0)
Jun 08 18:22:28.624319 dv-cinder-733622-16-smb devstack@c-api.service[98519]: INFO cinder.api.openstack.wsgi [None req-b3f00478-7aca-438e-bcbf-2b4207ca90d1 tempest-VolumeRetypeWithoutMigrationTest-453461466 tempest-VolumeRetypeWithoutMigrationTest-453461466-project] GET http://10.222.0.41/volume/v3/70b65d3e0e584da68ac48acdd0fab54c/volumes/2f12ff1c-5165-4172-a6ec-4dbe3ab0759a
Jun 08 18:22:28.627790 dv-cinder-733622-16-smb devstack@c-api.service[98519]: DEBUG cinder.api.openstack.wsgi [None req-b3f00478-7aca-438e-bcbf-2b4207ca90d1 tempest-VolumeRetypeWithoutMigrationTest-453461466 tempest-VolumeRetypeWithoutMigrationTest-453461466-project] Empty body provided in request {{(pid=98519) get_body /opt/stack/cinder/cinder/api/openstack/wsgi.py:713}}
Jun 08 18:22:28.628356 dv-cinder-733622-16-smb devstack@c-api.service[98519]: DEBUG cinder.api.openstack.wsgi [None req-b3f00478-7aca-438e-bcbf-2b4207ca90d1 tempest-VolumeRetypeWithoutMigrationTest-453461466 tempest-VolumeRetypeWithoutMigrationTest-453461466-project] Calling method 'show' {{(pid=98519) _process_stack /opt/stack/cinder/cinder/api/openstack/wsgi.py:866}}
Jun 08 18:22:28.715855 dv-cinder-733622-16-smb devstack@c-api.service[98519]: /usr/local/lib/python3.8/dist-packages/oslo_context/context.py:105: DeprecationWarning: Policy enforcement is depending on the value of is_admin. This key is deprecated. Please update your policy file to use the standard policy values.
Jun 08 18:22:28.715855 dv-cinder-733622-16-smb devstack@c-api.service[98519]: warnings.warn('Policy enforcement is depending on the value of '
Jun 08 18:22:28.729441 dv-cinder-733622-16-smb devstack@c-api.service[98519]: INFO cinder.volume.api [None req-b3f00478-7aca-438e-bcbf-2b4207ca90d1 tempest-VolumeRetypeWithoutMigrationTest-453461466 tempest-VolumeRetypeWithoutMigrationTest-453461466-project] Volume info retrieved successfully.
Jun 08 18:22:28.756123 dv-cinder-733622-16-smb devstack@c-api.service[98520]: INFO cinder.volume.api [None req-cb526eb0-1dd5-4168-a874-5705374f5c66 tempest-SnapshotMetadataTestJSON-506838345 tempest-SnapshotMetadataTestJSON-506838345-project] Snapshot delete request issued successfully.
Jun 08 18:22:28.756972 dv-cinder-733622-16-smb devstack@c-api.service[98520]: INFO cinder.api.openstack.wsgi [None req-cb526eb0-1dd5-4168-a874-5705374f5c66 tempest-SnapshotMetadataTestJSON-506838345 tempest-SnapshotMetadataTestJSON-506838345-project] http://10.222.0.41/volume/v3/aab6c3b962304537951d215f78bc2544/snapshots/b4e99a96-9a5f-497e-b7ab-e24f4c2b22a2 returned with HTTP 202
Jun 08 18:22:28.763161 dv-cinder-733622-16-smb devstack@c-api.service[98520]: [pid: 98520|app: 0|req: 75/166] 10.222.0.41 () {58 vars in 1334 bytes} [Tue Jun 8 18:22:28 2021] DELETE /volume/v3/aab6c3b962304537951d215f78bc2544/snapshots/b4e99a96-9a5f-497e-b7ab-e24f4c2b22a2 => generated 0 bytes in 288 msecs (HTTP/1.1 202) 6 headers in 233 bytes (1 switches on core 0)
Jun 08 18:22:28.779091 dv-cinder-733622-16-smb devstack@c-api.service[98520]: INFO cinder.api.openstack.wsgi [None req-feb1fe4d-2c3e-4683-be41-d5c02ed91b27 tempest-GroupSnapshotsTest-1083134639 tempest-GroupSnapshotsTest-1083134639-project-admin] POST http://10.222.0.41/volume/v3/1946491dc6e3465b801a55ad55c2e9c7/group_types
Jun 08 18:22:28.779555 dv-cinder-733622-16-smb devstack@c-api.service[98520]: /usr/local/lib/python3.8/dist-packages/webob/acceptparse.py:1047: DeprecationWarning: The behavior of AcceptValidHeader.best_match is currently being maintained for backward compatibility, but it will be deprecated in the future, as it does not conform to the RFC.
Jun 08 18:22:28.779555 dv-cinder-733622-16-smb devstack@c-api.service[98520]: warnings.warn(
Jun 08 18:22:28.779931 dv-cinder-733622-16-smb devstack@c-api.service[98520]: DEBUG cinder.api.openstack.wsgi [None req-feb1fe4d-2c3e-4683-be41-d5c02ed91b27 tempest-GroupSnapshotsTest-1083134639 tempest-GroupSnapshotsTest-1083134639-project-admin] Action: 'create', calling method: version_select, body: {"group_type": {"name": "tempest-GroupSnapshotsTest-group-type-1774657224"}} {{(pid=98520) _process_stack /opt/stack/cinder/cinder/api/openstack/wsgi.py:864}}
Jun 08 18:22:28.782146 dv-cinder-733622-16-smb devstack@c-api.service[98520]: /usr/local/lib/python3.8/dist-packages/oslo_context/context.py:105: DeprecationWarning: Policy enforcement is depending on the value of is_admin. This key is deprecated. Please update your policy file to use the standard policy values.
Jun 08 18:22:28.782146 dv-cinder-733622-16-smb devstack@c-api.service[98520]: warnings.warn('Policy enforcement is depending on the value of '
Jun 08 18:22:28.790829 dv-cinder-733622-16-smb devstack@c-api.service[98519]: INFO cinder.api.openstack.wsgi [None req-b3f00478-7aca-438e-bcbf-2b4207ca90d1 tempest-VolumeRetypeWithoutMigrationTest-453461466 tempest-VolumeRetypeWithoutMigrationTest-453461466-project] http://10.222.0.41/volume/v3/70b65d3e0e584da68ac48acdd0fab54c/volumes/2f12ff1c-5165-4172-a6ec-4dbe3ab0759a returned with HTTP 200
Jun 08 18:22:28.791655 dv-cinder-733622-16-smb devstack@c-api.service[98519]: [pid: 98519|app: 0|req: 92/167] 10.222.0.41 () {58 vars in 1325 bytes} [Tue Jun 8 18:22:28 2021] GET /volume/v3/70b65d3e0e584da68ac48acdd0fab54c/volumes/2f12ff1c-5165-4172-a6ec-4dbe3ab0759a => generated 901 bytes in 176 msecs (HTTP/1.1 200) 7 headers in 285 bytes (1 switches on core 0)
Jun 08 18:22:28.805544 dv-cinder-733622-16-smb devstack@c-api.service[98519]: INFO cinder.api.openstack.wsgi [None req-f2c7ef87-bd10-4ce8-9306-4b6383022820 tempest-VolumeTypesTest-1282905677 tempest-VolumeTypesTest-1282905677-project-admin] GET http://10.222.0.41/volume/v3/bfd7a7826916454a9b4810be6e24249c/types/bd87750a-6eaf-4e76-8c8f-0d6a43d3e99c/encryption
Jun 08 18:22:28.806022 dv-cinder-733622-16-smb devstack@c-api.service[98519]: DEBUG cinder.api.openstack.wsgi [None req-f2c7ef87-bd10-4ce8-9306-4b6383022820 tempest-VolumeTypesTest-1282905677 tempest-VolumeTypesTest-1282905677-project-admin] Empty body provided in request {{(pid=98519) get_body /opt/stack/cinder/cinder/api/openstack/wsgi.py:713}}
Jun 08 18:22:28.806232 dv-cinder-733622-16-smb devstack@c-api.service[98519]: /usr/local/lib/python3.8/dist-packages/webob/acceptparse.py:1047: DeprecationWarning: The behavior of AcceptValidHeader.best_match is currently being maintained for backward compatibility, but it will be deprecated in the future, as it does not conform to the RFC.
Jun 08 18:22:28.806232 dv-cinder-733622-16-smb devstack@c-api.service[98519]: warnings.warn(
Jun 08 18:22:28.806561 dv-cinder-733622-16-smb devstack@c-api.service[98519]: DEBUG cinder.api.openstack.wsgi [None req-f2c7ef87-bd10-4ce8-9306-4b6383022820 tempest-VolumeTypesTest-1282905677 tempest-VolumeTypesTest-1282905677-project-admin] Calling method 'index' {{(pid=98519) _process_stack /opt/stack/cinder/cinder/api/openstack/wsgi.py:866}}
Jun 08 18:22:28.845905 dv-cinder-733622-16-smb devstack@c-api.service[98520]: INFO cinder.api.openstack.wsgi [None req-feb1fe4d-2c3e-4683-be41-d5c02ed91b27 tempest-GroupSnapshotsTest-1083134639 tempest-GroupSnapshotsTest-1083134639-project-admin] http://10.222.0.41/volume/v3/1946491dc6e3465b801a55ad55c2e9c7/group_types returned with HTTP 202
Jun 08 18:22:28.847089 dv-cinder-733622-16-smb devstack@c-api.service[98519]: INFO cinder.api.openstack.wsgi [None req-f2c7ef87-bd10-4ce8-9306-4b6383022820 tempest-VolumeTypesTest-1282905677 tempest-VolumeTypesTest-1282905677-project-admin] http://10.222.0.41/volume/v3/bfd7a7826916454a9b4810be6e24249c/types/bd87750a-6eaf-4e76-8c8f-0d6a43d3e99c/encryption returned with HTTP 200
Jun 08 18:22:28.851616 dv-cinder-733622-16-smb devstack@c-api.service[98520]: [pid: 98520|app: 0|req: 76/168] 10.222.0.41 () {62 vars in 1288 bytes} [Tue Jun 8 18:22:28 2021] POST /volume/v3/1946491dc6e3465b801a55ad55c2e9c7/group_types => generated 181 bytes in 88 msecs (HTTP/1.1 202) 7 headers in 292 bytes (1 switches on core 0)
Jun 08 18:22:28.852879 dv-cinder-733622-16-smb devstack@c-api.service[98519]: [pid: 98519|app: 0|req: 93/169] 10.222.0.41 () {58 vars in 1352 bytes} [Tue Jun 8 18:22:28 2021] GET /volume/v3/bfd7a7826916454a9b4810be6e24249c/types/bd87750a-6eaf-4e76-8c8f-0d6a43d3e99c/encryption => generated 2 bytes in 60 msecs (HTTP/1.1 200) 7 headers in 283 bytes (1 switches on core 0)
Jun 08 18:22:28.859507 dv-cinder-733622-16-smb devstack@c-api.service[98519]: INFO cinder.api.openstack.wsgi [None req-82105b85-2a81-41b7-bdc1-306fbba71017 tempest-VolumeTypesTest-1282905677 tempest-VolumeTypesTest-1282905677-project-admin] GET http://10.222.0.41/volume/v3/bfd7a7826916454a9b4810be6e24249c/types/bd87750a-6eaf-4e76-8c8f-0d6a43d3e99c/encryption
Jun 08 18:22:28.860427 dv-cinder-733622-16-smb devstack@c-api.service[98519]: DEBUG cinder.api.openstack.wsgi [None req-82105b85-2a81-41b7-bdc1-306fbba71017 tempest-VolumeTypesTest-1282905677 tempest-VolumeTypesTest-1282905677-project-admin] Empty body provided in request {{(pid=98519) get_body /opt/stack/cinder/cinder/api/openstack/wsgi.py:713}}
Jun 08 18:22:28.860427 dv-cinder-733622-16-smb devstack@c-api.service[98519]: DEBUG cinder.api.openstack.wsgi [None req-82105b85-2a81-41b7-bdc1-306fbba71017 tempest-VolumeTypesTest-1282905677 tempest-VolumeTypesTest-1282905677-project-admin] Calling method 'index' {{(pid=98519) _process_stack /opt/stack/cinder/cinder/api/openstack/wsgi.py:866}}
Jun 08 18:22:28.871615 dv-cinder-733622-16-smb devstack@c-api.service[98520]: INFO cinder.api.openstack.wsgi [None req-3a1279a9-5503-4d14-a3bb-7cf84f86e537 tempest-SnapshotMetadataTestJSON-506838345 tempest-SnapshotMetadataTestJSON-506838345-project] GET http://10.222.0.41/volume/v3/aab6c3b962304537951d215f78bc2544/snapshots/b4e99a96-9a5f-497e-b7ab-e24f4c2b22a2
Jun 08 18:22:28.872967 dv-cinder-733622-16-smb devstack@c-api.service[98520]: DEBUG cinder.api.openstack.wsgi [None req-3a1279a9-5503-4d14-a3bb-7cf84f86e537 tempest-SnapshotMetadataTestJSON-506838345 tempest-SnapshotMetadataTestJSON-506838345-project] Empty body provided in request {{(pid=98520) get_body /opt/stack/cinder/cinder/api/openstack/wsgi.py:713}}
Jun 08 18:22:28.875138 dv-cinder-733622-16-smb devstack@c-api.service[98520]: DEBUG cinder.api.openstack.wsgi [None req-3a1279a9-5503-4d14-a3bb-7cf84f86e537 tempest-SnapshotMetadataTestJSON-506838345 tempest-SnapshotMetadataTestJSON-506838345-project] Calling method 'show' {{(pid=98520) _process_stack /opt/stack/cinder/cinder/api/openstack/wsgi.py:866}}
Jun 08 18:22:28.880322 dv-cinder-733622-16-smb devstack@c-api.service[98519]: INFO cinder.api.openstack.wsgi [None req-82105b85-2a81-41b7-bdc1-306fbba71017 tempest-VolumeTypesTest-1282905677 tempest-VolumeTypesTest-1282905677-project-admin] http://10.222.0.41/volume/v3/bfd7a7826916454a9b4810be6e24249c/types/bd87750a-6eaf-4e76-8c8f-0d6a43d3e99c/encryption returned with HTTP 200
Jun 08 18:22:28.888736 dv-cinder-733622-16-smb devstack@c-api.service[98519]: [pid: 98519|app: 0|req: 94/170] 10.222.0.41 () {58 vars in 1352 bytes} [Tue Jun 8 18:22:28 2021] GET /volume/v3/bfd7a7826916454a9b4810be6e24249c/types/bd87750a-6eaf-4e76-8c8f-0d6a43d3e99c/encryption => generated 2 bytes in 35 msecs (HTTP/1.1 200) 7 headers in 283 bytes (1 switches on core 0)
Jun 08 18:22:28.942645 dv-cinder-733622-16-smb devstack@c-api.service[98520]: /usr/local/lib/python3.8/dist-packages/oslo_context/context.py:105: DeprecationWarning: Policy enforcement is depending on the value of is_admin. This key is deprecated. Please update your policy file to use the standard policy values.
Jun 08 18:22:28.942645 dv-cinder-733622-16-smb devstack@c-api.service[98520]: warnings.warn('Policy enforcement is depending on the value of '
Jun 08 18:22:28.945132 dv-cinder-733622-16-smb devstack@c-api.service[98520]: INFO cinder.volume.api [None req-3a1279a9-5503-4d14-a3bb-7cf84f86e537 tempest-SnapshotMetadataTestJSON-506838345 tempest-SnapshotMetadataTestJSON-506838345-project] Snapshot retrieved successfully.
Jun 08 18:22:28.948949 dv-cinder-733622-16-smb devstack@c-api.service[98520]: INFO cinder.api.openstack.wsgi [None req-3a1279a9-5503-4d14-a3bb-7cf84f86e537 tempest-SnapshotMetadataTestJSON-506838345 tempest-SnapshotMetadataTestJSON-506838345-project] http://10.222.0.41/volume/v3/aab6c3b962304537951d215f78bc2544/snapshots/b4e99a96-9a5f-497e-b7ab-e24f4c2b22a2 returned with HTTP 200
Jun 08 18:22:28.951619 dv-cinder-733622-16-smb devstack@c-api.service[98520]: [pid: 98520|app: 0|req: 77/171] 10.222.0.41 () {58 vars in 1331 bytes} [Tue Jun 8 18:22:28 2021] GET /volume/v3/aab6c3b962304537951d215f78bc2544/snapshots/b4e99a96-9a5f-497e-b7ab-e24f4c2b22a2 => generated 468 bytes in 99 msecs (HTTP/1.1 200) 7 headers in 285 bytes (1 switches on core 0)
Jun 08 18:22:28.977275 dv-cinder-733622-16-smb devstack@c-api.service[98520]: INFO cinder.api.openstack.wsgi [None req-f60984a1-1f7d-4f7b-b67b-f2847fb832e5 tempest-VolumeTypesTest-1282905677 tempest-VolumeTypesTest-1282905677-project-admin] GET http://10.222.0.41/volume/v3/bfd7a7826916454a9b4810be6e24249c/types
Jun 08 18:22:28.978538 dv-cinder-733622-16-smb devstack@c-api.service[98520]: DEBUG cinder.api.openstack.wsgi [None req-f60984a1-1f7d-4f7b-b67b-f2847fb832e5 tempest-VolumeTypesTest-1282905677 tempest-VolumeTypesTest-1282905677-project-admin] Empty body provided in request {{(pid=98520) get_body /opt/stack/cinder/cinder/api/openstack/wsgi.py:713}}
Jun 08 18:22:28.980672 dv-cinder-733622-16-smb devstack@c-api.service[98520]: /usr/local/lib/python3.8/dist-packages/webob/acceptparse.py:1047: DeprecationWarning: The behavior of AcceptValidHeader.best_match is currently being maintained for backward compatibility, but it will be deprecated in the future, as it does not conform to the RFC.
Jun 08 18:22:28.980672 dv-cinder-733622-16-smb devstack@c-api.service[98520]: warnings.warn(
Jun 08 18:22:28.981436 dv-cinder-733622-16-smb devstack@c-api.service[98520]: DEBUG cinder.api.openstack.wsgi [None req-f60984a1-1f7d-4f7b-b67b-f2847fb832e5 tempest-VolumeTypesTest-1282905677 tempest-VolumeTypesTest-1282905677-project-admin] Calling method 'index' {{(pid=98520) _process_stack /opt/stack/cinder/cinder/api/openstack/wsgi.py:866}}
Jun 08 18:22:29.022515 dv-cinder-733622-16-smb devstack@c-api.service[98520]: INFO cinder.api.openstack.wsgi [None req-f60984a1-1f7d-4f7b-b67b-f2847fb832e5 tempest-VolumeTypesTest-1282905677 tempest-VolumeTypesTest-1282905677-project-admin] http://10.222.0.41/volume/v3/bfd7a7826916454a9b4810be6e24249c/types returned with HTTP 200
Jun 08 18:22:29.029951 dv-cinder-733622-16-smb devstack@c-api.service[98520]: [pid: 98520|app: 0|req: 78/172] 10.222.0.41 () {58 vars in 1208 bytes} [Tue Jun 8 18:22:28 2021] GET /volume/v3/bfd7a7826916454a9b4810be6e24249c/types => generated 2196 bytes in 71 msecs (HTTP/1.1 200) 7 headers in 286 bytes (1 switches on core 0)
Jun 08 18:22:29.036314 dv-cinder-733622-16-smb devstack@c-api.service[98520]: INFO cinder.api.openstack.wsgi [None req-189009e3-6b14-4afc-8a84-dbf4afebe984 tempest-VolumeTypesTest-1282905677 tempest-VolumeTypesTest-1282905677-project-admin] POST http://10.222.0.41/volume/v3/bfd7a7826916454a9b4810be6e24249c/types
Jun 08 18:22:29.041460 dv-cinder-733622-16-smb devstack@c-api.service[98520]: DEBUG cinder.api.openstack.wsgi [None req-189009e3-6b14-4afc-8a84-dbf4afebe984 tempest-VolumeTypesTest-1282905677 tempest-VolumeTypesTest-1282905677-project-admin] Action: 'create', calling method: _create, body: {"volume_type": {"name": "tempest-VolumeTypesTest-volume-type-666379246"}} {{(pid=98520) _process_stack /opt/stack/cinder/cinder/api/openstack/wsgi.py:864}}
Jun 08 18:22:29.102866 dv-cinder-733622-16-smb devstack@c-api.service[98520]: INFO cinder.api.openstack.wsgi [None req-189009e3-6b14-4afc-8a84-dbf4afebe984 tempest-VolumeTypesTest-1282905677 tempest-VolumeTypesTest-1282905677-project-admin] http://10.222.0.41/volume/v3/bfd7a7826916454a9b4810be6e24249c/types returned with HTTP 200
Jun 08 18:22:29.104048 dv-cinder-733622-16-smb devstack@c-api.service[98520]: [pid: 98520|app: 0|req: 79/173] 10.222.0.41 () {60 vars in 1229 bytes} [Tue Jun 8 18:22:29 2021] POST /volume/v3/bfd7a7826916454a9b4810be6e24249c/types => generated 220 bytes in 73 msecs (HTTP/1.1 200) 7 headers in 285 bytes (1 switches on core 0)
Jun 08 18:22:29.114424 dv-cinder-733622-16-smb devstack@c-api.service[98520]: INFO cinder.api.openstack.wsgi [None req-76e859f2-e985-4a4d-ad61-61c29094d068 tempest-VolumeTypesTest-1282905677 tempest-VolumeTypesTest-1282905677-project-admin] PUT http://10.222.0.41/volume/v3/bfd7a7826916454a9b4810be6e24249c/types/5e3acc29-169b-4fe4-b703-bc08a18331cb
Jun 08 18:22:29.115260 dv-cinder-733622-16-smb devstack@c-api.service[98520]: DEBUG cinder.api.openstack.wsgi [None req-76e859f2-e985-4a4d-ad61-61c29094d068 tempest-VolumeTypesTest-1282905677 tempest-VolumeTypesTest-1282905677-project-admin] Action: 'update', calling method: _update, body: {"volume_type": {"name": "tempest-volume-type-573869508", "description": "tempest-volume-type-description-1610629831", "is_public": false}} {{(pid=98520) _process_stack /opt/stack/cinder/cinder/api/openstack/wsgi.py:864}}
Jun 08 18:22:29.261278 dv-cinder-733622-16-smb devstack@c-api.service[98519]: INFO cinder.api.openstack.wsgi [None req-b3b118d0-7627-4292-b65b-f144eaec01fe tempest-GroupSnapshotsTest-1096412411 tempest-GroupSnapshotsTest-1096412411-project] POST http://10.222.0.41/volume/v3/4ffc14912bd34ffba8f5eb6699078137/groups
Jun 08 18:22:29.262124 dv-cinder-733622-16-smb devstack@c-api.service[98519]: DEBUG cinder.api.openstack.wsgi [None req-b3b118d0-7627-4292-b65b-f144eaec01fe tempest-GroupSnapshotsTest-1096412411 tempest-GroupSnapshotsTest-1096412411-project] Action: 'create', calling method: version_select, body: {"group": {"group_type": "4b7009ea-0300-4bd3-a976-8983192010a5", "volume_types": ["a08ff299-32af-403a-b582-0a174da638fc"], "name": "tempest-GroupSnapshotsTest-Group-1350732102"}} {{(pid=98519) _process_stack /opt/stack/cinder/cinder/api/openstack/wsgi.py:864}}
Jun 08 18:22:29.263723 dv-cinder-733622-16-smb devstack@c-api.service[98519]: DEBUG cinder.api.v3.groups [None req-b3b118d0-7627-4292-b65b-f144eaec01fe tempest-GroupSnapshotsTest-1096412411 tempest-GroupSnapshotsTest-1096412411-project] Creating new group {'group': {'group_type': '4b7009ea-0300-4bd3-a976-8983192010a5', 'volume_types': ['a08ff299-32af-403a-b582-0a174da638fc'], 'name': 'tempest-GroupSnapshotsTest-Group-1350732102'}} {{(pid=98519) create /opt/stack/cinder/cinder/api/v3/groups.py:190}}
Jun 08 18:22:29.288450 dv-cinder-733622-16-smb devstack@c-api.service[98519]: INFO cinder.api.v3.groups [None req-b3b118d0-7627-4292-b65b-f144eaec01fe tempest-GroupSnapshotsTest-1096412411 tempest-GroupSnapshotsTest-1096412411-project] Creating group tempest-GroupSnapshotsTest-Group-1350732102.
Jun 08 18:22:29.348697 dv-cinder-733622-16-smb devstack@c-api.service[98519]: INFO cinder.volume.api [None req-b3b118d0-7627-4292-b65b-f144eaec01fe tempest-GroupSnapshotsTest-1096412411 tempest-GroupSnapshotsTest-1096412411-project] Availability Zones retrieved successfully.
Jun 08 18:22:29.360976 dv-cinder-733622-16-smb devstack@c-api.service[98520]: INFO cinder.api.openstack.wsgi [None req-76e859f2-e985-4a4d-ad61-61c29094d068 tempest-VolumeTypesTest-1282905677 tempest-VolumeTypesTest-1282905677-project-admin] http://10.222.0.41/volume/v3/bfd7a7826916454a9b4810be6e24249c/types/5e3acc29-169b-4fe4-b703-bc08a18331cb returned with HTTP 200
Jun 08 18:22:29.362353 dv-cinder-733622-16-smb devstack@c-api.service[98520]: [pid: 98520|app: 0|req: 80/174] 10.222.0.41 () {60 vars in 1340 bytes} [Tue Jun 8 18:22:29 2021] PUT /volume/v3/bfd7a7826916454a9b4810be6e24249c/types/5e3acc29-169b-4fe4-b703-bc08a18331cb => generated 204 bytes in 252 msecs (HTTP/1.1 200) 7 headers in 285 bytes (1 switches on core 0)
Jun 08 18:22:29.376486 dv-cinder-733622-16-smb devstack@c-api.service[98520]: INFO cinder.api.openstack.wsgi [None req-b51faa5a-a861-4362-a6e8-8339eddff6b1 tempest-VolumeTypesTest-1282905677 tempest-VolumeTypesTest-1282905677-project-admin] GET http://10.222.0.41/volume/v3/bfd7a7826916454a9b4810be6e24249c/types/5e3acc29-169b-4fe4-b703-bc08a18331cb
Jun 08 18:22:29.377129 dv-cinder-733622-16-smb devstack@c-api.service[98520]: DEBUG cinder.api.openstack.wsgi [None req-b51faa5a-a861-4362-a6e8-8339eddff6b1 tempest-VolumeTypesTest-1282905677 tempest-VolumeTypesTest-1282905677-project-admin] Empty body provided in request {{(pid=98520) get_body /opt/stack/cinder/cinder/api/openstack/wsgi.py:713}}
Jun 08 18:22:29.377592 dv-cinder-733622-16-smb devstack@c-api.service[98520]: DEBUG cinder.api.openstack.wsgi [None req-b51faa5a-a861-4362-a6e8-8339eddff6b1 tempest-VolumeTypesTest-1282905677 tempest-VolumeTypesTest-1282905677-project-admin] Calling method 'show' {{(pid=98520) _process_stack /opt/stack/cinder/cinder/api/openstack/wsgi.py:866}}
Jun 08 18:22:29.403665 dv-cinder-733622-16-smb devstack@c-api.service[98520]: INFO cinder.api.openstack.wsgi [None req-b51faa5a-a861-4362-a6e8-8339eddff6b1 tempest-VolumeTypesTest-1282905677 tempest-VolumeTypesTest-1282905677-project-admin] http://10.222.0.41/volume/v3/bfd7a7826916454a9b4810be6e24249c/types/5e3acc29-169b-4fe4-b703-bc08a18331cb returned with HTTP 200
Jun 08 18:22:29.404818 dv-cinder-733622-16-smb devstack@c-api.service[98520]: [pid: 98520|app: 0|req: 81/175] 10.222.0.41 () {58 vars in 1319 bytes} [Tue Jun 8 18:22:29 2021] GET /volume/v3/bfd7a7826916454a9b4810be6e24249c/types/5e3acc29-169b-4fe4-b703-bc08a18331cb => generated 268 bytes in 34 msecs (HTTP/1.1 200) 7 headers in 285 bytes (1 switches on core 0)
Jun 08 18:22:29.412907 dv-cinder-733622-16-smb devstack@c-api.service[98519]: DEBUG cinder.quota [None req-b3b118d0-7627-4292-b65b-f144eaec01fe tempest-GroupSnapshotsTest-1096412411 tempest-GroupSnapshotsTest-1096412411-project] Created reservations ['614d23ad-0fe3-4cf2-ae5d-b413cc88720a'] {{(pid=98519) reserve /opt/stack/cinder/cinder/quota.py:755}}
Jun 08 18:22:29.416250 dv-cinder-733622-16-smb devstack@c-api.service[98520]: INFO cinder.api.openstack.wsgi [None req-6a89e76b-5287-44b9-b52b-8122b6759d35 tempest-VolumeTypesTest-1282905677 tempest-VolumeTypesTest-1282905677-project-admin] DELETE http://10.222.0.41/volume/v3/bfd7a7826916454a9b4810be6e24249c/types/5e3acc29-169b-4fe4-b703-bc08a18331cb
Jun 08 18:22:29.416887 dv-cinder-733622-16-smb devstack@c-api.service[98520]: DEBUG cinder.api.openstack.wsgi [None req-6a89e76b-5287-44b9-b52b-8122b6759d35 tempest-VolumeTypesTest-1282905677 tempest-VolumeTypesTest-1282905677-project-admin] Empty body provided in request {{(pid=98520) get_body /opt/stack/cinder/cinder/api/openstack/wsgi.py:713}}
Jun 08 18:22:29.417368 dv-cinder-733622-16-smb devstack@c-api.service[98520]: DEBUG cinder.api.openstack.wsgi [None req-6a89e76b-5287-44b9-b52b-8122b6759d35 tempest-VolumeTypesTest-1282905677 tempest-VolumeTypesTest-1282905677-project-admin] Calling method '_delete' {{(pid=98520) _process_stack /opt/stack/cinder/cinder/api/openstack/wsgi.py:866}}
Jun 08 18:22:29.536775 dv-cinder-733622-16-smb devstack@c-api.service[98520]: INFO cinder.api.openstack.wsgi [None req-6a89e76b-5287-44b9-b52b-8122b6759d35 tempest-VolumeTypesTest-1282905677 tempest-VolumeTypesTest-1282905677-project-admin] http://10.222.0.41/volume/v3/bfd7a7826916454a9b4810be6e24249c/types/5e3acc29-169b-4fe4-b703-bc08a18331cb returned with HTTP 202
Jun 08 18:22:29.539276 dv-cinder-733622-16-smb devstack@c-api.service[98520]: [pid: 98520|app: 0|req: 82/176] 10.222.0.41 () {58 vars in 1322 bytes} [Tue Jun 8 18:22:29 2021] DELETE /volume/v3/bfd7a7826916454a9b4810be6e24249c/types/5e3acc29-169b-4fe4-b703-bc08a18331cb => generated 0 bytes in 127 msecs (HTTP/1.1 202) 6 headers in 233 bytes (1 switches on core 0)
Jun 08 18:22:29.542839 dv-cinder-733622-16-smb devstack@c-api.service[98519]: INFO cinder.api.openstack.wsgi [None req-b3b118d0-7627-4292-b65b-f144eaec01fe tempest-GroupSnapshotsTest-1096412411 tempest-GroupSnapshotsTest-1096412411-project] http://10.222.0.41/volume/v3/4ffc14912bd34ffba8f5eb6699078137/groups returned with HTTP 202
Jun 08 18:22:29.546923 dv-cinder-733622-16-smb devstack@c-api.service[98519]: [pid: 98519|app: 0|req: 95/177] 10.222.0.41 () {62 vars in 1274 bytes} [Tue Jun 8 18:22:28 2021] POST /volume/v3/4ffc14912bd34ffba8f5eb6699078137/groups => generated 112 bytes in 658 msecs (HTTP/1.1 202) 7 headers in 292 bytes (1 switches on core 0)
Jun 08 18:22:29.565571 dv-cinder-733622-16-smb devstack@c-api.service[98519]: INFO cinder.api.openstack.wsgi [None req-7818ec6d-c183-4835-ac0a-61666a8d05ba tempest-GroupSnapshotsTest-1096412411 tempest-GroupSnapshotsTest-1096412411-project] GET http://10.222.0.41/volume/v3/4ffc14912bd34ffba8f5eb6699078137/groups/0ab3dbbe-ce36-4f77-9868-842a5eb06a77
Jun 08 18:22:29.565571 dv-cinder-733622-16-smb devstack@c-api.service[98519]: DEBUG cinder.api.openstack.wsgi [None req-7818ec6d-c183-4835-ac0a-61666a8d05ba tempest-GroupSnapshotsTest-1096412411 tempest-GroupSnapshotsTest-1096412411-project] Empty body provided in request {{(pid=98519) get_body /opt/stack/cinder/cinder/api/openstack/wsgi.py:713}}
Jun 08 18:22:29.565571 dv-cinder-733622-16-smb devstack@c-api.service[98519]: /usr/local/lib/python3.8/dist-packages/webob/acceptparse.py:1047: DeprecationWarning: The behavior of AcceptValidHeader.best_match is currently being maintained for backward compatibility, but it will be deprecated in the future, as it does not conform to the RFC.
Jun 08 18:22:29.565571 dv-cinder-733622-16-smb devstack@c-api.service[98519]: warnings.warn(
Jun 08 18:22:29.565571 dv-cinder-733622-16-smb devstack@c-api.service[98519]: DEBUG cinder.api.openstack.wsgi [None req-7818ec6d-c183-4835-ac0a-61666a8d05ba tempest-GroupSnapshotsTest-1096412411 tempest-GroupSnapshotsTest-1096412411-project] Calling method 'version_select' {{(pid=98519) _process_stack /opt/stack/cinder/cinder/api/openstack/wsgi.py:866}}
Jun 08 18:22:29.565571 dv-cinder-733622-16-smb devstack@c-api.service[98519]: DEBUG cinder.api.v3.groups [None req-7818ec6d-c183-4835-ac0a-61666a8d05ba tempest-GroupSnapshotsTest-1096412411 tempest-GroupSnapshotsTest-1096412411-project] show called for member 0ab3dbbe-ce36-4f77-9868-842a5eb06a77 {{(pid=98519) show /opt/stack/cinder/cinder/api/v3/groups.py:58}}
Jun 08 18:22:29.565989 dv-cinder-733622-16-smb devstack@c-api.service[98520]: INFO cinder.api.openstack.wsgi [None req-63eb3dcb-5916-4f80-914e-cdfae1d3a1e1 tempest-VolumeTypesTest-1282905677 tempest-VolumeTypesTest-1282905677-project-admin] GET http://10.222.0.41/volume/v3/bfd7a7826916454a9b4810be6e24249c/types/5e3acc29-169b-4fe4-b703-bc08a18331cb
Jun 08 18:22:29.565989 dv-cinder-733622-16-smb devstack@c-api.service[98520]: DEBUG cinder.api.openstack.wsgi [None req-63eb3dcb-5916-4f80-914e-cdfae1d3a1e1 tempest-VolumeTypesTest-1282905677 tempest-VolumeTypesTest-1282905677-project-admin] Empty body provided in request {{(pid=98520) get_body /opt/stack/cinder/cinder/api/openstack/wsgi.py:713}}
Jun 08 18:22:29.565989 dv-cinder-733622-16-smb devstack@c-api.service[98520]: DEBUG cinder.api.openstack.wsgi [None req-63eb3dcb-5916-4f80-914e-cdfae1d3a1e1 tempest-VolumeTypesTest-1282905677 tempest-VolumeTypesTest-1282905677-project-admin] Calling method 'show' {{(pid=98520) _process_stack /opt/stack/cinder/cinder/api/openstack/wsgi.py:866}}
Jun 08 18:22:29.583855 dv-cinder-733622-16-smb devstack@c-api.service[98520]: INFO cinder.api.openstack.wsgi [None req-63eb3dcb-5916-4f80-914e-cdfae1d3a1e1 tempest-VolumeTypesTest-1282905677 tempest-VolumeTypesTest-1282905677-project-admin] http://10.222.0.41/volume/v3/bfd7a7826916454a9b4810be6e24249c/types/5e3acc29-169b-4fe4-b703-bc08a18331cb returned with HTTP 404
Jun 08 18:22:29.584249 dv-cinder-733622-16-smb devstack@c-api.service[98519]: /usr/local/lib/python3.8/dist-packages/oslo_context/context.py:105: DeprecationWarning: Policy enforcement is depending on the value of is_admin. This key is deprecated. Please update your policy file to use the standard policy values.
Jun 08 18:22:29.584249 dv-cinder-733622-16-smb devstack@c-api.service[98519]: warnings.warn('Policy enforcement is depending on the value of '
Jun 08 18:22:29.587951 dv-cinder-733622-16-smb devstack@c-api.service[98520]: [pid: 98520|app: 0|req: 83/178] 10.222.0.41 () {58 vars in 1319 bytes} [Tue Jun 8 18:22:29 2021] GET /volume/v3/bfd7a7826916454a9b4810be6e24249c/types/5e3acc29-169b-4fe4-b703-bc08a18331cb => generated 114 bytes in 44 msecs (HTTP/1.1 404) 7 headers in 292 bytes (1 switches on core 0)
Jun 08 18:22:29.611144 dv-cinder-733622-16-smb devstack@c-api.service[98520]: INFO cinder.api.openstack.wsgi [None req-879665ea-318c-41cd-b4b8-fa83f0101332 tempest-VolumeTypesTest-1282905677 tempest-VolumeTypesTest-1282905677-project-admin] DELETE http://10.222.0.41/volume/v3/bfd7a7826916454a9b4810be6e24249c/types/bd87750a-6eaf-4e76-8c8f-0d6a43d3e99c
Jun 08 18:22:29.612139 dv-cinder-733622-16-smb devstack@c-api.service[98520]: DEBUG cinder.api.openstack.wsgi [None req-879665ea-318c-41cd-b4b8-fa83f0101332 tempest-VolumeTypesTest-1282905677 tempest-VolumeTypesTest-1282905677-project-admin] Empty body provided in request {{(pid=98520) get_body /opt/stack/cinder/cinder/api/openstack/wsgi.py:713}}
Jun 08 18:22:29.613388 dv-cinder-733622-16-smb devstack@c-api.service[98520]: DEBUG cinder.api.openstack.wsgi [None req-879665ea-318c-41cd-b4b8-fa83f0101332 tempest-VolumeTypesTest-1282905677 tempest-VolumeTypesTest-1282905677-project-admin] Calling method '_delete' {{(pid=98520) _process_stack /opt/stack/cinder/cinder/api/openstack/wsgi.py:866}}
Jun 08 18:22:29.664894 dv-cinder-733622-16-smb devstack@c-api.service[98519]: INFO cinder.api.openstack.wsgi [None req-7818ec6d-c183-4835-ac0a-61666a8d05ba tempest-GroupSnapshotsTest-1096412411 tempest-GroupSnapshotsTest-1096412411-project] http://10.222.0.41/volume/v3/4ffc14912bd34ffba8f5eb6699078137/groups/0ab3dbbe-ce36-4f77-9868-842a5eb06a77 returned with HTTP 200
Jun 08 18:22:29.677120 dv-cinder-733622-16-smb devstack@c-api.service[98519]: [pid: 98519|app: 0|req: 96/179] 10.222.0.41 () {60 vars in 1363 bytes} [Tue Jun 8 18:22:29 2021] GET /volume/v3/4ffc14912bd34ffba8f5eb6699078137/groups/0ab3dbbe-ce36-4f77-9868-842a5eb06a77 => generated 392 bytes in 124 msecs (HTTP/1.1 200) 7 headers in 286 bytes (1 switches on core 0)
Jun 08 18:22:29.772463 dv-cinder-733622-16-smb devstack@c-api.service[98520]: INFO cinder.api.openstack.wsgi [None req-879665ea-318c-41cd-b4b8-fa83f0101332 tempest-VolumeTypesTest-1282905677 tempest-VolumeTypesTest-1282905677-project-admin] http://10.222.0.41/volume/v3/bfd7a7826916454a9b4810be6e24249c/types/bd87750a-6eaf-4e76-8c8f-0d6a43d3e99c returned with HTTP 202
Jun 08 18:22:29.778308 dv-cinder-733622-16-smb devstack@c-api.service[98520]: [pid: 98520|app: 0|req: 84/180] 10.222.0.41 () {58 vars in 1322 bytes} [Tue Jun 8 18:22:29 2021] DELETE /volume/v3/bfd7a7826916454a9b4810be6e24249c/types/bd87750a-6eaf-4e76-8c8f-0d6a43d3e99c => generated 0 bytes in 182 msecs (HTTP/1.1 202) 6 headers in 233 bytes (1 switches on core 0)
Jun 08 18:22:29.789339 dv-cinder-733622-16-smb devstack@c-api.service[98519]: INFO cinder.api.openstack.wsgi [None req-42ea4c0d-0b06-4947-afdb-cf9d7481e90f tempest-VolumeTypesTest-1282905677 tempest-VolumeTypesTest-1282905677-project-admin] GET http://10.222.0.41/volume/v3/bfd7a7826916454a9b4810be6e24249c/types/bd87750a-6eaf-4e76-8c8f-0d6a43d3e99c
Jun 08 18:22:29.790223 dv-cinder-733622-16-smb devstack@c-api.service[98519]: DEBUG cinder.api.openstack.wsgi [None req-42ea4c0d-0b06-4947-afdb-cf9d7481e90f tempest-VolumeTypesTest-1282905677 tempest-VolumeTypesTest-1282905677-project-admin] Empty body provided in request {{(pid=98519) get_body /opt/stack/cinder/cinder/api/openstack/wsgi.py:713}}
Jun 08 18:22:29.792318 dv-cinder-733622-16-smb devstack@c-api.service[98519]: /usr/local/lib/python3.8/dist-packages/webob/acceptparse.py:1047: DeprecationWarning: The behavior of AcceptValidHeader.best_match is currently being maintained for backward compatibility, but it will be deprecated in the future, as it does not conform to the RFC.
Jun 08 18:22:29.792318 dv-cinder-733622-16-smb devstack@c-api.service[98519]: warnings.warn(
Jun 08 18:22:29.793409 dv-cinder-733622-16-smb devstack@c-api.service[98519]: DEBUG cinder.api.openstack.wsgi [None req-42ea4c0d-0b06-4947-afdb-cf9d7481e90f tempest-VolumeTypesTest-1282905677 tempest-VolumeTypesTest-1282905677-project-admin] Calling method 'show' {{(pid=98519) _process_stack /opt/stack/cinder/cinder/api/openstack/wsgi.py:866}}
Jun 08 18:22:29.824891 dv-cinder-733622-16-smb devstack@c-api.service[98520]: INFO cinder.api.openstack.wsgi [None req-d64cf3da-af1f-4ec8-b333-cc6b9a75b764 tempest-VolumeRetypeWithoutMigrationTest-453461466 tempest-VolumeRetypeWithoutMigrationTest-453461466-project] GET http://10.222.0.41/volume/v3/70b65d3e0e584da68ac48acdd0fab54c/volumes/2f12ff1c-5165-4172-a6ec-4dbe3ab0759a
Jun 08 18:22:29.825673 dv-cinder-733622-16-smb devstack@c-api.service[98520]: DEBUG cinder.api.openstack.wsgi [None req-d64cf3da-af1f-4ec8-b333-cc6b9a75b764 tempest-VolumeRetypeWithoutMigrationTest-453461466 tempest-VolumeRetypeWithoutMigrationTest-453461466-project] Empty body provided in request {{(pid=98520) get_body /opt/stack/cinder/cinder/api/openstack/wsgi.py:713}}
Jun 08 18:22:29.826427 dv-cinder-733622-16-smb devstack@c-api.service[98520]: DEBUG cinder.api.openstack.wsgi [None req-d64cf3da-af1f-4ec8-b333-cc6b9a75b764 tempest-VolumeRetypeWithoutMigrationTest-453461466 tempest-VolumeRetypeWithoutMigrationTest-453461466-project] Calling method 'show' {{(pid=98520) _process_stack /opt/stack/cinder/cinder/api/openstack/wsgi.py:866}}
Jun 08 18:22:29.868625 dv-cinder-733622-16-smb devstack@c-api.service[98519]: INFO cinder.api.openstack.wsgi [None req-42ea4c0d-0b06-4947-afdb-cf9d7481e90f tempest-VolumeTypesTest-1282905677 tempest-VolumeTypesTest-1282905677-project-admin] http://10.222.0.41/volume/v3/bfd7a7826916454a9b4810be6e24249c/types/bd87750a-6eaf-4e76-8c8f-0d6a43d3e99c returned with HTTP 404
Jun 08 18:22:29.874012 dv-cinder-733622-16-smb devstack@c-api.service[98519]: [pid: 98519|app: 0|req: 97/181] 10.222.0.41 () {58 vars in 1319 bytes} [Tue Jun 8 18:22:29 2021] GET /volume/v3/bfd7a7826916454a9b4810be6e24249c/types/bd87750a-6eaf-4e76-8c8f-0d6a43d3e99c => generated 114 bytes in 95 msecs (HTTP/1.1 404) 7 headers in 292 bytes (2 switches on core 0)
Jun 08 18:22:29.898911 dv-cinder-733622-16-smb devstack@c-api.service[98519]: INFO cinder.api.openstack.wsgi [None req-634f14ad-bc9c-412c-9d42-672c8a432ccd tempest-VolumeTypesTest-1282905677 tempest-VolumeTypesTest-1282905677-project-admin] DELETE http://10.222.0.41/volume/v3/bfd7a7826916454a9b4810be6e24249c/types/913f94f0-b964-4734-9a09-26188648b384
Jun 08 18:22:29.900369 dv-cinder-733622-16-smb devstack@c-api.service[98519]: DEBUG cinder.api.openstack.wsgi [None req-634f14ad-bc9c-412c-9d42-672c8a432ccd tempest-VolumeTypesTest-1282905677 tempest-VolumeTypesTest-1282905677-project-admin] Empty body provided in request {{(pid=98519) get_body /opt/stack/cinder/cinder/api/openstack/wsgi.py:713}}
Jun 08 18:22:29.901666 dv-cinder-733622-16-smb devstack@c-api.service[98519]: DEBUG cinder.api.openstack.wsgi [None req-634f14ad-bc9c-412c-9d42-672c8a432ccd tempest-VolumeTypesTest-1282905677 tempest-VolumeTypesTest-1282905677-project-admin] Calling method '_delete' {{(pid=98519) _process_stack /opt/stack/cinder/cinder/api/openstack/wsgi.py:866}}
Jun 08 18:22:29.901997 dv-cinder-733622-16-smb devstack@c-api.service[98520]: /usr/local/lib/python3.8/dist-packages/oslo_context/context.py:105: DeprecationWarning: Policy enforcement is depending on the value of is_admin. This key is deprecated. Please update your policy file to use the standard policy values.
Jun 08 18:22:29.901997 dv-cinder-733622-16-smb devstack@c-api.service[98520]: warnings.warn('Policy enforcement is depending on the value of '
Jun 08 18:22:29.909945 dv-cinder-733622-16-smb devstack@c-api.service[98519]: /usr/local/lib/python3.8/dist-packages/oslo_context/context.py:105: DeprecationWarning: Policy enforcement is depending on the value of is_admin. This key is deprecated. Please update your policy file to use the standard policy values.
Jun 08 18:22:29.909945 dv-cinder-733622-16-smb devstack@c-api.service[98519]: warnings.warn('Policy enforcement is depending on the value of '
Jun 08 18:22:29.913511 dv-cinder-733622-16-smb devstack@c-api.service[98520]: INFO cinder.volume.api [None req-d64cf3da-af1f-4ec8-b333-cc6b9a75b764 tempest-VolumeRetypeWithoutMigrationTest-453461466 tempest-VolumeRetypeWithoutMigrationTest-453461466-project] Volume info retrieved successfully.
Jun 08 18:22:29.939733 dv-cinder-733622-16-smb devstack@c-api.service[98520]: INFO cinder.api.openstack.wsgi [None req-d64cf3da-af1f-4ec8-b333-cc6b9a75b764 tempest-VolumeRetypeWithoutMigrationTest-453461466 tempest-VolumeRetypeWithoutMigrationTest-453461466-project] http://10.222.0.41/volume/v3/70b65d3e0e584da68ac48acdd0fab54c/volumes/2f12ff1c-5165-4172-a6ec-4dbe3ab0759a returned with HTTP 200
Jun 08 18:22:29.945661 dv-cinder-733622-16-smb devstack@c-api.service[98520]: [pid: 98520|app: 0|req: 85/182] 10.222.0.41 () {58 vars in 1325 bytes} [Tue Jun 8 18:22:29 2021] GET /volume/v3/70b65d3e0e584da68ac48acdd0fab54c/volumes/2f12ff1c-5165-4172-a6ec-4dbe3ab0759a => generated 926 bytes in 127 msecs (HTTP/1.1 200) 7 headers in 285 bytes (2 switches on core 0)
Jun 08 18:22:29.966569 dv-cinder-733622-16-smb devstack@c-api.service[98520]: INFO cinder.api.openstack.wsgi [None req-8e3b5cdf-c25c-40d7-9e04-6dd1177f9d2b tempest-VolumeRetypeWithoutMigrationTest-1757008151 tempest-VolumeRetypeWithoutMigrationTest-1757008151-project-admin] GET http://10.222.0.41/volume/v3/17c1d293f3ad46a4bea9197fbcbde229/volumes/2f12ff1c-5165-4172-a6ec-4dbe3ab0759a
Jun 08 18:22:29.972905 dv-cinder-733622-16-smb devstack@c-api.service[98520]: DEBUG cinder.api.openstack.wsgi [None req-8e3b5cdf-c25c-40d7-9e04-6dd1177f9d2b tempest-VolumeRetypeWithoutMigrationTest-1757008151 tempest-VolumeRetypeWithoutMigrationTest-1757008151-project-admin] Empty body provided in request {{(pid=98520) get_body /opt/stack/cinder/cinder/api/openstack/wsgi.py:713}}
Jun 08 18:22:29.973299 dv-cinder-733622-16-smb devstack@c-api.service[98520]: /usr/local/lib/python3.8/dist-packages/webob/acceptparse.py:1047: DeprecationWarning: The behavior of AcceptValidHeader.best_match is currently being maintained for backward compatibility, but it will be deprecated in the future, as it does not conform to the RFC.
Jun 08 18:22:29.973299 dv-cinder-733622-16-smb devstack@c-api.service[98520]: warnings.warn(
Jun 08 18:22:29.976473 dv-cinder-733622-16-smb devstack@c-api.service[98520]: DEBUG cinder.api.openstack.wsgi [None req-8e3b5cdf-c25c-40d7-9e04-6dd1177f9d2b tempest-VolumeRetypeWithoutMigrationTest-1757008151 tempest-VolumeRetypeWithoutMigrationTest-1757008151-project-admin] Calling method 'show' {{(pid=98520) _process_stack /opt/stack/cinder/cinder/api/openstack/wsgi.py:866}}
Jun 08 18:22:30.048713 dv-cinder-733622-16-smb devstack@c-api.service[98519]: INFO cinder.api.openstack.wsgi [None req-634f14ad-bc9c-412c-9d42-672c8a432ccd tempest-VolumeTypesTest-1282905677 tempest-VolumeTypesTest-1282905677-project-admin] http://10.222.0.41/volume/v3/bfd7a7826916454a9b4810be6e24249c/types/913f94f0-b964-4734-9a09-26188648b384 returned with HTTP 202
Jun 08 18:22:30.050010 dv-cinder-733622-16-smb devstack@c-api.service[98519]: [pid: 98519|app: 0|req: 98/183] 10.222.0.41 () {58 vars in 1322 bytes} [Tue Jun 8 18:22:29 2021] DELETE /volume/v3/bfd7a7826916454a9b4810be6e24249c/types/913f94f0-b964-4734-9a09-26188648b384 => generated 0 bytes in 173 msecs (HTTP/1.1 202) 6 headers in 233 bytes (1 switches on core 0)
Jun 08 18:22:30.055066 dv-cinder-733622-16-smb devstack@c-api.service[98519]: INFO cinder.api.openstack.wsgi [None req-2f817777-af0a-49a1-b2f0-79b9c8836d35 tempest-SnapshotMetadataTestJSON-506838345 tempest-SnapshotMetadataTestJSON-506838345-project] GET http://10.222.0.41/volume/v3/aab6c3b962304537951d215f78bc2544/snapshots/b4e99a96-9a5f-497e-b7ab-e24f4c2b22a2
Jun 08 18:22:30.055662 dv-cinder-733622-16-smb devstack@c-api.service[98519]: DEBUG cinder.api.openstack.wsgi [None req-2f817777-af0a-49a1-b2f0-79b9c8836d35 tempest-SnapshotMetadataTestJSON-506838345 tempest-SnapshotMetadataTestJSON-506838345-project] Empty body provided in request {{(pid=98519) get_body /opt/stack/cinder/cinder/api/openstack/wsgi.py:713}}
