May 06 18:35:40.295320 dv-cinder-733622-15-smb devstack@c-api.service[85913]: DEBUG cinder.api.openstack.wsgi [None req-e1380b6e-ed64-43ab-a2ef-a4552ce3a039 tempest-VolumeQuotasNegativeTestJSON-1362310023 tempest-VolumeQuotasNegativeTestJSON-1362310023-project] Empty body provided in request {{(pid=85913) get_body /opt/stack/cinder/cinder/api/openstack/wsgi.py:713}}
May 06 18:35:40.295901 dv-cinder-733622-15-smb devstack@c-api.service[85913]: DEBUG cinder.api.openstack.wsgi [None req-e1380b6e-ed64-43ab-a2ef-a4552ce3a039 tempest-VolumeQuotasNegativeTestJSON-1362310023 tempest-VolumeQuotasNegativeTestJSON-1362310023-project] Calling method 'show' {{(pid=85913) _process_stack /opt/stack/cinder/cinder/api/openstack/wsgi.py:866}}
May 06 18:35:40.312274 dv-cinder-733622-15-smb devstack@c-api.service[85914]: INFO cinder.api.openstack.wsgi [None req-e2358c85-679d-4699-8427-717d511ae610 tempest-VolumeTypesAccessTest-405441343 tempest-VolumeTypesAccessTest-405441343-project] http://10.222.0.11/volume/v3/59bf2cc30af04658881622403f3f5ef6/volumes/a382e566-7db2-4939-8e3f-8a2c40814ef9 returned with HTTP 200
May 06 18:35:40.326468 dv-cinder-733622-15-smb devstack@c-api.service[85914]: [pid: 85914|app: 0|req: 28/62] 10.222.0.11 () {58 vars in 1325 bytes} [Thu May 6 18:35:39 2021] GET /volume/v3/59bf2cc30af04658881622403f3f5ef6/volumes/a382e566-7db2-4939-8e3f-8a2c40814ef9 => generated 954 bytes in 425 msecs (HTTP/1.1 200) 7 headers in 285 bytes (1 switches on core 0)
May 06 18:35:40.333923 dv-cinder-733622-15-smb devstack@c-api.service[85914]: INFO cinder.api.openstack.wsgi [None req-c65ab596-44af-489c-bae0-1023833de80e tempest-GroupTypeSpecsTest-1035795446 tempest-GroupTypeSpecsTest-1035795446-project-admin] POST http://10.222.0.11/volume/v3/b98a0ab3e6eb434fa0ed12b01c8cbe63/group_types/8a95593f-21fd-4fd2-b6b4-c95e4dd756a2/group_specs
May 06 18:35:40.334950 dv-cinder-733622-15-smb devstack@c-api.service[85914]: /usr/local/lib/python3.8/dist-packages/webob/acceptparse.py:1047: DeprecationWarning: The behavior of AcceptValidHeader.best_match is currently being maintained for backward compatibility, but it will be deprecated in the future, as it does not conform to the RFC.
May 06 18:35:40.334950 dv-cinder-733622-15-smb devstack@c-api.service[85914]: warnings.warn(
May 06 18:35:40.335771 dv-cinder-733622-15-smb devstack@c-api.service[85914]: DEBUG cinder.api.openstack.wsgi [None req-c65ab596-44af-489c-bae0-1023833de80e tempest-GroupTypeSpecsTest-1035795446 tempest-GroupTypeSpecsTest-1035795446-project-admin] Action: 'create', calling method: version_select, body: {"group_specs": {"key1": "value1", "key2": "value2"}} {{(pid=85914) _process_stack /opt/stack/cinder/cinder/api/openstack/wsgi.py:864}}
May 06 18:35:40.408813 dv-cinder-733622-15-smb devstack@c-api.service[85913]: /usr/local/lib/python3.8/dist-packages/oslo_context/context.py:105: DeprecationWarning: Policy enforcement is depending on the value of is_admin. This key is deprecated. Please update your policy file to use the standard policy values.
May 06 18:35:40.408813 dv-cinder-733622-15-smb devstack@c-api.service[85913]: warnings.warn('Policy enforcement is depending on the value of '
May 06 18:35:40.440461 dv-cinder-733622-15-smb devstack@c-api.service[85914]: INFO cinder.api.openstack.wsgi [None req-c65ab596-44af-489c-bae0-1023833de80e tempest-GroupTypeSpecsTest-1035795446 tempest-GroupTypeSpecsTest-1035795446-project-admin] http://10.222.0.11/volume/v3/b98a0ab3e6eb434fa0ed12b01c8cbe63/group_types/8a95593f-21fd-4fd2-b6b4-c95e4dd756a2/group_specs returned with HTTP 202
May 06 18:35:40.442532 dv-cinder-733622-15-smb devstack@c-api.service[85914]: [pid: 85914|app: 0|req: 29/63] 10.222.0.11 () {62 vars in 1435 bytes} [Thu May 6 18:35:40 2021] POST /volume/v3/b98a0ab3e6eb434fa0ed12b01c8cbe63/group_types/8a95593f-21fd-4fd2-b6b4-c95e4dd756a2/group_specs => generated 53 bytes in 115 msecs (HTTP/1.1 202) 7 headers in 291 bytes (1 switches on core 0)
May 06 18:35:40.450617 dv-cinder-733622-15-smb devstack@c-api.service[85913]: INFO cinder.volume.api [None req-e1380b6e-ed64-43ab-a2ef-a4552ce3a039 tempest-VolumeQuotasNegativeTestJSON-1362310023 tempest-VolumeQuotasNegativeTestJSON-1362310023-project] Volume info retrieved successfully.
May 06 18:35:40.452920 dv-cinder-733622-15-smb devstack@c-api.service[85914]: INFO cinder.api.openstack.wsgi [None req-e9671bfb-f90d-480e-b476-2e0339765b11 tempest-VolumeTypesAccessTest-1129919298 tempest-VolumeTypesAccessTest-1129919298-project-admin] POST http://10.222.0.11/volume/v3/4fe62aa3422548da8715c05cce2bea56/types/0092cf41-43ac-49aa-bcb2-b10f5d1769c8/action
May 06 18:35:40.455224 dv-cinder-733622-15-smb devstack@c-api.service[85914]: DEBUG cinder.api.openstack.wsgi [None req-e9671bfb-f90d-480e-b476-2e0339765b11 tempest-VolumeTypesAccessTest-1129919298 tempest-VolumeTypesAccessTest-1129919298-project-admin] Action body: b'{"removeProjectAccess": {"project": "59bf2cc30af04658881622403f3f5ef6"}}' {{(pid=85914) get_method /opt/stack/cinder/cinder/api/openstack/wsgi.py:981}}
May 06 18:35:40.455868 dv-cinder-733622-15-smb devstack@c-api.service[85914]: DEBUG cinder.api.openstack.wsgi [None req-e9671bfb-f90d-480e-b476-2e0339765b11 tempest-VolumeTypesAccessTest-1129919298 tempest-VolumeTypesAccessTest-1129919298-project-admin] Action: 'action', calling method: _removeProjectAccess, body: {"removeProjectAccess": {"project": "59bf2cc30af04658881622403f3f5ef6"}} {{(pid=85914) _process_stack /opt/stack/cinder/cinder/api/openstack/wsgi.py:864}}
May 06 18:35:40.538426 dv-cinder-733622-15-smb devstack@c-api.service[85914]: INFO cinder.api.openstack.wsgi [None req-e9671bfb-f90d-480e-b476-2e0339765b11 tempest-VolumeTypesAccessTest-1129919298 tempest-VolumeTypesAccessTest-1129919298-project-admin] http://10.222.0.11/volume/v3/4fe62aa3422548da8715c05cce2bea56/types/0092cf41-43ac-49aa-bcb2-b10f5d1769c8/action returned with HTTP 202
May 06 18:35:40.539394 dv-cinder-733622-15-smb devstack@c-api.service[85914]: [pid: 85914|app: 0|req: 30/64] 10.222.0.11 () {60 vars in 1361 bytes} [Thu May 6 18:35:40 2021] POST /volume/v3/4fe62aa3422548da8715c05cce2bea56/types/0092cf41-43ac-49aa-bcb2-b10f5d1769c8/action => generated 0 bytes in 96 msecs (HTTP/1.1 202) 6 headers in 233 bytes (1 switches on core 0)
May 06 18:35:40.551185 dv-cinder-733622-15-smb devstack@c-api.service[85914]: INFO cinder.api.openstack.wsgi [None req-e9396635-017b-4025-8d49-e4294cae8801 tempest-GroupTypeSpecsTest-1035795446 tempest-GroupTypeSpecsTest-1035795446-project-admin] POST http://10.222.0.11/volume/v3/b98a0ab3e6eb434fa0ed12b01c8cbe63/group_types/8a95593f-21fd-4fd2-b6b4-c95e4dd756a2/group_specs
May 06 18:35:40.552007 dv-cinder-733622-15-smb devstack@c-api.service[85914]: DEBUG cinder.api.openstack.wsgi [None req-e9396635-017b-4025-8d49-e4294cae8801 tempest-GroupTypeSpecsTest-1035795446 tempest-GroupTypeSpecsTest-1035795446-project-admin] Action: 'create', calling method: version_select, body: {"group_specs": {"key2": "value2-updated", "key3": "value3"}} {{(pid=85914) _process_stack /opt/stack/cinder/cinder/api/openstack/wsgi.py:864}}
May 06 18:35:40.566142 dv-cinder-733622-15-smb devstack@c-api.service[85913]: INFO cinder.api.openstack.wsgi [None req-e1380b6e-ed64-43ab-a2ef-a4552ce3a039 tempest-VolumeQuotasNegativeTestJSON-1362310023 tempest-VolumeQuotasNegativeTestJSON-1362310023-project] http://10.222.0.11/volume/v3/bbe8e1f3f3024fa9aa249ed91420180a/volumes/4dd42048-346f-478b-bffa-b9639c130c42 returned with HTTP 200
May 06 18:35:40.578392 dv-cinder-733622-15-smb devstack@c-api.service[85913]: [pid: 85913|app: 0|req: 35/65] 10.222.0.11 () {58 vars in 1325 bytes} [Thu May 6 18:35:40 2021] GET /volume/v3/bbe8e1f3f3024fa9aa249ed91420180a/volumes/4dd42048-346f-478b-bffa-b9639c130c42 => generated 920 bytes in 286 msecs (HTTP/1.1 200) 7 headers in 285 bytes (1 switches on core 0)
May 06 18:35:40.580776 dv-cinder-733622-15-smb devstack@c-api.service[85913]: INFO cinder.api.openstack.wsgi [None req-ddcfc58c-d2ff-44f2-9e1d-bae3382d5047 tempest-VolumeTypesAccessTest-1129919298 tempest-VolumeTypesAccessTest-1129919298-project-admin] POST http://10.222.0.11/volume/v3/4fe62aa3422548da8715c05cce2bea56/types
May 06 18:35:40.581612 dv-cinder-733622-15-smb devstack@c-api.service[85913]: /usr/local/lib/python3.8/dist-packages/webob/acceptparse.py:1047: DeprecationWarning: The behavior of AcceptValidHeader.best_match is currently being maintained for backward compatibility, but it will be deprecated in the future, as it does not conform to the RFC.
May 06 18:35:40.581612 dv-cinder-733622-15-smb devstack@c-api.service[85913]: warnings.warn(
May 06 18:35:40.582215 dv-cinder-733622-15-smb devstack@c-api.service[85913]: DEBUG cinder.api.openstack.wsgi [None req-ddcfc58c-d2ff-44f2-9e1d-bae3382d5047 tempest-VolumeTypesAccessTest-1129919298 tempest-VolumeTypesAccessTest-1129919298-project-admin] Action: 'create', calling method: _create, body: {"volume_type": {"name": "tempest-VolumeTypesAccessTest-volume-type-266133648", "os-volume-type-access:is_public": false}} {{(pid=85913) _process_stack /opt/stack/cinder/cinder/api/openstack/wsgi.py:864}}
May 06 18:35:40.604782 dv-cinder-733622-15-smb devstack@c-api.service[85914]: INFO cinder.api.openstack.wsgi [None req-e9396635-017b-4025-8d49-e4294cae8801 tempest-GroupTypeSpecsTest-1035795446 tempest-GroupTypeSpecsTest-1035795446-project-admin] http://10.222.0.11/volume/v3/b98a0ab3e6eb434fa0ed12b01c8cbe63/group_types/8a95593f-21fd-4fd2-b6b4-c95e4dd756a2/group_specs returned with HTTP 202
May 06 18:35:40.607593 dv-cinder-733622-15-smb devstack@c-api.service[85914]: [pid: 85914|app: 0|req: 31/66] 10.222.0.11 () {62 vars in 1435 bytes} [Thu May 6 18:35:40 2021] POST /volume/v3/b98a0ab3e6eb434fa0ed12b01c8cbe63/group_types/8a95593f-21fd-4fd2-b6b4-c95e4dd756a2/group_specs => generated 61 bytes in 62 msecs (HTTP/1.1 202) 7 headers in 291 bytes (1 switches on core 0)
May 06 18:35:40.615613 dv-cinder-733622-15-smb devstack@c-api.service[85914]: INFO cinder.api.openstack.wsgi [None req-66feb582-39dc-4976-93c4-3152de4b4b21 tempest-VolumeQuotasNegativeTestJSON-1859152685 tempest-VolumeQuotasNegativeTestJSON-1859152685-project-admin] PUT http://10.222.0.11/volume/v3/f5ae3adc6c404dda84c71186b85ae27f/os-quota-sets/bbe8e1f3f3024fa9aa249ed91420180a
May 06 18:35:40.616856 dv-cinder-733622-15-smb devstack@c-api.service[85914]: DEBUG cinder.api.openstack.wsgi [None req-66feb582-39dc-4976-93c4-3152de4b4b21 tempest-VolumeQuotasNegativeTestJSON-1859152685 tempest-VolumeQuotasNegativeTestJSON-1859152685-project-admin] Action: 'update', calling method: update, body: {"quota_set": {"gigabytes": 1, "volumes": -1}} {{(pid=85914) _process_stack /opt/stack/cinder/cinder/api/openstack/wsgi.py:864}}
May 06 18:35:40.763801 dv-cinder-733622-15-smb devstack@c-api.service[85913]: INFO cinder.api.openstack.wsgi [None req-ddcfc58c-d2ff-44f2-9e1d-bae3382d5047 tempest-VolumeTypesAccessTest-1129919298 tempest-VolumeTypesAccessTest-1129919298-project-admin] http://10.222.0.11/volume/v3/4fe62aa3422548da8715c05cce2bea56/types returned with HTTP 200
May 06 18:35:40.765579 dv-cinder-733622-15-smb devstack@c-api.service[85913]: [pid: 85913|app: 0|req: 36/67] 10.222.0.11 () {60 vars in 1230 bytes} [Thu May 6 18:35:40 2021] POST /volume/v3/4fe62aa3422548da8715c05cce2bea56/types => generated 228 bytes in 197 msecs (HTTP/1.1 200) 7 headers in 285 bytes (1 switches on core 0)
May 06 18:35:40.776695 dv-cinder-733622-15-smb devstack@c-api.service[85913]: INFO cinder.api.openstack.wsgi [None req-82e4bad3-b203-4358-a1f5-ffca0032f84f tempest-GroupTypeSpecsTest-1035795446 tempest-GroupTypeSpecsTest-1035795446-project-admin] GET http://10.222.0.11/volume/v3/b98a0ab3e6eb434fa0ed12b01c8cbe63/group_types/8a95593f-21fd-4fd2-b6b4-c95e4dd756a2/group_specs/key2
May 06 18:35:40.777653 dv-cinder-733622-15-smb devstack@c-api.service[85913]: DEBUG cinder.api.openstack.wsgi [None req-82e4bad3-b203-4358-a1f5-ffca0032f84f tempest-GroupTypeSpecsTest-1035795446 tempest-GroupTypeSpecsTest-1035795446-project-admin] Empty body provided in request {{(pid=85913) get_body /opt/stack/cinder/cinder/api/openstack/wsgi.py:713}}
May 06 18:35:40.778449 dv-cinder-733622-15-smb devstack@c-api.service[85913]: DEBUG cinder.api.openstack.wsgi [None req-82e4bad3-b203-4358-a1f5-ffca0032f84f tempest-GroupTypeSpecsTest-1035795446 tempest-GroupTypeSpecsTest-1035795446-project-admin] Calling method 'version_select' {{(pid=85913) _process_stack /opt/stack/cinder/cinder/api/openstack/wsgi.py:866}}
May 06 18:35:40.799566 dv-cinder-733622-15-smb devstack@c-api.service[85914]: WARNING cinder.quota [None req-66feb582-39dc-4976-93c4-3152de4b4b21 tempest-VolumeQuotasNegativeTestJSON-1859152685 tempest-VolumeQuotasNegativeTestJSON-1859152685-project-admin] Deprecated: Default quota for resource: volumes_tempest-VolumeTypesAccessTest-volume-type-266133648 is set by the default quota flag: quota_volumes_tempest-VolumeTypesAccessTest-volume-type-266133648, it is now deprecated. Please use the default quota class for default quota.
May 06 18:35:40.800519 dv-cinder-733622-15-smb devstack@c-api.service[85914]: WARNING cinder.quota [None req-66feb582-39dc-4976-93c4-3152de4b4b21 tempest-VolumeQuotasNegativeTestJSON-1859152685 tempest-VolumeQuotasNegativeTestJSON-1859152685-project-admin] Deprecated: Default quota for resource: gigabytes_tempest-VolumeTypesAccessTest-volume-type-266133648 is set by the default quota flag: quota_gigabytes_tempest-VolumeTypesAccessTest-volume-type-266133648, it is now deprecated. Please use the default quota class for default quota.
May 06 18:35:40.801480 dv-cinder-733622-15-smb devstack@c-api.service[85914]: WARNING cinder.quota [None req-66feb582-39dc-4976-93c4-3152de4b4b21 tempest-VolumeQuotasNegativeTestJSON-1859152685 tempest-VolumeQuotasNegativeTestJSON-1859152685-project-admin] Deprecated: Default quota for resource: snapshots_tempest-VolumeTypesAccessTest-volume-type-266133648 is set by the default quota flag: quota_snapshots_tempest-VolumeTypesAccessTest-volume-type-266133648, it is now deprecated. Please use the default quota class for default quota.
May 06 18:35:40.828922 dv-cinder-733622-15-smb devstack@c-api.service[85914]: INFO cinder.api.openstack.wsgi [None req-66feb582-39dc-4976-93c4-3152de4b4b21 tempest-VolumeQuotasNegativeTestJSON-1859152685 tempest-VolumeQuotasNegativeTestJSON-1859152685-project-admin] http://10.222.0.11/volume/v3/f5ae3adc6c404dda84c71186b85ae27f/os-quota-sets/bbe8e1f3f3024fa9aa249ed91420180a returned with HTTP 200
May 06 18:35:40.829931 dv-cinder-733622-15-smb devstack@c-api.service[85914]: [pid: 85914|app: 0|req: 32/68] 10.222.0.11 () {60 vars in 1351 bytes} [Thu May 6 18:35:40 2021] PUT /volume/v3/f5ae3adc6c404dda84c71186b85ae27f/os-quota-sets/bbe8e1f3f3024fa9aa249ed91420180a => generated 729 bytes in 221 msecs (HTTP/1.1 200) 7 headers in 285 bytes (1 switches on core 0)
May 06 18:35:40.835214 dv-cinder-733622-15-smb devstack@c-api.service[85914]: INFO cinder.api.openstack.wsgi [None req-d278d4c0-f9bb-4872-b5f7-1da2535a3f4b tempest-VolumeTypesAccessTest-1129919298 tempest-VolumeTypesAccessTest-1129919298-project-admin] POST http://10.222.0.11/volume/v3/4fe62aa3422548da8715c05cce2bea56/types/6ad45b92-6f90-4735-b8b3-609fb27a687b/action
May 06 18:35:40.836092 dv-cinder-733622-15-smb devstack@c-api.service[85914]: DEBUG cinder.api.openstack.wsgi [None req-d278d4c0-f9bb-4872-b5f7-1da2535a3f4b tempest-VolumeTypesAccessTest-1129919298 tempest-VolumeTypesAccessTest-1129919298-project-admin] Action body: b'{"addProjectAccess": {"project": "59bf2cc30af04658881622403f3f5ef6"}}' {{(pid=85914) get_method /opt/stack/cinder/cinder/api/openstack/wsgi.py:981}}
May 06 18:35:40.836448 dv-cinder-733622-15-smb devstack@c-api.service[85914]: DEBUG cinder.api.openstack.wsgi [None req-d278d4c0-f9bb-4872-b5f7-1da2535a3f4b tempest-VolumeTypesAccessTest-1129919298 tempest-VolumeTypesAccessTest-1129919298-project-admin] Action: 'action', calling method: _addProjectAccess, body: {"addProjectAccess": {"project": "59bf2cc30af04658881622403f3f5ef6"}} {{(pid=85914) _process_stack /opt/stack/cinder/cinder/api/openstack/wsgi.py:864}}
May 06 18:35:40.854457 dv-cinder-733622-15-smb devstack@c-api.service[85913]: INFO cinder.api.openstack.wsgi [None req-82e4bad3-b203-4358-a1f5-ffca0032f84f tempest-GroupTypeSpecsTest-1035795446 tempest-GroupTypeSpecsTest-1035795446-project-admin] http://10.222.0.11/volume/v3/b98a0ab3e6eb434fa0ed12b01c8cbe63/group_types/8a95593f-21fd-4fd2-b6b4-c95e4dd756a2/group_specs/key2 returned with HTTP 200
May 06 18:35:40.878019 dv-cinder-733622-15-smb devstack@c-api.service[85913]: [pid: 85913|app: 0|req: 37/69] 10.222.0.11 () {60 vars in 1429 bytes} [Thu May 6 18:35:40 2021] GET /volume/v3/b98a0ab3e6eb434fa0ed12b01c8cbe63/group_types/8a95593f-21fd-4fd2-b6b4-c95e4dd756a2/group_specs/key2 => generated 26 bytes in 112 msecs (HTTP/1.1 200) 7 headers in 285 bytes (1 switches on core 0)
May 06 18:35:40.887541 dv-cinder-733622-15-smb devstack@c-api.service[85914]: INFO cinder.api.openstack.wsgi [None req-d278d4c0-f9bb-4872-b5f7-1da2535a3f4b tempest-VolumeTypesAccessTest-1129919298 tempest-VolumeTypesAccessTest-1129919298-project-admin] http://10.222.0.11/volume/v3/4fe62aa3422548da8715c05cce2bea56/types/6ad45b92-6f90-4735-b8b3-609fb27a687b/action returned with HTTP 202
May 06 18:35:40.888395 dv-cinder-733622-15-smb devstack@c-api.service[85914]: [pid: 85914|app: 0|req: 33/70] 10.222.0.11 () {60 vars in 1361 bytes} [Thu May 6 18:35:40 2021] POST /volume/v3/4fe62aa3422548da8715c05cce2bea56/types/6ad45b92-6f90-4735-b8b3-609fb27a687b/action => generated 0 bytes in 58 msecs (HTTP/1.1 202) 6 headers in 233 bytes (1 switches on core 0)
May 06 18:35:40.893135 dv-cinder-733622-15-smb devstack@c-api.service[85913]: INFO cinder.api.openstack.wsgi [None req-a7b3a3c5-df21-4f5d-be04-29d731cf40ef tempest-VolumeQuotasNegativeTestJSON-1362310023 tempest-VolumeQuotasNegativeTestJSON-1362310023-project] POST http://10.222.0.11/volume/v3/bbe8e1f3f3024fa9aa249ed91420180a/volumes
May 06 18:35:40.894438 dv-cinder-733622-15-smb devstack@c-api.service[85913]: DEBUG cinder.api.openstack.wsgi [None req-a7b3a3c5-df21-4f5d-be04-29d731cf40ef tempest-VolumeQuotasNegativeTestJSON-1362310023 tempest-VolumeQuotasNegativeTestJSON-1362310023-project] Action: 'create', calling method: create, body: {"volume": {"size": 2}} {{(pid=85913) _process_stack /opt/stack/cinder/cinder/api/openstack/wsgi.py:864}}
May 06 18:35:40.896260 dv-cinder-733622-15-smb devstack@c-api.service[85913]: DEBUG cinder.api.v3.volumes [None req-a7b3a3c5-df21-4f5d-be04-29d731cf40ef tempest-VolumeQuotasNegativeTestJSON-1362310023 tempest-VolumeQuotasNegativeTestJSON-1362310023-project] Create volume request body: {'volume': {'size': 2}} {{(pid=85913) create /opt/stack/cinder/cinder/api/v3/volumes.py:289}}
May 06 18:35:40.896971 dv-cinder-733622-15-smb devstack@c-api.service[85913]: INFO cinder.api.v3.volumes [None req-a7b3a3c5-df21-4f5d-be04-29d731cf40ef tempest-VolumeQuotasNegativeTestJSON-1362310023 tempest-VolumeQuotasNegativeTestJSON-1362310023-project] Create volume of 2 GB
May 06 18:35:40.899219 dv-cinder-733622-15-smb devstack@c-api.service[85914]: INFO cinder.api.openstack.wsgi [None req-dad7573f-8798-4800-9bab-35cb7b977481 tempest-GroupTypeSpecsTest-1035795446 tempest-GroupTypeSpecsTest-1035795446-project-admin] GET http://10.222.0.11/volume/v3/b98a0ab3e6eb434fa0ed12b01c8cbe63/group_types/8a95593f-21fd-4fd2-b6b4-c95e4dd756a2/group_specs/key3
May 06 18:35:40.899801 dv-cinder-733622-15-smb devstack@c-api.service[85914]: DEBUG cinder.api.openstack.wsgi [None req-dad7573f-8798-4800-9bab-35cb7b977481 tempest-GroupTypeSpecsTest-1035795446 tempest-GroupTypeSpecsTest-1035795446-project-admin] Empty body provided in request {{(pid=85914) get_body /opt/stack/cinder/cinder/api/openstack/wsgi.py:713}}
May 06 18:35:40.900246 dv-cinder-733622-15-smb devstack@c-api.service[85914]: DEBUG cinder.api.openstack.wsgi [None req-dad7573f-8798-4800-9bab-35cb7b977481 tempest-GroupTypeSpecsTest-1035795446 tempest-GroupTypeSpecsTest-1035795446-project-admin] Calling method 'version_select' {{(pid=85914) _process_stack /opt/stack/cinder/cinder/api/openstack/wsgi.py:866}}
May 06 18:35:40.936004 dv-cinder-733622-15-smb devstack@c-api.service[85914]: INFO cinder.api.openstack.wsgi [None req-dad7573f-8798-4800-9bab-35cb7b977481 tempest-GroupTypeSpecsTest-1035795446 tempest-GroupTypeSpecsTest-1035795446-project-admin] http://10.222.0.11/volume/v3/b98a0ab3e6eb434fa0ed12b01c8cbe63/group_types/8a95593f-21fd-4fd2-b6b4-c95e4dd756a2/group_specs/key3 returned with HTTP 200
May 06 18:35:40.936815 dv-cinder-733622-15-smb devstack@c-api.service[85914]: [pid: 85914|app: 0|req: 34/71] 10.222.0.11 () {60 vars in 1429 bytes} [Thu May 6 18:35:40 2021] GET /volume/v3/b98a0ab3e6eb434fa0ed12b01c8cbe63/group_types/8a95593f-21fd-4fd2-b6b4-c95e4dd756a2/group_specs/key3 => generated 18 bytes in 44 msecs (HTTP/1.1 200) 7 headers in 285 bytes (1 switches on core 0)
May 06 18:35:40.937792 dv-cinder-733622-15-smb devstack@c-api.service[85913]: INFO cinder.volume.api [None req-a7b3a3c5-df21-4f5d-be04-29d731cf40ef tempest-VolumeQuotasNegativeTestJSON-1362310023 tempest-VolumeQuotasNegativeTestJSON-1362310023-project] Availability Zones retrieved successfully.
May 06 18:35:40.945519 dv-cinder-733622-15-smb devstack@c-api.service[85914]: INFO cinder.api.openstack.wsgi [None req-5d85075f-7853-402a-8950-6f26d3287a76 tempest-VolumeTypesAccessTest-1129919298 tempest-VolumeTypesAccessTest-1129919298-project-admin] POST http://10.222.0.11/volume/v3/4fe62aa3422548da8715c05cce2bea56/types/6ad45b92-6f90-4735-b8b3-609fb27a687b/action
May 06 18:35:40.946227 dv-cinder-733622-15-smb devstack@c-api.service[85914]: DEBUG cinder.api.openstack.wsgi [None req-5d85075f-7853-402a-8950-6f26d3287a76 tempest-VolumeTypesAccessTest-1129919298 tempest-VolumeTypesAccessTest-1129919298-project-admin] Action body: b'{"addProjectAccess": {"project": "8bf6342450524e05b9394357ac338357"}}' {{(pid=85914) get_method /opt/stack/cinder/cinder/api/openstack/wsgi.py:981}}
May 06 18:35:40.946575 dv-cinder-733622-15-smb devstack@c-api.service[85914]: DEBUG cinder.api.openstack.wsgi [None req-5d85075f-7853-402a-8950-6f26d3287a76 tempest-VolumeTypesAccessTest-1129919298 tempest-VolumeTypesAccessTest-1129919298-project-admin] Action: 'action', calling method: _addProjectAccess, body: {"addProjectAccess": {"project": "8bf6342450524e05b9394357ac338357"}} {{(pid=85914) _process_stack /opt/stack/cinder/cinder/api/openstack/wsgi.py:864}}
May 06 18:35:40.976371 dv-cinder-733622-15-smb devstack@c-api.service[85914]: INFO cinder.api.openstack.wsgi [None req-5d85075f-7853-402a-8950-6f26d3287a76 tempest-VolumeTypesAccessTest-1129919298 tempest-VolumeTypesAccessTest-1129919298-project-admin] http://10.222.0.11/volume/v3/4fe62aa3422548da8715c05cce2bea56/types/6ad45b92-6f90-4735-b8b3-609fb27a687b/action returned with HTTP 202
May 06 18:35:40.981383 dv-cinder-733622-15-smb devstack@c-api.service[85914]: [pid: 85914|app: 0|req: 35/72] 10.222.0.11 () {60 vars in 1361 bytes} [Thu May 6 18:35:40 2021] POST /volume/v3/4fe62aa3422548da8715c05cce2bea56/types/6ad45b92-6f90-4735-b8b3-609fb27a687b/action => generated 0 bytes in 44 msecs (HTTP/1.1 202) 6 headers in 233 bytes (1 switches on core 0)
May 06 18:35:40.987441 dv-cinder-733622-15-smb devstack@c-api.service[85914]: INFO cinder.api.openstack.wsgi [None req-793bd5bb-fc73-4dd7-92c1-af76dd52e711 tempest-GroupTypeSpecsTest-1035795446 tempest-GroupTypeSpecsTest-1035795446-project-admin] PUT http://10.222.0.11/volume/v3/b98a0ab3e6eb434fa0ed12b01c8cbe63/group_types/8a95593f-21fd-4fd2-b6b4-c95e4dd756a2/group_specs/key3
May 06 18:35:40.987441 dv-cinder-733622-15-smb devstack@c-api.service[85914]: DEBUG cinder.api.openstack.wsgi [None req-793bd5bb-fc73-4dd7-92c1-af76dd52e711 tempest-GroupTypeSpecsTest-1035795446 tempest-GroupTypeSpecsTest-1035795446-project-admin] Action: 'update', calling method: version_select, body: {"key3": "value3-updated"} {{(pid=85914) _process_stack /opt/stack/cinder/cinder/api/openstack/wsgi.py:864}}
May 06 18:35:41.013254 dv-cinder-733622-15-smb devstack@c-api.service[85913]: DEBUG cinder.volume.api [None req-a7b3a3c5-df21-4f5d-be04-29d731cf40ef tempest-VolumeQuotasNegativeTestJSON-1362310023 tempest-VolumeQuotasNegativeTestJSON-1362310023-project] Flow 'volume_create_api' (4acc3add-6d55-4dbb-8e9e-140186933ef5) transitioned into state 'RUNNING' from state 'PENDING' {{(pid=85913) _flow_receiver /usr/local/lib/python3.8/dist-packages/taskflow/listeners/logging.py:141}}
May 06 18:35:41.014936 dv-cinder-733622-15-smb devstack@c-api.service[85914]: INFO cinder.api.openstack.wsgi [None req-793bd5bb-fc73-4dd7-92c1-af76dd52e711 tempest-GroupTypeSpecsTest-1035795446 tempest-GroupTypeSpecsTest-1035795446-project-admin] http://10.222.0.11/volume/v3/b98a0ab3e6eb434fa0ed12b01c8cbe63/group_types/8a95593f-21fd-4fd2-b6b4-c95e4dd756a2/group_specs/key3 returned with HTTP 200
May 06 18:35:41.020239 dv-cinder-733622-15-smb devstack@c-api.service[85914]: [pid: 85914|app: 0|req: 36/73] 10.222.0.11 () {62 vars in 1449 bytes} [Thu May 6 18:35:40 2021] PUT /volume/v3/b98a0ab3e6eb434fa0ed12b01c8cbe63/group_types/8a95593f-21fd-4fd2-b6b4-c95e4dd756a2/group_specs/key3 => generated 26 bytes in 34 msecs (HTTP/1.1 200) 7 headers in 285 bytes (1 switches on core 0)
May 06 18:35:41.025336 dv-cinder-733622-15-smb devstack@c-api.service[85913]: DEBUG cinder.volume.api [None req-a7b3a3c5-df21-4f5d-be04-29d731cf40ef tempest-VolumeQuotasNegativeTestJSON-1362310023 tempest-VolumeQuotasNegativeTestJSON-1362310023-project] Task 'cinder.volume.flows.api.create_volume.ExtractVolumeRequestTask;volume:create' (874e0e58-42f9-4116-85fa-cf871710bb90) transitioned into state 'RUNNING' from state 'PENDING' {{(pid=85913) _task_receiver /usr/local/lib/python3.8/dist-packages/taskflow/listeners/logging.py:190}}
May 06 18:35:41.028907 dv-cinder-733622-15-smb devstack@c-api.service[85914]: INFO cinder.api.openstack.wsgi [None req-b2cc2303-6c90-462b-8897-0986b204a317 tempest-VolumeTypesAccessTest-1129919298 tempest-VolumeTypesAccessTest-1129919298-project-admin] GET http://10.222.0.11/volume/v3/4fe62aa3422548da8715c05cce2bea56/types/6ad45b92-6f90-4735-b8b3-609fb27a687b/os-volume-type-access
May 06 18:35:41.029661 dv-cinder-733622-15-smb devstack@c-api.service[85914]: DEBUG cinder.api.openstack.wsgi [None req-b2cc2303-6c90-462b-8897-0986b204a317 tempest-VolumeTypesAccessTest-1129919298 tempest-VolumeTypesAccessTest-1129919298-project-admin] Empty body provided in request {{(pid=85914) get_body /opt/stack/cinder/cinder/api/openstack/wsgi.py:713}}
May 06 18:35:41.030373 dv-cinder-733622-15-smb devstack@c-api.service[85914]: DEBUG cinder.api.openstack.wsgi [None req-b2cc2303-6c90-462b-8897-0986b204a317 tempest-VolumeTypesAccessTest-1129919298 tempest-VolumeTypesAccessTest-1129919298-project-admin] Calling method 'index' {{(pid=85914) _process_stack /opt/stack/cinder/cinder/api/openstack/wsgi.py:866}}
May 06 18:35:41.037050 dv-cinder-733622-15-smb devstack@c-api.service[85913]: DEBUG cinder.volume.flows.api.create_volume [None req-a7b3a3c5-df21-4f5d-be04-29d731cf40ef tempest-VolumeQuotasNegativeTestJSON-1362310023 tempest-VolumeQuotasNegativeTestJSON-1362310023-project] Validating volume size '2' using validate_int {{(pid=85913) _extract_size /opt/stack/cinder/cinder/volume/flows/api/create_volume.py:201}}
May 06 18:35:41.051545 dv-cinder-733622-15-smb devstack@c-api.service[85914]: INFO cinder.api.openstack.wsgi [None req-b2cc2303-6c90-462b-8897-0986b204a317 tempest-VolumeTypesAccessTest-1129919298 tempest-VolumeTypesAccessTest-1129919298-project-admin] http://10.222.0.11/volume/v3/4fe62aa3422548da8715c05cce2bea56/types/6ad45b92-6f90-4735-b8b3-609fb27a687b/os-volume-type-access returned with HTTP 200
May 06 18:35:41.058949 dv-cinder-733622-15-smb devstack@c-api.service[85914]: [pid: 85914|app: 0|req: 37/74] 10.222.0.11 () {58 vars in 1385 bytes} [Thu May 6 18:35:41 2021] GET /volume/v3/4fe62aa3422548da8715c05cce2bea56/types/6ad45b92-6f90-4735-b8b3-609fb27a687b/os-volume-type-access => generated 244 bytes in 37 msecs (HTTP/1.1 200) 7 headers in 285 bytes (1 switches on core 0)
May 06 18:35:41.063923 dv-cinder-733622-15-smb devstack@c-api.service[85914]: INFO cinder.api.openstack.wsgi [None req-6370ed29-a9e0-4702-8628-fe9ec2a053fd tempest-GroupTypeSpecsTest-1035795446 tempest-GroupTypeSpecsTest-1035795446-project-admin] GET http://10.222.0.11/volume/v3/b98a0ab3e6eb434fa0ed12b01c8cbe63/group_types/8a95593f-21fd-4fd2-b6b4-c95e4dd756a2/group_specs
May 06 18:35:41.064685 dv-cinder-733622-15-smb devstack@c-api.service[85914]: DEBUG cinder.api.openstack.wsgi [None req-6370ed29-a9e0-4702-8628-fe9ec2a053fd tempest-GroupTypeSpecsTest-1035795446 tempest-GroupTypeSpecsTest-1035795446-project-admin] Empty body provided in request {{(pid=85914) get_body /opt/stack/cinder/cinder/api/openstack/wsgi.py:713}}
May 06 18:35:41.065299 dv-cinder-733622-15-smb devstack@c-api.service[85914]: DEBUG cinder.api.openstack.wsgi [None req-6370ed29-a9e0-4702-8628-fe9ec2a053fd tempest-GroupTypeSpecsTest-1035795446 tempest-GroupTypeSpecsTest-1035795446-project-admin] Calling method 'version_select' {{(pid=85914) _process_stack /opt/stack/cinder/cinder/api/openstack/wsgi.py:866}}
May 06 18:35:41.085139 dv-cinder-733622-15-smb devstack@c-api.service[85914]: INFO cinder.api.openstack.wsgi [None req-6370ed29-a9e0-4702-8628-fe9ec2a053fd tempest-GroupTypeSpecsTest-1035795446 tempest-GroupTypeSpecsTest-1035795446-project-admin] http://10.222.0.11/volume/v3/b98a0ab3e6eb434fa0ed12b01c8cbe63/group_types/8a95593f-21fd-4fd2-b6b4-c95e4dd756a2/group_specs returned with HTTP 200
May 06 18:35:41.096783 dv-cinder-733622-15-smb devstack@c-api.service[85914]: [pid: 85914|app: 0|req: 38/75] 10.222.0.11 () {60 vars in 1414 bytes} [Thu May 6 18:35:41 2021] GET /volume/v3/b98a0ab3e6eb434fa0ed12b01c8cbe63/group_types/8a95593f-21fd-4fd2-b6b4-c95e4dd756a2/group_specs => generated 87 bytes in 35 msecs (HTTP/1.1 200) 7 headers in 285 bytes (1 switches on core 0)
May 06 18:35:41.109712 dv-cinder-733622-15-smb devstack@c-api.service[85914]: INFO cinder.api.openstack.wsgi [None req-6c341aeb-2d59-46b5-ab4f-1239dbcc41e5 tempest-VolumeTypesAccessTest-1129919298 tempest-VolumeTypesAccessTest-1129919298-project-admin] POST http://10.222.0.11/volume/v3/4fe62aa3422548da8715c05cce2bea56/types/6ad45b92-6f90-4735-b8b3-609fb27a687b/action
May 06 18:35:41.112922 dv-cinder-733622-15-smb devstack@c-api.service[85914]: DEBUG cinder.api.openstack.wsgi [None req-6c341aeb-2d59-46b5-ab4f-1239dbcc41e5 tempest-VolumeTypesAccessTest-1129919298 tempest-VolumeTypesAccessTest-1129919298-project-admin] Action body: b'{"removeProjectAccess": {"project": "8bf6342450524e05b9394357ac338357"}}' {{(pid=85914) get_method /opt/stack/cinder/cinder/api/openstack/wsgi.py:981}}
May 06 18:35:41.115275 dv-cinder-733622-15-smb devstack@c-api.service[85914]: DEBUG cinder.api.openstack.wsgi [None req-6c341aeb-2d59-46b5-ab4f-1239dbcc41e5 tempest-VolumeTypesAccessTest-1129919298 tempest-VolumeTypesAccessTest-1129919298-project-admin] Action: 'action', calling method: _removeProjectAccess, body: {"removeProjectAccess": {"project": "8bf6342450524e05b9394357ac338357"}} {{(pid=85914) _process_stack /opt/stack/cinder/cinder/api/openstack/wsgi.py:864}}
May 06 18:35:41.179092 dv-cinder-733622-15-smb devstack@c-api.service[85914]: INFO cinder.api.openstack.wsgi [None req-6c341aeb-2d59-46b5-ab4f-1239dbcc41e5 tempest-VolumeTypesAccessTest-1129919298 tempest-VolumeTypesAccessTest-1129919298-project-admin] http://10.222.0.11/volume/v3/4fe62aa3422548da8715c05cce2bea56/types/6ad45b92-6f90-4735-b8b3-609fb27a687b/action returned with HTTP 202
May 06 18:35:41.184757 dv-cinder-733622-15-smb devstack@c-api.service[85914]: [pid: 85914|app: 0|req: 39/76] 10.222.0.11 () {60 vars in 1361 bytes} [Thu May 6 18:35:41 2021] POST /volume/v3/4fe62aa3422548da8715c05cce2bea56/types/6ad45b92-6f90-4735-b8b3-609fb27a687b/action => generated 0 bytes in 86 msecs (HTTP/1.1 202) 6 headers in 233 bytes (1 switches on core 0)
May 06 18:35:41.190967 dv-cinder-733622-15-smb devstack@c-api.service[85914]: INFO cinder.api.openstack.wsgi [None req-382a597c-9c50-452f-b80c-875277d8494c tempest-GroupTypeSpecsTest-1035795446 tempest-GroupTypeSpecsTest-1035795446-project-admin] DELETE http://10.222.0.11/volume/v3/b98a0ab3e6eb434fa0ed12b01c8cbe63/group_types/8a95593f-21fd-4fd2-b6b4-c95e4dd756a2/group_specs/key1
May 06 18:35:41.191849 dv-cinder-733622-15-smb devstack@c-api.service[85914]: DEBUG cinder.api.openstack.wsgi [None req-382a597c-9c50-452f-b80c-875277d8494c tempest-GroupTypeSpecsTest-1035795446 tempest-GroupTypeSpecsTest-1035795446-project-admin] Empty body provided in request {{(pid=85914) get_body /opt/stack/cinder/cinder/api/openstack/wsgi.py:713}}
May 06 18:35:41.192430 dv-cinder-733622-15-smb devstack@c-api.service[85914]: DEBUG cinder.api.openstack.wsgi [None req-382a597c-9c50-452f-b80c-875277d8494c tempest-GroupTypeSpecsTest-1035795446 tempest-GroupTypeSpecsTest-1035795446-project-admin] Calling method 'version_select' {{(pid=85914) _process_stack /opt/stack/cinder/cinder/api/openstack/wsgi.py:866}}
May 06 18:35:41.243573 dv-cinder-733622-15-smb devstack@c-api.service[85913]: DEBUG cinder.volume.api [None req-a7b3a3c5-df21-4f5d-be04-29d731cf40ef tempest-VolumeQuotasNegativeTestJSON-1362310023 tempest-VolumeQuotasNegativeTestJSON-1362310023-project] Task 'cinder.volume.flows.api.create_volume.ExtractVolumeRequestTask;volume:create' (874e0e58-42f9-4116-85fa-cf871710bb90) transitioned into state 'SUCCESS' from state 'RUNNING' with result '{'size': 2, 'snapshot_id': None, 'source_volid': None, 'volume_type': VolumeType(created_at=2021-05-06T18:25:03Z,deleted=False,deleted_at=None,description='Default Volume Type',extra_specs={},id=929e0ab8-b84e-42d9-8968-cdec92f47c32,is_public=True,name='__DEFAULT__',projects=[],qos_specs=,qos_specs_id=None,updated_at=2021-05-06T18:25:03Z), 'volume_type_id': '929e0ab8-b84e-42d9-8968-cdec92f47c32', 'encryption_key_id': None, 'qos_specs': None, 'consistencygroup_id': None, 'cgsnapshot_id': None, 'group_id': None, 'replication_status': 'disabled', 'refresh_az': False, 'backup_id': None, 'multiattach': False, 'availability_zones': ['nova']}' {{(pid=85913) _task_receiver /usr/local/lib/python3.8/dist-packages/taskflow/listeners/logging.py:178}}
May 06 18:35:41.248200 dv-cinder-733622-15-smb devstack@c-api.service[85913]: DEBUG cinder.volume.api [None req-a7b3a3c5-df21-4f5d-be04-29d731cf40ef tempest-VolumeQuotasNegativeTestJSON-1362310023 tempest-VolumeQuotasNegativeTestJSON-1362310023-project] Task 'cinder.volume.flows.api.create_volume.QuotaReserveTask;volume:create' (d79ddd1c-a088-4bd9-bb29-dcc4555fcb21) transitioned into state 'RUNNING' from state 'PENDING' {{(pid=85913) _task_receiver /usr/local/lib/python3.8/dist-packages/taskflow/listeners/logging.py:190}}
May 06 18:35:41.263741 dv-cinder-733622-15-smb devstack@c-api.service[85914]: INFO cinder.api.openstack.wsgi [None req-382a597c-9c50-452f-b80c-875277d8494c tempest-GroupTypeSpecsTest-1035795446 tempest-GroupTypeSpecsTest-1035795446-project-admin] http://10.222.0.11/volume/v3/b98a0ab3e6eb434fa0ed12b01c8cbe63/group_types/8a95593f-21fd-4fd2-b6b4-c95e4dd756a2/group_specs/key1 returned with HTTP 202
May 06 18:35:41.268402 dv-cinder-733622-15-smb devstack@c-api.service[85914]: [pid: 85914|app: 0|req: 40/77] 10.222.0.11 () {60 vars in 1432 bytes} [Thu May 6 18:35:41 2021] DELETE /volume/v3/b98a0ab3e6eb434fa0ed12b01c8cbe63/group_types/8a95593f-21fd-4fd2-b6b4-c95e4dd756a2/group_specs/key1 => generated 0 bytes in 83 msecs (HTTP/1.1 202) 6 headers in 234 bytes (1 switches on core 0)
May 06 18:35:41.273032 dv-cinder-733622-15-smb devstack@c-api.service[85914]: INFO cinder.api.openstack.wsgi [None req-421d1166-e10c-4a7e-8150-1c576e1e1038 tempest-VolumeTypesAccessTest-1129919298 tempest-VolumeTypesAccessTest-1129919298-project-admin] POST http://10.222.0.11/volume/v3/4fe62aa3422548da8715c05cce2bea56/types/6ad45b92-6f90-4735-b8b3-609fb27a687b/action
May 06 18:35:41.274002 dv-cinder-733622-15-smb devstack@c-api.service[85914]: DEBUG cinder.api.openstack.wsgi [None req-421d1166-e10c-4a7e-8150-1c576e1e1038 tempest-VolumeTypesAccessTest-1129919298 tempest-VolumeTypesAccessTest-1129919298-project-admin] Action body: b'{"removeProjectAccess": {"project": "59bf2cc30af04658881622403f3f5ef6"}}' {{(pid=85914) get_method /opt/stack/cinder/cinder/api/openstack/wsgi.py:981}}
May 06 18:35:41.274500 dv-cinder-733622-15-smb devstack@c-api.service[85914]: DEBUG cinder.api.openstack.wsgi [None req-421d1166-e10c-4a7e-8150-1c576e1e1038 tempest-VolumeTypesAccessTest-1129919298 tempest-VolumeTypesAccessTest-1129919298-project-admin] Action: 'action', calling method: _removeProjectAccess, body: {"removeProjectAccess": {"project": "59bf2cc30af04658881622403f3f5ef6"}} {{(pid=85914) _process_stack /opt/stack/cinder/cinder/api/openstack/wsgi.py:864}}
May 06 18:35:41.334650 dv-cinder-733622-15-smb devstack@c-api.service[85914]: INFO cinder.api.openstack.wsgi [None req-421d1166-e10c-4a7e-8150-1c576e1e1038 tempest-VolumeTypesAccessTest-1129919298 tempest-VolumeTypesAccessTest-1129919298-project-admin] http://10.222.0.11/volume/v3/4fe62aa3422548da8715c05cce2bea56/types/6ad45b92-6f90-4735-b8b3-609fb27a687b/action returned with HTTP 202
May 06 18:35:41.335830 dv-cinder-733622-15-smb devstack@c-api.service[85914]: [pid: 85914|app: 0|req: 41/78] 10.222.0.11 () {60 vars in 1361 bytes} [Thu May 6 18:35:41 2021] POST /volume/v3/4fe62aa3422548da8715c05cce2bea56/types/6ad45b92-6f90-4735-b8b3-609fb27a687b/action => generated 0 bytes in 66 msecs (HTTP/1.1 202) 6 headers in 233 bytes (1 switches on core 0)
May 06 18:35:41.343803 dv-cinder-733622-15-smb devstack@c-api.service[85914]: INFO cinder.api.openstack.wsgi [None req-77977c35-5742-4e36-9550-8e49f2e42650 tempest-GroupTypeSpecsTest-1035795446 tempest-GroupTypeSpecsTest-1035795446-project-admin] GET http://10.222.0.11/volume/v3/b98a0ab3e6eb434fa0ed12b01c8cbe63/group_types/8a95593f-21fd-4fd2-b6b4-c95e4dd756a2/group_specs/key1
May 06 18:35:41.344144 dv-cinder-733622-15-smb devstack@c-api.service[85913]: WARNING cinder.quota_utils [None req-a7b3a3c5-df21-4f5d-be04-29d731cf40ef tempest-VolumeQuotasNegativeTestJSON-1362310023 tempest-VolumeQuotasNegativeTestJSON-1362310023-project] Quota exceeded for bbe8e1f3f3024fa9aa249ed91420180a, tried to create 2G volume (1G of 1G already consumed).: cinder.exception.OverQuota: Quota exceeded for resources: ['gigabytes']
May 06 18:35:41.344349 dv-cinder-733622-15-smb devstack@c-api.service[85914]: DEBUG cinder.api.openstack.wsgi [None req-77977c35-5742-4e36-9550-8e49f2e42650 tempest-GroupTypeSpecsTest-1035795446 tempest-GroupTypeSpecsTest-1035795446-project-admin] Empty body provided in request {{(pid=85914) get_body /opt/stack/cinder/cinder/api/openstack/wsgi.py:713}}
May 06 18:35:41.344790 dv-cinder-733622-15-smb devstack@c-api.service[85914]: DEBUG cinder.api.openstack.wsgi [None req-77977c35-5742-4e36-9550-8e49f2e42650 tempest-GroupTypeSpecsTest-1035795446 tempest-GroupTypeSpecsTest-1035795446-project-admin] Calling method 'version_select' {{(pid=85914) _process_stack /opt/stack/cinder/cinder/api/openstack/wsgi.py:866}}
May 06 18:35:41.351972 dv-cinder-733622-15-smb devstack@c-api.service[85913]: WARNING cinder.volume.api [None req-a7b3a3c5-df21-4f5d-be04-29d731cf40ef tempest-VolumeQuotasNegativeTestJSON-1362310023 tempest-VolumeQuotasNegativeTestJSON-1362310023-project] Task 'cinder.volume.flows.api.create_volume.QuotaReserveTask;volume:create' (d79ddd1c-a088-4bd9-bb29-dcc4555fcb21) transitioned into state 'FAILURE' from state 'RUNNING'
May 06 18:35:41.351972 dv-cinder-733622-15-smb devstack@c-api.service[85913]: Failure: cinder.exception.VolumeSizeExceedsAvailableQuota: Requested volume or snapshot exceeds allowed gigabytes quota. Requested 2G, quota is 1G and 1G has been consumed.
May 06 18:35:41.357679 dv-cinder-733622-15-smb devstack@c-api.service[85913]: DEBUG cinder.volume.api [None req-a7b3a3c5-df21-4f5d-be04-29d731cf40ef tempest-VolumeQuotasNegativeTestJSON-1362310023 tempest-VolumeQuotasNegativeTestJSON-1362310023-project] Task 'cinder.volume.flows.api.create_volume.QuotaReserveTask;volume:create' (d79ddd1c-a088-4bd9-bb29-dcc4555fcb21) transitioned into state 'REVERTING' from state 'FAILURE' {{(pid=85913) _task_receiver /usr/local/lib/python3.8/dist-packages/taskflow/listeners/logging.py:190}}
May 06 18:35:41.360127 dv-cinder-733622-15-smb devstack@c-api.service[85913]: WARNING cinder.volume.api [None req-a7b3a3c5-df21-4f5d-be04-29d731cf40ef tempest-VolumeQuotasNegativeTestJSON-1362310023 tempest-VolumeQuotasNegativeTestJSON-1362310023-project] Task 'cinder.volume.flows.api.create_volume.QuotaReserveTask;volume:create' (d79ddd1c-a088-4bd9-bb29-dcc4555fcb21) transitioned into state 'REVERTED' from state 'REVERTING' with result 'None'
May 06 18:35:41.362616 dv-cinder-733622-15-smb devstack@c-api.service[85913]: DEBUG cinder.volume.api [None req-a7b3a3c5-df21-4f5d-be04-29d731cf40ef tempest-VolumeQuotasNegativeTestJSON-1362310023 tempest-VolumeQuotasNegativeTestJSON-1362310023-project] Task 'cinder.volume.flows.api.create_volume.ExtractVolumeRequestTask;volume:create' (874e0e58-42f9-4116-85fa-cf871710bb90) transitioned into state 'REVERTING' from state 'SUCCESS' {{(pid=85913) _task_receiver /usr/local/lib/python3.8/dist-packages/taskflow/listeners/logging.py:190}}
May 06 18:35:41.365102 dv-cinder-733622-15-smb devstack@c-api.service[85913]: WARNING cinder.volume.api [None req-a7b3a3c5-df21-4f5d-be04-29d731cf40ef tempest-VolumeQuotasNegativeTestJSON-1362310023 tempest-VolumeQuotasNegativeTestJSON-1362310023-project] Task 'cinder.volume.flows.api.create_volume.ExtractVolumeRequestTask;volume:create' (874e0e58-42f9-4116-85fa-cf871710bb90) transitioned into state 'REVERTED' from state 'REVERTING' with result 'None'
May 06 18:35:41.368619 dv-cinder-733622-15-smb devstack@c-api.service[85913]: WARNING cinder.volume.api [None req-a7b3a3c5-df21-4f5d-be04-29d731cf40ef tempest-VolumeQuotasNegativeTestJSON-1362310023 tempest-VolumeQuotasNegativeTestJSON-1362310023-project] Flow 'volume_create_api' (4acc3add-6d55-4dbb-8e9e-140186933ef5) transitioned into state 'REVERTED' from state 'RUNNING'
May 06 18:35:41.370987 dv-cinder-733622-15-smb devstack@c-api.service[85913]: INFO cinder.api.middleware.fault [None req-a7b3a3c5-df21-4f5d-be04-29d731cf40ef tempest-VolumeQuotasNegativeTestJSON-1362310023 tempest-VolumeQuotasNegativeTestJSON-1362310023-project] http://10.222.0.11/volume/v3/bbe8e1f3f3024fa9aa249ed91420180a/volumes returned with HTTP 413
May 06 18:35:41.373618 dv-cinder-733622-15-smb devstack@c-api.service[85913]: [pid: 85913|app: 0|req: 38/79] 10.222.0.11 () {60 vars in 1235 bytes} [Thu May 6 18:35:40 2021] POST /volume/v3/bbe8e1f3f3024fa9aa249ed91420180a/volumes => generated 208 bytes in 493 msecs (HTTP/1.1 413) 8 headers in 323 bytes (1 switches on core 0)
May 06 18:35:41.380651 dv-cinder-733622-15-smb devstack@c-api.service[85914]: INFO cinder.api.openstack.wsgi [None req-77977c35-5742-4e36-9550-8e49f2e42650 tempest-GroupTypeSpecsTest-1035795446 tempest-GroupTypeSpecsTest-1035795446-project-admin] HTTP exception thrown: Group Type 8a95593f-21fd-4fd2-b6b4-c95e4dd756a2 has no extra spec with key key1.
May 06 18:35:41.381062 dv-cinder-733622-15-smb devstack@c-api.service[85914]: INFO cinder.api.openstack.wsgi [None req-77977c35-5742-4e36-9550-8e49f2e42650 tempest-GroupTypeSpecsTest-1035795446 tempest-GroupTypeSpecsTest-1035795446-project-admin] http://10.222.0.11/volume/v3/b98a0ab3e6eb434fa0ed12b01c8cbe63/group_types/8a95593f-21fd-4fd2-b6b4-c95e4dd756a2/group_specs/key1 returned with HTTP 404
May 06 18:35:41.382164 dv-cinder-733622-15-smb devstack@c-api.service[85914]: [pid: 85914|app: 0|req: 42/80] 10.222.0.11 () {60 vars in 1429 bytes} [Thu May 6 18:35:41 2021] GET /volume/v3/b98a0ab3e6eb434fa0ed12b01c8cbe63/group_types/8a95593f-21fd-4fd2-b6b4-c95e4dd756a2/group_specs/key1 => generated 126 bytes in 46 msecs (HTTP/1.1 404) 7 headers in 293 bytes (1 switches on core 0)
May 06 18:35:41.390833 dv-cinder-733622-15-smb devstack@c-api.service[85913]: INFO cinder.api.openstack.wsgi [None req-dacb3314-287a-44c3-a4fb-40c356b4a476 tempest-VolumeTypesAccessTest-1129919298 tempest-VolumeTypesAccessTest-1129919298-project-admin] DELETE http://10.222.0.11/volume/v3/4fe62aa3422548da8715c05cce2bea56/types/6ad45b92-6f90-4735-b8b3-609fb27a687b
May 06 18:35:41.392623 dv-cinder-733622-15-smb devstack@c-api.service[85913]: DEBUG cinder.api.openstack.wsgi [None req-dacb3314-287a-44c3-a4fb-40c356b4a476 tempest-VolumeTypesAccessTest-1129919298 tempest-VolumeTypesAccessTest-1129919298-project-admin] Empty body provided in request {{(pid=85913) get_body /opt/stack/cinder/cinder/api/openstack/wsgi.py:713}}
May 06 18:35:41.392845 dv-cinder-733622-15-smb devstack@c-api.service[85914]: INFO cinder.api.openstack.wsgi [None req-73e06a7f-3e5d-45ee-888a-aacfa3f9168d tempest-VolumeQuotasNegativeTestJSON-1859152685 tempest-VolumeQuotasNegativeTestJSON-1859152685-project-admin] PUT http://10.222.0.11/volume/v3/f5ae3adc6c404dda84c71186b85ae27f/os-quota-sets/bbe8e1f3f3024fa9aa249ed91420180a
May 06 18:35:41.393259 dv-cinder-733622-15-smb devstack@c-api.service[85913]: /usr/local/lib/python3.8/dist-packages/webob/acceptparse.py:1047: DeprecationWarning: The behavior of AcceptValidHeader.best_match is currently being maintained for backward compatibility, but it will be deprecated in the future, as it does not conform to the RFC.
May 06 18:35:41.393259 dv-cinder-733622-15-smb devstack@c-api.service[85913]: warnings.warn(
May 06 18:35:41.393487 dv-cinder-733622-15-smb devstack@c-api.service[85914]: DEBUG cinder.api.openstack.wsgi [None req-73e06a7f-3e5d-45ee-888a-aacfa3f9168d tempest-VolumeQuotasNegativeTestJSON-1859152685 tempest-VolumeQuotasNegativeTestJSON-1859152685-project-admin] Action: 'update', calling method: update, body: {"quota_set": {"volumes": 1, "gigabytes": -1}} {{(pid=85914) _process_stack /opt/stack/cinder/cinder/api/openstack/wsgi.py:864}}
May 06 18:35:41.394418 dv-cinder-733622-15-smb devstack@c-api.service[85913]: DEBUG cinder.api.openstack.wsgi [None req-dacb3314-287a-44c3-a4fb-40c356b4a476 tempest-VolumeTypesAccessTest-1129919298 tempest-VolumeTypesAccessTest-1129919298-project-admin] Calling method '_delete' {{(pid=85913) _process_stack /opt/stack/cinder/cinder/api/openstack/wsgi.py:866}}
May 06 18:35:41.395434 dv-cinder-733622-15-smb devstack@c-api.service[85913]: /usr/local/lib/python3.8/dist-packages/oslo_context/context.py:105: DeprecationWarning: Policy enforcement is depending on the value of is_admin. This key is deprecated. Please update your policy file to use the standard policy values.
May 06 18:35:41.395434 dv-cinder-733622-15-smb devstack@c-api.service[85913]: warnings.warn('Policy enforcement is depending on the value of '
May 06 18:35:41.500810 dv-cinder-733622-15-smb devstack@c-api.service[85913]: INFO cinder.api.openstack.wsgi [None req-dacb3314-287a-44c3-a4fb-40c356b4a476 tempest-VolumeTypesAccessTest-1129919298 tempest-VolumeTypesAccessTest-1129919298-project-admin] http://10.222.0.11/volume/v3/4fe62aa3422548da8715c05cce2bea56/types/6ad45b92-6f90-4735-b8b3-609fb27a687b returned with HTTP 202
May 06 18:35:41.507943 dv-cinder-733622-15-smb devstack@c-api.service[85913]: [pid: 85913|app: 0|req: 39/81] 10.222.0.11 () {58 vars in 1322 bytes} [Thu May 6 18:35:41 2021] DELETE /volume/v3/4fe62aa3422548da8715c05cce2bea56/types/6ad45b92-6f90-4735-b8b3-609fb27a687b => generated 0 bytes in 133 msecs (HTTP/1.1 202) 6 headers in 233 bytes (1 switches on core 0)
May 06 18:35:41.514042 dv-cinder-733622-15-smb devstack@c-api.service[85913]: INFO cinder.api.openstack.wsgi [None req-be817c39-362b-47d6-a3ef-bd1685b85d49 tempest-GroupTypeSpecsTest-1035795446 tempest-GroupTypeSpecsTest-1035795446-project-admin] DELETE http://10.222.0.11/volume/v3/b98a0ab3e6eb434fa0ed12b01c8cbe63/group_types/8a95593f-21fd-4fd2-b6b4-c95e4dd756a2
May 06 18:35:41.514755 dv-cinder-733622-15-smb devstack@c-api.service[85913]: DEBUG cinder.api.openstack.wsgi [None req-be817c39-362b-47d6-a3ef-bd1685b85d49 tempest-GroupTypeSpecsTest-1035795446 tempest-GroupTypeSpecsTest-1035795446-project-admin] Empty body provided in request {{(pid=85913) get_body /opt/stack/cinder/cinder/api/openstack/wsgi.py:713}}
May 06 18:35:41.515409 dv-cinder-733622-15-smb devstack@c-api.service[85913]: DEBUG cinder.api.openstack.wsgi [None req-be817c39-362b-47d6-a3ef-bd1685b85d49 tempest-GroupTypeSpecsTest-1035795446 tempest-GroupTypeSpecsTest-1035795446-project-admin] Calling method 'version_select' {{(pid=85913) _process_stack /opt/stack/cinder/cinder/api/openstack/wsgi.py:866}}
May 06 18:35:41.583102 dv-cinder-733622-15-smb devstack@c-api.service[85913]: INFO cinder.api.openstack.wsgi [None req-be817c39-362b-47d6-a3ef-bd1685b85d49 tempest-GroupTypeSpecsTest-1035795446 tempest-GroupTypeSpecsTest-1035795446-project-admin] http://10.222.0.11/volume/v3/b98a0ab3e6eb434fa0ed12b01c8cbe63/group_types/8a95593f-21fd-4fd2-b6b4-c95e4dd756a2 returned with HTTP 202
May 06 18:35:41.592278 dv-cinder-733622-15-smb devstack@c-api.service[85913]: [pid: 85913|app: 0|req: 40/82] 10.222.0.11 () {60 vars in 1381 bytes} [Thu May 6 18:35:41 2021] DELETE /volume/v3/b98a0ab3e6eb434fa0ed12b01c8cbe63/group_types/8a95593f-21fd-4fd2-b6b4-c95e4dd756a2 => generated 0 bytes in 77 msecs (HTTP/1.1 202) 6 headers in 234 bytes (1 switches on core 0)
May 06 18:35:41.592507 dv-cinder-733622-15-smb devstack@c-api.service[85913]: INFO cinder.api.openstack.wsgi [None req-6d57ea21-1de3-4f46-ab83-c6613a3a7032 tempest-VolumeTypesAccessTest-1129919298 tempest-VolumeTypesAccessTest-1129919298-project-admin] GET http://10.222.0.11/volume/v3/4fe62aa3422548da8715c05cce2bea56/types/6ad45b92-6f90-4735-b8b3-609fb27a687b
