Apr 30 19:32:24.945244 dv-cinder-733622-14-smb neutron-server[73807]: DEBUG neutron.pecan_wsgi.hooks.quota_enforcement [None req-0c983b59-e78c-415d-8eb4-deeadc48b5eb admin admin] Made reservation on behalf of 4422e9a03f0d41c6841f60e60b844027 for: {'network': 1} {{(pid=73807) before /opt/stack/neutron/neutron/pecan_wsgi/hooks/quota_enforcement.py:53}}
Apr 30 19:32:24.947605 dv-cinder-733622-14-smb neutron-server[73807]: DEBUG neutron_lib.callbacks.manager [None req-0c983b59-e78c-415d-8eb4-deeadc48b5eb admin admin] Notify callbacks ['neutron.plugins.ml2.plugin.SecurityGroupDbMixin._ensure_default_security_group_handler-3568381'] for network, before_create {{(pid=73807) _notify_loop /usr/local/lib/python3.8/dist-packages/neutron_lib/callbacks/manager.py:192}}
Apr 30 19:32:25.159447 dv-cinder-733622-14-smb neutron-server[73808]: DEBUG neutron.api.rpc.handlers.resources_rpc [None req-a12c90a4-00fe-419d-ab1d-3abfe4eedb59 admin admin] Pushing event updated for resources: {'Port': ['ID=90d38167-fb8d-40ee-b143-74022c226dd6,revision_number=1']} {{(pid=73808) push /opt/stack/neutron/neutron/api/rpc/handlers/resources_rpc.py:237}}
Apr 30 19:32:25.173517 dv-cinder-733622-14-smb neutron-server[73807]: DEBUG neutron_lib.callbacks.manager [None req-0c983b59-e78c-415d-8eb4-deeadc48b5eb admin admin] Notify callbacks [] for security_group, before_create {{(pid=73807) _notify_loop /usr/local/lib/python3.8/dist-packages/neutron_lib/callbacks/manager.py:192}}
Apr 30 19:32:25.186648 dv-cinder-733622-14-smb neutron-server[73808]: DEBUG oslo_concurrency.lockutils [None req-a12c90a4-00fe-419d-ab1d-3abfe4eedb59 admin admin] Lock "event-dispatch" released by "neutron.plugins.ml2.ovo_rpc._ObjectChangeHandler.dispatch_events" :: held 0.998s {{(pid=73808) inner /usr/local/lib/python3.8/dist-packages/oslo_concurrency/lockutils.py:367}}
Apr 30 19:32:25.187592 dv-cinder-733622-14-smb neutron-server[73808]: DEBUG oslo_concurrency.lockutils [-] Lock "event-dispatch" acquired by "neutron.plugins.ml2.ovo_rpc._ObjectChangeHandler.dispatch_events" :: waited 0.746s {{(pid=73808) inner /usr/local/lib/python3.8/dist-packages/oslo_concurrency/lockutils.py:355}}
Apr 30 19:32:25.187882 dv-cinder-733622-14-smb neutron-server[73808]: DEBUG oslo_concurrency.lockutils [-] Lock "event-dispatch" released by "neutron.plugins.ml2.ovo_rpc._ObjectChangeHandler.dispatch_events" :: held 0.000s {{(pid=73808) inner /usr/local/lib/python3.8/dist-packages/oslo_concurrency/lockutils.py:367}}
Apr 30 19:32:25.287572 dv-cinder-733622-14-smb neutron-server[73807]: DEBUG neutron.db.quota.driver [None req-0c983b59-e78c-415d-8eb4-deeadc48b5eb admin admin] Resources subnetpool have unlimited quota limit. It is not required to calculate headroom {{(pid=73807) make_reservation /opt/stack/neutron/neutron/db/quota/driver.py:219}}
Apr 30 19:32:25.297818 dv-cinder-733622-14-smb neutron-server[73807]: DEBUG neutron.plugins.ml2.managers [req-9f7e9618-09a2-4e7d-9d23-3d2885101c7e req-d28812e9-01c9-40bb-8a9b-ac0c47c69dc8 service neutron] Attempting to bind port b2147909-a2ed-4691-b295-74a800de9ae7 on host hv-cinder-73362 for vnic_type normal with profile {{(pid=73807) bind_port /opt/stack/neutron/neutron/plugins/ml2/managers.py:790}}
Apr 30 19:32:25.299339 dv-cinder-733622-14-smb neutron-server[73807]: DEBUG neutron.plugins.ml2.managers [req-9f7e9618-09a2-4e7d-9d23-3d2885101c7e req-d28812e9-01c9-40bb-8a9b-ac0c47c69dc8 service neutron] Attempting to bind port b2147909-a2ed-4691-b295-74a800de9ae7 by drivers openvswitch,hyperv on host hv-cinder-73362 at level 0 using segments [{'id': '082828c5-b8d6-464f-b8c4-d43ab2e52f3e', 'network_type': 'vlan', 'physical_network': 'physnet1', 'segmentation_id': 513, 'network_id': 'a97350b3-8521-472d-a53a-29358d468b58'}] {{(pid=73807) _bind_port_level /opt/stack/neutron/neutron/plugins/ml2/managers.py:815}}
Apr 30 19:32:25.300162 dv-cinder-733622-14-smb neutron-server[73807]: DEBUG neutron.plugins.ml2.drivers.mech_agent [req-9f7e9618-09a2-4e7d-9d23-3d2885101c7e req-d28812e9-01c9-40bb-8a9b-ac0c47c69dc8 service neutron] Attempting to bind port b2147909-a2ed-4691-b295-74a800de9ae7 on network a97350b3-8521-472d-a53a-29358d468b58 {{(pid=73807) bind_port /opt/stack/neutron/neutron/plugins/ml2/drivers/mech_agent.py:86}}
Apr 30 19:32:25.333906 dv-cinder-733622-14-smb neutron-server[73807]: INFO neutron.wsgi [req-b9bf5e63-aec1-4856-b453-14cb5a9d60da req-11c92961-def4-4830-8754-c3b1087b736c tempest-DeleteServersTestJSON-444044887 tempest-DeleteServersTestJSON-444044887-project] 10.222.0.41 "GET /v2.0/security-groups?id=df999433-5a02-4405-b58f-e0a733d35b74&fields=id&fields=name HTTP/1.1" status: 200 len: 286 time: 0.5498984
Apr 30 19:32:25.352896 dv-cinder-733622-14-smb neutron-server[73807]: DEBUG neutron.quota.resource [None req-0c983b59-e78c-415d-8eb4-deeadc48b5eb admin admin] Usage tracker for resource:security_group_rule and tenant:4422e9a03f0d41c6841f60e60b844027 is out of sync, need to count used quota {{(pid=73807) count_used /opt/stack/neutron/neutron/quota/resource.py:270}}
Apr 30 19:32:25.356304 dv-cinder-733622-14-smb neutron-server[73807]: DEBUG neutron.plugins.ml2.drivers.mech_agent [req-9f7e9618-09a2-4e7d-9d23-3d2885101c7e req-d28812e9-01c9-40bb-8a9b-ac0c47c69dc8 service neutron] Port b2147909-a2ed-4691-b295-74a800de9ae7 on network a97350b3-8521-472d-a53a-29358d468b58 not bound, no agent of type Open vSwitch agent registered on host hv-cinder-73362 {{(pid=73807) bind_port /opt/stack/neutron/neutron/plugins/ml2/drivers/mech_agent.py:98}}
Apr 30 19:32:25.356848 dv-cinder-733622-14-smb neutron-server[73807]: DEBUG neutron.plugins.ml2.drivers.mech_agent [req-9f7e9618-09a2-4e7d-9d23-3d2885101c7e req-d28812e9-01c9-40bb-8a9b-ac0c47c69dc8 service neutron] Attempting to bind port b2147909-a2ed-4691-b295-74a800de9ae7 on network a97350b3-8521-472d-a53a-29358d468b58 {{(pid=73807) bind_port /opt/stack/neutron/neutron/plugins/ml2/drivers/mech_agent.py:86}}
Apr 30 19:32:25.359709 dv-cinder-733622-14-smb neutron-server[73807]: DEBUG neutron.quota.resource [None req-0c983b59-e78c-415d-8eb4-deeadc48b5eb admin admin] Quota usage for security_group_rule was recalculated. Used quota:0. {{(pid=73807) count_used /opt/stack/neutron/neutron/quota/resource.py:290}}
Apr 30 19:32:25.381285 dv-cinder-733622-14-smb neutron-server[73807]: DEBUG neutron.db.quota.driver [None req-0c983b59-e78c-415d-8eb4-deeadc48b5eb admin admin] Attempting to reserve 4 items for resource security_group_rule. Total usage: 0; quota limit: 100; headroom:100 {{(pid=73807) make_reservation /opt/stack/neutron/neutron/db/quota/driver.py:246}}
Apr 30 19:32:25.390961 dv-cinder-733622-14-smb neutron-server[73807]: DEBUG neutron.plugins.ml2.drivers.mech_agent [req-9f7e9618-09a2-4e7d-9d23-3d2885101c7e req-d28812e9-01c9-40bb-8a9b-ac0c47c69dc8 service neutron] Checking agent: {'id': '787256c0-27a9-4f74-baeb-f887319a5aee', 'agent_type': 'HyperV agent', 'binary': 'neutron-hyperv-agent', 'topic': 'N/A', 'host': 'hv-cinder-73362', 'admin_state_up': True, 'created_at': datetime.datetime(2021, 4, 30, 19, 30, 29), 'started_at': datetime.datetime(2021, 4, 30, 19, 30, 29), 'heartbeat_timestamp': datetime.datetime(2021, 4, 30, 19, 31, 59), 'description': None, 'resources_synced': None, 'availability_zone': None, 'alive': True, 'configurations': {'vswitch_mappings': {'physnet1$': 'br-data'}}, 'resource_versions': {}} {{(pid=73807) bind_port /opt/stack/neutron/neutron/plugins/ml2/drivers/mech_agent.py:105}}
Apr 30 19:32:25.392997 dv-cinder-733622-14-smb neutron-server[73807]: DEBUG neutron.plugins.ml2.drivers.mech_agent [req-9f7e9618-09a2-4e7d-9d23-3d2885101c7e req-d28812e9-01c9-40bb-8a9b-ac0c47c69dc8 service neutron] Checking segment: {'id': '082828c5-b8d6-464f-b8c4-d43ab2e52f3e', 'network_type': 'vlan', 'physical_network': 'physnet1', 'segmentation_id': 513, 'network_id': 'a97350b3-8521-472d-a53a-29358d468b58'} for mappings: {'physnet1$': 'br-data'} with network types: ['local', 'flat', 'vlan'] {{(pid=73807) check_segment_for_agent /opt/stack/neutron/neutron/plugins/ml2/drivers/mech_agent.py:341}}
Apr 30 19:32:25.393997 dv-cinder-733622-14-smb neutron-server[73807]: DEBUG neutron.plugins.ml2.drivers.mech_agent [req-9f7e9618-09a2-4e7d-9d23-3d2885101c7e req-d28812e9-01c9-40bb-8a9b-ac0c47c69dc8 service neutron] Bound using segment: {'id': '082828c5-b8d6-464f-b8c4-d43ab2e52f3e', 'network_type': 'vlan', 'physical_network': 'physnet1', 'segmentation_id': 513, 'network_id': 'a97350b3-8521-472d-a53a-29358d468b58'} {{(pid=73807) bind_port /opt/stack/neutron/neutron/plugins/ml2/drivers/mech_agent.py:115}}
Apr 30 19:32:25.395568 dv-cinder-733622-14-smb neutron-server[73807]: DEBUG neutron.plugins.ml2.managers [req-9f7e9618-09a2-4e7d-9d23-3d2885101c7e req-d28812e9-01c9-40bb-8a9b-ac0c47c69dc8 service neutron] Bound port: b2147909-a2ed-4691-b295-74a800de9ae7, host: hv-cinder-73362, vif_type: hyperv, vif_details: {"connectivity": "legacy", "port_filter": false}, binding_levels: [{'bound_driver': 'hyperv', 'bound_segment': {'id': '082828c5-b8d6-464f-b8c4-d43ab2e52f3e', 'network_type': 'vlan', 'physical_network': 'physnet1', 'segmentation_id': 513, 'network_id': 'a97350b3-8521-472d-a53a-29358d468b58'}}] {{(pid=73807) _bind_port_level /opt/stack/neutron/neutron/plugins/ml2/managers.py:928}}
Apr 30 19:32:25.397442 dv-cinder-733622-14-smb neutron-server[73807]: DEBUG neutron_lib.callbacks.manager [req-9f7e9618-09a2-4e7d-9d23-3d2885101c7e req-d28812e9-01c9-40bb-8a9b-ac0c47c69dc8 service neutron] Notify callbacks ['neutron.plugins.ml2.plugin.SecurityGroupDbMixin._ensure_default_security_group_handler-3568381'] for port, before_update {{(pid=73807) _notify_loop /usr/local/lib/python3.8/dist-packages/neutron_lib/callbacks/manager.py:192}}
Apr 30 19:32:25.397557 dv-cinder-733622-14-smb neutron-server[73809]: DEBUG neutron.plugins.ml2.rpc [None req-9bc556bc-1acc-48d4-8f24-4151236354b7 None None] Device 4efd36f4-1f2f-4c62-80a6-a3f2400d3013 up at agent ovs-agent-dv-cinder-733622-14-smb {{(pid=73809) update_device_up /opt/stack/neutron/neutron/plugins/ml2/rpc.py:278}}
Apr 30 19:32:25.507327 dv-cinder-733622-14-smb neutron-server[73809]: DEBUG neutron.db.provisioning_blocks [None req-d1298ca1-b510-416f-917f-198e5ce9b898 None None] Provisioning for port 484fef2b-b90f-45b9-b201-a198550a228f completed by entity DHCP. {{(pid=73809) provisioning_complete /opt/stack/neutron/neutron/db/provisioning_blocks.py:133}}
Apr 30 19:32:25.556940 dv-cinder-733622-14-smb neutron-server[73809]: DEBUG neutron.db.provisioning_blocks [None req-d1298ca1-b510-416f-917f-198e5ce9b898 None None] Provisioning complete for port 484fef2b-b90f-45b9-b201-a198550a228f triggered by entity DHCP. {{(pid=73809) provisioning_complete /opt/stack/neutron/neutron/db/provisioning_blocks.py:139}}
Apr 30 19:32:25.557686 dv-cinder-733622-14-smb neutron-server[73809]: DEBUG neutron_lib.callbacks.manager [None req-d1298ca1-b510-416f-917f-198e5ce9b898 None None] Notify callbacks ['neutron.plugins.ml2.plugin.Ml2Plugin._port_provisioned-3618911'] for port, provisioning_complete {{(pid=73809) _notify_loop /usr/local/lib/python3.8/dist-packages/neutron_lib/callbacks/manager.py:192}}
Apr 30 19:32:25.647342 dv-cinder-733622-14-smb neutron-server[73808]: INFO neutron.wsgi [req-7e00c708-798e-4d72-ba50-b517369bbcd1 req-9d8c3367-1a13-4c71-806d-bf95cdaa882a tempest-ServerRescueNegativeTestJSON-1569891428 tempest-ServerRescueNegativeTestJSON-1569891428-project] 10.222.0.41 "GET /v2.0/ports?tenant_id=b687dbbcb0d540b592764d29c8baa1ab&fields=id HTTP/1.1" status: 200 len: 255 time: 1.6544015
Apr 30 19:32:25.741613 dv-cinder-733622-14-smb neutron-server[73809]: DEBUG neutron.plugins.ml2.plugin [None req-d1298ca1-b510-416f-917f-198e5ce9b898 None None] Port 484fef2b-b90f-45b9-b201-a198550a228f cannot update to ACTIVE because it is not bound. {{(pid=73809) _port_provisioned /opt/stack/neutron/neutron/plugins/ml2/plugin.py:337}}
Apr 30 19:32:25.748695 dv-cinder-733622-14-smb neutron-server[73809]: DEBUG neutron.db.provisioning_blocks [None req-9bc556bc-1acc-48d4-8f24-4151236354b7 None None] Provisioning for port 4efd36f4-1f2f-4c62-80a6-a3f2400d3013 completed by entity L2. {{(pid=73809) provisioning_complete /opt/stack/neutron/neutron/db/provisioning_blocks.py:133}}
Apr 30 19:32:25.792056 dv-cinder-733622-14-smb neutron-server[73809]: DEBUG neutron.db.provisioning_blocks [None req-9bc556bc-1acc-48d4-8f24-4151236354b7 None None] Provisioning complete for port 4efd36f4-1f2f-4c62-80a6-a3f2400d3013 triggered by entity L2. {{(pid=73809) provisioning_complete /opt/stack/neutron/neutron/db/provisioning_blocks.py:139}}
Apr 30 19:32:25.792488 dv-cinder-733622-14-smb neutron-server[73809]: DEBUG neutron_lib.callbacks.manager [None req-9bc556bc-1acc-48d4-8f24-4151236354b7 None None] Notify callbacks ['neutron.plugins.ml2.plugin.Ml2Plugin._port_provisioned-3618911'] for port, provisioning_complete {{(pid=73809) _notify_loop /usr/local/lib/python3.8/dist-packages/neutron_lib/callbacks/manager.py:192}}
Apr 30 19:32:25.883134 dv-cinder-733622-14-smb neutron-server[73807]: DEBUG neutron_lib.callbacks.manager [None req-0c983b59-e78c-415d-8eb4-deeadc48b5eb admin admin] Notify callbacks [] for security_group, precommit_create {{(pid=73807) _notify_loop /usr/local/lib/python3.8/dist-packages/neutron_lib/callbacks/manager.py:192}}
Apr 30 19:32:25.894546 dv-cinder-733622-14-smb neutron-server[73807]: DEBUG neutron.plugins.ml2.db [req-9f7e9618-09a2-4e7d-9d23-3d2885101c7e req-d28812e9-01c9-40bb-8a9b-ac0c47c69dc8 service neutron] For port b2147909-a2ed-4691-b295-74a800de9ae7, host hv-cinder-73362, cleared binding levels {{(pid=73807) clear_binding_levels /opt/stack/neutron/neutron/plugins/ml2/db.py:88}}
Apr 30 19:32:25.895835 dv-cinder-733622-14-smb neutron-server[73808]: DEBUG neutron_lib.callbacks.manager [None req-a12c90a4-00fe-419d-ab1d-3abfe4eedb59 admin admin] Notify callbacks ['neutron.plugins.ml2.plugin.SecurityGroupDbMixin._ensure_default_security_group_handler-3568381'] for port, before_update {{(pid=73808) _notify_loop /usr/local/lib/python3.8/dist-packages/neutron_lib/callbacks/manager.py:192}}
Apr 30 19:32:25.901807 dv-cinder-733622-14-smb neutron-server[73807]: DEBUG neutron_lib.callbacks.manager [None req-0c983b59-e78c-415d-8eb4-deeadc48b5eb admin admin] Notify callbacks ['neutron.plugins.ml2.ovo_rpc._ObjectChangeHandler.handle_event-755592'] for security_group, after_create {{(pid=73807) _notify_loop /usr/local/lib/python3.8/dist-packages/neutron_lib/callbacks/manager.py:192}}
Apr 30 19:32:25.945511 dv-cinder-733622-14-smb neutron-server[73807]: DEBUG oslo_concurrency.lockutils [-] Lock "event-dispatch" acquired by "neutron.plugins.ml2.ovo_rpc._ObjectChangeHandler.dispatch_events" :: waited 0.000s {{(pid=73807) inner /usr/local/lib/python3.8/dist-packages/oslo_concurrency/lockutils.py:355}}
Apr 30 19:32:25.946660 dv-cinder-733622-14-smb neutron-server[73808]: DEBUG neutron_lib.callbacks.manager [None req-168bd3e1-1e0c-4bc7-8791-fd429ac11f10 admin admin] Notify callbacks ['neutron.plugins.ml2.plugin.SecurityGroupDbMixin._ensure_default_security_group_handler-3568381'] for port, before_update {{(pid=73808) _notify_loop /usr/local/lib/python3.8/dist-packages/neutron_lib/callbacks/manager.py:192}}
Apr 30 19:32:26.024088 dv-cinder-733622-14-smb neutron-server[73809]: DEBUG neutron.db.l3_hamode_db [None req-a6b7af2f-8ae8-4d68-86dd-34ee0ac86d05 None None] neutron.services.l3_router.l3_router_plugin.L3RouterPlugin method _process_sync_ha_data called with arguments (, [{'id': 'ef361bd5-95bd-41f5-8110-fc1fe71180a6', 'name': 'tempest-ServerRescueNegativeTestJSON-365063320-router', 'tenant_id': 'b687dbbcb0d540b592764d29c8baa1ab', 'admin_state_up': True, 'status': 'ACTIVE', 'external_gateway_info': {'network_id': '9e2cb0a9-3cd5-469c-a540-cf97b68fc2a7', 'external_fixed_ips': [{'subnet_id': '476340fc-add5-4316-93e7-f3b1afc75f73', 'ip_address': '172.28.1.19'}], 'enable_snat': True}, 'gw_port_id': 'e6593118-3453-4a0e-b931-6916a4d8c549', 'description': '', 'availability_zones': ['nova'], 'distributed': False, 'ha': False, 'ha_vr_id': 0, 'availability_zone_hints': [], 'routes': [], 'flavor_id': None, 'tags': [], 'created_at': '2021-04-30T19:32:06Z', 'updated_at': '2021-04-30T19:32:16Z', 'revision_number': 4, 'project_id': 'b687dbbcb0d540b592764d29c8baa1ab', 'gw_port': {'id': 'e6593118-3453-4a0e-b931-6916a4d8c549', 'name': '', 'network_id': '9e2cb0a9-3cd5-469c-a540-cf97b68fc2a7', 'tenant_id': '', 'mac_address': 'fa:16:3e:d4:ba:5d', 'admin_state_up': True, 'status': 'ACTIVE', 'device_id': 'ef361bd5-95bd-41f5-8110-fc1fe71180a6', 'device_owner': 'network:router_gateway', 'standard_attr_id': 88, 'fixed_ips': [{'subnet_id': '476340fc-add5-4316-93e7-f3b1afc75f73', 'ip_address': '172.28.1.19', 'prefixlen': 24}], 'allowed_address_pairs': [], 'extra_dhcp_opts': [], 'security_groups': [], 'description': '', 'binding:vnic_type': 'normal', 'binding:profile': {}, 'binding:host_id': 'dv-cinder-733622-14-smb', 'binding:vif_type': 'ovs', 'binding:vif_details': {'connectivity': 'l2', 'port_filter': True, 'ovs_hybrid_plug': False, 'datapath_type': 'system', 'bridge_name': 'br-int'}, 'port_security_enabled': False, 'tags': [], 'created_at': '2021-04-30T19:32:08Z', 'updated_at': '2021-04-30T19:32:18Z', 'revision_number': 4, 'project_id': '', 'subnets': [{'id': '476340fc-add5-4316-93e7-f3b1afc75f73', 'cidr': '172.28.1.0/24', 'gateway_ip': '172.28.1.1', 'dns_nameservers': [], 'ipv6_ra_mode': None, 'subnetpool_id': None}], 'extra_subnets': [], 'address_scopes': {4: None, 6: None}, 'mtu': 1500}, 'enable_snat': True, 'gw_port_host': 'dv-cinder-733622-14-smb', '_interfaces': [{'id': '12b2c0df-2e2d-4e74-a3d1-6e86091cfa5d', 'name': '', 'network_id': 'f30450fe-9c9f-4fd9-802e-cfb944509dec', 'tenant_id': 'b687dbbcb0d540b592764d29c8baa1ab', 'mac_address': 'fa:16:3e:cd:8f:34', 'admin_state_up': True, 'status': 'DOWN', 'device_id': 'ef361bd5-95bd-41f5-8110-fc1fe71180a6', 'device_owner': 'network:router_interface', 'standard_attr_id': 98, 'fixed_ips': [{'subnet_id': '7fdb9f4a-37a8-450d-a546-25c2f22121ea', 'ip_address': '172.20.0.1', 'prefixlen': 28}], 'allowed_address_pairs': [], 'extra_dhcp_opts': [], 'security_groups': [], 'description': '', 'binding:vnic_type': 'normal', 'binding:profile': {}, 'binding:host_id': '', 'binding:vif_type': 'unbound', 'binding:vif_details': {}, 'port_security_enabled': False, 'tags': [], 'created_at': '2021-04-30T19:32:13Z', 'updated_at': '2021-04-30T19:32:17Z', 'revision_number': 2, 'project_id': 'b687dbbcb0d540b592764d29c8baa1ab', 'subnets': [{'id': '7fdb9f4a-37a8-450d-a546-25c2f22121ea', 'cidr': '172.20.0.0/28', 'gateway_ip': '172.20.0.1', 'dns_nameservers': [], 'ipv6_ra_mode': None, 'subnetpool_id': None}], 'extra_subnets': [], 'address_scopes': {4: None, 6: None}, 'mtu': 1500}]}], 'dv-cinder-733622-14-smb', False) {} {{(pid=73809) wrapper /usr/local/lib/python3.8/dist-packages/oslo_log/helpers.py:65}}
Apr 30 19:32:26.032418 dv-cinder-733622-14-smb neutron-server[73807]: DEBUG neutron.plugins.ml2.db [req-9f7e9618-09a2-4e7d-9d23-3d2885101c7e req-d28812e9-01c9-40bb-8a9b-ac0c47c69dc8 service neutron] For port b2147909-a2ed-4691-b295-74a800de9ae7, host hv-cinder-73362, set binding levels [PortBindingLevel(driver='hyperv',host='hv-cinder-73362',level=0,port_id=b2147909-a2ed-4691-b295-74a800de9ae7,segment=NetworkSegment(082828c5-b8d6-464f-b8c4-d43ab2e52f3e),segment_id=082828c5-b8d6-464f-b8c4-d43ab2e52f3e)] {{(pid=73807) set_binding_levels /opt/stack/neutron/neutron/plugins/ml2/db.py:60}}
Apr 30 19:32:26.033544 dv-cinder-733622-14-smb neutron-server[73807]: DEBUG neutron.api.rpc.handlers.resources_rpc [None req-0c983b59-e78c-415d-8eb4-deeadc48b5eb admin admin] Pushing event updated for resources: {'SecurityGroup': ['ID=92e019f0-2e7e-4fd5-b65e-cb86c14efa34,revision_number=1']} {{(pid=73807) push /opt/stack/neutron/neutron/api/rpc/handlers/resources_rpc.py:237}}
Apr 30 19:32:26.039925 dv-cinder-733622-14-smb neutron-server[73809]: DEBUG neutron.db.provisioning_blocks [None req-ffbb4a44-b278-4b92-8daf-b02dab29e9ba None None] Provisioning for port 90d38167-fb8d-40ee-b143-74022c226dd6 completed by entity DHCP. {{(pid=73809) provisioning_complete /opt/stack/neutron/neutron/db/provisioning_blocks.py:133}}
Apr 30 19:32:26.053823 dv-cinder-733622-14-smb neutron-server[73807]: DEBUG oslo_concurrency.lockutils [None req-0c983b59-e78c-415d-8eb4-deeadc48b5eb admin admin] Lock "event-dispatch" released by "neutron.plugins.ml2.ovo_rpc._ObjectChangeHandler.dispatch_events" :: held 0.109s {{(pid=73807) inner /usr/local/lib/python3.8/dist-packages/oslo_concurrency/lockutils.py:367}}
Apr 30 19:32:26.065717 dv-cinder-733622-14-smb neutron-server[73807]: DEBUG neutron_lib.callbacks.manager [req-9f7e9618-09a2-4e7d-9d23-3d2885101c7e req-d28812e9-01c9-40bb-8a9b-ac0c47c69dc8 service neutron] Notify callbacks ['neutron.plugins.ml2.plugin.SecurityGroupServerNotifierRpcMixin.notify_sg_on_port_change-3568318', 'neutron.plugins.ml2.ovo_rpc._ObjectChangeHandler.handle_event-30374', 'neutron.api.rpc.agentnotifiers.dhcp_rpc_agent_api.DhcpAgentNotifyAPI._native_event_send_dhcp_notification-533137', 'neutron.db.l3_db.L3RpcNotifierMixin._notify_gateway_port_ip_changed-8780697315997', 'neutron.db.l3_dvrscheduler_db._notify_l3_agent_port_update-8780696898088', 'neutron.db.l3_hascheduler_db._notify_l3_agent_ha_port_update-8780696898133'] for port, after_update {{(pid=73807) _notify_loop /usr/local/lib/python3.8/dist-packages/neutron_lib/callbacks/manager.py:192}}
Apr 30 19:32:26.069564 dv-cinder-733622-14-smb neutron-server[73807]: DEBUG neutron.plugins.ml2.drivers.helpers [None req-0c983b59-e78c-415d-8eb4-deeadc48b5eb admin admin] vlan segment allocate from pool success with {'vlan_id': 535, 'physical_network': 'physnet1'} {{(pid=73807) allocate_partially_specified_segment /opt/stack/neutron/neutron/plugins/ml2/drivers/helpers.py:153}}
Apr 30 19:32:26.078446 dv-cinder-733622-14-smb neutron-server[73809]: DEBUG neutron.api.rpc.handlers.l3_rpc [None req-a6b7af2f-8ae8-4d68-86dd-34ee0ac86d05 None None] Checking router: ef361bd5-95bd-41f5-8110-fc1fe71180a6 for host: dv-cinder-733622-14-smb {{(pid=73809) _ensure_host_set_on_ports /opt/stack/neutron/neutron/api/rpc/handlers/l3_rpc.py:155}}
Apr 30 19:32:26.088194 dv-cinder-733622-14-smb neutron-server[73809]: DEBUG neutron.api.rpc.handlers.l3_rpc [None req-a6b7af2f-8ae8-4d68-86dd-34ee0ac86d05 None None] Updating router ef361bd5-95bd-41f5-8110-fc1fe71180a6 port 12b2c0df-2e2d-4e74-a3d1-6e86091cfa5d binding host dv-cinder-733622-14-smb {{(pid=73809) _ensure_host_set_on_port /opt/stack/neutron/neutron/api/rpc/handlers/l3_rpc.py:205}}
Apr 30 19:32:26.122384 dv-cinder-733622-14-smb neutron-server[73807]: DEBUG oslo_concurrency.lockutils [-] Lock "event-dispatch" acquired by "neutron.plugins.ml2.ovo_rpc._ObjectChangeHandler.dispatch_events" :: waited 0.000s {{(pid=73807) inner /usr/local/lib/python3.8/dist-packages/oslo_concurrency/lockutils.py:355}}
Apr 30 19:32:26.252837 dv-cinder-733622-14-smb neutron-server[73807]: DEBUG neutron_lib.callbacks.manager [None req-0c983b59-e78c-415d-8eb4-deeadc48b5eb admin admin] Notify callbacks ['neutron.plugins.ml2.plugin.Ml2Plugin._handle_segment_change-3611927'] for segment, precommit_create {{(pid=73807) _notify_loop /usr/local/lib/python3.8/dist-packages/neutron_lib/callbacks/manager.py:192}}
Apr 30 19:32:26.255478 dv-cinder-733622-14-smb neutron-server[73807]: INFO neutron.db.segments_db [None req-0c983b59-e78c-415d-8eb4-deeadc48b5eb admin admin] Added segment 42f01dfd-4db8-4bbf-bb4b-c41beaeb8157 of type vlan for network be119b71-f3d7-4e69-990c-b60f0266a641
Apr 30 19:32:26.314175 dv-cinder-733622-14-smb neutron-server[73809]: DEBUG neutron.db.provisioning_blocks [None req-ffbb4a44-b278-4b92-8daf-b02dab29e9ba None None] Provisioning complete for port 90d38167-fb8d-40ee-b143-74022c226dd6 triggered by entity DHCP. {{(pid=73809) provisioning_complete /opt/stack/neutron/neutron/db/provisioning_blocks.py:139}}
Apr 30 19:32:26.314512 dv-cinder-733622-14-smb neutron-server[73809]: DEBUG neutron_lib.callbacks.manager [None req-ffbb4a44-b278-4b92-8daf-b02dab29e9ba None None] Notify callbacks ['neutron.plugins.ml2.plugin.Ml2Plugin._port_provisioned-3618911'] for port, provisioning_complete {{(pid=73809) _notify_loop /usr/local/lib/python3.8/dist-packages/neutron_lib/callbacks/manager.py:192}}
Apr 30 19:32:26.319879 dv-cinder-733622-14-smb neutron-server[73807]: DEBUG neutron_lib.callbacks.manager [None req-0c983b59-e78c-415d-8eb4-deeadc48b5eb admin admin] Notify callbacks ['neutron.services.auto_allocate.db._ensure_external_network_default_value_callback-8780696885140'] for network, precommit_create {{(pid=73807) _notify_loop /usr/local/lib/python3.8/dist-packages/neutron_lib/callbacks/manager.py:192}}
Apr 30 19:32:26.401907 dv-cinder-733622-14-smb neutron-server[73807]: DEBUG neutron_lib.callbacks.manager [None req-0c983b59-e78c-415d-8eb4-deeadc48b5eb admin admin] Notify callbacks ['neutron.plugins.ml2.ovo_rpc._ObjectChangeHandler.handle_event-755631', 'neutron.api.rpc.agentnotifiers.dhcp_rpc_agent_api.DhcpAgentNotifyAPI._native_event_send_dhcp_notification-533137'] for network, after_create {{(pid=73807) _notify_loop /usr/local/lib/python3.8/dist-packages/neutron_lib/callbacks/manager.py:192}}
Apr 30 19:32:26.404064 dv-cinder-733622-14-smb neutron-server[73807]: DEBUG neutron.pecan_wsgi.hooks.policy_enforcement [req-9f7e9618-09a2-4e7d-9d23-3d2885101c7e req-d28812e9-01c9-40bb-8a9b-ac0c47c69dc8 service neutron] Attributes excluded by policy engine: ['standard_attr_id'] {{(pid=73807) _exclude_attributes_by_policy /opt/stack/neutron/neutron/pecan_wsgi/hooks/policy_enforcement.py:255}}
Apr 30 19:32:26.405190 dv-cinder-733622-14-smb neutron-server[73807]: DEBUG neutron_lib.callbacks.manager [req-9f7e9618-09a2-4e7d-9d23-3d2885101c7e req-d28812e9-01c9-40bb-8a9b-ac0c47c69dc8 service neutron] Notify callbacks ['neutron.notifiers.nova.Notifier._send_nova_notification-937687', 'neutron.api.rpc.agentnotifiers.dhcp_rpc_agent_api.DhcpAgentNotifyAPI._send_dhcp_notification-533183'] for port, before_response {{(pid=73807) _notify_loop /usr/local/lib/python3.8/dist-packages/neutron_lib/callbacks/manager.py:192}}
Apr 30 19:32:26.407236 dv-cinder-733622-14-smb neutron-server[73807]: INFO neutron.wsgi [req-9f7e9618-09a2-4e7d-9d23-3d2885101c7e req-d28812e9-01c9-40bb-8a9b-ac0c47c69dc8 service neutron] 10.222.0.48 "PUT /v2.0/ports/b2147909-a2ed-4691-b295-74a800de9ae7 HTTP/1.1" status: 200 len: 1093 time: 4.6024432
Apr 30 19:32:26.412499 dv-cinder-733622-14-smb neutron-server[73807]: DEBUG neutron.notifiers.nova [-] Sending events: [{'name': 'network-changed', 'server_uuid': '091147a4-8d9e-45ca-9ccc-714405044f55', 'tag': 'b2147909-a2ed-4691-b295-74a800de9ae7'}] {{(pid=73807) send_events /opt/stack/neutron/neutron/notifiers/nova.py:262}}
Apr 30 19:32:26.465880 dv-cinder-733622-14-smb neutron-server[73809]: DEBUG neutron_lib.callbacks.manager [None req-a6b7af2f-8ae8-4d68-86dd-34ee0ac86d05 None None] Notify callbacks ['neutron.plugins.ml2.plugin.SecurityGroupDbMixin._ensure_default_security_group_handler-3568381'] for port, before_update {{(pid=73809) _notify_loop /usr/local/lib/python3.8/dist-packages/neutron_lib/callbacks/manager.py:192}}
Apr 30 19:32:26.485872 dv-cinder-733622-14-smb neutron-server[73807]: DEBUG neutron.pecan_wsgi.hooks.policy_enforcement [None req-0c983b59-e78c-415d-8eb4-deeadc48b5eb admin admin] Attributes excluded by policy engine: ['standard_attr_id', 'vlan_transparent'] {{(pid=73807) _exclude_attributes_by_policy /opt/stack/neutron/neutron/pecan_wsgi/hooks/policy_enforcement.py:255}}
Apr 30 19:32:26.486895 dv-cinder-733622-14-smb neutron-server[73807]: DEBUG neutron_lib.callbacks.manager [None req-0c983b59-e78c-415d-8eb4-deeadc48b5eb admin admin] Notify callbacks ['neutron.api.rpc.agentnotifiers.dhcp_rpc_agent_api.DhcpAgentNotifyAPI._send_dhcp_notification-533183'] for network, before_response {{(pid=73807) _notify_loop /usr/local/lib/python3.8/dist-packages/neutron_lib/callbacks/manager.py:192}}
Apr 30 19:32:26.611010 dv-cinder-733622-14-smb neutron-server[73807]: DEBUG neutron.wsgi [-] (73807) accepted ('10.222.0.41', 39258) {{(pid=73807) server /usr/local/lib/python3.8/dist-packages/eventlet/wsgi.py:992}}
Apr 30 19:32:26.612224 dv-cinder-733622-14-smb neutron-server[73807]: DEBUG neutron.api.rpc.handlers.resources_rpc [None req-d28812e9-01c9-40bb-8a9b-ac0c47c69dc8 service neutron] Pushing event updated for resources: {'Port': ['ID=b2147909-a2ed-4691-b295-74a800de9ae7,revision_number=3']} {{(pid=73807) push /opt/stack/neutron/neutron/api/rpc/handlers/resources_rpc.py:237}}
Apr 30 19:32:26.622342 dv-cinder-733622-14-smb neutron-server[73807]: DEBUG oslo_concurrency.lockutils [None req-d28812e9-01c9-40bb-8a9b-ac0c47c69dc8 service neutron] Lock "event-dispatch" released by "neutron.plugins.ml2.ovo_rpc._ObjectChangeHandler.dispatch_events" :: held 0.500s {{(pid=73807) inner /usr/local/lib/python3.8/dist-packages/oslo_concurrency/lockutils.py:367}}
Apr 30 19:32:26.625194 dv-cinder-733622-14-smb neutron-server[73807]: INFO neutron.wsgi [None req-0c983b59-e78c-415d-8eb4-deeadc48b5eb admin admin] 10.222.0.41 "POST /v2.0/networks HTTP/1.1" status: 201 len: 898 time: 2.5056493
Apr 30 19:32:26.625959 dv-cinder-733622-14-smb neutron-server[73807]: DEBUG oslo_concurrency.lockutils [None req-3c198795-538a-4b20-989b-a6f297589640 admin admin] Lock "event-dispatch" acquired by "neutron.plugins.ml2.ovo_rpc._ObjectChangeHandler.dispatch_events" :: waited 0.074s {{(pid=73807) inner /usr/local/lib/python3.8/dist-packages/oslo_concurrency/lockutils.py:355}}
Apr 30 19:32:26.652300 dv-cinder-733622-14-smb neutron-server[73808]: DEBUG neutron.wsgi [-] (73808) accepted ('10.222.0.41', 39262) {{(pid=73808) server /usr/local/lib/python3.8/dist-packages/eventlet/wsgi.py:992}}
Apr 30 19:32:26.690015 dv-cinder-733622-14-smb neutron-server[73808]: DEBUG neutron.api.v2.base [None req-84f06925-1136-471e-a45b-59383723098d admin admin] Request body: {'subnet': {'network_id': 'be119b71-f3d7-4e69-990c-b60f0266a641', 'cidr': '172.20.0.0/28', 'name': 'tempest-EncryptedVolumesExtendAttachedTest-1013272762-subnet', 'tenant_id': '4422e9a03f0d41c6841f60e60b844027', 'enable_dhcp': False, 'ip_version': 4}} {{(pid=73808) prepare_request_body /opt/stack/neutron/neutron/api/v2/base.py:729}}
Apr 30 19:32:26.755581 dv-cinder-733622-14-smb neutron-server[73807]: DEBUG neutron.api.rpc.handlers.resources_rpc [None req-0c983b59-e78c-415d-8eb4-deeadc48b5eb admin admin] Pushing event updated for resources: {'Network': ['ID=be119b71-f3d7-4e69-990c-b60f0266a641,revision_number=1']} {{(pid=73807) push /opt/stack/neutron/neutron/api/rpc/handlers/resources_rpc.py:237}}
Apr 30 19:32:26.784225 dv-cinder-733622-14-smb neutron-server[73808]: INFO neutron.wsgi [req-7e00c708-798e-4d72-ba50-b517369bbcd1 req-b8a8989f-e22f-4661-9981-c1492e27a2fe service neutron] 10.222.0.41 "GET /v2.0/networks/f30450fe-9c9f-4fd9-802e-cfb944509dec?fields=segments HTTP/1.1" status: 200 len: 212 time: 1.1359642
Apr 30 19:32:26.786446 dv-cinder-733622-14-smb neutron-server[73808]: DEBUG neutron.db.quota.driver [None req-84f06925-1136-471e-a45b-59383723098d admin admin] Resources subnetpool have unlimited quota limit. It is not required to calculate headroom {{(pid=73808) make_reservation /opt/stack/neutron/neutron/db/quota/driver.py:219}}
Apr 30 19:32:26.804075 dv-cinder-733622-14-smb neutron-server[73807]: DEBUG oslo_concurrency.lockutils [None req-0c983b59-e78c-415d-8eb4-deeadc48b5eb admin admin] Lock "event-dispatch" released by "neutron.plugins.ml2.ovo_rpc._ObjectChangeHandler.dispatch_events" :: held 0.178s {{(pid=73807) inner /usr/local/lib/python3.8/dist-packages/oslo_concurrency/lockutils.py:367}}
Apr 30 19:32:26.882680 dv-cinder-733622-14-smb neutron-server[73807]: DEBUG neutron.pecan_wsgi.hooks.policy_enforcement [req-9f7e9618-09a2-4e7d-9d23-3d2885101c7e req-74c3fda8-b722-454e-ad67-1d33144242ed service neutron] Attributes excluded by policy engine: ['standard_attr_id'] {{(pid=73807) _exclude_attributes_by_policy /opt/stack/neutron/neutron/pecan_wsgi/hooks/policy_enforcement.py:255}}
Apr 30 19:32:26.884676 dv-cinder-733622-14-smb neutron-server[73807]: INFO neutron.wsgi [req-9f7e9618-09a2-4e7d-9d23-3d2885101c7e req-74c3fda8-b722-454e-ad67-1d33144242ed service neutron] 10.222.0.48 "GET /v2.0/ports?tenant_id=c7bd401d39b740e0b2327b8297ba8faa&device_id=091147a4-8d9e-45ca-9ccc-714405044f55 HTTP/1.1" status: 200 len: 1096 time: 0.4033339
Apr 30 19:32:26.908446 dv-cinder-733622-14-smb neutron-server[73807]: DEBUG neutron.pecan_wsgi.hooks.policy_enforcement [req-05abc8b3-9e9a-4567-aa14-2832ae9e9b8f req-e0bc430e-948f-4eb6-9b24-c5d6140c9d1d tempest-DeleteServersTestJSON-444044887 tempest-DeleteServersTestJSON-444044887-project] Attributes excluded by policy engine: ['standard_attr_id', 'binding:profile', 'binding:host_id', 'binding:vif_type', 'binding:vif_details'] {{(pid=73807) _exclude_attributes_by_policy /opt/stack/neutron/neutron/pecan_wsgi/hooks/policy_enforcement.py:255}}
Apr 30 19:32:26.912841 dv-cinder-733622-14-smb neutron-server[73807]: INFO neutron.wsgi [req-05abc8b3-9e9a-4567-aa14-2832ae9e9b8f req-e0bc430e-948f-4eb6-9b24-c5d6140c9d1d tempest-DeleteServersTestJSON-444044887 tempest-DeleteServersTestJSON-444044887-project] 10.222.0.41 "GET /v2.0/ports?device_id=091147a4-8d9e-45ca-9ccc-714405044f55 HTTP/1.1" status: 200 len: 943 time: 0.1623766
Apr 30 19:32:27.118115 dv-cinder-733622-14-smb neutron-server[73808]: DEBUG neutron.quota.resource [None req-84f06925-1136-471e-a45b-59383723098d admin admin] Usage tracker for resource:subnet and tenant:4422e9a03f0d41c6841f60e60b844027 is out of sync, need to count used quota {{(pid=73808) count_used /opt/stack/neutron/neutron/quota/resource.py:270}}
Apr 30 19:32:27.136709 dv-cinder-733622-14-smb neutron-server[73807]: INFO neutron.wsgi [req-9f7e9618-09a2-4e7d-9d23-3d2885101c7e req-608f21e5-2a90-4e5b-93f6-4ce81c5b4aa3 service neutron] 10.222.0.48 "GET /v2.0/floatingips?fixed_ip_address=172.20.0.4&port_id=b2147909-a2ed-4691-b295-74a800de9ae7 HTTP/1.1" status: 200 len: 217 time: 0.2229929
Apr 30 19:32:27.160980 dv-cinder-733622-14-smb neutron-server[73808]: DEBUG neutron.quota.resource [None req-84f06925-1136-471e-a45b-59383723098d admin admin] Quota usage for subnet was recalculated. Used quota:0. {{(pid=73808) count_used /opt/stack/neutron/neutron/quota/resource.py:290}}
Apr 30 19:32:27.371199 dv-cinder-733622-14-smb neutron-server[73807]: DEBUG neutron_lib.callbacks.manager [None req-a9f7a527-3c35-4f21-859f-e998187688c5 admin admin] Notify callbacks [] for security_group, before_create {{(pid=73807) _notify_loop /usr/local/lib/python3.8/dist-packages/neutron_lib/callbacks/manager.py:192}}
Apr 30 19:32:27.405555 dv-cinder-733622-14-smb neutron-server[73807]: INFO neutron.wsgi [req-05abc8b3-9e9a-4567-aa14-2832ae9e9b8f req-75673a36-ecd4-418f-93d9-498a3afa5b7c tempest-DeleteServersTestJSON-444044887 tempest-DeleteServersTestJSON-444044887-project] 10.222.0.41 "GET /v2.0/security-groups?id=df999433-5a02-4405-b58f-e0a733d35b74&fields=id&fields=name HTTP/1.1" status: 200 len: 286 time: 0.3285003
Apr 30 19:32:27.438452 dv-cinder-733622-14-smb neutron-server[73809]: DEBUG neutron.plugins.ml2.rpc [None req-9bc556bc-1acc-48d4-8f24-4151236354b7 None None] Network be119b71-f3d7-4e69-990c-b60f0266a641 details requested by agent ovs-agent-dv-cinder-733622-14-smb with host dv-cinder-733622-14-smb {{(pid=73809) get_network_details /opt/stack/neutron/neutron/plugins/ml2/rpc.py:232}}
Apr 30 19:32:27.448582 dv-cinder-733622-14-smb neutron-server[73807]: DEBUG neutron.pecan_wsgi.hooks.policy_enforcement [req-9f7e9618-09a2-4e7d-9d23-3d2885101c7e req-619f35cd-a4f5-471c-9d0c-f4bf39fb980d service neutron] Attributes excluded by policy engine: ['standard_attr_id', 'shared'] {{(pid=73807) _exclude_attributes_by_policy /opt/stack/neutron/neutron/pecan_wsgi/hooks/policy_enforcement.py:255}}
Apr 30 19:32:27.456035 dv-cinder-733622-14-smb neutron-server[73807]: INFO neutron.wsgi [req-9f7e9618-09a2-4e7d-9d23-3d2885101c7e req-619f35cd-a4f5-471c-9d0c-f4bf39fb980d service neutron] 10.222.0.48 "GET /v2.0/subnets?id=99869044-35ec-4571-bcc8-fb844ce5369a HTTP/1.1" status: 200 len: 852 time: 0.2939446
Apr 30 19:32:27.474357 dv-cinder-733622-14-smb neutron-server[73807]: DEBUG neutron.db.quota.driver [None req-a9f7a527-3c35-4f21-859f-e998187688c5 admin admin] Resources subnetpool have unlimited quota limit. It is not required to calculate headroom {{(pid=73807) make_reservation /opt/stack/neutron/neutron/db/quota/driver.py:219}}
Apr 30 19:32:27.494351 dv-cinder-733622-14-smb neutron-server[73807]: DEBUG neutron.quota.resource [None req-a9f7a527-3c35-4f21-859f-e998187688c5 admin admin] Usage tracker for resource:security_group_rule and tenant:306e69247c6843c3a1a7575cdb459c97 is out of sync, need to count used quota {{(pid=73807) count_used /opt/stack/neutron/neutron/quota/resource.py:270}}
Apr 30 19:32:27.511045 dv-cinder-733622-14-smb neutron-server[73807]: DEBUG neutron.quota.resource [None req-a9f7a527-3c35-4f21-859f-e998187688c5 admin admin] Quota usage for security_group_rule was recalculated. Used quota:0. {{(pid=73807) count_used /opt/stack/neutron/neutron/quota/resource.py:290}}
Apr 30 19:32:27.538938 dv-cinder-733622-14-smb neutron-server[73807]: DEBUG neutron.db.quota.driver [None req-a9f7a527-3c35-4f21-859f-e998187688c5 admin admin] Attempting to reserve 4 items for resource security_group_rule. Total usage: 0; quota limit: 100; headroom:100 {{(pid=73807) make_reservation /opt/stack/neutron/neutron/db/quota/driver.py:246}}
Apr 30 19:32:27.583169 dv-cinder-733622-14-smb neutron-server[73809]: DEBUG neutron_lib.callbacks.manager [None req-9bc556bc-1acc-48d4-8f24-4151236354b7 None None] Notify callbacks ['neutron.services.segments.db._update_segment_host_mapping_for_agent-8780697326111', 'neutron.plugins.ml2.plugin.Ml2Plugin._retry_binding_revived_agents-3618830'] for agent, after_update {{(pid=73809) _notify_loop /usr/local/lib/python3.8/dist-packages/neutron_lib/callbacks/manager.py:192}}
Apr 30 19:32:27.583805 dv-cinder-733622-14-smb neutron-server[73808]: DEBUG neutron.db.quota.driver [None req-84f06925-1136-471e-a45b-59383723098d admin admin] Attempting to reserve 1 items for resource subnet. Total usage: 0; quota limit: 100; headroom:100 {{(pid=73808) make_reservation /opt/stack/neutron/neutron/db/quota/driver.py:246}}
Apr 30 19:32:27.674696 dv-cinder-733622-14-smb neutron-server[73809]: DEBUG neutron.plugins.ml2.plugin [None req-ffbb4a44-b278-4b92-8daf-b02dab29e9ba None None] Port 90d38167-fb8d-40ee-b143-74022c226dd6 cannot update to ACTIVE because it is not bound. {{(pid=73809) _port_provisioned /opt/stack/neutron/neutron/plugins/ml2/plugin.py:337}}
Apr 30 19:32:27.692650 dv-cinder-733622-14-smb neutron-server[73809]: DEBUG neutron_lib.callbacks.manager [None req-084e9e48-d79a-4991-9294-5091f13df3c9 None None] Notify callbacks ['neutron.services.segments.db._update_segment_host_mapping_for_agent-8780697326111', 'neutron.plugins.ml2.plugin.Ml2Plugin._retry_binding_revived_agents-3618830'] for agent, after_update {{(pid=73809) _notify_loop /usr/local/lib/python3.8/dist-packages/neutron_lib/callbacks/manager.py:192}}
Apr 30 19:32:27.737501 dv-cinder-733622-14-smb neutron-server[73809]: DEBUG neutron_lib.callbacks.manager [None req-9bc556bc-1acc-48d4-8f24-4151236354b7 None None] Notify callbacks ['neutron.plugins.ml2.plugin.SecurityGroupDbMixin._ensure_default_security_group_handler-3568381'] for port, before_update {{(pid=73809) _notify_loop /usr/local/lib/python3.8/dist-packages/neutron_lib/callbacks/manager.py:192}}
Apr 30 19:32:27.768486 dv-cinder-733622-14-smb neutron-server[73807]: INFO neutron.wsgi [req-9f7e9618-09a2-4e7d-9d23-3d2885101c7e req-4141a25f-a781-420c-8b4c-54efdf39853d service neutron] 10.222.0.48 "GET /v2.0/ports?network_id=a97350b3-8521-472d-a53a-29358d468b58&device_owner=network%3Adhcp HTTP/1.1" status: 200 len: 210 time: 0.1562333
Apr 30 19:32:27.839528 dv-cinder-733622-14-smb neutron-server[73808]: DEBUG neutron_lib.callbacks.manager [None req-a12c90a4-00fe-419d-ab1d-3abfe4eedb59 admin admin] Notify callbacks [] for port, precommit_update {{(pid=73808) _notify_loop /usr/local/lib/python3.8/dist-packages/neutron_lib/callbacks/manager.py:192}}
Apr 30 19:32:27.851347 dv-cinder-733622-14-smb neutron-server[73808]: INFO neutron.wsgi [req-7e00c708-798e-4d72-ba50-b517369bbcd1 req-c629f0c4-8c5e-4b09-9c40-cc629d465f54 service neutron] 10.222.0.41 "GET /v2.0/networks/f30450fe-9c9f-4fd9-802e-cfb944509dec?fields=provider%3Aphysical_network&fields=provider%3Anetwork_type HTTP/1.1" status: 200 len: 281 time: 0.8476825
Apr 30 19:32:27.866360 dv-cinder-733622-14-smb neutron-server[73809]: DEBUG neutron_lib.callbacks.manager [None req-db901c41-8a71-4621-9038-9b0e7a83b2d3 None None] Notify callbacks ['neutron.services.segments.db._update_segment_host_mapping_for_agent-8780697326111', 'neutron.plugins.ml2.plugin.Ml2Plugin._retry_binding_revived_agents-3618830'] for agent, after_update {{(pid=73809) _notify_loop /usr/local/lib/python3.8/dist-packages/neutron_lib/callbacks/manager.py:192}}
Apr 30 19:32:27.871711 dv-cinder-733622-14-smb neutron-server[73808]: DEBUG neutron_lib.callbacks.manager [None req-a12c90a4-00fe-419d-ab1d-3abfe4eedb59 admin admin] Notify callbacks ['neutron.plugins.ml2.plugin.SecurityGroupServerNotifierRpcMixin.notify_sg_on_port_change-3568318', 'neutron.plugins.ml2.ovo_rpc._ObjectChangeHandler.handle_event-30374', 'neutron.api.rpc.agentnotifiers.dhcp_rpc_agent_api.DhcpAgentNotifyAPI._native_event_send_dhcp_notification-533137', 'neutron.db.l3_db.L3RpcNotifierMixin._notify_gateway_port_ip_changed-8780697315997', 'neutron.db.l3_dvrscheduler_db._notify_l3_agent_port_update-8780696898088', 'neutron.db.l3_hascheduler_db._notify_l3_agent_ha_port_update-8780696898133'] for port, after_update {{(pid=73808) _notify_loop /usr/local/lib/python3.8/dist-packages/neutron_lib/callbacks/manager.py:192}}
Apr 30 19:32:27.895615 dv-cinder-733622-14-smb neutron-server[73809]: DEBUG neutron.plugins.ml2.db [None req-9bc556bc-1acc-48d4-8f24-4151236354b7 None None] For port 4efd36f4-1f2f-4c62-80a6-a3f2400d3013, host dv-cinder-733622-14-smb, got binding levels [PortBindingLevel(driver='openvswitch',host='dv-cinder-733622-14-smb',level=0,port_id=4efd36f4-1f2f-4c62-80a6-a3f2400d3013,segment=NetworkSegment(8177dc3e-ee2d-49a8-85cc-32dd03e75f21),segment_id=8177dc3e-ee2d-49a8-85cc-32dd03e75f21)] {{(pid=73809) get_binding_level_objs /opt/stack/neutron/neutron/plugins/ml2/db.py:75}}
Apr 30 19:32:27.898132 dv-cinder-733622-14-smb neutron-server[73808]: DEBUG neutron_lib.callbacks.manager [None req-a12c90a4-00fe-419d-ab1d-3abfe4eedb59 admin admin] Notify callbacks ['neutron.api.rpc.agentnotifiers.dhcp_rpc_agent_api.DhcpAgentNotifyAPI._after_router_interface_created-533123', 'neutron.services.l3_router.l3_router_plugin.DVRResourceOperationHandler._update_snat_v6_addrs_after_intf_update-657267'] for router_interface, after_create {{(pid=73808) _notify_loop /usr/local/lib/python3.8/dist-packages/neutron_lib/callbacks/manager.py:192}}
Apr 30 19:32:27.920210 dv-cinder-733622-14-smb neutron-server[73809]: DEBUG neutron_lib.callbacks.manager [None req-9bc556bc-1acc-48d4-8f24-4151236354b7 None None] Notify callbacks ['neutron.plugins.ml2.plugin.SecurityGroupServerNotifierRpcMixin.notify_sg_on_port_change-3568318', 'neutron.plugins.ml2.ovo_rpc._ObjectChangeHandler.handle_event-30374', 'neutron.api.rpc.agentnotifiers.dhcp_rpc_agent_api.DhcpAgentNotifyAPI._native_event_send_dhcp_notification-533137', 'neutron.db.l3_db.L3RpcNotifierMixin._notify_gateway_port_ip_changed-8780697315997', 'neutron.db.l3_dvrscheduler_db._notify_l3_agent_port_update-8780696898088', 'neutron.db.l3_hascheduler_db._notify_l3_agent_ha_port_update-8780696898133'] for port, after_update {{(pid=73809) _notify_loop /usr/local/lib/python3.8/dist-packages/neutron_lib/callbacks/manager.py:192}}
Apr 30 19:32:27.930106 dv-cinder-733622-14-smb neutron-server[73808]: DEBUG neutron.pecan_wsgi.hooks.quota_enforcement [None req-84f06925-1136-471e-a45b-59383723098d admin admin] Made reservation on behalf of 4422e9a03f0d41c6841f60e60b844027 for: {'subnet': 1} {{(pid=73808) before /opt/stack/neutron/neutron/pecan_wsgi/hooks/quota_enforcement.py:53}}
Apr 30 19:32:27.939718 dv-cinder-733622-14-smb neutron-server[73808]: DEBUG neutron_lib.callbacks.manager [None req-84f06925-1136-471e-a45b-59383723098d admin admin] Notify callbacks [] for subnet, before_create {{(pid=73808) _notify_loop /usr/local/lib/python3.8/dist-packages/neutron_lib/callbacks/manager.py:192}}
Apr 30 19:32:27.950442 dv-cinder-733622-14-smb neutron-server[73809]: DEBUG oslo_concurrency.lockutils [-] Lock "event-dispatch" acquired by "neutron.plugins.ml2.ovo_rpc._ObjectChangeHandler.dispatch_events" :: waited 0.000s {{(pid=73809) inner /usr/local/lib/python3.8/dist-packages/oslo_concurrency/lockutils.py:355}}
Apr 30 19:32:28.000328 dv-cinder-733622-14-smb neutron-server[73808]: DEBUG oslo_concurrency.lockutils [None req-f5e06c41-26a7-489d-bd3c-4513d94a7f82 admin admin] Lock "event-dispatch" acquired by "neutron.plugins.ml2.ovo_rpc._ObjectChangeHandler.dispatch_events" :: waited 0.000s {{(pid=73808) inner /usr/local/lib/python3.8/dist-packages/oslo_concurrency/lockutils.py:355}}
Apr 30 19:32:28.120113 dv-cinder-733622-14-smb neutron-server[73809]: DEBUG neutron_lib.db.resource_extend [None req-a6b7af2f-8ae8-4d68-86dd-34ee0ac86d05 None None] It took 0.21 seconds to run function 'neutron_lib.db.resource_extend.apply_funcs' {{(pid=73809) wrapper /usr/local/lib/python3.8/dist-packages/oslo_utils/timeutils.py:386}}
Apr 30 19:32:28.124600 dv-cinder-733622-14-smb neutron-server[73807]: INFO neutron.notifiers.nova [-] Nova event response: {'name': 'network-changed', 'server_uuid': '091147a4-8d9e-45ca-9ccc-714405044f55', 'tag': 'b2147909-a2ed-4691-b295-74a800de9ae7', 'status': 'completed', 'code': 200}
Apr 30 19:32:28.320961 dv-cinder-733622-14-smb neutron-server[73809]: DEBUG neutron.plugins.ml2.rpc [None req-9bc556bc-1acc-48d4-8f24-4151236354b7 None None] Device 440184e0-e250-487d-b087-2371add448d1 up at agent ovs-agent-dv-cinder-733622-14-smb {{(pid=73809) update_device_up /opt/stack/neutron/neutron/plugins/ml2/rpc.py:278}}
Apr 30 19:32:28.344972 dv-cinder-733622-14-smb neutron-server[73807]: INFO neutron.wsgi [req-9f7e9618-09a2-4e7d-9d23-3d2885101c7e req-c0ce6746-d76a-4f19-b1cd-4ee4f5231ce6 service neutron] 10.222.0.48 "GET /v2.0/networks/a97350b3-8521-472d-a53a-29358d468b58?fields=segments HTTP/1.1" status: 200 len: 212 time: 0.5556424
Apr 30 19:32:28.448550 dv-cinder-733622-14-smb neutron-server[73808]: DEBUG neutron.api.rpc.handlers.resources_rpc [None req-a12c90a4-00fe-419d-ab1d-3abfe4eedb59 admin admin] Pushing event updated for resources: {'Port': ['ID=90d38167-fb8d-40ee-b143-74022c226dd6,revision_number=2']} {{(pid=73808) push /opt/stack/neutron/neutron/api/rpc/handlers/resources_rpc.py:237}}
Apr 30 19:32:28.451791 dv-cinder-733622-14-smb neutron-server[73809]: DEBUG neutron.api.rpc.handlers.resources_rpc [None req-9bc556bc-1acc-48d4-8f24-4151236354b7 None None] Pushing event updated for resources: {'Port': ['ID=4efd36f4-1f2f-4c62-80a6-a3f2400d3013,revision_number=4']} {{(pid=73809) push /opt/stack/neutron/neutron/api/rpc/handlers/resources_rpc.py:237}}
Apr 30 19:32:28.461157 dv-cinder-733622-14-smb neutron-server[73809]: DEBUG oslo_concurrency.lockutils [None req-9bc556bc-1acc-48d4-8f24-4151236354b7 None None] Lock "event-dispatch" released by "neutron.plugins.ml2.ovo_rpc._ObjectChangeHandler.dispatch_events" :: held 0.511s {{(pid=73809) inner /usr/local/lib/python3.8/dist-packages/oslo_concurrency/lockutils.py:367}}
Apr 30 19:32:28.488153 dv-cinder-733622-14-smb neutron-server[73809]: DEBUG neutron_lib.callbacks.manager [None req-a6b7af2f-8ae8-4d68-86dd-34ee0ac86d05 None None] Notify callbacks [] for port, precommit_update {{(pid=73809) _notify_loop /usr/local/lib/python3.8/dist-packages/neutron_lib/callbacks/manager.py:192}}
Apr 30 19:32:28.518184 dv-cinder-733622-14-smb neutron-server[73809]: DEBUG neutron.db.provisioning_blocks [None req-9bc556bc-1acc-48d4-8f24-4151236354b7 None None] Provisioning for port 440184e0-e250-487d-b087-2371add448d1 completed by entity L2. {{(pid=73809) provisioning_complete /opt/stack/neutron/neutron/db/provisioning_blocks.py:133}}
Apr 30 19:32:28.526998 dv-cinder-733622-14-smb neutron-server[73809]: DEBUG neutron.db.provisioning_blocks [None req-a6b7af2f-8ae8-4d68-86dd-34ee0ac86d05 None None] Transition to ACTIVE for port object 12b2c0df-2e2d-4e74-a3d1-6e86091cfa5d will not be triggered until provisioned by entity L2. {{(pid=73809) add_provisioning_component /opt/stack/neutron/neutron/db/provisioning_blocks.py:73}}
Apr 30 19:32:28.529837 dv-cinder-733622-14-smb neutron-server[73809]: DEBUG neutron.db.provisioning_blocks [None req-9bc556bc-1acc-48d4-8f24-4151236354b7 None None] Provisioning complete for port 440184e0-e250-487d-b087-2371add448d1 triggered by entity L2. {{(pid=73809) provisioning_complete /opt/stack/neutron/neutron/db/provisioning_blocks.py:139}}
Apr 30 19:32:28.530260 dv-cinder-733622-14-smb neutron-server[73809]: DEBUG neutron_lib.callbacks.manager [None req-9bc556bc-1acc-48d4-8f24-4151236354b7 None None] Notify callbacks ['neutron.plugins.ml2.plugin.Ml2Plugin._port_provisioned-3618911'] for port, provisioning_complete {{(pid=73809) _notify_loop /usr/local/lib/python3.8/dist-packages/neutron_lib/callbacks/manager.py:192}}
Apr 30 19:32:28.536847 dv-cinder-733622-14-smb neutron-server[73808]: DEBUG oslo_concurrency.lockutils [None req-a12c90a4-00fe-419d-ab1d-3abfe4eedb59 admin admin] Lock "event-dispatch" released by "neutron.plugins.ml2.ovo_rpc._ObjectChangeHandler.dispatch_events" :: held 0.536s {{(pid=73808) inner /usr/local/lib/python3.8/dist-packages/oslo_concurrency/lockutils.py:367}}
