Sep 01 07:14:01.106411 dv-cinder-733062-35-iscsi neutron-server[106400]: DEBUG neutron.plugins.ml2.drivers.mech_agent [None req-5d7f513f-2715-45eb-838d-8d5845f95fb0 None None] Checking agent: {'id': '1523f444-3d29-444c-8ba9-f5e880993f91', 'agent_type': 'Open vSwitch agent', 'binary': 'neutron-openvswitch-agent', 'topic': 'N/A', 'host': 'dv-cinder-733062-35-iscsi', 'admin_state_up': True, 'created_at': datetime.datetime(2022, 9, 1, 7, 6), 'started_at': datetime.datetime(2022, 9, 1, 7, 6, 30), 'heartbeat_timestamp': datetime.datetime(2022, 9, 1, 7, 14), 'description': None, 'resources_synced': None, 'availability_zone': None, 'alive': True, 'configurations': {'arp_responder_enabled': False, 'baremetal_smartnic': False, 'bridge_mappings': {'physnet1': 'br-data'}, 'datapath_type': 'system', 'devices': 0, 'enable_distributed_routing': False, 'extensions': [], 'in_distributed_mode': False, 'integration_bridge': 'br-int', 'l2_population': False, 'log_agent_heartbeats': False, 'ovs_capabilities': {'datapath_types': ['netdev', 'system'], 'iface_types': ['erspan', 'geneve', 'gre', 'internal', 'ip6erspan', 'ip6gre', 'lisp', 'patch', 'stt', 'system', 'tap', 'vxlan']}, 'ovs_hybrid_plug': False, 'resource_provider_bandwidths': {}, 'resource_provider_hypervisors': {'br-data': 'dv-cinder-733062-35-iscsi'}, 'resource_provider_inventory_defaults': {'allocation_ratio': 1.0, 'min_unit': 1, 'step_size': 1, 'reserved': 0}, 'resource_provider_packet_processing_inventory_defaults': {'allocation_ratio': 1.0, 'min_unit': 1, 'step_size': 1, 'reserved': 0}, 'resource_provider_packet_processing_with_direction': {}, 'resource_provider_packet_processing_without_direction': {}, 'tunnel_types': [], 'tunneling_ip': None, 'vhostuser_socket_dir': '/var/run/openvswitch'}, 'resource_versions': {'AddressGroup': '1.2', 'Agent': '1.1', 'ConntrackHelper': '1.0', 'LocalIPAssociation': '1.0', 'Log': '1.0', 'NDPProxy': '1.0', 'Network': '1.1', 'Port': '1.7', 'PortForwarding': '1.3', 'QosPolicy': '1.10', 'SecurityGroup': '1.5', 'SecurityGroupRule': '1.2', 'SubPort': '1.0', 'Subnet': '1.1', 'Trunk': '1.1'}} {{(pid=106400) bind_port /opt/stack/neutron/neutron/plugins/ml2/drivers/mech_agent.py:110}}
Sep 01 07:14:01.106781 dv-cinder-733062-35-iscsi neutron-server[106400]: DEBUG neutron.plugins.ml2.drivers.mech_agent [None req-5d7f513f-2715-45eb-838d-8d5845f95fb0 None None] Checking segment: {'id': '910c9bb6-d547-4532-993e-cc4ea7d1298f', 'network_type': 'vlan', 'physical_network': 'physnet1', 'segmentation_id': 645, 'network_id': '9f24c055-6940-48ec-a310-bd5e7c9fb6d1'} for mappings: {'physnet1': 'br-data'} with network types: ['local', 'flat', 'vlan'] {{(pid=106400) check_segment_for_agent /opt/stack/neutron/neutron/plugins/ml2/drivers/mech_agent.py:373}}
Sep 01 07:14:01.107174 dv-cinder-733062-35-iscsi neutron-server[106400]: DEBUG neutron_lib.callbacks.manager [None req-5d7f513f-2715-45eb-838d-8d5845f95fb0 None None] Publish callbacks [] for ovs_bridge_name (None), before_read {{(pid=106400) _notify_loop /usr/local/lib/python3.8/dist-packages/neutron_lib/callbacks/manager.py:176}}
Sep 01 07:14:01.107612 dv-cinder-733062-35-iscsi neutron-server[106400]: DEBUG neutron.plugins.ml2.drivers.mech_agent [None req-5d7f513f-2715-45eb-838d-8d5845f95fb0 None None] Bound using segment: {'id': '910c9bb6-d547-4532-993e-cc4ea7d1298f', 'network_type': 'vlan', 'physical_network': 'physnet1', 'segmentation_id': 645, 'network_id': '9f24c055-6940-48ec-a310-bd5e7c9fb6d1'} {{(pid=106400) bind_port /opt/stack/neutron/neutron/plugins/ml2/drivers/mech_agent.py:120}}
Sep 01 07:14:01.108006 dv-cinder-733062-35-iscsi neutron-server[106400]: DEBUG neutron.plugins.ml2.managers [None req-5d7f513f-2715-45eb-838d-8d5845f95fb0 None None] Bound port: b7e7d880-b443-47c1-b20f-6fb103f9f645, host: dv-cinder-733062-35-iscsi, vif_type: ovs, vif_details: {"connectivity": "l2", "port_filter": true, "ovs_hybrid_plug": false, "datapath_type": "system", "bridge_name": "br-int"}, binding_levels: [{'bound_driver': 'openvswitch', 'bound_segment': {'id': '910c9bb6-d547-4532-993e-cc4ea7d1298f', 'network_type': 'vlan', 'physical_network': 'physnet1', 'segmentation_id': 645, 'network_id': '9f24c055-6940-48ec-a310-bd5e7c9fb6d1'}}] {{(pid=106400) _bind_port_level /opt/stack/neutron/neutron/plugins/ml2/managers.py:947}}
Sep 01 07:14:01.108371 dv-cinder-733062-35-iscsi neutron-server[106400]: DEBUG neutron_lib.callbacks.manager [None req-5d7f513f-2715-45eb-838d-8d5845f95fb0 None None] Publish callbacks ['neutron.plugins.ml2.plugin.SecurityGroupDbMixin._ensure_default_security_group_handler-672383'] for port (b7e7d880-b443-47c1-b20f-6fb103f9f645), before_update {{(pid=106400) _notify_loop /usr/local/lib/python3.8/dist-packages/neutron_lib/callbacks/manager.py:176}}
Sep 01 07:14:01.119129 dv-cinder-733062-35-iscsi neutron-server[106399]: DEBUG neutron.wsgi [-] (106399) accepted ('10.222.0.46', 41034) {{(pid=106399) server /usr/local/lib/python3.8/dist-packages/eventlet/wsgi.py:1004}}
Sep 01 07:14:01.171740 dv-cinder-733062-35-iscsi neutron-server[106398]: DEBUG dbcounter [-] [106398] Writing DB stats neutron:SELECT=77,neutron:INSERT=17,neutron:UPDATE=4,neutron:DELETE=2 {{(pid=106398) stat_writer /usr/local/lib/python3.8/dist-packages/dbcounter.py:114}}
Sep 01 07:14:01.199244 dv-cinder-733062-35-iscsi neutron-server[106400]: DEBUG neutron.plugins.ml2.db [None req-5d7f513f-2715-45eb-838d-8d5845f95fb0 None None] For port b7e7d880-b443-47c1-b20f-6fb103f9f645, host dv-cinder-733062-35-iscsi, cleared binding levels {{(pid=106400) clear_binding_levels /opt/stack/neutron/neutron/plugins/ml2/db.py:87}}
Sep 01 07:14:01.199831 dv-cinder-733062-35-iscsi neutron-server[106398]: DEBUG dbcounter [-] [106398] Writing DB stats neutron:SELECT=88,neutron:INSERT=9,neutron:UPDATE=3 {{(pid=106398) stat_writer /usr/local/lib/python3.8/dist-packages/dbcounter.py:114}}
Sep 01 07:14:01.203283 dv-cinder-733062-35-iscsi neutron-server[106400]: DEBUG neutron.plugins.ml2.db [None req-5d7f513f-2715-45eb-838d-8d5845f95fb0 None None] For port b7e7d880-b443-47c1-b20f-6fb103f9f645, host dv-cinder-733062-35-iscsi, set binding levels [PortBindingLevel(driver='openvswitch',host='dv-cinder-733062-35-iscsi',level=0,port_id=b7e7d880-b443-47c1-b20f-6fb103f9f645,segment=NetworkSegment(910c9bb6-d547-4532-993e-cc4ea7d1298f),segment_id=910c9bb6-d547-4532-993e-cc4ea7d1298f)] {{(pid=106400) set_binding_levels /opt/stack/neutron/neutron/plugins/ml2/db.py:59}}
Sep 01 07:14:01.206261 dv-cinder-733062-35-iscsi neutron-server[106398]: DEBUG neutron.db.db_base_plugin_common [None req-63c63ade-0fd2-48bf-879d-e57c0d9d61a2 admin admin] Allocated IP 172.27.2.112 (87578a8d-ce6b-4029-bb56-e7bc958e34e2/57e7e5c3-8980-4aa4-a3b6-00393a1fea25/10314ef7-2c14-4302-afcb-4c305f321dad) {{(pid=106398) _store_ip_allocation /opt/stack/neutron/neutron/db/db_base_plugin_common.py:131}}
Sep 01 07:14:01.211625 dv-cinder-733062-35-iscsi neutron-server[106400]: DEBUG neutron_lib.callbacks.manager [None req-5d7f513f-2715-45eb-838d-8d5845f95fb0 None None] Publish callbacks ['neutron.plugins.ml2.plugin.SecurityGroupServerNotifierRpcMixin._notify_sg_on_port_change-672316', 'neutron.plugins.ml2.ovo_rpc._ObjectChangeHandler.handle_event-1972215', 'neutron.api.rpc.agentnotifiers.dhcp_rpc_agent_api.DhcpAgentNotifyAPI._native_event_send_dhcp_notification-1578818', 'neutron.db.l3_db.L3RpcNotifierMixin._notify_gateway_port_ip_changed-8748784455042', 'neutron.db.l3_dvrscheduler_db._notify_l3_agent_port_update-8748783996299', 'neutron.db.l3_hascheduler_db._notify_l3_agent_ha_port_update-8748783996317'] for port (b7e7d880-b443-47c1-b20f-6fb103f9f645), after_update {{(pid=106400) _notify_loop /usr/local/lib/python3.8/dist-packages/neutron_lib/callbacks/manager.py:176}}
Sep 01 07:14:01.282001 dv-cinder-733062-35-iscsi neutron-server[106400]: DEBUG neutron.api.rpc.handlers.resources_rpc [None req-5d7f513f-2715-45eb-838d-8d5845f95fb0 None None] Pushing event updated for resources: {'Port': ['ID=b7e7d880-b443-47c1-b20f-6fb103f9f645,revision_number=2']} {{(pid=106400) push /opt/stack/neutron/neutron/api/rpc/handlers/resources_rpc.py:237}}
Sep 01 07:14:01.474653 dv-cinder-733062-35-iscsi neutron-server[106398]: DEBUG neutron_lib.callbacks.manager [None req-63c63ade-0fd2-48bf-879d-e57c0d9d61a2 admin admin] Publish callbacks [] for port (10314ef7-2c14-4302-afcb-4c305f321dad), precommit_create {{(pid=106398) _notify_loop /usr/local/lib/python3.8/dist-packages/neutron_lib/callbacks/manager.py:176}}
Sep 01 07:14:01.542168 dv-cinder-733062-35-iscsi neutron-server[106398]: DEBUG neutron_lib.callbacks.manager [None req-63c63ade-0fd2-48bf-879d-e57c0d9d61a2 admin admin] Publish callbacks ['neutron.plugins.ml2.plugin.SecurityGroupServerNotifierRpcMixin._notify_sg_on_port_change-672316', 'neutron.plugins.ml2.ovo_rpc._ObjectChangeHandler.handle_event-1972215', 'neutron.api.rpc.agentnotifiers.dhcp_rpc_agent_api.DhcpAgentNotifyAPI._native_event_send_dhcp_notification-1578818', 'neutron.db.l3_dvrscheduler_db._notify_l3_agent_new_port-8748783996281'] for port (10314ef7-2c14-4302-afcb-4c305f321dad), after_create {{(pid=106398) _notify_loop /usr/local/lib/python3.8/dist-packages/neutron_lib/callbacks/manager.py:176}}
Sep 01 07:14:01.542857 dv-cinder-733062-35-iscsi neutron-server[106399]: DEBUG neutron.api.v2.base [None req-4aac3e98-30c6-426d-ba75-f48b165e5d47 admin admin] Request body: {'network': {'name': 'tempest-AttachVolumeShelveTestJSON-136644247-network', 'tenant_id': 'e2774daeaf2945eea5b6f33ad4ea2bdf'}} {{(pid=106399) prepare_request_body /opt/stack/neutron/neutron/api/v2/base.py:730}}
Sep 01 07:14:01.612652 dv-cinder-733062-35-iscsi neutron-server[106399]: DEBUG neutron.api.v2.base [None req-c67dd6a4-3b0c-478b-ac98-d838aaf9ef6c admin admin] Request body: {'network': {'name': 'tempest-DeleteServersTestJSON-1281981154-network', 'tenant_id': '78f0be015ba44cdfa6c64038e16bd5cb'}} {{(pid=106399) prepare_request_body /opt/stack/neutron/neutron/api/v2/base.py:730}}
Sep 01 07:14:01.615162 dv-cinder-733062-35-iscsi neutron-server[106398]: DEBUG neutron.api.rpc.handlers.resources_rpc [None req-63c63ade-0fd2-48bf-879d-e57c0d9d61a2 admin admin] Pushing event updated for resources: {'Port': ['ID=10314ef7-2c14-4302-afcb-4c305f321dad,revision_number=1']} {{(pid=106398) push /opt/stack/neutron/neutron/api/rpc/handlers/resources_rpc.py:237}}
Sep 01 07:14:01.628390 dv-cinder-733062-35-iscsi neutron-server[106398]: DEBUG neutron.scheduler.dhcp_agent_scheduler [None req-63c63ade-0fd2-48bf-879d-e57c0d9d61a2 admin admin] Network 87578a8d-ce6b-4029-bb56-e7bc958e34e2 is already hosted by enough agents. {{(pid=106398) _get_dhcp_agents_hosting_network /opt/stack/neutron/neutron/scheduler/dhcp_agent_scheduler.py:275}}
Sep 01 07:14:01.630646 dv-cinder-733062-35-iscsi neutron-server[106398]: DEBUG neutron.scheduler.base_scheduler [None req-63c63ade-0fd2-48bf-879d-e57c0d9d61a2 admin admin] Resources bound (agent type, host, resource id): {{(pid=106398) schedule /opt/stack/neutron/neutron/scheduler/base_scheduler.py:57}}
Sep 01 07:14:01.633541 dv-cinder-733062-35-iscsi neutron-server[106398]: DEBUG neutron.db.l3_dvrscheduler_db [None req-63c63ade-0fd2-48bf-879d-e57c0d9d61a2 admin admin] Received port after_create {{(pid=106398) _notify_l3_agent_new_port /opt/stack/neutron/neutron/db/l3_dvrscheduler_db.py:538}}
Sep 01 07:14:01.666067 dv-cinder-733062-35-iscsi neutron-server[106399]: DEBUG neutron.pecan_wsgi.hooks.quota_enforcement [None req-4aac3e98-30c6-426d-ba75-f48b165e5d47 admin admin] Made reservation on behalf of e2774daeaf2945eea5b6f33ad4ea2bdf for: {'network': 1} {{(pid=106399) before /opt/stack/neutron/neutron/pecan_wsgi/hooks/quota_enforcement.py:53}}
Sep 01 07:14:01.669629 dv-cinder-733062-35-iscsi neutron-server[106399]: DEBUG neutron_lib.callbacks.manager [None req-4aac3e98-30c6-426d-ba75-f48b165e5d47 admin admin] Publish callbacks ['neutron.plugins.ml2.plugin.SecurityGroupDbMixin._ensure_default_security_group_handler-672383'] for network (None), before_create {{(pid=106399) _notify_loop /usr/local/lib/python3.8/dist-packages/neutron_lib/callbacks/manager.py:176}}
Sep 01 07:14:01.692550 dv-cinder-733062-35-iscsi neutron-server[106399]: DEBUG neutron_lib.callbacks.manager [None req-4aac3e98-30c6-426d-ba75-f48b165e5d47 admin admin] Publish callbacks [] for security_group (None), before_create {{(pid=106399) _notify_loop /usr/local/lib/python3.8/dist-packages/neutron_lib/callbacks/manager.py:176}}
Sep 01 07:14:01.702784 dv-cinder-733062-35-iscsi neutron-server[106399]: DEBUG neutron.pecan_wsgi.hooks.quota_enforcement [None req-c67dd6a4-3b0c-478b-ac98-d838aaf9ef6c admin admin] Made reservation on behalf of 78f0be015ba44cdfa6c64038e16bd5cb for: {'network': 1} {{(pid=106399) before /opt/stack/neutron/neutron/pecan_wsgi/hooks/quota_enforcement.py:53}}
Sep 01 07:14:01.705166 dv-cinder-733062-35-iscsi neutron-server[106399]: DEBUG neutron_lib.callbacks.manager [None req-c67dd6a4-3b0c-478b-ac98-d838aaf9ef6c admin admin] Publish callbacks ['neutron.plugins.ml2.plugin.SecurityGroupDbMixin._ensure_default_security_group_handler-672383'] for network (None), before_create {{(pid=106399) _notify_loop /usr/local/lib/python3.8/dist-packages/neutron_lib/callbacks/manager.py:176}}
Sep 01 07:14:01.792486 dv-cinder-733062-35-iscsi neutron-server[106399]: DEBUG neutron_lib.callbacks.manager [None req-4aac3e98-30c6-426d-ba75-f48b165e5d47 admin admin] Publish callbacks [] for security_group (d5877c57-c158-473e-ab9f-f62edaab7e34), precommit_create {{(pid=106399) _notify_loop /usr/local/lib/python3.8/dist-packages/neutron_lib/callbacks/manager.py:176}}
Sep 01 07:14:01.799174 dv-cinder-733062-35-iscsi neutron-server[106399]: DEBUG neutron_lib.callbacks.manager [None req-c67dd6a4-3b0c-478b-ac98-d838aaf9ef6c admin admin] Publish callbacks [] for security_group (None), before_create {{(pid=106399) _notify_loop /usr/local/lib/python3.8/dist-packages/neutron_lib/callbacks/manager.py:176}}
Sep 01 07:14:01.803354 dv-cinder-733062-35-iscsi neutron-server[106399]: DEBUG neutron_lib.callbacks.manager [None req-4aac3e98-30c6-426d-ba75-f48b165e5d47 admin admin] Publish callbacks ['neutron.plugins.ml2.ovo_rpc._ObjectChangeHandler.handle_event-1683605'] for security_group (d5877c57-c158-473e-ab9f-f62edaab7e34), after_create {{(pid=106399) _notify_loop /usr/local/lib/python3.8/dist-packages/neutron_lib/callbacks/manager.py:176}}
Sep 01 07:14:01.814835 dv-cinder-733062-35-iscsi neutron-server[106399]: DEBUG neutron.plugins.ml2.drivers.helpers [None req-4aac3e98-30c6-426d-ba75-f48b165e5d47 admin admin] vlan segment allocate from pool success with {'physical_network': 'physnet1', 'vlan_id': 612} {{(pid=106399) allocate_partially_specified_segment /opt/stack/neutron/neutron/plugins/ml2/drivers/helpers.py:153}}
Sep 01 07:14:01.824524 dv-cinder-733062-35-iscsi neutron-server[106399]: DEBUG neutron_lib.callbacks.manager [None req-4aac3e98-30c6-426d-ba75-f48b165e5d47 admin admin] Publish callbacks ['neutron.plugins.ml2.plugin.Ml2Plugin._handle_segment_change-1405814'] for segment (79130579-addc-460f-8bc1-1db3853a1367), precommit_create {{(pid=106399) _notify_loop /usr/local/lib/python3.8/dist-packages/neutron_lib/callbacks/manager.py:176}}
Sep 01 07:14:01.825186 dv-cinder-733062-35-iscsi neutron-server[106399]: INFO neutron.db.segments_db [None req-4aac3e98-30c6-426d-ba75-f48b165e5d47 admin admin] Added segment 79130579-addc-460f-8bc1-1db3853a1367 of type vlan for network de2b3597-56ee-48e1-b75b-557a6c9a793f
Sep 01 07:14:01.926241 dv-cinder-733062-35-iscsi neutron-server[106398]: DEBUG neutron_lib.callbacks.manager [None req-63c63ade-0fd2-48bf-879d-e57c0d9d61a2 admin admin] Publish callbacks [] for router_gateway (ea825385-b87d-46ca-97a2-bfeb1b478cab), after_create {{(pid=106398) _notify_loop /usr/local/lib/python3.8/dist-packages/neutron_lib/callbacks/manager.py:176}}
Sep 01 07:14:01.929810 dv-cinder-733062-35-iscsi neutron-server[106399]: DEBUG neutron_lib.callbacks.manager [None req-4aac3e98-30c6-426d-ba75-f48b165e5d47 admin admin] Publish callbacks ['neutron.services.auto_allocate.db._ensure_external_network_default_value_callback-8748783948463'] for network (de2b3597-56ee-48e1-b75b-557a6c9a793f), precommit_create {{(pid=106399) _notify_loop /usr/local/lib/python3.8/dist-packages/neutron_lib/callbacks/manager.py:176}}
Sep 01 07:14:01.955838 dv-cinder-733062-35-iscsi neutron-server[106399]: DEBUG neutron.api.rpc.handlers.resources_rpc [None req-4aac3e98-30c6-426d-ba75-f48b165e5d47 admin admin] Pushing event updated for resources: {'SecurityGroup': ['ID=d5877c57-c158-473e-ab9f-f62edaab7e34,revision_number=1']} {{(pid=106399) push /opt/stack/neutron/neutron/api/rpc/handlers/resources_rpc.py:237}}
Sep 01 07:14:01.972522 dv-cinder-733062-35-iscsi neutron-server[106399]: DEBUG dbcounter [-] [106399] Writing DB stats neutron:SELECT=82,neutron:INSERT=14,neutron:UPDATE=4 {{(pid=106399) stat_writer /usr/local/lib/python3.8/dist-packages/dbcounter.py:114}}
Sep 01 07:14:01.985193 dv-cinder-733062-35-iscsi neutron-server[106399]: DEBUG dbcounter [-] [106399] Writing DB stats neutron:SELECT=75,neutron:INSERT=20,neutron:UPDATE=3,neutron:DELETE=2 {{(pid=106399) stat_writer /usr/local/lib/python3.8/dist-packages/dbcounter.py:114}}
Sep 01 07:14:01.996902 dv-cinder-733062-35-iscsi neutron-server[106399]: DEBUG neutron_lib.callbacks.manager [None req-4aac3e98-30c6-426d-ba75-f48b165e5d47 admin admin] Publish callbacks ['neutron.plugins.ml2.ovo_rpc._ObjectChangeHandler.handle_event-1677389', 'neutron.api.rpc.agentnotifiers.dhcp_rpc_agent_api.DhcpAgentNotifyAPI._native_event_send_dhcp_notification-1578818'] for network (de2b3597-56ee-48e1-b75b-557a6c9a793f), after_create {{(pid=106399) _notify_loop /usr/local/lib/python3.8/dist-packages/neutron_lib/callbacks/manager.py:176}}
Sep 01 07:14:01.998140 dv-cinder-733062-35-iscsi neutron-server[106399]: DEBUG neutron.pecan_wsgi.hooks.policy_enforcement [None req-4aac3e98-30c6-426d-ba75-f48b165e5d47 admin admin] Attributes excluded by policy engine: ['standard_attr_id', 'vlan_transparent'] {{(pid=106399) _exclude_attributes_by_policy /opt/stack/neutron/neutron/pecan_wsgi/hooks/policy_enforcement.py:259}}
Sep 01 07:14:01.998894 dv-cinder-733062-35-iscsi neutron-server[106399]: DEBUG neutron_lib.callbacks.manager [None req-4aac3e98-30c6-426d-ba75-f48b165e5d47 admin admin] Publish callbacks ['neutron.api.rpc.agentnotifiers.dhcp_rpc_agent_api.DhcpAgentNotifyAPI._send_dhcp_notification-1578832'] for network (None), before_response {{(pid=106399) _notify_loop /usr/local/lib/python3.8/dist-packages/neutron_lib/callbacks/manager.py:176}}
Sep 01 07:14:02.094297 dv-cinder-733062-35-iscsi neutron-server[106399]: INFO neutron.wsgi [None req-4aac3e98-30c6-426d-ba75-f48b165e5d47 admin admin] 10.222.0.46 "POST /networking/v2.0/networks HTTP/1.1" status: 201 len: 889 time: 1.0136490
Sep 01 07:14:02.104553 dv-cinder-733062-35-iscsi neutron-server[106398]: DEBUG neutron.wsgi [-] (106398) accepted ('10.222.0.46', 41058) {{(pid=106398) server /usr/local/lib/python3.8/dist-packages/eventlet/wsgi.py:1004}}
Sep 01 07:14:02.124133 dv-cinder-733062-35-iscsi neutron-server[106399]: DEBUG neutron.api.rpc.handlers.resources_rpc [None req-4aac3e98-30c6-426d-ba75-f48b165e5d47 admin admin] Pushing event updated for resources: {'Network': ['ID=de2b3597-56ee-48e1-b75b-557a6c9a793f,revision_number=1']} {{(pid=106399) push /opt/stack/neutron/neutron/api/rpc/handlers/resources_rpc.py:237}}
Sep 01 07:14:02.128745 dv-cinder-733062-35-iscsi neutron-server[106398]: DEBUG neutron.api.v2.base [None req-24c0f327-9de4-4d08-adfd-72d02d830280 admin admin] Request body: {'subnet': {'network_id': 'de2b3597-56ee-48e1-b75b-557a6c9a793f', 'cidr': '172.20.0.0/28', 'name': 'tempest-AttachVolumeShelveTestJSON-136644247-subnet', 'tenant_id': 'e2774daeaf2945eea5b6f33ad4ea2bdf', 'enable_dhcp': True, 'ip_version': 4}} {{(pid=106398) prepare_request_body /opt/stack/neutron/neutron/api/v2/base.py:730}}
Sep 01 07:14:02.141352 dv-cinder-733062-35-iscsi neutron-server[106400]: DEBUG neutron.plugins.ml2.rpc [None req-115d1642-d0cc-4742-af5e-73117049f565 None None] Network de2b3597-56ee-48e1-b75b-557a6c9a793f details requested by agent ovs-agent-dv-cinder-733062-35-iscsi with host dv-cinder-733062-35-iscsi {{(pid=106400) get_network_details /opt/stack/neutron/neutron/plugins/ml2/rpc.py:248}}
Sep 01 07:14:02.151141 dv-cinder-733062-35-iscsi neutron-server[106399]: DEBUG neutron_lib.callbacks.manager [None req-c67dd6a4-3b0c-478b-ac98-d838aaf9ef6c admin admin] Publish callbacks [] for security_group (921d135c-cd74-4f1d-9443-4ccbe5ef84a7), precommit_create {{(pid=106399) _notify_loop /usr/local/lib/python3.8/dist-packages/neutron_lib/callbacks/manager.py:176}}
Sep 01 07:14:02.161459 dv-cinder-733062-35-iscsi neutron-server[106399]: DEBUG neutron_lib.callbacks.manager [None req-c67dd6a4-3b0c-478b-ac98-d838aaf9ef6c admin admin] Publish callbacks ['neutron.plugins.ml2.ovo_rpc._ObjectChangeHandler.handle_event-1683605'] for security_group (921d135c-cd74-4f1d-9443-4ccbe5ef84a7), after_create {{(pid=106399) _notify_loop /usr/local/lib/python3.8/dist-packages/neutron_lib/callbacks/manager.py:176}}
Sep 01 07:14:02.196595 dv-cinder-733062-35-iscsi neutron-server[106398]: DEBUG neutron.pecan_wsgi.hooks.quota_enforcement [None req-24c0f327-9de4-4d08-adfd-72d02d830280 admin admin] Made reservation on behalf of e2774daeaf2945eea5b6f33ad4ea2bdf for: {'subnet': 1} {{(pid=106398) before /opt/stack/neutron/neutron/pecan_wsgi/hooks/quota_enforcement.py:53}}
Sep 01 07:14:02.199065 dv-cinder-733062-35-iscsi neutron-server[106398]: DEBUG neutron_lib.callbacks.manager [None req-24c0f327-9de4-4d08-adfd-72d02d830280 admin admin] Publish callbacks [] for subnet (None), before_create {{(pid=106398) _notify_loop /usr/local/lib/python3.8/dist-packages/neutron_lib/callbacks/manager.py:176}}
Sep 01 07:14:02.257637 dv-cinder-733062-35-iscsi neutron-server[106400]: DEBUG dbcounter [-] [106400] Writing DB stats neutron:SELECT=90,neutron:UPDATE=7,neutron:INSERT=3 {{(pid=106400) stat_writer /usr/local/lib/python3.8/dist-packages/dbcounter.py:114}}
Sep 01 07:14:02.265965 dv-cinder-733062-35-iscsi neutron-server[106399]: DEBUG neutron.plugins.ml2.drivers.helpers [None req-c67dd6a4-3b0c-478b-ac98-d838aaf9ef6c admin admin] vlan segment allocate from pool success with {'physical_network': 'physnet1', 'vlan_id': 639} {{(pid=106399) allocate_partially_specified_segment /opt/stack/neutron/neutron/plugins/ml2/drivers/helpers.py:153}}
Sep 01 07:14:02.283615 dv-cinder-733062-35-iscsi neutron-server[106399]: DEBUG neutron_lib.callbacks.manager [None req-c67dd6a4-3b0c-478b-ac98-d838aaf9ef6c admin admin] Publish callbacks ['neutron.plugins.ml2.plugin.Ml2Plugin._handle_segment_change-1405814'] for segment (12e59b69-61ec-431c-a960-9e65a9ea7224), precommit_create {{(pid=106399) _notify_loop /usr/local/lib/python3.8/dist-packages/neutron_lib/callbacks/manager.py:176}}
Sep 01 07:14:02.284261 dv-cinder-733062-35-iscsi neutron-server[106399]: INFO neutron.db.segments_db [None req-c67dd6a4-3b0c-478b-ac98-d838aaf9ef6c admin admin] Added segment 12e59b69-61ec-431c-a960-9e65a9ea7224 of type vlan for network 91917c4e-d2ce-4593-a032-c5eeea5792f2
Sep 01 07:14:02.359365 dv-cinder-733062-35-iscsi neutron-server[106399]: DEBUG neutron_lib.callbacks.manager [None req-c67dd6a4-3b0c-478b-ac98-d838aaf9ef6c admin admin] Publish callbacks ['neutron.services.auto_allocate.db._ensure_external_network_default_value_callback-8748783948463'] for network (91917c4e-d2ce-4593-a032-c5eeea5792f2), precommit_create {{(pid=106399) _notify_loop /usr/local/lib/python3.8/dist-packages/neutron_lib/callbacks/manager.py:176}}
Sep 01 07:14:02.402395 dv-cinder-733062-35-iscsi neutron-server[106399]: DEBUG neutron.api.rpc.handlers.resources_rpc [None req-c67dd6a4-3b0c-478b-ac98-d838aaf9ef6c admin admin] Pushing event updated for resources: {'SecurityGroup': ['ID=921d135c-cd74-4f1d-9443-4ccbe5ef84a7,revision_number=1']} {{(pid=106399) push /opt/stack/neutron/neutron/api/rpc/handlers/resources_rpc.py:237}}
Sep 01 07:14:02.415299 dv-cinder-733062-35-iscsi neutron-server[106399]: DEBUG neutron_lib.callbacks.manager [None req-c67dd6a4-3b0c-478b-ac98-d838aaf9ef6c admin admin] Publish callbacks ['neutron.plugins.ml2.ovo_rpc._ObjectChangeHandler.handle_event-1677389', 'neutron.api.rpc.agentnotifiers.dhcp_rpc_agent_api.DhcpAgentNotifyAPI._native_event_send_dhcp_notification-1578818'] for network (91917c4e-d2ce-4593-a032-c5eeea5792f2), after_create {{(pid=106399) _notify_loop /usr/local/lib/python3.8/dist-packages/neutron_lib/callbacks/manager.py:176}}
Sep 01 07:14:02.419441 dv-cinder-733062-35-iscsi neutron-server[106399]: DEBUG neutron.pecan_wsgi.hooks.policy_enforcement [None req-c67dd6a4-3b0c-478b-ac98-d838aaf9ef6c admin admin] Attributes excluded by policy engine: ['standard_attr_id', 'vlan_transparent'] {{(pid=106399) _exclude_attributes_by_policy /opt/stack/neutron/neutron/pecan_wsgi/hooks/policy_enforcement.py:259}}
Sep 01 07:14:02.420251 dv-cinder-733062-35-iscsi neutron-server[106399]: DEBUG neutron_lib.callbacks.manager [None req-c67dd6a4-3b0c-478b-ac98-d838aaf9ef6c admin admin] Publish callbacks ['neutron.api.rpc.agentnotifiers.dhcp_rpc_agent_api.DhcpAgentNotifyAPI._send_dhcp_notification-1578832'] for network (None), before_response {{(pid=106399) _notify_loop /usr/local/lib/python3.8/dist-packages/neutron_lib/callbacks/manager.py:176}}
Sep 01 07:14:02.548783 dv-cinder-733062-35-iscsi neutron-server[106400]: DEBUG neutron.plugins.ml2.rpc [None req-115d1642-d0cc-4742-af5e-73117049f565 None None] Device b7e7d880-b443-47c1-b20f-6fb103f9f645 up at agent ovs-agent-dv-cinder-733062-35-iscsi {{(pid=106400) update_device_up /opt/stack/neutron/neutron/plugins/ml2/rpc.py:296}}
Sep 01 07:14:02.590782 dv-cinder-733062-35-iscsi neutron-server[106400]: DEBUG dbcounter [-] [106400] Writing DB stats neutron:SELECT=90,neutron:UPDATE=6,neutron:INSERT=4 {{(pid=106400) stat_writer /usr/local/lib/python3.8/dist-packages/dbcounter.py:114}}
Sep 01 07:14:02.601808 dv-cinder-733062-35-iscsi neutron-server[106399]: DEBUG neutron.api.rpc.handlers.resources_rpc [None req-c67dd6a4-3b0c-478b-ac98-d838aaf9ef6c admin admin] Pushing event updated for resources: {'Network': ['ID=91917c4e-d2ce-4593-a032-c5eeea5792f2,revision_number=1']} {{(pid=106399) push /opt/stack/neutron/neutron/api/rpc/handlers/resources_rpc.py:237}}
Sep 01 07:14:02.618792 dv-cinder-733062-35-iscsi neutron-server[106399]: INFO neutron.wsgi [None req-c67dd6a4-3b0c-478b-ac98-d838aaf9ef6c admin admin] 10.222.0.46 "POST /networking/v2.0/networks HTTP/1.1" status: 201 len: 885 time: 1.4973321
Sep 01 07:14:02.619468 dv-cinder-733062-35-iscsi neutron-server[106399]: DEBUG neutron.wsgi [-] (106399) accepted ('10.222.0.46', 41078) {{(pid=106399) server /usr/local/lib/python3.8/dist-packages/eventlet/wsgi.py:1004}}
Sep 01 07:14:02.631796 dv-cinder-733062-35-iscsi neutron-server[106399]: DEBUG neutron.api.v2.base [None req-0ac84421-c908-4598-bd92-95fd30d48150 admin admin] Request body: {'subnet': {'network_id': '91917c4e-d2ce-4593-a032-c5eeea5792f2', 'cidr': '172.20.0.0/28', 'name': 'tempest-DeleteServersTestJSON-1281981154-subnet', 'tenant_id': '78f0be015ba44cdfa6c64038e16bd5cb', 'enable_dhcp': True, 'ip_version': 4}} {{(pid=106399) prepare_request_body /opt/stack/neutron/neutron/api/v2/base.py:730}}
Sep 01 07:14:02.641609 dv-cinder-733062-35-iscsi neutron-server[106400]: DEBUG neutron.plugins.ml2.rpc [None req-115d1642-d0cc-4742-af5e-73117049f565 None None] Network 91917c4e-d2ce-4593-a032-c5eeea5792f2 details requested by agent ovs-agent-dv-cinder-733062-35-iscsi with host dv-cinder-733062-35-iscsi {{(pid=106400) get_network_details /opt/stack/neutron/neutron/plugins/ml2/rpc.py:248}}
Sep 01 07:14:02.701293 dv-cinder-733062-35-iscsi neutron-server[106399]: DEBUG neutron.pecan_wsgi.hooks.quota_enforcement [None req-0ac84421-c908-4598-bd92-95fd30d48150 admin admin] Made reservation on behalf of 78f0be015ba44cdfa6c64038e16bd5cb for: {'subnet': 1} {{(pid=106399) before /opt/stack/neutron/neutron/pecan_wsgi/hooks/quota_enforcement.py:53}}
Sep 01 07:14:02.704266 dv-cinder-733062-35-iscsi neutron-server[106399]: DEBUG neutron_lib.callbacks.manager [None req-0ac84421-c908-4598-bd92-95fd30d48150 admin admin] Publish callbacks [] for subnet (None), before_create {{(pid=106399) _notify_loop /usr/local/lib/python3.8/dist-packages/neutron_lib/callbacks/manager.py:176}}
Sep 01 07:14:02.723456 dv-cinder-733062-35-iscsi neutron-server[106398]: DEBUG neutron_lib.callbacks.manager [None req-63c63ade-0fd2-48bf-879d-e57c0d9d61a2 admin admin] Publish callbacks ['neutron.services.l3_router.l3_router_plugin.L3_HA_NAT_db_mixin._after_router_create-1664295', 'neutron.services.l3_router.l3_router_plugin.DVRResourceOperationHandler._create_snat_interfaces_after_change-1670357'] for router (ea825385-b87d-46ca-97a2-bfeb1b478cab), after_create {{(pid=106398) _notify_loop /usr/local/lib/python3.8/dist-packages/neutron_lib/callbacks/manager.py:176}}
Sep 01 07:14:02.736776 dv-cinder-733062-35-iscsi neutron-server[106400]: DEBUG neutron.api.rpc.handlers.dhcp_rpc [None req-3150c102-86a6-40c8-91a5-1c707c19703b None None] Network 9f24c055-6940-48ec-a310-bd5e7c9fb6d1 requested from dv-cinder-733062-35-iscsi {{(pid=106400) get_network_info /opt/stack/neutron/neutron/api/rpc/handlers/dhcp_rpc.py:191}}
Sep 01 07:14:02.885741 dv-cinder-733062-35-iscsi neutron-server[106400]: DEBUG neutron.db.provisioning_blocks [None req-115d1642-d0cc-4742-af5e-73117049f565 None None] Provisioning complete for port b7e7d880-b443-47c1-b20f-6fb103f9f645 triggered by entity L2. {{(pid=106400) provisioning_complete /opt/stack/neutron/neutron/db/provisioning_blocks.py:144}}
Sep 01 07:14:02.886540 dv-cinder-733062-35-iscsi neutron-server[106400]: DEBUG neutron_lib.callbacks.manager [None req-115d1642-d0cc-4742-af5e-73117049f565 None None] Publish callbacks ['neutron.plugins.ml2.plugin.Ml2Plugin._port_provisioned-745684'] for port (b7e7d880-b443-47c1-b20f-6fb103f9f645), provisioning_complete {{(pid=106400) _notify_loop /usr/local/lib/python3.8/dist-packages/neutron_lib/callbacks/manager.py:176}}
Sep 01 07:14:02.920411 dv-cinder-733062-35-iscsi neutron-server[106398]: DEBUG dbcounter [-] [106398] Writing DB stats neutron:SELECT=98,neutron:INSERT=2 {{(pid=106398) stat_writer /usr/local/lib/python3.8/dist-packages/dbcounter.py:114}}
Sep 01 07:14:02.980634 dv-cinder-733062-35-iscsi neutron-server[106398]: DEBUG neutron.scheduler.l3_agent_scheduler [None req-63c63ade-0fd2-48bf-879d-e57c0d9d61a2 admin admin] Router ea825385-b87d-46ca-97a2-bfeb1b478cab is scheduled to L3 agent 6bc70b25-d503-4ad9-b143-05f354e51531 with binding_index 1 {{(pid=106398) bind_router /opt/stack/neutron/neutron/scheduler/l3_agent_scheduler.py:209}}
Sep 01 07:14:03.028554 dv-cinder-733062-35-iscsi neutron-server[106399]: DEBUG neutron_lib.callbacks.manager [None req-0ac84421-c908-4598-bd92-95fd30d48150 admin admin] Publish callbacks ['neutron.plugins.ml2.ovo_rpc._ObjectChangeHandler.handle_event-1677348', 'neutron.api.rpc.agentnotifiers.dhcp_rpc_agent_api.DhcpAgentNotifyAPI._native_event_send_dhcp_notification-1578818'] for subnet (4a387f87-c44e-48c5-9495-bebba9be6d5e), after_create {{(pid=106399) _notify_loop /usr/local/lib/python3.8/dist-packages/neutron_lib/callbacks/manager.py:176}}
Sep 01 07:14:03.102915 dv-cinder-733062-35-iscsi neutron-server[106399]: DEBUG neutron.plugins.ml2.drivers.mech_agent [None req-0ac84421-c908-4598-bd92-95fd30d48150 admin admin] Checking segment: {'id': '12e59b69-61ec-431c-a960-9e65a9ea7224', 'network_type': 'vlan', 'physical_network': 'physnet1', 'segmentation_id': 639, 'network_id': '91917c4e-d2ce-4593-a032-c5eeea5792f2'} for mappings: {'physnet1': 'br-data'} with network types: ['local', 'flat', 'vlan'] {{(pid=106399) check_segment_for_agent /opt/stack/neutron/neutron/plugins/ml2/drivers/mech_agent.py:373}}
Sep 01 07:14:03.104052 dv-cinder-733062-35-iscsi neutron-server[106399]: DEBUG neutron.scheduler.dhcp_agent_scheduler [None req-0ac84421-c908-4598-bd92-95fd30d48150 admin admin] Network hostable DHCP agents. Network: 91917c4e-d2ce-4593-a032-c5eeea5792f2, hostable agents: ['7768b25e-fa47-4109-b54a-7820cb51dfe0'], hosted agents: [] {{(pid=106399) _get_network_hostable_dhcp_agents /opt/stack/neutron/neutron/scheduler/dhcp_agent_scheduler.py:329}}
Sep 01 07:14:03.123011 dv-cinder-733062-35-iscsi neutron-server[106399]: DEBUG dbcounter [-] [106399] Writing DB stats neutron:INSERT=13,neutron:SELECT=80,neutron:DELETE=4,neutron:UPDATE=3 {{(pid=106399) stat_writer /usr/local/lib/python3.8/dist-packages/dbcounter.py:114}}
Sep 01 07:14:03.147364 dv-cinder-733062-35-iscsi neutron-server[106399]: DEBUG neutron.scheduler.dhcp_agent_scheduler [None req-0ac84421-c908-4598-bd92-95fd30d48150 admin admin] Network 91917c4e-d2ce-4593-a032-c5eeea5792f2 is scheduled to be hosted by DHCP agent 7768b25e-fa47-4109-b54a-7820cb51dfe0 with binding_index 1 {{(pid=106399) bind /opt/stack/neutron/neutron/scheduler/dhcp_agent_scheduler.py:227}}
Sep 01 07:14:03.149008 dv-cinder-733062-35-iscsi neutron-server[106400]: DEBUG neutron.db.provisioning_blocks [None req-48887283-625d-4add-923f-60417ad60f5a None None] Provisioning complete for port b7e7d880-b443-47c1-b20f-6fb103f9f645 triggered by entity DHCP. {{(pid=106400) provisioning_complete /opt/stack/neutron/neutron/db/provisioning_blocks.py:144}}
Sep 01 07:14:03.149532 dv-cinder-733062-35-iscsi neutron-server[106400]: DEBUG neutron_lib.callbacks.manager [None req-48887283-625d-4add-923f-60417ad60f5a None None] Publish callbacks ['neutron.plugins.ml2.plugin.Ml2Plugin._port_provisioned-745684'] for port (b7e7d880-b443-47c1-b20f-6fb103f9f645), provisioning_complete {{(pid=106400) _notify_loop /usr/local/lib/python3.8/dist-packages/neutron_lib/callbacks/manager.py:176}}
Sep 01 07:14:03.163516 dv-cinder-733062-35-iscsi neutron-server[106399]: DEBUG neutron.api.rpc.handlers.resources_rpc [None req-0ac84421-c908-4598-bd92-95fd30d48150 admin admin] Pushing event updated for resources: {'Subnet': ['ID=4a387f87-c44e-48c5-9495-bebba9be6d5e,revision_number=0']} {{(pid=106399) push /opt/stack/neutron/neutron/api/rpc/handlers/resources_rpc.py:237}}
Sep 01 07:14:03.173395 dv-cinder-733062-35-iscsi neutron-server[106399]: DEBUG neutron.scheduler.base_scheduler [None req-0ac84421-c908-4598-bd92-95fd30d48150 admin admin] Resources bound (agent type, host, resource id): (DHCP agent, dv-cinder-733062-35-iscsi, 91917c4e-d2ce-4593-a032-c5eeea5792f2) {{(pid=106399) schedule /opt/stack/neutron/neutron/scheduler/base_scheduler.py:57}}
Sep 01 07:14:03.195130 dv-cinder-733062-35-iscsi neutron-server[106400]: DEBUG neutron.plugins.ml2.plugin [None req-115d1642-d0cc-4742-af5e-73117049f565 None None] Current status of the port b7e7d880-b443-47c1-b20f-6fb103f9f645 is: DOWN; New status is: ACTIVE {{(pid=106400) _update_individual_port_db_status /opt/stack/neutron/neutron/plugins/ml2/plugin.py:2302}}
Sep 01 07:14:03.195529 dv-cinder-733062-35-iscsi neutron-server[106400]: DEBUG neutron_lib.callbacks.manager [None req-115d1642-d0cc-4742-af5e-73117049f565 None None] Publish callbacks ['neutron.plugins.ml2.plugin.SecurityGroupDbMixin._ensure_default_security_group_handler-672383'] for port (b7e7d880-b443-47c1-b20f-6fb103f9f645), before_update {{(pid=106400) _notify_loop /usr/local/lib/python3.8/dist-packages/neutron_lib/callbacks/manager.py:176}}
Sep 01 07:14:03.196807 dv-cinder-733062-35-iscsi neutron-server[106399]: DEBUG neutron.pecan_wsgi.hooks.policy_enforcement [None req-0ac84421-c908-4598-bd92-95fd30d48150 admin admin] Attributes excluded by policy engine: ['standard_attr_id', 'shared', 'network'] {{(pid=106399) _exclude_attributes_by_policy /opt/stack/neutron/neutron/pecan_wsgi/hooks/policy_enforcement.py:259}}
Sep 01 07:14:03.197752 dv-cinder-733062-35-iscsi neutron-server[106399]: DEBUG neutron_lib.callbacks.manager [None req-0ac84421-c908-4598-bd92-95fd30d48150 admin admin] Publish callbacks ['neutron.api.rpc.agentnotifiers.dhcp_rpc_agent_api.DhcpAgentNotifyAPI._send_dhcp_notification-1578832'] for subnet (None), before_response {{(pid=106399) _notify_loop /usr/local/lib/python3.8/dist-packages/neutron_lib/callbacks/manager.py:176}}
Sep 01 07:14:03.223201 dv-cinder-733062-35-iscsi neutron-server[106398]: DEBUG neutron.api.rpc.agentnotifiers.l3_rpc_agent_api [None req-63c63ade-0fd2-48bf-879d-e57c0d9d61a2 admin admin] Notify agent at l3_agent.dv-cinder-733062-35-iscsi the message routers_updated {{(pid=106398) _agent_notification /opt/stack/neutron/neutron/api/rpc/agentnotifiers/l3_rpc_agent_api.py:65}}
Sep 01 07:14:03.237400 dv-cinder-733062-35-iscsi neutron-server[106399]: INFO neutron.wsgi [None req-0ac84421-c908-4598-bd92-95fd30d48150 admin admin] 10.222.0.46 "POST /networking/v2.0/subnets HTTP/1.1" status: 201 len: 848 time: 0.6093731
Sep 01 07:14:03.237400 dv-cinder-733062-35-iscsi neutron-server[106399]: DEBUG neutron.wsgi [-] (106399) accepted ('10.222.0.46', 41104) {{(pid=106399) server /usr/local/lib/python3.8/dist-packages/eventlet/wsgi.py:1004}}
Sep 01 07:14:03.246513 dv-cinder-733062-35-iscsi neutron-server[106401]: DEBUG neutron.api.rpc.handlers.l3_rpc [None req-e7ee32b4-10ec-4053-bab0-33c33f87693b None None] Sync routers for ids ['ea825385-b87d-46ca-97a2-bfeb1b478cab'] in dv-cinder-733062-35-iscsi {{(pid=106401) sync_routers /opt/stack/neutron/neutron/api/rpc/handlers/l3_rpc.py:125}}
Sep 01 07:14:03.247365 dv-cinder-733062-35-iscsi neutron-server[106399]: DEBUG neutron.api.v2.base [None req-e45237c7-2d33-469e-bccb-c9f30330ea00 admin admin] Request body: {'router': {'name': 'tempest-DeleteServersTestJSON-1281981154-router', 'tenant_id': '78f0be015ba44cdfa6c64038e16bd5cb', 'external_gateway_info': {'network_id': '87578a8d-ce6b-4029-bb56-e7bc958e34e2'}}} {{(pid=106399) prepare_request_body /opt/stack/neutron/neutron/api/v2/base.py:730}}
Sep 01 07:14:03.252989 dv-cinder-733062-35-iscsi neutron-server[106400]: DEBUG neutron.api.rpc.handlers.dhcp_rpc [None req-8b11998f-feff-4945-b119-1652f170972d None None] Network 91917c4e-d2ce-4593-a032-c5eeea5792f2 requested from dv-cinder-733062-35-iscsi {{(pid=106400) get_network_info /opt/stack/neutron/neutron/api/rpc/handlers/dhcp_rpc.py:191}}
Sep 01 07:14:03.273036 dv-cinder-733062-35-iscsi neutron-server[106401]: DEBUG neutron.db.l3_dvrscheduler_db [None req-e7ee32b4-10ec-4053-bab0-33c33f87693b None None] Routers {'ea825385-b87d-46ca-97a2-bfeb1b478cab'} bound to L3 agent in host dv-cinder-733062-35-iscsi {{(pid=106401) _get_router_ids_for_agent /opt/stack/neutron/neutron/db/l3_dvrscheduler_db.py:422}}
Sep 01 07:14:03.280202 dv-cinder-733062-35-iscsi neutron-server[106401]: DEBUG neutron.db.l3_hamode_db [None req-e7ee32b4-10ec-4053-bab0-33c33f87693b None None] neutron.services.l3_router.l3_router_plugin.L3RouterPlugin method get_ha_sync_data_for_host called with arguments (, 'dv-cinder-733062-35-iscsi', Agent(admin_state_up=True,agent_type='L3 agent',availability_zone='nova',binary='neutron-l3-agent',configurations={"agent_mode": "legacy", "ex_gw_ports": 1, "extensions": [], "floating_ips": 0, "handle_internal_only_routers": true, "interface_driver": "openvswitch", "interfaces": 1, "log_agent_heartbeats": false, "routers": 1},created_at=2022-09-01T07:05:57Z,description=,heartbeat_timestamp=2022-09-01T07:13:57Z,host='dv-cinder-733062-35-iscsi',id=6bc70b25-d503-4ad9-b143-05f354e51531,load=0,resource_versions=,resources_synced=,started_at=2022-09-01T07:05:57Z,topic='l3_agent')) {'router_ids': ['ea825385-b87d-46ca-97a2-bfeb1b478cab'], 'active': True} {{(pid=106401) wrapper /usr/local/lib/python3.8/dist-packages/oslo_log/helpers.py:65}}
Sep 01 07:14:03.303402 dv-cinder-733062-35-iscsi neutron-server[106399]: DEBUG neutron_lib.callbacks.manager [None req-e45237c7-2d33-469e-bccb-c9f30330ea00 admin admin] Publish callbacks ['neutron.services.l3_router.l3_router_plugin.L3_HA_NAT_db_mixin._before_router_create_handler-1662922', 'neutron.services.l3_router.service_providers.driver_controller.DriverController._check_router_request-2093'] for router (b957e9a1-06e4-4802-9bf1-fdbfed2f3977), before_create {{(pid=106399) _notify_loop /usr/local/lib/python3.8/dist-packages/neutron_lib/callbacks/manager.py:176}}
Sep 01 07:14:03.305110 dv-cinder-733062-35-iscsi neutron-server[106399]: DEBUG neutron_lib.callbacks.manager [None req-e45237c7-2d33-469e-bccb-c9f30330ea00 admin admin] Publish callbacks ['neutron.services.l3_router.l3_router_plugin.L3_HA_NAT_db_mixin._precommit_router_create-1664404', 'neutron.services.l3_router.l3_router_plugin.DVRResourceOperationHandler._set_distributed_flag-1670244', 'neutron.services.l3_router.l3_router_plugin.RouterAvailabilityZoneMixin._process_az_request-439140', 'neutron.services.l3_router.service_providers.driver_controller.DriverController._set_router_provider-2084'] for router (b957e9a1-06e4-4802-9bf1-fdbfed2f3977), precommit_create {{(pid=106399) _notify_loop /usr/local/lib/python3.8/dist-packages/neutron_lib/callbacks/manager.py:176}}
Sep 01 07:14:03.445232 dv-cinder-733062-35-iscsi neutron-server[106401]: DEBUG neutron.db.l3_dvr_db [None req-e7ee32b4-10ec-4053-bab0-33c33f87693b None None] Set router ea825385-b87d-46ca-97a2-bfeb1b478cab gateway port host: dv-cinder-733062-35-iscsi {{(pid=106401) _build_routers_list /opt/stack/neutron/neutron/db/l3_dvr_db.py:907}}
Sep 01 07:14:03.474530 dv-cinder-733062-35-iscsi neutron-server[106398]: DEBUG dbcounter [-] [106398] Writing DB stats neutron:INSERT=9,neutron:UPDATE=6,neutron:SELECT=85 {{(pid=106398) stat_writer /usr/local/lib/python3.8/dist-packages/dbcounter.py:114}}
Sep 01 07:14:03.478956 dv-cinder-733062-35-iscsi neutron-server[106398]: DEBUG neutron_lib.callbacks.manager [None req-63c63ade-0fd2-48bf-879d-e57c0d9d61a2 admin admin] Publish callbacks [] for router (None), before_response {{(pid=106398) _notify_loop /usr/local/lib/python3.8/dist-packages/neutron_lib/callbacks/manager.py:176}}
Sep 01 07:14:03.480630 dv-cinder-733062-35-iscsi neutron-server[106398]: INFO neutron.wsgi [None req-63c63ade-0fd2-48bf-879d-e57c0d9d61a2 admin admin] 10.222.0.46 "POST /networking/v2.0/routers HTTP/1.1" status: 201 len: 931 time: 3.0080092
Sep 01 07:14:03.482447 dv-cinder-733062-35-iscsi neutron-server[106398]: DEBUG neutron_lib.callbacks.manager [None req-24c0f327-9de4-4d08-adfd-72d02d830280 admin admin] Publish callbacks ['neutron.plugins.ml2.ovo_rpc._ObjectChangeHandler.handle_event-1677348', 'neutron.api.rpc.agentnotifiers.dhcp_rpc_agent_api.DhcpAgentNotifyAPI._native_event_send_dhcp_notification-1578818'] for subnet (0a34be5b-fc69-4d24-88d1-e9b544d2aae0), after_create {{(pid=106398) _notify_loop /usr/local/lib/python3.8/dist-packages/neutron_lib/callbacks/manager.py:176}}
Sep 01 07:14:03.491147 dv-cinder-733062-35-iscsi neutron-server[106398]: DEBUG neutron.wsgi [-] (106398) accepted ('10.222.0.46', 41114) {{(pid=106398) server /usr/local/lib/python3.8/dist-packages/eventlet/wsgi.py:1004}}
Sep 01 07:14:03.529975 dv-cinder-733062-35-iscsi neutron-server[106400]: DEBUG neutron.plugins.ml2.db [None req-115d1642-d0cc-4742-af5e-73117049f565 None None] For port b7e7d880-b443-47c1-b20f-6fb103f9f645, host dv-cinder-733062-35-iscsi, got binding levels [PortBindingLevel(driver='openvswitch',host='dv-cinder-733062-35-iscsi',level=0,port_id=b7e7d880-b443-47c1-b20f-6fb103f9f645,segment=NetworkSegment(910c9bb6-d547-4532-993e-cc4ea7d1298f),segment_id=910c9bb6-d547-4532-993e-cc4ea7d1298f)] {{(pid=106400) get_binding_level_objs /opt/stack/neutron/neutron/plugins/ml2/db.py:74}}
Sep 01 07:14:03.568288 dv-cinder-733062-35-iscsi neutron-server[106400]: DEBUG neutron_lib.callbacks.manager [None req-115d1642-d0cc-4742-af5e-73117049f565 None None] Publish callbacks ['neutron.plugins.ml2.plugin.SecurityGroupServerNotifierRpcMixin._notify_sg_on_port_change-672316', 'neutron.plugins.ml2.ovo_rpc._ObjectChangeHandler.handle_event-1972215', 'neutron.api.rpc.agentnotifiers.dhcp_rpc_agent_api.DhcpAgentNotifyAPI._native_event_send_dhcp_notification-1578818', 'neutron.db.l3_db.L3RpcNotifierMixin._notify_gateway_port_ip_changed-8748784455042', 'neutron.db.l3_dvrscheduler_db._notify_l3_agent_port_update-8748783996299', 'neutron.db.l3_hascheduler_db._notify_l3_agent_ha_port_update-8748783996317'] for port (b7e7d880-b443-47c1-b20f-6fb103f9f645), after_update {{(pid=106400) _notify_loop /usr/local/lib/python3.8/dist-packages/neutron_lib/callbacks/manager.py:176}}
Sep 01 07:14:03.606522 dv-cinder-733062-35-iscsi neutron-server[106399]: DEBUG neutron_lib.callbacks.manager [None req-e45237c7-2d33-469e-bccb-c9f30330ea00 admin admin] Publish callbacks [] for router_controller (b957e9a1-06e4-4802-9bf1-fdbfed2f3977), precommit_add_association {{(pid=106399) _notify_loop /usr/local/lib/python3.8/dist-packages/neutron_lib/callbacks/manager.py:176}}
Sep 01 07:14:03.641204 dv-cinder-733062-35-iscsi neutron-server[106398]: DEBUG neutron.api.rpc.handlers.resources_rpc [None req-24c0f327-9de4-4d08-adfd-72d02d830280 admin admin] Pushing event updated for resources: {'Subnet': ['ID=0a34be5b-fc69-4d24-88d1-e9b544d2aae0,revision_number=0']} {{(pid=106398) push /opt/stack/neutron/neutron/api/rpc/handlers/resources_rpc.py:237}}
Sep 01 07:14:03.779479 dv-cinder-733062-35-iscsi neutron-server[106401]: DEBUG neutron.db.l3_hamode_db [None req-e7ee32b4-10ec-4053-bab0-33c33f87693b None None] neutron.services.l3_router.l3_router_plugin.L3RouterPlugin method _process_sync_ha_data called with arguments (, [{'id': 'ea825385-b87d-46ca-97a2-bfeb1b478cab', 'name': 'tempest-ServerRescueNegativeTestJSON-1146415508-router', 'tenant_id': 'c1705474b7954cf1926e9beb2d548587', 'admin_state_up': True, 'status': 'ACTIVE', 'external_gateway_info': {'network_id': '87578a8d-ce6b-4029-bb56-e7bc958e34e2', 'external_fixed_ips': [{'subnet_id': '57e7e5c3-8980-4aa4-a3b6-00393a1fea25', 'ip_address': '172.27.2.112'}], 'enable_snat': True}, 'gw_port_id': '10314ef7-2c14-4302-afcb-4c305f321dad', 'description': '', 'availability_zones': ['nova'], 'distributed': False, 'ha': False, 'ha_vr_id': 0, 'availability_zone_hints': [], 'routes': [], 'flavor_id': None, 'tags': [], 'created_at': '2022-09-01T07:14:00Z', 'updated_at': '2022-09-01T07:14:01Z', 'revision_number': 3, 'project_id': 'c1705474b7954cf1926e9beb2d548587', 'gw_port': {'id': '10314ef7-2c14-4302-afcb-4c305f321dad', 'name': '', 'network_id': '87578a8d-ce6b-4029-bb56-e7bc958e34e2', 'tenant_id': '', 'mac_address': 'fa:16:3e:27:fc:6e', 'admin_state_up': True, 'status': 'DOWN', 'device_id': 'ea825385-b87d-46ca-97a2-bfeb1b478cab', 'device_owner': 'network:router_gateway', 'standard_attr_id': 41, 'fixed_ips': [{'subnet_id': '57e7e5c3-8980-4aa4-a3b6-00393a1fea25', 'ip_address': '172.27.2.112', 'prefixlen': 24}], 'allowed_address_pairs': [], 'extra_dhcp_opts': [], 'security_groups': [], 'description': '', 'binding:vnic_type': 'normal', 'binding:profile': {}, 'binding:host_id': '', 'binding:vif_type': 'unbound', 'binding:vif_details': {}, 'port_security_enabled': False, 'tags': [], 'created_at': '2022-09-01T07:14:01Z', 'updated_at': '2022-09-01T07:14:01Z', 'revision_number': 1, 'project_id': '', 'subnets': [{'id': '57e7e5c3-8980-4aa4-a3b6-00393a1fea25', 'cidr': '172.27.2.0/24', 'gateway_ip': '172.27.2.1', 'dns_nameservers': [], 'ipv6_ra_mode': None, 'subnetpool_id': None}], 'extra_subnets': [], 'address_scopes': {4: None, 6: None}, 'mtu': 1500}, 'enable_snat': True, 'gw_port_host': 'dv-cinder-733062-35-iscsi'}], 'dv-cinder-733062-35-iscsi', False) {} {{(pid=106401) wrapper /usr/local/lib/python3.8/dist-packages/oslo_log/helpers.py:65}}
Sep 01 07:14:03.839949 dv-cinder-733062-35-iscsi neutron-server[106401]: DEBUG neutron.api.rpc.handlers.l3_rpc [None req-e7ee32b4-10ec-4053-bab0-33c33f87693b None None] Checking router: ea825385-b87d-46ca-97a2-bfeb1b478cab for host: dv-cinder-733062-35-iscsi {{(pid=106401) _ensure_host_set_on_ports /opt/stack/neutron/neutron/api/rpc/handlers/l3_rpc.py:155}}
Sep 01 07:14:03.840320 dv-cinder-733062-35-iscsi neutron-server[106401]: DEBUG neutron.api.rpc.handlers.l3_rpc [None req-e7ee32b4-10ec-4053-bab0-33c33f87693b None None] Updating router ea825385-b87d-46ca-97a2-bfeb1b478cab port 10314ef7-2c14-4302-afcb-4c305f321dad binding host dv-cinder-733062-35-iscsi {{(pid=106401) _ensure_host_set_on_port /opt/stack/neutron/neutron/api/rpc/handlers/l3_rpc.py:205}}
Sep 01 07:14:03.884156 dv-cinder-733062-35-iscsi neutron-server[106398]: DEBUG neutron.plugins.ml2.drivers.mech_agent [None req-24c0f327-9de4-4d08-adfd-72d02d830280 admin admin] Checking segment: {'id': '79130579-addc-460f-8bc1-1db3853a1367', 'network_type': 'vlan', 'physical_network': 'physnet1', 'segmentation_id': 612, 'network_id': 'de2b3597-56ee-48e1-b75b-557a6c9a793f'} for mappings: {'physnet1': 'br-data'} with network types: ['local', 'flat', 'vlan'] {{(pid=106398) check_segment_for_agent /opt/stack/neutron/neutron/plugins/ml2/drivers/mech_agent.py:373}}
Sep 01 07:14:03.888654 dv-cinder-733062-35-iscsi neutron-server[106398]: DEBUG neutron.scheduler.dhcp_agent_scheduler [None req-24c0f327-9de4-4d08-adfd-72d02d830280 admin admin] Network hostable DHCP agents. Network: de2b3597-56ee-48e1-b75b-557a6c9a793f, hostable agents: ['7768b25e-fa47-4109-b54a-7820cb51dfe0'], hosted agents: [] {{(pid=106398) _get_network_hostable_dhcp_agents /opt/stack/neutron/neutron/scheduler/dhcp_agent_scheduler.py:329}}
Sep 01 07:14:03.918672 dv-cinder-733062-35-iscsi neutron-server[106400]: DEBUG neutron.api.rpc.handlers.resources_rpc [None req-115d1642-d0cc-4742-af5e-73117049f565 None None] Pushing event updated for resources: {'Port': ['ID=b7e7d880-b443-47c1-b20f-6fb103f9f645,revision_number=3']} {{(pid=106400) push /opt/stack/neutron/neutron/api/rpc/handlers/resources_rpc.py:237}}
Sep 01 07:14:03.944552 dv-cinder-733062-35-iscsi neutron-server[106401]: DEBUG neutron_lib.callbacks.manager [None req-e7ee32b4-10ec-4053-bab0-33c33f87693b None None] Publish callbacks ['neutron.plugins.ml2.plugin.SecurityGroupDbMixin._ensure_default_security_group_handler-672383'] for port (10314ef7-2c14-4302-afcb-4c305f321dad), before_update {{(pid=106401) _notify_loop /usr/local/lib/python3.8/dist-packages/neutron_lib/callbacks/manager.py:176}}
