Aug 08 02:25:48.266517 dv-cinder-733062-33-iscsi devstack@placement-api.service[104416]: [pid: 104416|app: 0|req: 11/21] 10.222.0.13 () {60 vars in 1377 bytes} [Mon Aug 8 02:25:48 2022] GET /placement/allocations/13364414-05f0-413b-bd7e-27ad8c210e32 => generated 258 bytes in 36 msecs (HTTP/1.1 200) 8 headers in 296 bytes (1 switches on core 0)
Aug 08 02:25:48.435993 dv-cinder-733062-33-iscsi devstack@placement-api.service[104417]: DEBUG placement.requestlog [req-0bff520b-e5dc-412d-aaf2-52f5f19e3c0c req-2e9448a5-cb8b-4167-9d63-ffdcd05b5a64 None None] Starting request: 10.222.0.39 "GET /placement/allocation_candidates?limit=1000&resources=DISK_GB%3A1%2CMEMORY_MB%3A1024%2CVCPU%3A1&root_required=%21COMPUTE_STATUS_DISABLED" {{(pid=104417) __call__ /opt/stack/placement/placement/requestlog.py:55}}
Aug 08 02:25:48.532929 dv-cinder-733062-33-iscsi devstack@placement-api.service[104417]: DEBUG placement.objects.research_context [req-0bff520b-e5dc-412d-aaf2-52f5f19e3c0c req-2e9448a5-cb8b-4167-9d63-ffdcd05b5a64 service placement] getting providers with 1 DISK_GB {{(pid=104417) __init__ /opt/stack/placement/placement/objects/research_context.py:136}}
Aug 08 02:25:48.549635 dv-cinder-733062-33-iscsi devstack@placement-api.service[104417]: DEBUG placement.objects.research_context [req-0bff520b-e5dc-412d-aaf2-52f5f19e3c0c req-2e9448a5-cb8b-4167-9d63-ffdcd05b5a64 service placement] getting providers with 1024 MEMORY_MB {{(pid=104417) __init__ /opt/stack/placement/placement/objects/research_context.py:136}}
Aug 08 02:25:48.556032 dv-cinder-733062-33-iscsi devstack@placement-api.service[104417]: DEBUG placement.objects.research_context [req-0bff520b-e5dc-412d-aaf2-52f5f19e3c0c req-2e9448a5-cb8b-4167-9d63-ffdcd05b5a64 service placement] getting providers with 1 VCPU {{(pid=104417) __init__ /opt/stack/placement/placement/objects/research_context.py:136}}
Aug 08 02:25:48.568211 dv-cinder-733062-33-iscsi devstack@placement-api.service[104417]: DEBUG placement.objects.research_context [req-0bff520b-e5dc-412d-aaf2-52f5f19e3c0c req-2e9448a5-cb8b-4167-9d63-ffdcd05b5a64 service placement] found 1 providers with available 1 DISK_GB {{(pid=104417) get_provider_ids_matching /opt/stack/placement/placement/objects/research_context.py:563}}
Aug 08 02:25:48.571136 dv-cinder-733062-33-iscsi devstack@placement-api.service[104417]: DEBUG placement.objects.research_context [req-0bff520b-e5dc-412d-aaf2-52f5f19e3c0c req-2e9448a5-cb8b-4167-9d63-ffdcd05b5a64 service placement] found 1 providers with available 1024 MEMORY_MB {{(pid=104417) get_provider_ids_matching /opt/stack/placement/placement/objects/research_context.py:563}}
Aug 08 02:25:48.572802 dv-cinder-733062-33-iscsi devstack@placement-api.service[104417]: DEBUG placement.objects.research_context [req-0bff520b-e5dc-412d-aaf2-52f5f19e3c0c req-2e9448a5-cb8b-4167-9d63-ffdcd05b5a64 service placement] found 1 providers after filtering by previous result {{(pid=104417) get_provider_ids_matching /opt/stack/placement/placement/objects/research_context.py:594}}
Aug 08 02:25:48.573338 dv-cinder-733062-33-iscsi devstack@placement-api.service[104417]: DEBUG placement.objects.research_context [req-0bff520b-e5dc-412d-aaf2-52f5f19e3c0c req-2e9448a5-cb8b-4167-9d63-ffdcd05b5a64 service placement] found 1 providers with available 1 VCPU {{(pid=104417) get_provider_ids_matching /opt/stack/placement/placement/objects/research_context.py:563}}
Aug 08 02:25:48.574032 dv-cinder-733062-33-iscsi devstack@placement-api.service[104417]: DEBUG placement.objects.research_context [req-0bff520b-e5dc-412d-aaf2-52f5f19e3c0c req-2e9448a5-cb8b-4167-9d63-ffdcd05b5a64 service placement] found 1 providers after filtering by previous result {{(pid=104417) get_provider_ids_matching /opt/stack/placement/placement/objects/research_context.py:594}}
Aug 08 02:25:48.599734 dv-cinder-733062-33-iscsi devstack@placement-api.service[104417]: DEBUG placement.objects.allocation_candidate [req-0bff520b-e5dc-412d-aaf2-52f5f19e3c0c req-2e9448a5-cb8b-4167-9d63-ffdcd05b5a64 service placement] RequestGroup(use_same_provider=False, resources={DISK_GB:1, MEMORY_MB:1024, VCPU:1}, traits=(), aggregates=[]) (suffix '') returned 1 matches {{(pid=104417) _get_by_requests /opt/stack/placement/placement/objects/allocation_candidate.py:156}}
Aug 08 02:25:48.600358 dv-cinder-733062-33-iscsi devstack@placement-api.service[104417]: DEBUG placement.objects.allocation_candidate [req-0bff520b-e5dc-412d-aaf2-52f5f19e3c0c req-2e9448a5-cb8b-4167-9d63-ffdcd05b5a64 service placement] Merging candidates yields 1 allocation requests and 1 provider summaries {{(pid=104417) _merge_candidates /opt/stack/placement/placement/objects/allocation_candidate.py:809}}
Aug 08 02:25:48.605019 dv-cinder-733062-33-iscsi devstack@placement-api.service[104417]: INFO placement.requestlog [req-0bff520b-e5dc-412d-aaf2-52f5f19e3c0c req-2e9448a5-cb8b-4167-9d63-ffdcd05b5a64 service placement] 10.222.0.39 "GET /placement/allocation_candidates?limit=1000&resources=DISK_GB%3A1%2CMEMORY_MB%3A1024%2CVCPU%3A1&root_required=%21COMPUTE_STATUS_DISABLED" status: 200 len: 767 microversion: 1.36
Aug 08 02:25:48.605877 dv-cinder-733062-33-iscsi devstack@placement-api.service[104417]: [pid: 104417|app: 0|req: 11/22] 10.222.0.39 () {60 vars in 1506 bytes} [Mon Aug 8 02:25:48 2022] GET /placement/allocation_candidates?limit=1000&resources=DISK_GB%3A1%2CMEMORY_MB%3A1024%2CVCPU%3A1&root_required=%21COMPUTE_STATUS_DISABLED => generated 767 bytes in 170 msecs (HTTP/1.1 200) 8 headers in 296 bytes (1 switches on core 0)
Aug 08 02:25:48.723794 dv-cinder-733062-33-iscsi devstack@placement-api.service[104416]: DEBUG placement.requestlog [req-0bff520b-e5dc-412d-aaf2-52f5f19e3c0c req-aebb7285-03d1-44b1-90f6-4af16c1a8536 None None] Starting request: 10.222.0.39 "GET /placement/allocations/2a61fcac-cea3-4e95-a463-bb2f44b28e39" {{(pid=104416) __call__ /opt/stack/placement/placement/requestlog.py:55}}
Aug 08 02:25:48.737628 dv-cinder-733062-33-iscsi devstack@placement-api.service[104416]: INFO placement.requestlog [req-0bff520b-e5dc-412d-aaf2-52f5f19e3c0c req-aebb7285-03d1-44b1-90f6-4af16c1a8536 service placement] 10.222.0.39 "GET /placement/allocations/2a61fcac-cea3-4e95-a463-bb2f44b28e39" status: 200 len: 19 microversion: 1.28
Aug 08 02:25:48.742364 dv-cinder-733062-33-iscsi devstack@placement-api.service[104416]: [pid: 104416|app: 0|req: 12/23] 10.222.0.39 () {60 vars in 1380 bytes} [Mon Aug 8 02:25:48 2022] GET /placement/allocations/2a61fcac-cea3-4e95-a463-bb2f44b28e39 => generated 19 bytes in 19 msecs (HTTP/1.1 200) 8 headers in 295 bytes (1 switches on core 0)
Aug 08 02:25:48.746686 dv-cinder-733062-33-iscsi devstack@placement-api.service[104417]: DEBUG placement.requestlog [req-0bff520b-e5dc-412d-aaf2-52f5f19e3c0c req-ee3f62fd-68e5-43cc-a5a8-94add6d3610a None None] Starting request: 10.222.0.39 "PUT /placement/allocations/2a61fcac-cea3-4e95-a463-bb2f44b28e39" {{(pid=104417) __call__ /opt/stack/placement/placement/requestlog.py:55}}
Aug 08 02:25:48.876161 dv-cinder-733062-33-iscsi devstack@placement-api.service[104417]: DEBUG dbcounter [-] [104417] Writing DB stats placement:SELECT=78,placement:INSERT=13,placement:DELETE=5,placement:UPDATE=4 {{(pid=104417) stat_writer /usr/local/lib/python3.8/dist-packages/dbcounter.py:114}}
Aug 08 02:25:48.911124 dv-cinder-733062-33-iscsi devstack@placement-api.service[104417]: DEBUG placement.handlers.allocation [req-0bff520b-e5dc-412d-aaf2-52f5f19e3c0c req-ee3f62fd-68e5-43cc-a5a8-94add6d3610a service placement] Successfully wrote allocations [, , ] {{(pid=104417) _update_consumers_and_create_allocations /opt/stack/placement/placement/handlers/allocation.py:462}}
Aug 08 02:25:48.919667 dv-cinder-733062-33-iscsi devstack@placement-api.service[104417]: INFO placement.requestlog [req-0bff520b-e5dc-412d-aaf2-52f5f19e3c0c req-ee3f62fd-68e5-43cc-a5a8-94add6d3610a service placement] 10.222.0.39 "PUT /placement/allocations/2a61fcac-cea3-4e95-a463-bb2f44b28e39" status: 204 len: 0 microversion: 1.36
Aug 08 02:25:48.921160 dv-cinder-733062-33-iscsi devstack@placement-api.service[104417]: [pid: 104417|app: 0|req: 12/24] 10.222.0.39 () {64 vars in 1433 bytes} [Mon Aug 8 02:25:48 2022] PUT /placement/allocations/2a61fcac-cea3-4e95-a463-bb2f44b28e39 => generated 0 bytes in 175 msecs (HTTP/1.1 204) 5 headers in 199 bytes (2 switches on core 0)
Aug 08 02:25:49.581314 dv-cinder-733062-33-iscsi devstack@placement-api.service[104416]: DEBUG placement.requestlog [req-0bff520b-e5dc-412d-aaf2-52f5f19e3c0c req-f4ca1ba9-c3dd-4ad0-9e4b-1673483c5c3c None None] Starting request: 10.222.0.13 "GET /placement/allocations/2a61fcac-cea3-4e95-a463-bb2f44b28e39" {{(pid=104416) __call__ /opt/stack/placement/placement/requestlog.py:55}}
Aug 08 02:25:49.616966 dv-cinder-733062-33-iscsi devstack@placement-api.service[104416]: INFO placement.requestlog [req-0bff520b-e5dc-412d-aaf2-52f5f19e3c0c req-f4ca1ba9-c3dd-4ad0-9e4b-1673483c5c3c service placement] 10.222.0.13 "GET /placement/allocations/2a61fcac-cea3-4e95-a463-bb2f44b28e39" status: 200 len: 258 microversion: 1.28
Aug 08 02:25:49.617369 dv-cinder-733062-33-iscsi devstack@placement-api.service[104416]: [pid: 104416|app: 0|req: 13/25] 10.222.0.13 () {60 vars in 1377 bytes} [Mon Aug 8 02:25:49 2022] GET /placement/allocations/2a61fcac-cea3-4e95-a463-bb2f44b28e39 => generated 258 bytes in 36 msecs (HTTP/1.1 200) 8 headers in 296 bytes (1 switches on core 0)
Aug 08 02:25:50.095805 dv-cinder-733062-33-iscsi devstack@placement-api.service[104417]: DEBUG placement.requestlog [req-67315bbc-7991-4bf7-b4bb-8fa5f7567d49 req-dc47b57a-ad52-44fd-9cdb-a4ac228f638a None None] Starting request: 10.222.0.39 "GET /placement/allocation_candidates?limit=1000&resources=DISK_GB%3A1%2CMEMORY_MB%3A1024%2CVCPU%3A1&root_required=%21COMPUTE_STATUS_DISABLED" {{(pid=104417) __call__ /opt/stack/placement/placement/requestlog.py:55}}
Aug 08 02:25:50.236333 dv-cinder-733062-33-iscsi devstack@placement-api.service[104417]: DEBUG placement.objects.research_context [req-67315bbc-7991-4bf7-b4bb-8fa5f7567d49 req-dc47b57a-ad52-44fd-9cdb-a4ac228f638a service placement] getting providers with 1 DISK_GB {{(pid=104417) __init__ /opt/stack/placement/placement/objects/research_context.py:136}}
Aug 08 02:25:50.254809 dv-cinder-733062-33-iscsi devstack@placement-api.service[104417]: DEBUG placement.objects.research_context [req-67315bbc-7991-4bf7-b4bb-8fa5f7567d49 req-dc47b57a-ad52-44fd-9cdb-a4ac228f638a service placement] getting providers with 1024 MEMORY_MB {{(pid=104417) __init__ /opt/stack/placement/placement/objects/research_context.py:136}}
Aug 08 02:25:50.274083 dv-cinder-733062-33-iscsi devstack@placement-api.service[104417]: DEBUG placement.objects.research_context [req-67315bbc-7991-4bf7-b4bb-8fa5f7567d49 req-dc47b57a-ad52-44fd-9cdb-a4ac228f638a service placement] getting providers with 1 VCPU {{(pid=104417) __init__ /opt/stack/placement/placement/objects/research_context.py:136}}
Aug 08 02:25:50.296520 dv-cinder-733062-33-iscsi devstack@placement-api.service[104417]: DEBUG placement.objects.research_context [req-67315bbc-7991-4bf7-b4bb-8fa5f7567d49 req-dc47b57a-ad52-44fd-9cdb-a4ac228f638a service placement] found 1 providers with available 1 DISK_GB {{(pid=104417) get_provider_ids_matching /opt/stack/placement/placement/objects/research_context.py:563}}
Aug 08 02:25:50.301168 dv-cinder-733062-33-iscsi devstack@placement-api.service[104417]: DEBUG placement.objects.research_context [req-67315bbc-7991-4bf7-b4bb-8fa5f7567d49 req-dc47b57a-ad52-44fd-9cdb-a4ac228f638a service placement] found 1 providers with available 1024 MEMORY_MB {{(pid=104417) get_provider_ids_matching /opt/stack/placement/placement/objects/research_context.py:563}}
Aug 08 02:25:50.301728 dv-cinder-733062-33-iscsi devstack@placement-api.service[104417]: DEBUG placement.objects.research_context [req-67315bbc-7991-4bf7-b4bb-8fa5f7567d49 req-dc47b57a-ad52-44fd-9cdb-a4ac228f638a service placement] found 1 providers after filtering by previous result {{(pid=104417) get_provider_ids_matching /opt/stack/placement/placement/objects/research_context.py:594}}
Aug 08 02:25:50.303027 dv-cinder-733062-33-iscsi devstack@placement-api.service[104417]: DEBUG placement.objects.research_context [req-67315bbc-7991-4bf7-b4bb-8fa5f7567d49 req-dc47b57a-ad52-44fd-9cdb-a4ac228f638a service placement] found 1 providers with available 1 VCPU {{(pid=104417) get_provider_ids_matching /opt/stack/placement/placement/objects/research_context.py:563}}
Aug 08 02:25:50.303583 dv-cinder-733062-33-iscsi devstack@placement-api.service[104417]: DEBUG placement.objects.research_context [req-67315bbc-7991-4bf7-b4bb-8fa5f7567d49 req-dc47b57a-ad52-44fd-9cdb-a4ac228f638a service placement] found 1 providers after filtering by previous result {{(pid=104417) get_provider_ids_matching /opt/stack/placement/placement/objects/research_context.py:594}}
Aug 08 02:25:50.333590 dv-cinder-733062-33-iscsi devstack@placement-api.service[104417]: DEBUG placement.objects.allocation_candidate [req-67315bbc-7991-4bf7-b4bb-8fa5f7567d49 req-dc47b57a-ad52-44fd-9cdb-a4ac228f638a service placement] RequestGroup(use_same_provider=False, resources={DISK_GB:1, MEMORY_MB:1024, VCPU:1}, traits=(), aggregates=[]) (suffix '') returned 1 matches {{(pid=104417) _get_by_requests /opt/stack/placement/placement/objects/allocation_candidate.py:156}}
Aug 08 02:25:50.354855 dv-cinder-733062-33-iscsi devstack@placement-api.service[104417]: DEBUG placement.objects.allocation_candidate [req-67315bbc-7991-4bf7-b4bb-8fa5f7567d49 req-dc47b57a-ad52-44fd-9cdb-a4ac228f638a service placement] Merging candidates yields 1 allocation requests and 1 provider summaries {{(pid=104417) _merge_candidates /opt/stack/placement/placement/objects/allocation_candidate.py:809}}
Aug 08 02:25:50.361193 dv-cinder-733062-33-iscsi devstack@placement-api.service[104417]: INFO placement.requestlog [req-67315bbc-7991-4bf7-b4bb-8fa5f7567d49 req-dc47b57a-ad52-44fd-9cdb-a4ac228f638a service placement] 10.222.0.39 "GET /placement/allocation_candidates?limit=1000&resources=DISK_GB%3A1%2CMEMORY_MB%3A1024%2CVCPU%3A1&root_required=%21COMPUTE_STATUS_DISABLED" status: 200 len: 767 microversion: 1.36
Aug 08 02:25:50.365120 dv-cinder-733062-33-iscsi devstack@placement-api.service[104417]: [pid: 104417|app: 0|req: 13/26] 10.222.0.39 () {60 vars in 1506 bytes} [Mon Aug 8 02:25:50 2022] GET /placement/allocation_candidates?limit=1000&resources=DISK_GB%3A1%2CMEMORY_MB%3A1024%2CVCPU%3A1&root_required=%21COMPUTE_STATUS_DISABLED => generated 767 bytes in 269 msecs (HTTP/1.1 200) 8 headers in 296 bytes (1 switches on core 0)
Aug 08 02:25:50.473568 dv-cinder-733062-33-iscsi devstack@placement-api.service[104416]: DEBUG placement.requestlog [req-67315bbc-7991-4bf7-b4bb-8fa5f7567d49 req-e62e8d45-c65b-4d2d-95e2-5335c6f92f7e None None] Starting request: 10.222.0.39 "GET /placement/allocations/b4568714-ae5a-47eb-9140-be5702dd288e" {{(pid=104416) __call__ /opt/stack/placement/placement/requestlog.py:55}}
Aug 08 02:25:50.492256 dv-cinder-733062-33-iscsi devstack@placement-api.service[104416]: INFO placement.requestlog [req-67315bbc-7991-4bf7-b4bb-8fa5f7567d49 req-e62e8d45-c65b-4d2d-95e2-5335c6f92f7e service placement] 10.222.0.39 "GET /placement/allocations/b4568714-ae5a-47eb-9140-be5702dd288e" status: 200 len: 19 microversion: 1.28
Aug 08 02:25:50.504880 dv-cinder-733062-33-iscsi devstack@placement-api.service[104416]: [pid: 104416|app: 0|req: 14/27] 10.222.0.39 () {60 vars in 1380 bytes} [Mon Aug 8 02:25:50 2022] GET /placement/allocations/b4568714-ae5a-47eb-9140-be5702dd288e => generated 19 bytes in 34 msecs (HTTP/1.1 200) 8 headers in 295 bytes (1 switches on core 0)
Aug 08 02:25:50.511228 dv-cinder-733062-33-iscsi devstack@placement-api.service[104417]: DEBUG placement.requestlog [req-67315bbc-7991-4bf7-b4bb-8fa5f7567d49 req-cc671aab-d4a9-4ddc-b6aa-945ed518a23d None None] Starting request: 10.222.0.39 "PUT /placement/allocations/b4568714-ae5a-47eb-9140-be5702dd288e" {{(pid=104417) __call__ /opt/stack/placement/placement/requestlog.py:55}}
Aug 08 02:25:50.704796 dv-cinder-733062-33-iscsi devstack@placement-api.service[104416]: DEBUG placement.requestlog [None req-657c1706-db45-4117-8960-b4ece7d92988 None None] Starting request: 10.222.0.39 "GET /placement/resource_providers/ddec03fa-fdd8-41fe-9b72-7b7e84881077/aggregates" {{(pid=104416) __call__ /opt/stack/placement/placement/requestlog.py:55}}
Aug 08 02:25:50.779443 dv-cinder-733062-33-iscsi devstack@placement-api.service[104417]: DEBUG placement.handlers.allocation [req-67315bbc-7991-4bf7-b4bb-8fa5f7567d49 req-cc671aab-d4a9-4ddc-b6aa-945ed518a23d service placement] Successfully wrote allocations [, , ] {{(pid=104417) _update_consumers_and_create_allocations /opt/stack/placement/placement/handlers/allocation.py:462}}
Aug 08 02:25:50.792034 dv-cinder-733062-33-iscsi devstack@placement-api.service[104417]: INFO placement.requestlog [req-67315bbc-7991-4bf7-b4bb-8fa5f7567d49 req-cc671aab-d4a9-4ddc-b6aa-945ed518a23d service placement] 10.222.0.39 "PUT /placement/allocations/b4568714-ae5a-47eb-9140-be5702dd288e" status: 204 len: 0 microversion: 1.36
Aug 08 02:25:50.792790 dv-cinder-733062-33-iscsi devstack@placement-api.service[104417]: [pid: 104417|app: 0|req: 14/28] 10.222.0.39 () {64 vars in 1433 bytes} [Mon Aug 8 02:25:50 2022] PUT /placement/allocations/b4568714-ae5a-47eb-9140-be5702dd288e => generated 0 bytes in 282 msecs (HTTP/1.1 204) 5 headers in 199 bytes (2 switches on core 0)
Aug 08 02:25:51.050986 dv-cinder-733062-33-iscsi devstack@placement-api.service[104416]: INFO placement.requestlog [None req-657c1706-db45-4117-8960-b4ece7d92988 service placement] 10.222.0.39 "GET /placement/resource_providers/ddec03fa-fdd8-41fe-9b72-7b7e84881077/aggregates" status: 404 len: 235 microversion: 1.1
Aug 08 02:25:51.054199 dv-cinder-733062-33-iscsi devstack@placement-api.service[104416]: [pid: 104416|app: 0|req: 15/29] 10.222.0.39 () {58 vars in 1362 bytes} [Mon Aug 8 02:25:50 2022] GET /placement/resource_providers/ddec03fa-fdd8-41fe-9b72-7b7e84881077/aggregates => generated 235 bytes in 349 msecs (HTTP/1.1 404) 5 headers in 202 bytes (2 switches on core 0)
Aug 08 02:25:51.251672 dv-cinder-733062-33-iscsi devstack@placement-api.service[104417]: DEBUG placement.requestlog [None req-54f30a6d-44ed-4ce4-a3ed-8287bfaf8e13 None None] Starting request: 10.222.0.39 "DELETE /placement/resource_providers/ddec03fa-fdd8-41fe-9b72-7b7e84881077" {{(pid=104417) __call__ /opt/stack/placement/placement/requestlog.py:55}}
Aug 08 02:25:51.277119 dv-cinder-733062-33-iscsi devstack@placement-api.service[104417]: DEBUG placement.wsgi_wrapper [None req-54f30a6d-44ed-4ce4-a3ed-8287bfaf8e13 service placement] Placement API returning an error response: No resource provider with uuid ddec03fa-fdd8-41fe-9b72-7b7e84881077 found for delete {{(pid=104417) call_func /opt/stack/placement/placement/wsgi_wrapper.py:31}}
Aug 08 02:25:51.277986 dv-cinder-733062-33-iscsi devstack@placement-api.service[104417]: INFO placement.requestlog [None req-54f30a6d-44ed-4ce4-a3ed-8287bfaf8e13 service placement] 10.222.0.39 "DELETE /placement/resource_providers/ddec03fa-fdd8-41fe-9b72-7b7e84881077" status: 404 len: 246 microversion: 1.1
Aug 08 02:25:51.278371 dv-cinder-733062-33-iscsi devstack@placement-api.service[104417]: [pid: 104417|app: 0|req: 15/30] 10.222.0.39 () {60 vars in 1351 bytes} [Mon Aug 8 02:25:51 2022] DELETE /placement/resource_providers/ddec03fa-fdd8-41fe-9b72-7b7e84881077 => generated 246 bytes in 27 msecs (HTTP/1.1 404) 6 headers in 231 bytes (1 switches on core 0)
Aug 08 02:25:51.789086 dv-cinder-733062-33-iscsi devstack@placement-api.service[104416]: DEBUG placement.requestlog [req-67315bbc-7991-4bf7-b4bb-8fa5f7567d49 req-fe3a09a7-a4f9-4b1d-9ab2-26fb0e7f0ed5 None None] Starting request: 10.222.0.13 "GET /placement/allocations/b4568714-ae5a-47eb-9140-be5702dd288e" {{(pid=104416) __call__ /opt/stack/placement/placement/requestlog.py:55}}
Aug 08 02:25:51.829337 dv-cinder-733062-33-iscsi devstack@placement-api.service[104416]: INFO placement.requestlog [req-67315bbc-7991-4bf7-b4bb-8fa5f7567d49 req-fe3a09a7-a4f9-4b1d-9ab2-26fb0e7f0ed5 service placement] 10.222.0.13 "GET /placement/allocations/b4568714-ae5a-47eb-9140-be5702dd288e" status: 200 len: 258 microversion: 1.28
Aug 08 02:25:51.836474 dv-cinder-733062-33-iscsi devstack@placement-api.service[104416]: [pid: 104416|app: 0|req: 16/31] 10.222.0.13 () {60 vars in 1377 bytes} [Mon Aug 8 02:25:51 2022] GET /placement/allocations/b4568714-ae5a-47eb-9140-be5702dd288e => generated 258 bytes in 48 msecs (HTTP/1.1 200) 8 headers in 296 bytes (1 switches on core 0)
Aug 08 02:25:52.617520 dv-cinder-733062-33-iscsi devstack@placement-api.service[104417]: DEBUG placement.requestlog [req-19025165-cea3-4843-a540-ca4849bdf17e req-eb00d21a-b66b-4c22-a5b5-b56e815d7e3c None None] Starting request: 10.222.0.39 "GET /placement/allocation_candidates?limit=1000&resources=DISK_GB%3A1%2CMEMORY_MB%3A1024%2CVCPU%3A1&root_required=%21COMPUTE_STATUS_DISABLED" {{(pid=104417) __call__ /opt/stack/placement/placement/requestlog.py:55}}
Aug 08 02:25:52.734187 dv-cinder-733062-33-iscsi devstack@placement-api.service[104417]: DEBUG placement.objects.research_context [req-19025165-cea3-4843-a540-ca4849bdf17e req-eb00d21a-b66b-4c22-a5b5-b56e815d7e3c service placement] getting providers with 1 DISK_GB {{(pid=104417) __init__ /opt/stack/placement/placement/objects/research_context.py:136}}
Aug 08 02:25:52.747464 dv-cinder-733062-33-iscsi devstack@placement-api.service[104417]: DEBUG placement.objects.research_context [req-19025165-cea3-4843-a540-ca4849bdf17e req-eb00d21a-b66b-4c22-a5b5-b56e815d7e3c service placement] getting providers with 1024 MEMORY_MB {{(pid=104417) __init__ /opt/stack/placement/placement/objects/research_context.py:136}}
Aug 08 02:25:52.773334 dv-cinder-733062-33-iscsi devstack@placement-api.service[104417]: DEBUG placement.objects.research_context [req-19025165-cea3-4843-a540-ca4849bdf17e req-eb00d21a-b66b-4c22-a5b5-b56e815d7e3c service placement] getting providers with 1 VCPU {{(pid=104417) __init__ /opt/stack/placement/placement/objects/research_context.py:136}}
Aug 08 02:25:52.792704 dv-cinder-733062-33-iscsi devstack@placement-api.service[104417]: DEBUG placement.objects.research_context [req-19025165-cea3-4843-a540-ca4849bdf17e req-eb00d21a-b66b-4c22-a5b5-b56e815d7e3c service placement] found 1 providers with available 1 DISK_GB {{(pid=104417) get_provider_ids_matching /opt/stack/placement/placement/objects/research_context.py:563}}
Aug 08 02:25:52.793763 dv-cinder-733062-33-iscsi devstack@placement-api.service[104417]: DEBUG placement.objects.research_context [req-19025165-cea3-4843-a540-ca4849bdf17e req-eb00d21a-b66b-4c22-a5b5-b56e815d7e3c service placement] found 1 providers with available 1024 MEMORY_MB {{(pid=104417) get_provider_ids_matching /opt/stack/placement/placement/objects/research_context.py:563}}
Aug 08 02:25:52.794610 dv-cinder-733062-33-iscsi devstack@placement-api.service[104417]: DEBUG placement.objects.research_context [req-19025165-cea3-4843-a540-ca4849bdf17e req-eb00d21a-b66b-4c22-a5b5-b56e815d7e3c service placement] found 1 providers after filtering by previous result {{(pid=104417) get_provider_ids_matching /opt/stack/placement/placement/objects/research_context.py:594}}
Aug 08 02:25:52.795231 dv-cinder-733062-33-iscsi devstack@placement-api.service[104417]: DEBUG placement.objects.research_context [req-19025165-cea3-4843-a540-ca4849bdf17e req-eb00d21a-b66b-4c22-a5b5-b56e815d7e3c service placement] found 1 providers with available 1 VCPU {{(pid=104417) get_provider_ids_matching /opt/stack/placement/placement/objects/research_context.py:563}}
Aug 08 02:25:52.798934 dv-cinder-733062-33-iscsi devstack@placement-api.service[104417]: DEBUG placement.objects.research_context [req-19025165-cea3-4843-a540-ca4849bdf17e req-eb00d21a-b66b-4c22-a5b5-b56e815d7e3c service placement] found 1 providers after filtering by previous result {{(pid=104417) get_provider_ids_matching /opt/stack/placement/placement/objects/research_context.py:594}}
Aug 08 02:25:52.857803 dv-cinder-733062-33-iscsi devstack@placement-api.service[104417]: DEBUG placement.objects.allocation_candidate [req-19025165-cea3-4843-a540-ca4849bdf17e req-eb00d21a-b66b-4c22-a5b5-b56e815d7e3c service placement] RequestGroup(use_same_provider=False, resources={DISK_GB:1, MEMORY_MB:1024, VCPU:1}, traits=(), aggregates=[]) (suffix '') returned 1 matches {{(pid=104417) _get_by_requests /opt/stack/placement/placement/objects/allocation_candidate.py:156}}
Aug 08 02:25:52.859218 dv-cinder-733062-33-iscsi devstack@placement-api.service[104417]: DEBUG placement.objects.allocation_candidate [req-19025165-cea3-4843-a540-ca4849bdf17e req-eb00d21a-b66b-4c22-a5b5-b56e815d7e3c service placement] Merging candidates yields 1 allocation requests and 1 provider summaries {{(pid=104417) _merge_candidates /opt/stack/placement/placement/objects/allocation_candidate.py:809}}
Aug 08 02:25:52.862180 dv-cinder-733062-33-iscsi devstack@placement-api.service[104417]: INFO placement.requestlog [req-19025165-cea3-4843-a540-ca4849bdf17e req-eb00d21a-b66b-4c22-a5b5-b56e815d7e3c service placement] 10.222.0.39 "GET /placement/allocation_candidates?limit=1000&resources=DISK_GB%3A1%2CMEMORY_MB%3A1024%2CVCPU%3A1&root_required=%21COMPUTE_STATUS_DISABLED" status: 200 len: 767 microversion: 1.36
Aug 08 02:25:52.870297 dv-cinder-733062-33-iscsi devstack@placement-api.service[104417]: [pid: 104417|app: 0|req: 16/32] 10.222.0.39 () {60 vars in 1506 bytes} [Mon Aug 8 02:25:52 2022] GET /placement/allocation_candidates?limit=1000&resources=DISK_GB%3A1%2CMEMORY_MB%3A1024%2CVCPU%3A1&root_required=%21COMPUTE_STATUS_DISABLED => generated 767 bytes in 253 msecs (HTTP/1.1 200) 8 headers in 296 bytes (1 switches on core 0)
Aug 08 02:25:52.947278 dv-cinder-733062-33-iscsi devstack@placement-api.service[104416]: DEBUG placement.requestlog [req-19025165-cea3-4843-a540-ca4849bdf17e req-a3467682-c5c4-484f-ad60-5dd18539c2a1 None None] Starting request: 10.222.0.39 "GET /placement/allocations/1b990f50-db09-4b89-af90-d4e0d75e0458" {{(pid=104416) __call__ /opt/stack/placement/placement/requestlog.py:55}}
Aug 08 02:25:52.993746 dv-cinder-733062-33-iscsi devstack@placement-api.service[104416]: INFO placement.requestlog [req-19025165-cea3-4843-a540-ca4849bdf17e req-a3467682-c5c4-484f-ad60-5dd18539c2a1 service placement] 10.222.0.39 "GET /placement/allocations/1b990f50-db09-4b89-af90-d4e0d75e0458" status: 200 len: 19 microversion: 1.28
Aug 08 02:25:52.999635 dv-cinder-733062-33-iscsi devstack@placement-api.service[104416]: [pid: 104416|app: 0|req: 17/33] 10.222.0.39 () {60 vars in 1380 bytes} [Mon Aug 8 02:25:52 2022] GET /placement/allocations/1b990f50-db09-4b89-af90-d4e0d75e0458 => generated 19 bytes in 53 msecs (HTTP/1.1 200) 8 headers in 295 bytes (1 switches on core 0)
Aug 08 02:25:53.002743 dv-cinder-733062-33-iscsi devstack@placement-api.service[104417]: DEBUG placement.requestlog [req-19025165-cea3-4843-a540-ca4849bdf17e req-978703fc-ee64-47fd-8d62-65569e5358d0 None None] Starting request: 10.222.0.39 "PUT /placement/allocations/1b990f50-db09-4b89-af90-d4e0d75e0458" {{(pid=104417) __call__ /opt/stack/placement/placement/requestlog.py:55}}
Aug 08 02:25:53.159365 dv-cinder-733062-33-iscsi devstack@placement-api.service[104417]: DEBUG placement.handlers.allocation [req-19025165-cea3-4843-a540-ca4849bdf17e req-978703fc-ee64-47fd-8d62-65569e5358d0 service placement] Successfully wrote allocations [, , ] {{(pid=104417) _update_consumers_and_create_allocations /opt/stack/placement/placement/handlers/allocation.py:462}}
Aug 08 02:25:53.168149 dv-cinder-733062-33-iscsi devstack@placement-api.service[104417]: INFO placement.requestlog [req-19025165-cea3-4843-a540-ca4849bdf17e req-978703fc-ee64-47fd-8d62-65569e5358d0 service placement] 10.222.0.39 "PUT /placement/allocations/1b990f50-db09-4b89-af90-d4e0d75e0458" status: 204 len: 0 microversion: 1.36
Aug 08 02:25:53.178398 dv-cinder-733062-33-iscsi devstack@placement-api.service[104417]: [pid: 104417|app: 0|req: 17/34] 10.222.0.39 () {64 vars in 1433 bytes} [Mon Aug 8 02:25:53 2022] PUT /placement/allocations/1b990f50-db09-4b89-af90-d4e0d75e0458 => generated 0 bytes in 167 msecs (HTTP/1.1 204) 5 headers in 199 bytes (2 switches on core 0)
Aug 08 02:25:53.964860 dv-cinder-733062-33-iscsi devstack@placement-api.service[104416]: DEBUG placement.requestlog [req-19025165-cea3-4843-a540-ca4849bdf17e req-969dc2fe-7baf-4875-ae63-9319f0976f0d None None] Starting request: 10.222.0.13 "GET /placement/allocations/1b990f50-db09-4b89-af90-d4e0d75e0458" {{(pid=104416) __call__ /opt/stack/placement/placement/requestlog.py:55}}
Aug 08 02:25:54.007653 dv-cinder-733062-33-iscsi devstack@placement-api.service[104416]: INFO placement.requestlog [req-19025165-cea3-4843-a540-ca4849bdf17e req-969dc2fe-7baf-4875-ae63-9319f0976f0d service placement] 10.222.0.13 "GET /placement/allocations/1b990f50-db09-4b89-af90-d4e0d75e0458" status: 200 len: 258 microversion: 1.28
Aug 08 02:25:54.008046 dv-cinder-733062-33-iscsi devstack@placement-api.service[104416]: [pid: 104416|app: 0|req: 18/35] 10.222.0.13 () {60 vars in 1377 bytes} [Mon Aug 8 02:25:53 2022] GET /placement/allocations/1b990f50-db09-4b89-af90-d4e0d75e0458 => generated 258 bytes in 44 msecs (HTTP/1.1 200) 8 headers in 296 bytes (1 switches on core 0)
Aug 08 02:25:55.215267 dv-cinder-733062-33-iscsi devstack@placement-api.service[104417]: DEBUG placement.requestlog [None req-5ad56780-f35a-4f8b-8ce9-999c097b694e None None] Starting request: 10.222.0.39 "GET /placement/resource_providers/26abe9a9-382a-4268-aa28-08f661f06cae/aggregates" {{(pid=104417) __call__ /opt/stack/placement/placement/requestlog.py:55}}
Aug 08 02:25:55.355644 dv-cinder-733062-33-iscsi devstack@placement-api.service[104417]: INFO placement.requestlog [None req-5ad56780-f35a-4f8b-8ce9-999c097b694e service placement] 10.222.0.39 "GET /placement/resource_providers/26abe9a9-382a-4268-aa28-08f661f06cae/aggregates" status: 404 len: 235 microversion: 1.1
Aug 08 02:25:55.358573 dv-cinder-733062-33-iscsi devstack@placement-api.service[104417]: [pid: 104417|app: 0|req: 18/36] 10.222.0.39 () {58 vars in 1362 bytes} [Mon Aug 8 02:25:55 2022] GET /placement/resource_providers/26abe9a9-382a-4268-aa28-08f661f06cae/aggregates => generated 235 bytes in 143 msecs (HTTP/1.1 404) 5 headers in 202 bytes (1 switches on core 0)
Aug 08 02:25:55.392962 dv-cinder-733062-33-iscsi devstack@placement-api.service[104416]: DEBUG placement.requestlog [None req-709311ba-0577-4998-b975-0732cba8b108 None None] Starting request: 10.222.0.39 "DELETE /placement/resource_providers/26abe9a9-382a-4268-aa28-08f661f06cae" {{(pid=104416) __call__ /opt/stack/placement/placement/requestlog.py:55}}
Aug 08 02:25:55.408823 dv-cinder-733062-33-iscsi devstack@placement-api.service[104416]: DEBUG placement.wsgi_wrapper [None req-709311ba-0577-4998-b975-0732cba8b108 service placement] Placement API returning an error response: No resource provider with uuid 26abe9a9-382a-4268-aa28-08f661f06cae found for delete {{(pid=104416) call_func /opt/stack/placement/placement/wsgi_wrapper.py:31}}
Aug 08 02:25:55.409586 dv-cinder-733062-33-iscsi devstack@placement-api.service[104416]: INFO placement.requestlog [None req-709311ba-0577-4998-b975-0732cba8b108 service placement] 10.222.0.39 "DELETE /placement/resource_providers/26abe9a9-382a-4268-aa28-08f661f06cae" status: 404 len: 246 microversion: 1.1
Aug 08 02:25:55.415528 dv-cinder-733062-33-iscsi devstack@placement-api.service[104416]: [pid: 104416|app: 0|req: 19/37] 10.222.0.39 () {60 vars in 1351 bytes} [Mon Aug 8 02:25:55 2022] DELETE /placement/resource_providers/26abe9a9-382a-4268-aa28-08f661f06cae => generated 246 bytes in 23 msecs (HTTP/1.1 404) 6 headers in 231 bytes (1 switches on core 0)
Aug 08 02:26:05.348663 dv-cinder-733062-33-iscsi devstack@placement-api.service[104417]: DEBUG dbcounter [-] [104417] Writing DB stats placement:INSERT=15,placement:UPDATE=6,placement:SELECT=59,placement:DELETE=5 {{(pid=104417) stat_writer /usr/local/lib/python3.8/dist-packages/dbcounter.py:114}}
Aug 08 02:26:05.404431 dv-cinder-733062-33-iscsi devstack@placement-api.service[104416]: DEBUG dbcounter [-] [104416] Writing DB stats placement:SELECT=38 {{(pid=104416) stat_writer /usr/local/lib/python3.8/dist-packages/dbcounter.py:114}}
Aug 08 02:26:23.247056 dv-cinder-733062-33-iscsi devstack@placement-api.service[104417]: DEBUG placement.requestlog [req-77066050-484c-4127-b926-f983805858c8 req-ad1f6b1a-8399-45cb-a786-ef75b776cbf1 None None] Starting request: 10.222.0.39 "GET /placement/allocation_candidates?limit=1000&resources=DISK_GB%3A1%2CMEMORY_MB%3A1024%2CVCPU%3A1&root_required=%21COMPUTE_STATUS_DISABLED" {{(pid=104417) __call__ /opt/stack/placement/placement/requestlog.py:55}}
Aug 08 02:26:23.296326 dv-cinder-733062-33-iscsi devstack@placement-api.service[104417]: DEBUG placement.objects.research_context [req-77066050-484c-4127-b926-f983805858c8 req-ad1f6b1a-8399-45cb-a786-ef75b776cbf1 service placement] getting providers with 1 DISK_GB {{(pid=104417) __init__ /opt/stack/placement/placement/objects/research_context.py:136}}
Aug 08 02:26:23.302885 dv-cinder-733062-33-iscsi devstack@placement-api.service[104417]: DEBUG placement.objects.research_context [req-77066050-484c-4127-b926-f983805858c8 req-ad1f6b1a-8399-45cb-a786-ef75b776cbf1 service placement] getting providers with 1024 MEMORY_MB {{(pid=104417) __init__ /opt/stack/placement/placement/objects/research_context.py:136}}
Aug 08 02:26:23.308174 dv-cinder-733062-33-iscsi devstack@placement-api.service[104417]: DEBUG placement.objects.research_context [req-77066050-484c-4127-b926-f983805858c8 req-ad1f6b1a-8399-45cb-a786-ef75b776cbf1 service placement] getting providers with 1 VCPU {{(pid=104417) __init__ /opt/stack/placement/placement/objects/research_context.py:136}}
Aug 08 02:26:23.313659 dv-cinder-733062-33-iscsi devstack@placement-api.service[104417]: DEBUG placement.objects.research_context [req-77066050-484c-4127-b926-f983805858c8 req-ad1f6b1a-8399-45cb-a786-ef75b776cbf1 service placement] found 1 providers with available 1 DISK_GB {{(pid=104417) get_provider_ids_matching /opt/stack/placement/placement/objects/research_context.py:563}}
Aug 08 02:26:23.314405 dv-cinder-733062-33-iscsi devstack@placement-api.service[104417]: DEBUG placement.objects.research_context [req-77066050-484c-4127-b926-f983805858c8 req-ad1f6b1a-8399-45cb-a786-ef75b776cbf1 service placement] found 1 providers with available 1024 MEMORY_MB {{(pid=104417) get_provider_ids_matching /opt/stack/placement/placement/objects/research_context.py:563}}
Aug 08 02:26:23.314880 dv-cinder-733062-33-iscsi devstack@placement-api.service[104417]: DEBUG placement.objects.research_context [req-77066050-484c-4127-b926-f983805858c8 req-ad1f6b1a-8399-45cb-a786-ef75b776cbf1 service placement] found 1 providers after filtering by previous result {{(pid=104417) get_provider_ids_matching /opt/stack/placement/placement/objects/research_context.py:594}}
Aug 08 02:26:23.315284 dv-cinder-733062-33-iscsi devstack@placement-api.service[104417]: DEBUG placement.objects.research_context [req-77066050-484c-4127-b926-f983805858c8 req-ad1f6b1a-8399-45cb-a786-ef75b776cbf1 service placement] found 1 providers with available 1 VCPU {{(pid=104417) get_provider_ids_matching /opt/stack/placement/placement/objects/research_context.py:563}}
Aug 08 02:26:23.315782 dv-cinder-733062-33-iscsi devstack@placement-api.service[104417]: DEBUG placement.objects.research_context [req-77066050-484c-4127-b926-f983805858c8 req-ad1f6b1a-8399-45cb-a786-ef75b776cbf1 service placement] found 1 providers after filtering by previous result {{(pid=104417) get_provider_ids_matching /opt/stack/placement/placement/objects/research_context.py:594}}
Aug 08 02:26:23.327434 dv-cinder-733062-33-iscsi devstack@placement-api.service[104417]: DEBUG placement.objects.allocation_candidate [req-77066050-484c-4127-b926-f983805858c8 req-ad1f6b1a-8399-45cb-a786-ef75b776cbf1 service placement] RequestGroup(use_same_provider=False, resources={DISK_GB:1, MEMORY_MB:1024, VCPU:1}, traits=(), aggregates=[]) (suffix '') returned 1 matches {{(pid=104417) _get_by_requests /opt/stack/placement/placement/objects/allocation_candidate.py:156}}
Aug 08 02:26:23.327842 dv-cinder-733062-33-iscsi devstack@placement-api.service[104417]: DEBUG placement.objects.allocation_candidate [req-77066050-484c-4127-b926-f983805858c8 req-ad1f6b1a-8399-45cb-a786-ef75b776cbf1 service placement] Merging candidates yields 1 allocation requests and 1 provider summaries {{(pid=104417) _merge_candidates /opt/stack/placement/placement/objects/allocation_candidate.py:809}}
Aug 08 02:26:23.329425 dv-cinder-733062-33-iscsi devstack@placement-api.service[104417]: INFO placement.requestlog [req-77066050-484c-4127-b926-f983805858c8 req-ad1f6b1a-8399-45cb-a786-ef75b776cbf1 service placement] 10.222.0.39 "GET /placement/allocation_candidates?limit=1000&resources=DISK_GB%3A1%2CMEMORY_MB%3A1024%2CVCPU%3A1&root_required=%21COMPUTE_STATUS_DISABLED" status: 200 len: 767 microversion: 1.36
Aug 08 02:26:23.330128 dv-cinder-733062-33-iscsi devstack@placement-api.service[104417]: [pid: 104417|app: 0|req: 19/38] 10.222.0.39 () {60 vars in 1506 bytes} [Mon Aug 8 02:26:23 2022] GET /placement/allocation_candidates?limit=1000&resources=DISK_GB%3A1%2CMEMORY_MB%3A1024%2CVCPU%3A1&root_required=%21COMPUTE_STATUS_DISABLED => generated 767 bytes in 83 msecs (HTTP/1.1 200) 8 headers in 296 bytes (2 switches on core 0)
Aug 08 02:26:23.383245 dv-cinder-733062-33-iscsi devstack@placement-api.service[104416]: DEBUG placement.requestlog [req-77066050-484c-4127-b926-f983805858c8 req-c325eb43-1176-44c7-a6ff-e2e8627b85ce None None] Starting request: 10.222.0.39 "GET /placement/allocations/f526af59-111b-48d0-a2aa-b861530026b9" {{(pid=104416) __call__ /opt/stack/placement/placement/requestlog.py:55}}
Aug 08 02:26:23.397628 dv-cinder-733062-33-iscsi devstack@placement-api.service[104416]: INFO placement.requestlog [req-77066050-484c-4127-b926-f983805858c8 req-c325eb43-1176-44c7-a6ff-e2e8627b85ce service placement] 10.222.0.39 "GET /placement/allocations/f526af59-111b-48d0-a2aa-b861530026b9" status: 200 len: 19 microversion: 1.28
Aug 08 02:26:23.397976 dv-cinder-733062-33-iscsi devstack@placement-api.service[104416]: [pid: 104416|app: 0|req: 20/39] 10.222.0.39 () {60 vars in 1380 bytes} [Mon Aug 8 02:26:23 2022] GET /placement/allocations/f526af59-111b-48d0-a2aa-b861530026b9 => generated 19 bytes in 15 msecs (HTTP/1.1 200) 8 headers in 295 bytes (1 switches on core 0)
Aug 08 02:26:23.407283 dv-cinder-733062-33-iscsi devstack@placement-api.service[104417]: DEBUG placement.requestlog [req-77066050-484c-4127-b926-f983805858c8 req-98a1e3ba-cb0f-40e2-b3d6-aae1b67b5542 None None] Starting request: 10.222.0.39 "PUT /placement/allocations/f526af59-111b-48d0-a2aa-b861530026b9" {{(pid=104417) __call__ /opt/stack/placement/placement/requestlog.py:55}}
Aug 08 02:26:23.481089 dv-cinder-733062-33-iscsi devstack@placement-api.service[104417]: DEBUG placement.handlers.allocation [req-77066050-484c-4127-b926-f983805858c8 req-98a1e3ba-cb0f-40e2-b3d6-aae1b67b5542 service placement] Successfully wrote allocations [, , ] {{(pid=104417) _update_consumers_and_create_allocations /opt/stack/placement/placement/handlers/allocation.py:462}}
Aug 08 02:26:23.484366 dv-cinder-733062-33-iscsi devstack@placement-api.service[104417]: INFO placement.requestlog [req-77066050-484c-4127-b926-f983805858c8 req-98a1e3ba-cb0f-40e2-b3d6-aae1b67b5542 service placement] 10.222.0.39 "PUT /placement/allocations/f526af59-111b-48d0-a2aa-b861530026b9" status: 204 len: 0 microversion: 1.36
Aug 08 02:26:23.484770 dv-cinder-733062-33-iscsi devstack@placement-api.service[104417]: [pid: 104417|app: 0|req: 20/40] 10.222.0.39 () {64 vars in 1433 bytes} [Mon Aug 8 02:26:23 2022] PUT /placement/allocations/f526af59-111b-48d0-a2aa-b861530026b9 => generated 0 bytes in 78 msecs (HTTP/1.1 204) 5 headers in 199 bytes (2 switches on core 0)
Aug 08 02:26:25.288204 dv-cinder-733062-33-iscsi devstack@placement-api.service[104416]: DEBUG placement.requestlog [req-77066050-484c-4127-b926-f983805858c8 req-44729312-d171-473f-ba29-51dcb50661db None None] Starting request: 10.222.0.13 "GET /placement/allocations/f526af59-111b-48d0-a2aa-b861530026b9" {{(pid=104416) __call__ /opt/stack/placement/placement/requestlog.py:55}}
Aug 08 02:26:25.307240 dv-cinder-733062-33-iscsi devstack@placement-api.service[104416]: INFO placement.requestlog [req-77066050-484c-4127-b926-f983805858c8 req-44729312-d171-473f-ba29-51dcb50661db service placement] 10.222.0.13 "GET /placement/allocations/f526af59-111b-48d0-a2aa-b861530026b9" status: 200 len: 258 microversion: 1.28
Aug 08 02:26:25.307611 dv-cinder-733062-33-iscsi devstack@placement-api.service[104416]: [pid: 104416|app: 0|req: 21/41] 10.222.0.13 () {60 vars in 1377 bytes} [Mon Aug 8 02:26:25 2022] GET /placement/allocations/f526af59-111b-48d0-a2aa-b861530026b9 => generated 258 bytes in 20 msecs (HTTP/1.1 200) 8 headers in 296 bytes (1 switches on core 0)
Aug 08 02:26:27.703477 dv-cinder-733062-33-iscsi devstack@placement-api.service[104417]: DEBUG placement.requestlog [None req-f4e599c3-f8f7-404c-833b-7b9460512de8 None None] Starting request: 10.222.0.39 "GET /placement/resource_providers/1fd0e218-dd79-4324-8322-aa593e62c5b4/aggregates" {{(pid=104417) __call__ /opt/stack/placement/placement/requestlog.py:55}}
Aug 08 02:26:27.714303 dv-cinder-733062-33-iscsi devstack@placement-api.service[104417]: INFO placement.requestlog [None req-f4e599c3-f8f7-404c-833b-7b9460512de8 service placement] 10.222.0.39 "GET /placement/resource_providers/1fd0e218-dd79-4324-8322-aa593e62c5b4/aggregates" status: 404 len: 235 microversion: 1.1
Aug 08 02:26:27.714631 dv-cinder-733062-33-iscsi devstack@placement-api.service[104417]: [pid: 104417|app: 0|req: 21/42] 10.222.0.39 () {58 vars in 1362 bytes} [Mon Aug 8 02:26:27 2022] GET /placement/resource_providers/1fd0e218-dd79-4324-8322-aa593e62c5b4/aggregates => generated 235 bytes in 11 msecs (HTTP/1.1 404) 5 headers in 202 bytes (1 switches on core 0)
Aug 08 02:26:27.743811 dv-cinder-733062-33-iscsi devstack@placement-api.service[104416]: DEBUG placement.requestlog [None req-dfcd7d90-ee50-499c-946b-afa7736a8082 None None] Starting request: 10.222.0.39 "DELETE /placement/resource_providers/1fd0e218-dd79-4324-8322-aa593e62c5b4" {{(pid=104416) __call__ /opt/stack/placement/placement/requestlog.py:55}}
Aug 08 02:26:27.756631 dv-cinder-733062-33-iscsi devstack@placement-api.service[104416]: DEBUG placement.wsgi_wrapper [None req-dfcd7d90-ee50-499c-946b-afa7736a8082 service placement] Placement API returning an error response: No resource provider with uuid 1fd0e218-dd79-4324-8322-aa593e62c5b4 found for delete {{(pid=104416) call_func /opt/stack/placement/placement/wsgi_wrapper.py:31}}
Aug 08 02:26:27.759234 dv-cinder-733062-33-iscsi devstack@placement-api.service[104416]: INFO placement.requestlog [None req-dfcd7d90-ee50-499c-946b-afa7736a8082 service placement] 10.222.0.39 "DELETE /placement/resource_providers/1fd0e218-dd79-4324-8322-aa593e62c5b4" status: 404 len: 246 microversion: 1.1
Aug 08 02:26:27.761616 dv-cinder-733062-33-iscsi devstack@placement-api.service[104416]: [pid: 104416|app: 0|req: 22/43] 10.222.0.39 () {60 vars in 1351 bytes} [Mon Aug 8 02:26:27 2022] DELETE /placement/resource_providers/1fd0e218-dd79-4324-8322-aa593e62c5b4 => generated 246 bytes in 18 msecs (HTTP/1.1 404) 6 headers in 231 bytes (2 switches on core 0)
Aug 08 02:26:29.775226 dv-cinder-733062-33-iscsi devstack@placement-api.service[104417]: DEBUG placement.requestlog [None req-78f899e1-8873-4dba-8ce2-95f224e53175 None None] Starting request: 10.222.0.39 "GET /placement/resource_providers/4707b122-75b7-492c-910a-dcf0eeb90298/aggregates" {{(pid=104417) __call__ /opt/stack/placement/placement/requestlog.py:55}}
Aug 08 02:26:29.786510 dv-cinder-733062-33-iscsi devstack@placement-api.service[104417]: INFO placement.requestlog [None req-78f899e1-8873-4dba-8ce2-95f224e53175 service placement] 10.222.0.39 "GET /placement/resource_providers/4707b122-75b7-492c-910a-dcf0eeb90298/aggregates" status: 404 len: 235 microversion: 1.1
Aug 08 02:26:29.787363 dv-cinder-733062-33-iscsi devstack@placement-api.service[104417]: [pid: 104417|app: 0|req: 22/44] 10.222.0.39 () {58 vars in 1362 bytes} [Mon Aug 8 02:26:29 2022] GET /placement/resource_providers/4707b122-75b7-492c-910a-dcf0eeb90298/aggregates => generated 235 bytes in 12 msecs (HTTP/1.1 404) 5 headers in 202 bytes (1 switches on core 0)
Aug 08 02:26:29.795046 dv-cinder-733062-33-iscsi devstack@placement-api.service[104416]: DEBUG placement.requestlog [None req-9f3d320c-d531-4963-b02b-8ce431ba4883 None None] Starting request: 10.222.0.39 "DELETE /placement/resource_providers/4707b122-75b7-492c-910a-dcf0eeb90298" {{(pid=104416) __call__ /opt/stack/placement/placement/requestlog.py:55}}
Aug 08 02:26:29.805192 dv-cinder-733062-33-iscsi devstack@placement-api.service[104416]: DEBUG placement.wsgi_wrapper [None req-9f3d320c-d531-4963-b02b-8ce431ba4883 service placement] Placement API returning an error response: No resource provider with uuid 4707b122-75b7-492c-910a-dcf0eeb90298 found for delete {{(pid=104416) call_func /opt/stack/placement/placement/wsgi_wrapper.py:31}}
Aug 08 02:26:29.806024 dv-cinder-733062-33-iscsi devstack@placement-api.service[104416]: INFO placement.requestlog [None req-9f3d320c-d531-4963-b02b-8ce431ba4883 service placement] 10.222.0.39 "DELETE /placement/resource_providers/4707b122-75b7-492c-910a-dcf0eeb90298" status: 404 len: 246 microversion: 1.1
Aug 08 02:26:29.806446 dv-cinder-733062-33-iscsi devstack@placement-api.service[104416]: [pid: 104416|app: 0|req: 23/45] 10.222.0.39 () {60 vars in 1351 bytes} [Mon Aug 8 02:26:29 2022] DELETE /placement/resource_providers/4707b122-75b7-492c-910a-dcf0eeb90298 => generated 246 bytes in 12 msecs (HTTP/1.1 404) 6 headers in 231 bytes (1 switches on core 0)
Aug 08 02:26:39.748566 dv-cinder-733062-33-iscsi devstack@placement-api.service[104417]: DEBUG placement.requestlog [req-5a7c7edb-68ac-48f7-ac5b-5c50c229cd9c req-e0a6136b-a692-4cda-a18c-907945d63b8c None None] Starting request: 10.222.0.39 "GET /placement/allocation_candidates?limit=1000&resources=DISK_GB%3A1%2CMEMORY_MB%3A1024%2CVCPU%3A1&root_required=%21COMPUTE_STATUS_DISABLED" {{(pid=104417) __call__ /opt/stack/placement/placement/requestlog.py:55}}
Aug 08 02:26:39.793628 dv-cinder-733062-33-iscsi devstack@placement-api.service[104417]: DEBUG placement.objects.research_context [req-5a7c7edb-68ac-48f7-ac5b-5c50c229cd9c req-e0a6136b-a692-4cda-a18c-907945d63b8c service placement] getting providers with 1 DISK_GB {{(pid=104417) __init__ /opt/stack/placement/placement/objects/research_context.py:136}}
Aug 08 02:26:39.799172 dv-cinder-733062-33-iscsi devstack@placement-api.service[104417]: DEBUG placement.objects.research_context [req-5a7c7edb-68ac-48f7-ac5b-5c50c229cd9c req-e0a6136b-a692-4cda-a18c-907945d63b8c service placement] getting providers with 1024 MEMORY_MB {{(pid=104417) __init__ /opt/stack/placement/placement/objects/research_context.py:136}}
Aug 08 02:26:39.803804 dv-cinder-733062-33-iscsi devstack@placement-api.service[104416]: DEBUG dbcounter [-] [104416] Writing DB stats placement:SELECT=10 {{(pid=104416) stat_writer /usr/local/lib/python3.8/dist-packages/dbcounter.py:114}}
Aug 08 02:26:39.806678 dv-cinder-733062-33-iscsi devstack@placement-api.service[104417]: DEBUG placement.objects.research_context [req-5a7c7edb-68ac-48f7-ac5b-5c50c229cd9c req-e0a6136b-a692-4cda-a18c-907945d63b8c service placement] getting providers with 1 VCPU {{(pid=104417) __init__ /opt/stack/placement/placement/objects/research_context.py:136}}
Aug 08 02:26:39.814912 dv-cinder-733062-33-iscsi devstack@placement-api.service[104417]: DEBUG placement.objects.research_context [req-5a7c7edb-68ac-48f7-ac5b-5c50c229cd9c req-e0a6136b-a692-4cda-a18c-907945d63b8c service placement] found 1 providers with available 1 DISK_GB {{(pid=104417) get_provider_ids_matching /opt/stack/placement/placement/objects/research_context.py:563}}
Aug 08 02:26:39.815271 dv-cinder-733062-33-iscsi devstack@placement-api.service[104417]: DEBUG placement.objects.research_context [req-5a7c7edb-68ac-48f7-ac5b-5c50c229cd9c req-e0a6136b-a692-4cda-a18c-907945d63b8c service placement] found 1 providers with available 1024 MEMORY_MB {{(pid=104417) get_provider_ids_matching /opt/stack/placement/placement/objects/research_context.py:563}}
Aug 08 02:26:39.815616 dv-cinder-733062-33-iscsi devstack@placement-api.service[104417]: DEBUG placement.objects.research_context [req-5a7c7edb-68ac-48f7-ac5b-5c50c229cd9c req-e0a6136b-a692-4cda-a18c-907945d63b8c service placement] found 1 providers after filtering by previous result {{(pid=104417) get_provider_ids_matching /opt/stack/placement/placement/objects/research_context.py:594}}
Aug 08 02:26:39.815945 dv-cinder-733062-33-iscsi devstack@placement-api.service[104417]: DEBUG placement.objects.research_context [req-5a7c7edb-68ac-48f7-ac5b-5c50c229cd9c req-e0a6136b-a692-4cda-a18c-907945d63b8c service placement] found 1 providers with available 1 VCPU {{(pid=104417) get_provider_ids_matching /opt/stack/placement/placement/objects/research_context.py:563}}
Aug 08 02:26:39.816279 dv-cinder-733062-33-iscsi devstack@placement-api.service[104417]: DEBUG placement.objects.research_context [req-5a7c7edb-68ac-48f7-ac5b-5c50c229cd9c req-e0a6136b-a692-4cda-a18c-907945d63b8c service placement] found 1 providers after filtering by previous result {{(pid=104417) get_provider_ids_matching /opt/stack/placement/placement/objects/research_context.py:594}}
