Aug 08 02:26:22.828591 dv-cinder-733062-33-iscsi devstack@c-api.service[110770]: warnings.warn('Policy enforcement is depending on the value of '
Aug 08 02:26:22.832844 dv-cinder-733062-33-iscsi devstack@c-api.service[110770]: INFO cinder.volume.api [None req-215508c2-fbb8-49b8-a3a0-d18f861713ea tempest-VolumesActionsTest-1152302235 tempest-VolumesActionsTest-1152302235-project-admin] Volume info retrieved successfully.
Aug 08 02:26:22.880207 dv-cinder-733062-33-iscsi devstack@c-api.service[110770]: DEBUG dbcounter [-] [110770] Writing DB stats cinder:SELECT=75,cinder:INSERT=10,cinder:UPDATE=14,cinder:DELETE=1 {{(pid=110770) stat_writer /usr/local/lib/python3.8/dist-packages/dbcounter.py:114}}
Aug 08 02:26:22.903070 dv-cinder-733062-33-iscsi devstack@c-api.service[110770]: INFO cinder.volume.api [None req-215508c2-fbb8-49b8-a3a0-d18f861713ea tempest-VolumesActionsTest-1152302235 tempest-VolumesActionsTest-1152302235-project-admin] Delete volume request issued successfully.
Aug 08 02:26:22.903786 dv-cinder-733062-33-iscsi devstack@c-api.service[110770]: INFO cinder.api.openstack.wsgi [None req-215508c2-fbb8-49b8-a3a0-d18f861713ea tempest-VolumesActionsTest-1152302235 tempest-VolumesActionsTest-1152302235-project-admin] http://10.222.0.39/volume/v3/4cc2c5dc575a42e3baff0668c605caa0/volumes/1fe718a9-a726-4204-9c90-fcc1344f3230/action returned with HTTP 202
Aug 08 02:26:22.905137 dv-cinder-733062-33-iscsi devstack@c-api.service[110770]: [pid: 110770|app: 0|req: 142/297] 10.222.0.39 () {60 vars in 1367 bytes} [Mon Aug 8 02:26:22 2022] POST /volume/v3/4cc2c5dc575a42e3baff0668c605caa0/volumes/1fe718a9-a726-4204-9c90-fcc1344f3230/action => generated 0 bytes in 112 msecs (HTTP/1.1 202) 7 headers in 289 bytes (2 switches on core 0)
Aug 08 02:26:22.910547 dv-cinder-733062-33-iscsi devstack@c-api.service[110771]: DEBUG cinder.api.middleware.request_id [None req-2991d415-5da6-4b4d-b15d-a3ff660c4ad1 None None] RequestId filter calling following filter/app {{(pid=110771) _context_setter /opt/stack/cinder/cinder/api/middleware/request_id.py:62}}
Aug 08 02:26:22.914850 dv-cinder-733062-33-iscsi devstack@c-api.service[110771]: INFO cinder.api.openstack.wsgi [None req-2991d415-5da6-4b4d-b15d-a3ff660c4ad1 tempest-VolumesActionsTest-217148227 tempest-VolumesActionsTest-217148227-project] GET http://10.222.0.39/volume/v3/a7a0ae80f10046d1bd9fd4a03e8251dc/volumes/1fe718a9-a726-4204-9c90-fcc1344f3230
Aug 08 02:26:22.915303 dv-cinder-733062-33-iscsi devstack@c-api.service[110771]: DEBUG cinder.api.openstack.wsgi [None req-2991d415-5da6-4b4d-b15d-a3ff660c4ad1 tempest-VolumesActionsTest-217148227 tempest-VolumesActionsTest-217148227-project] Empty body provided in request {{(pid=110771) get_body /opt/stack/cinder/cinder/api/openstack/wsgi.py:715}}
Aug 08 02:26:22.915760 dv-cinder-733062-33-iscsi devstack@c-api.service[110771]: DEBUG cinder.api.openstack.wsgi [None req-2991d415-5da6-4b4d-b15d-a3ff660c4ad1 tempest-VolumesActionsTest-217148227 tempest-VolumesActionsTest-217148227-project] Calling method 'show' {{(pid=110771) _process_stack /opt/stack/cinder/cinder/api/openstack/wsgi.py:868}}
Aug 08 02:26:22.935612 dv-cinder-733062-33-iscsi devstack@c-api.service[110771]: /usr/local/lib/python3.8/dist-packages/oslo_context/context.py:100: DeprecationWarning: Policy enforcement is depending on the value of is_admin. This key is deprecated. Please update your policy file to use the standard policy values.
Aug 08 02:26:22.935612 dv-cinder-733062-33-iscsi devstack@c-api.service[110771]: warnings.warn('Policy enforcement is depending on the value of '
Aug 08 02:26:22.945051 dv-cinder-733062-33-iscsi devstack@c-api.service[110771]: INFO cinder.volume.api [None req-2991d415-5da6-4b4d-b15d-a3ff660c4ad1 tempest-VolumesActionsTest-217148227 tempest-VolumesActionsTest-217148227-project] Volume info retrieved successfully.
Aug 08 02:26:22.956993 dv-cinder-733062-33-iscsi devstack@c-api.service[110771]: INFO cinder.api.openstack.wsgi [None req-2991d415-5da6-4b4d-b15d-a3ff660c4ad1 tempest-VolumesActionsTest-217148227 tempest-VolumesActionsTest-217148227-project] http://10.222.0.39/volume/v3/a7a0ae80f10046d1bd9fd4a03e8251dc/volumes/1fe718a9-a726-4204-9c90-fcc1344f3230 returned with HTTP 200
Aug 08 02:26:22.957964 dv-cinder-733062-33-iscsi devstack@c-api.service[110771]: [pid: 110771|app: 0|req: 156/298] 10.222.0.39 () {58 vars in 1325 bytes} [Mon Aug 8 02:26:22 2022] GET /volume/v3/a7a0ae80f10046d1bd9fd4a03e8251dc/volumes/1fe718a9-a726-4204-9c90-fcc1344f3230 => generated 909 bytes in 49 msecs (HTTP/1.1 200) 7 headers in 285 bytes (1 switches on core 0)
Aug 08 02:26:23.603645 dv-cinder-733062-33-iscsi devstack@c-api.service[110770]: DEBUG cinder.api.middleware.request_id [None req-67087933-abc3-4599-8d92-1d1422a7f9e7 None None] RequestId filter calling following filter/app {{(pid=110770) _context_setter /opt/stack/cinder/cinder/api/middleware/request_id.py:62}}
Aug 08 02:26:23.607764 dv-cinder-733062-33-iscsi devstack@c-api.service[110770]: INFO cinder.api.openstack.wsgi [None req-67087933-abc3-4599-8d92-1d1422a7f9e7 tempest-VolumesTransfersTest-1376575582 tempest-VolumesTransfersTest-1376575582-project] GET http://10.222.0.39/volume/v3/163d60f0461d4b40b0f7e17c015aaef0/volumes/5fd0cad4-bc48-40b2-ab3f-6dbc15af4e8b
Aug 08 02:26:23.608212 dv-cinder-733062-33-iscsi devstack@c-api.service[110770]: DEBUG cinder.api.openstack.wsgi [None req-67087933-abc3-4599-8d92-1d1422a7f9e7 tempest-VolumesTransfersTest-1376575582 tempest-VolumesTransfersTest-1376575582-project] Empty body provided in request {{(pid=110770) get_body /opt/stack/cinder/cinder/api/openstack/wsgi.py:715}}
Aug 08 02:26:23.608675 dv-cinder-733062-33-iscsi devstack@c-api.service[110770]: DEBUG cinder.api.openstack.wsgi [None req-67087933-abc3-4599-8d92-1d1422a7f9e7 tempest-VolumesTransfersTest-1376575582 tempest-VolumesTransfersTest-1376575582-project] Calling method 'show' {{(pid=110770) _process_stack /opt/stack/cinder/cinder/api/openstack/wsgi.py:868}}
Aug 08 02:26:23.623563 dv-cinder-733062-33-iscsi devstack@c-api.service[110770]: /usr/local/lib/python3.8/dist-packages/oslo_context/context.py:100: DeprecationWarning: Policy enforcement is depending on the value of is_admin. This key is deprecated. Please update your policy file to use the standard policy values.
Aug 08 02:26:23.623563 dv-cinder-733062-33-iscsi devstack@c-api.service[110770]: warnings.warn('Policy enforcement is depending on the value of '
Aug 08 02:26:23.631215 dv-cinder-733062-33-iscsi devstack@c-api.service[110770]: INFO cinder.volume.api [None req-67087933-abc3-4599-8d92-1d1422a7f9e7 tempest-VolumesTransfersTest-1376575582 tempest-VolumesTransfersTest-1376575582-project] Volume info retrieved successfully.
Aug 08 02:26:23.641236 dv-cinder-733062-33-iscsi devstack@c-api.service[110770]: INFO cinder.api.openstack.wsgi [None req-67087933-abc3-4599-8d92-1d1422a7f9e7 tempest-VolumesTransfersTest-1376575582 tempest-VolumesTransfersTest-1376575582-project] http://10.222.0.39/volume/v3/163d60f0461d4b40b0f7e17c015aaef0/volumes/5fd0cad4-bc48-40b2-ab3f-6dbc15af4e8b returned with HTTP 200
Aug 08 02:26:23.641963 dv-cinder-733062-33-iscsi devstack@c-api.service[110770]: [pid: 110770|app: 0|req: 143/299] 10.222.0.39 () {58 vars in 1325 bytes} [Mon Aug 8 02:26:23 2022] GET /volume/v3/163d60f0461d4b40b0f7e17c015aaef0/volumes/5fd0cad4-bc48-40b2-ab3f-6dbc15af4e8b => generated 912 bytes in 39 msecs (HTTP/1.1 200) 7 headers in 285 bytes (1 switches on core 0)
Aug 08 02:26:23.656924 dv-cinder-733062-33-iscsi devstack@c-api.service[110771]: DEBUG cinder.api.middleware.request_id [None req-b5558247-2413-4e7f-af1b-df9e09c749df None None] RequestId filter calling following filter/app {{(pid=110771) _context_setter /opt/stack/cinder/cinder/api/middleware/request_id.py:62}}
Aug 08 02:26:23.662024 dv-cinder-733062-33-iscsi devstack@c-api.service[110771]: INFO cinder.api.openstack.wsgi [None req-b5558247-2413-4e7f-af1b-df9e09c749df tempest-VolumesTransfersTest-1376575582 tempest-VolumesTransfersTest-1376575582-project] POST http://10.222.0.39/volume/v3/163d60f0461d4b40b0f7e17c015aaef0/os-volume-transfer
Aug 08 02:26:23.662765 dv-cinder-733062-33-iscsi devstack@c-api.service[110771]: DEBUG cinder.api.openstack.wsgi [None req-b5558247-2413-4e7f-af1b-df9e09c749df tempest-VolumesTransfersTest-1376575582 tempest-VolumesTransfersTest-1376575582-project] Action: 'create', calling method: create, body: {"transfer": {"volume_id": "5fd0cad4-bc48-40b2-ab3f-6dbc15af4e8b"}} {{(pid=110771) _process_stack /opt/stack/cinder/cinder/api/openstack/wsgi.py:866}}
Aug 08 02:26:23.664835 dv-cinder-733062-33-iscsi devstack@c-api.service[110771]: DEBUG cinder.api.contrib.volume_transfer [None req-b5558247-2413-4e7f-af1b-df9e09c749df tempest-VolumesTransfersTest-1376575582 tempest-VolumesTransfersTest-1376575582-project] Creating new volume transfer {'transfer': {'volume_id': '5fd0cad4-bc48-40b2-ab3f-6dbc15af4e8b'}} {{(pid=110771) create /opt/stack/cinder/cinder/api/contrib/volume_transfer.py:85}}
Aug 08 02:26:23.665132 dv-cinder-733062-33-iscsi devstack@c-api.service[110771]: INFO cinder.api.contrib.volume_transfer [None req-b5558247-2413-4e7f-af1b-df9e09c749df tempest-VolumesTransfersTest-1376575582 tempest-VolumesTransfersTest-1376575582-project] Creating transfer of volume 5fd0cad4-bc48-40b2-ab3f-6dbc15af4e8b
Aug 08 02:26:23.665433 dv-cinder-733062-33-iscsi devstack@c-api.service[110771]: INFO cinder.transfer.api [None req-b5558247-2413-4e7f-af1b-df9e09c749df tempest-VolumesTransfersTest-1376575582 tempest-VolumesTransfersTest-1376575582-project] Generating transfer record for volume 5fd0cad4-bc48-40b2-ab3f-6dbc15af4e8b
Aug 08 02:26:23.679915 dv-cinder-733062-33-iscsi devstack@c-api.service[110771]: /usr/local/lib/python3.8/dist-packages/oslo_context/context.py:100: DeprecationWarning: Policy enforcement is depending on the value of is_admin. This key is deprecated. Please update your policy file to use the standard policy values.
Aug 08 02:26:23.679915 dv-cinder-733062-33-iscsi devstack@c-api.service[110771]: warnings.warn('Policy enforcement is depending on the value of '
Aug 08 02:26:23.702164 dv-cinder-733062-33-iscsi devstack@c-api.service[110771]: INFO cinder.api.openstack.wsgi [None req-b5558247-2413-4e7f-af1b-df9e09c749df tempest-VolumesTransfersTest-1376575582 tempest-VolumesTransfersTest-1376575582-project] http://10.222.0.39/volume/v3/163d60f0461d4b40b0f7e17c015aaef0/os-volume-transfer returned with HTTP 202
Aug 08 02:26:23.702936 dv-cinder-733062-33-iscsi devstack@c-api.service[110771]: [pid: 110771|app: 0|req: 157/300] 10.222.0.39 () {60 vars in 1268 bytes} [Mon Aug 8 02:26:23 2022] POST /volume/v3/163d60f0461d4b40b0f7e17c015aaef0/os-volume-transfer => generated 507 bytes in 47 msecs (HTTP/1.1 202) 7 headers in 291 bytes (1 switches on core 0)
Aug 08 02:26:23.710575 dv-cinder-733062-33-iscsi devstack@c-api.service[110770]: DEBUG cinder.api.middleware.request_id [None req-d24b25fa-e205-4947-9264-c36bdaed854e None None] RequestId filter calling following filter/app {{(pid=110770) _context_setter /opt/stack/cinder/cinder/api/middleware/request_id.py:62}}
Aug 08 02:26:23.714047 dv-cinder-733062-33-iscsi devstack@c-api.service[110770]: INFO cinder.api.openstack.wsgi [None req-d24b25fa-e205-4947-9264-c36bdaed854e tempest-VolumesTransfersTest-1376575582 tempest-VolumesTransfersTest-1376575582-project] GET http://10.222.0.39/volume/v3/163d60f0461d4b40b0f7e17c015aaef0/volumes/5fd0cad4-bc48-40b2-ab3f-6dbc15af4e8b
Aug 08 02:26:23.714558 dv-cinder-733062-33-iscsi devstack@c-api.service[110770]: DEBUG cinder.api.openstack.wsgi [None req-d24b25fa-e205-4947-9264-c36bdaed854e tempest-VolumesTransfersTest-1376575582 tempest-VolumesTransfersTest-1376575582-project] Empty body provided in request {{(pid=110770) get_body /opt/stack/cinder/cinder/api/openstack/wsgi.py:715}}
Aug 08 02:26:23.715020 dv-cinder-733062-33-iscsi devstack@c-api.service[110770]: DEBUG cinder.api.openstack.wsgi [None req-d24b25fa-e205-4947-9264-c36bdaed854e tempest-VolumesTransfersTest-1376575582 tempest-VolumesTransfersTest-1376575582-project] Calling method 'show' {{(pid=110770) _process_stack /opt/stack/cinder/cinder/api/openstack/wsgi.py:868}}
Aug 08 02:26:23.729427 dv-cinder-733062-33-iscsi devstack@c-api.service[110770]: /usr/local/lib/python3.8/dist-packages/oslo_context/context.py:100: DeprecationWarning: Policy enforcement is depending on the value of is_admin. This key is deprecated. Please update your policy file to use the standard policy values.
Aug 08 02:26:23.729427 dv-cinder-733062-33-iscsi devstack@c-api.service[110770]: warnings.warn('Policy enforcement is depending on the value of '
Aug 08 02:26:23.735670 dv-cinder-733062-33-iscsi devstack@c-api.service[110770]: INFO cinder.volume.api [None req-d24b25fa-e205-4947-9264-c36bdaed854e tempest-VolumesTransfersTest-1376575582 tempest-VolumesTransfersTest-1376575582-project] Volume info retrieved successfully.
Aug 08 02:26:23.744363 dv-cinder-733062-33-iscsi devstack@c-api.service[110770]: INFO cinder.api.openstack.wsgi [None req-d24b25fa-e205-4947-9264-c36bdaed854e tempest-VolumesTransfersTest-1376575582 tempest-VolumesTransfersTest-1376575582-project] http://10.222.0.39/volume/v3/163d60f0461d4b40b0f7e17c015aaef0/volumes/5fd0cad4-bc48-40b2-ab3f-6dbc15af4e8b returned with HTTP 200
Aug 08 02:26:23.745065 dv-cinder-733062-33-iscsi devstack@c-api.service[110770]: [pid: 110770|app: 0|req: 144/301] 10.222.0.39 () {58 vars in 1325 bytes} [Mon Aug 8 02:26:23 2022] GET /volume/v3/163d60f0461d4b40b0f7e17c015aaef0/volumes/5fd0cad4-bc48-40b2-ab3f-6dbc15af4e8b => generated 920 bytes in 35 msecs (HTTP/1.1 200) 7 headers in 285 bytes (1 switches on core 0)
Aug 08 02:26:23.759913 dv-cinder-733062-33-iscsi devstack@c-api.service[110771]: DEBUG cinder.api.middleware.request_id [None req-e21ab8db-09cd-48ac-948f-db359aa0fc4e None None] RequestId filter calling following filter/app {{(pid=110771) _context_setter /opt/stack/cinder/cinder/api/middleware/request_id.py:62}}
Aug 08 02:26:23.765539 dv-cinder-733062-33-iscsi devstack@c-api.service[110771]: INFO cinder.api.openstack.wsgi [None req-e21ab8db-09cd-48ac-948f-db359aa0fc4e tempest-VolumesTransfersTest-1376575582 tempest-VolumesTransfersTest-1376575582-project] GET http://10.222.0.39/volume/v3/163d60f0461d4b40b0f7e17c015aaef0/os-volume-transfer/efc94c48-0cce-4734-8548-9a872bfd96b5
Aug 08 02:26:23.765997 dv-cinder-733062-33-iscsi devstack@c-api.service[110771]: DEBUG cinder.api.openstack.wsgi [None req-e21ab8db-09cd-48ac-948f-db359aa0fc4e tempest-VolumesTransfersTest-1376575582 tempest-VolumesTransfersTest-1376575582-project] Empty body provided in request {{(pid=110771) get_body /opt/stack/cinder/cinder/api/openstack/wsgi.py:715}}
Aug 08 02:26:23.766476 dv-cinder-733062-33-iscsi devstack@c-api.service[110771]: DEBUG cinder.api.openstack.wsgi [None req-e21ab8db-09cd-48ac-948f-db359aa0fc4e tempest-VolumesTransfersTest-1376575582 tempest-VolumesTransfersTest-1376575582-project] Calling method 'show' {{(pid=110771) _process_stack /opt/stack/cinder/cinder/api/openstack/wsgi.py:868}}
Aug 08 02:26:23.777987 dv-cinder-733062-33-iscsi devstack@c-api.service[110771]: INFO cinder.api.openstack.wsgi [None req-e21ab8db-09cd-48ac-948f-db359aa0fc4e tempest-VolumesTransfersTest-1376575582 tempest-VolumesTransfersTest-1376575582-project] http://10.222.0.39/volume/v3/163d60f0461d4b40b0f7e17c015aaef0/os-volume-transfer/efc94c48-0cce-4734-8548-9a872bfd96b5 returned with HTTP 200
Aug 08 02:26:23.778723 dv-cinder-733062-33-iscsi devstack@c-api.service[110771]: [pid: 110771|app: 0|req: 158/302] 10.222.0.39 () {58 vars in 1358 bytes} [Mon Aug 8 02:26:23 2022] GET /volume/v3/163d60f0461d4b40b0f7e17c015aaef0/os-volume-transfer/efc94c48-0cce-4734-8548-9a872bfd96b5 => generated 475 bytes in 20 msecs (HTTP/1.1 200) 7 headers in 285 bytes (1 switches on core 0)
Aug 08 02:26:23.786042 dv-cinder-733062-33-iscsi devstack@c-api.service[110770]: DEBUG cinder.api.middleware.request_id [None req-988f3e3b-6248-44c0-96ed-46105cb9f861 None None] RequestId filter calling following filter/app {{(pid=110770) _context_setter /opt/stack/cinder/cinder/api/middleware/request_id.py:62}}
Aug 08 02:26:23.791059 dv-cinder-733062-33-iscsi devstack@c-api.service[110770]: INFO cinder.api.openstack.wsgi [None req-988f3e3b-6248-44c0-96ed-46105cb9f861 tempest-VolumesTransfersTest-1376575582 tempest-VolumesTransfersTest-1376575582-project] GET http://10.222.0.39/volume/v3/163d60f0461d4b40b0f7e17c015aaef0/os-volume-transfer
Aug 08 02:26:23.791510 dv-cinder-733062-33-iscsi devstack@c-api.service[110770]: DEBUG cinder.api.openstack.wsgi [None req-988f3e3b-6248-44c0-96ed-46105cb9f861 tempest-VolumesTransfersTest-1376575582 tempest-VolumesTransfersTest-1376575582-project] Empty body provided in request {{(pid=110770) get_body /opt/stack/cinder/cinder/api/openstack/wsgi.py:715}}
Aug 08 02:26:23.791960 dv-cinder-733062-33-iscsi devstack@c-api.service[110770]: DEBUG cinder.api.openstack.wsgi [None req-988f3e3b-6248-44c0-96ed-46105cb9f861 tempest-VolumesTransfersTest-1376575582 tempest-VolumesTransfersTest-1376575582-project] Calling method 'index' {{(pid=110770) _process_stack /opt/stack/cinder/cinder/api/openstack/wsgi.py:868}}
Aug 08 02:26:23.792360 dv-cinder-733062-33-iscsi devstack@c-api.service[110770]: DEBUG cinder.api.contrib.volume_transfer [None req-988f3e3b-6248-44c0-96ed-46105cb9f861 tempest-VolumesTransfersTest-1376575582 tempest-VolumesTransfersTest-1376575582-project] Listing volume transfers {{(pid=110770) _get_transfers /opt/stack/cinder/cinder/api/contrib/volume_transfer.py:63}}
Aug 08 02:26:23.803103 dv-cinder-733062-33-iscsi devstack@c-api.service[110770]: INFO cinder.api.openstack.wsgi [None req-988f3e3b-6248-44c0-96ed-46105cb9f861 tempest-VolumesTransfersTest-1376575582 tempest-VolumesTransfersTest-1376575582-project] http://10.222.0.39/volume/v3/163d60f0461d4b40b0f7e17c015aaef0/os-volume-transfer returned with HTTP 200
Aug 08 02:26:23.803794 dv-cinder-733062-33-iscsi devstack@c-api.service[110770]: [pid: 110770|app: 0|req: 145/303] 10.222.0.39 () {58 vars in 1247 bytes} [Mon Aug 8 02:26:23 2022] GET /volume/v3/163d60f0461d4b40b0f7e17c015aaef0/os-volume-transfer => generated 434 bytes in 19 msecs (HTTP/1.1 200) 7 headers in 285 bytes (1 switches on core 0)
Aug 08 02:26:23.811494 dv-cinder-733062-33-iscsi devstack@c-api.service[110771]: DEBUG cinder.api.middleware.request_id [None req-94a4177e-6343-4d47-b3fc-6442f52f16dc None None] RequestId filter calling following filter/app {{(pid=110771) _context_setter /opt/stack/cinder/cinder/api/middleware/request_id.py:62}}
Aug 08 02:26:23.828475 dv-cinder-733062-33-iscsi devstack@c-api.service[110770]: DEBUG cinder.api.middleware.request_id [None req-dba7e4b6-e97a-4404-8e7a-dfb360755ed8 None None] RequestId filter calling following filter/app {{(pid=110770) _context_setter /opt/stack/cinder/cinder/api/middleware/request_id.py:62}}
Aug 08 02:26:23.832703 dv-cinder-733062-33-iscsi devstack@c-api.service[110770]: INFO cinder.api.openstack.wsgi [None req-dba7e4b6-e97a-4404-8e7a-dfb360755ed8 tempest-GroupSnapshotsTest-1504886759 tempest-GroupSnapshotsTest-1504886759-project] GET http://10.222.0.39/volume/v3/e96f7ae0385a42c79010a3bfae291da5/groups/551b9091-5868-42b0-b758-a724849f535e
Aug 08 02:26:23.833191 dv-cinder-733062-33-iscsi devstack@c-api.service[110770]: DEBUG cinder.api.openstack.wsgi [None req-dba7e4b6-e97a-4404-8e7a-dfb360755ed8 tempest-GroupSnapshotsTest-1504886759 tempest-GroupSnapshotsTest-1504886759-project] Empty body provided in request {{(pid=110770) get_body /opt/stack/cinder/cinder/api/openstack/wsgi.py:715}}
Aug 08 02:26:23.833638 dv-cinder-733062-33-iscsi devstack@c-api.service[110770]: DEBUG cinder.api.openstack.wsgi [None req-dba7e4b6-e97a-4404-8e7a-dfb360755ed8 tempest-GroupSnapshotsTest-1504886759 tempest-GroupSnapshotsTest-1504886759-project] Calling method 'version_select' {{(pid=110770) _process_stack /opt/stack/cinder/cinder/api/openstack/wsgi.py:868}}
Aug 08 02:26:23.833982 dv-cinder-733062-33-iscsi devstack@c-api.service[110770]: DEBUG cinder.api.v3.groups [None req-dba7e4b6-e97a-4404-8e7a-dfb360755ed8 tempest-GroupSnapshotsTest-1504886759 tempest-GroupSnapshotsTest-1504886759-project] show called for member 551b9091-5868-42b0-b758-a724849f535e {{(pid=110770) show /opt/stack/cinder/cinder/api/v3/groups.py:58}}
Aug 08 02:26:23.840856 dv-cinder-733062-33-iscsi devstack@c-api.service[110770]: /usr/local/lib/python3.8/dist-packages/oslo_context/context.py:100: DeprecationWarning: Policy enforcement is depending on the value of is_admin. This key is deprecated. Please update your policy file to use the standard policy values.
Aug 08 02:26:23.840856 dv-cinder-733062-33-iscsi devstack@c-api.service[110770]: warnings.warn('Policy enforcement is depending on the value of '
Aug 08 02:26:23.854670 dv-cinder-733062-33-iscsi devstack@c-api.service[110770]: INFO cinder.api.openstack.wsgi [None req-dba7e4b6-e97a-4404-8e7a-dfb360755ed8 tempest-GroupSnapshotsTest-1504886759 tempest-GroupSnapshotsTest-1504886759-project] http://10.222.0.39/volume/v3/e96f7ae0385a42c79010a3bfae291da5/groups/551b9091-5868-42b0-b758-a724849f535e returned with HTTP 200
Aug 08 02:26:23.855381 dv-cinder-733062-33-iscsi devstack@c-api.service[110770]: [pid: 110770|app: 0|req: 146/304] 10.222.0.39 () {60 vars in 1363 bytes} [Mon Aug 8 02:26:23 2022] GET /volume/v3/e96f7ae0385a42c79010a3bfae291da5/groups/551b9091-5868-42b0-b758-a724849f535e => generated 393 bytes in 28 msecs (HTTP/1.1 200) 7 headers in 286 bytes (2 switches on core 0)
Aug 08 02:26:23.863829 dv-cinder-733062-33-iscsi devstack@c-api.service[110770]: DEBUG cinder.api.middleware.request_id [None req-61fa6366-eb3f-441f-9650-c245f6d5373c None None] RequestId filter calling following filter/app {{(pid=110770) _context_setter /opt/stack/cinder/cinder/api/middleware/request_id.py:62}}
Aug 08 02:26:23.867484 dv-cinder-733062-33-iscsi devstack@c-api.service[110770]: INFO cinder.api.openstack.wsgi [None req-61fa6366-eb3f-441f-9650-c245f6d5373c tempest-GroupSnapshotsTest-1504886759 tempest-GroupSnapshotsTest-1504886759-project] PUT http://10.222.0.39/volume/v3/e96f7ae0385a42c79010a3bfae291da5/groups/551b9091-5868-42b0-b758-a724849f535e
Aug 08 02:26:23.868210 dv-cinder-733062-33-iscsi devstack@c-api.service[110770]: DEBUG cinder.api.openstack.wsgi [None req-61fa6366-eb3f-441f-9650-c245f6d5373c tempest-GroupSnapshotsTest-1504886759 tempest-GroupSnapshotsTest-1504886759-project] Action: 'update', calling method: version_select, body: {"group": {"remove_volumes": "986f4c33-4355-452c-a18a-457e0a4e0f3d"}} {{(pid=110770) _process_stack /opt/stack/cinder/cinder/api/openstack/wsgi.py:866}}
Aug 08 02:26:23.879319 dv-cinder-733062-33-iscsi devstack@c-api.service[110770]: DEBUG cinder.api.v3.groups [None req-61fa6366-eb3f-441f-9650-c245f6d5373c tempest-GroupSnapshotsTest-1504886759 tempest-GroupSnapshotsTest-1504886759-project] Update called for group 551b9091-5868-42b0-b758-a724849f535e. {{(pid=110770) update /opt/stack/cinder/cinder/api/v3/groups.py:302}}
Aug 08 02:26:23.879625 dv-cinder-733062-33-iscsi devstack@c-api.service[110770]: INFO cinder.api.v3.groups [None req-61fa6366-eb3f-441f-9650-c245f6d5373c tempest-GroupSnapshotsTest-1504886759 tempest-GroupSnapshotsTest-1504886759-project] Updating group 551b9091-5868-42b0-b758-a724849f535e with name None description: None add_volumes: None remove_volumes: 986f4c33-4355-452c-a18a-457e0a4e0f3d.
Aug 08 02:26:23.885547 dv-cinder-733062-33-iscsi devstack@c-api.service[110770]: /usr/local/lib/python3.8/dist-packages/oslo_context/context.py:100: DeprecationWarning: Policy enforcement is depending on the value of is_admin. This key is deprecated. Please update your policy file to use the standard policy values.
Aug 08 02:26:23.885547 dv-cinder-733062-33-iscsi devstack@c-api.service[110770]: warnings.warn('Policy enforcement is depending on the value of '
Aug 08 02:26:23.909634 dv-cinder-733062-33-iscsi devstack@c-api.service[110771]: INFO cinder.api.openstack.wsgi [None req-94a4177e-6343-4d47-b3fc-6442f52f16dc tempest-VolumesTransfersTest-1701118769 tempest-VolumesTransfersTest-1701118769-project] POST http://10.222.0.39/volume/v3/7f34f8a751d54b9d88b26173204359a9/os-volume-transfer/efc94c48-0cce-4734-8548-9a872bfd96b5/accept
Aug 08 02:26:23.910494 dv-cinder-733062-33-iscsi devstack@c-api.service[110771]: DEBUG cinder.api.openstack.wsgi [None req-94a4177e-6343-4d47-b3fc-6442f52f16dc tempest-VolumesTransfersTest-1701118769 tempest-VolumesTransfersTest-1701118769-project] Action: 'accept', calling method: accept, body: {"accept": {"auth_key": "52f2b22cb2081064"}} {{(pid=110771) _process_stack /opt/stack/cinder/cinder/api/openstack/wsgi.py:866}}
Aug 08 02:26:23.912628 dv-cinder-733062-33-iscsi devstack@c-api.service[110771]: DEBUG cinder.api.contrib.volume_transfer [None req-94a4177e-6343-4d47-b3fc-6442f52f16dc tempest-VolumesTransfersTest-1701118769 tempest-VolumesTransfersTest-1701118769-project] Accepting volume transfer efc94c48-0cce-4734-8548-9a872bfd96b5 {{(pid=110771) accept /opt/stack/cinder/cinder/api/contrib/volume_transfer.py:115}}
Aug 08 02:26:23.912990 dv-cinder-733062-33-iscsi devstack@c-api.service[110771]: INFO cinder.api.contrib.volume_transfer [None req-94a4177e-6343-4d47-b3fc-6442f52f16dc tempest-VolumesTransfersTest-1701118769 tempest-VolumesTransfersTest-1701118769-project] Accepting transfer efc94c48-0cce-4734-8548-9a872bfd96b5
Aug 08 02:26:23.928800 dv-cinder-733062-33-iscsi devstack@c-api.service[110770]: INFO cinder.api.openstack.wsgi [None req-61fa6366-eb3f-441f-9650-c245f6d5373c tempest-GroupSnapshotsTest-1504886759 tempest-GroupSnapshotsTest-1504886759-project] http://10.222.0.39/volume/v3/e96f7ae0385a42c79010a3bfae291da5/groups/551b9091-5868-42b0-b758-a724849f535e returned with HTTP 202
Aug 08 02:26:23.929960 dv-cinder-733062-33-iscsi devstack@c-api.service[110770]: [pid: 110770|app: 0|req: 147/305] 10.222.0.39 () {62 vars in 1383 bytes} [Mon Aug 8 02:26:23 2022] PUT /volume/v3/e96f7ae0385a42c79010a3bfae291da5/groups/551b9091-5868-42b0-b758-a724849f535e => generated 0 bytes in 67 msecs (HTTP/1.1 202) 6 headers in 234 bytes (2 switches on core 0)
Aug 08 02:26:23.935298 dv-cinder-733062-33-iscsi devstack@c-api.service[110770]: DEBUG cinder.api.middleware.request_id [None req-f89172a9-7118-4804-a5ba-5c52026d407e None None] RequestId filter calling following filter/app {{(pid=110770) _context_setter /opt/stack/cinder/cinder/api/middleware/request_id.py:62}}
Aug 08 02:26:23.935850 dv-cinder-733062-33-iscsi devstack@c-api.service[110771]: DEBUG dbcounter [-] [110771] Writing DB stats cinder:INSERT=6,cinder:UPDATE=14,cinder:SELECT=80 {{(pid=110771) stat_writer /usr/local/lib/python3.8/dist-packages/dbcounter.py:114}}
Aug 08 02:26:23.940264 dv-cinder-733062-33-iscsi devstack@c-api.service[110770]: INFO cinder.api.openstack.wsgi [None req-f89172a9-7118-4804-a5ba-5c52026d407e tempest-GroupSnapshotsTest-1504886759 tempest-GroupSnapshotsTest-1504886759-project] GET http://10.222.0.39/volume/v3/e96f7ae0385a42c79010a3bfae291da5/groups/551b9091-5868-42b0-b758-a724849f535e
Aug 08 02:26:23.940999 dv-cinder-733062-33-iscsi devstack@c-api.service[110770]: DEBUG cinder.api.openstack.wsgi [None req-f89172a9-7118-4804-a5ba-5c52026d407e tempest-GroupSnapshotsTest-1504886759 tempest-GroupSnapshotsTest-1504886759-project] Empty body provided in request {{(pid=110770) get_body /opt/stack/cinder/cinder/api/openstack/wsgi.py:715}}
Aug 08 02:26:23.941673 dv-cinder-733062-33-iscsi devstack@c-api.service[110770]: DEBUG cinder.api.openstack.wsgi [None req-f89172a9-7118-4804-a5ba-5c52026d407e tempest-GroupSnapshotsTest-1504886759 tempest-GroupSnapshotsTest-1504886759-project] Calling method 'version_select' {{(pid=110770) _process_stack /opt/stack/cinder/cinder/api/openstack/wsgi.py:868}}
Aug 08 02:26:23.942024 dv-cinder-733062-33-iscsi devstack@c-api.service[110770]: DEBUG cinder.api.v3.groups [None req-f89172a9-7118-4804-a5ba-5c52026d407e tempest-GroupSnapshotsTest-1504886759 tempest-GroupSnapshotsTest-1504886759-project] show called for member 551b9091-5868-42b0-b758-a724849f535e {{(pid=110770) show /opt/stack/cinder/cinder/api/v3/groups.py:58}}
Aug 08 02:26:23.948541 dv-cinder-733062-33-iscsi devstack@c-api.service[110770]: /usr/local/lib/python3.8/dist-packages/oslo_context/context.py:100: DeprecationWarning: Policy enforcement is depending on the value of is_admin. This key is deprecated. Please update your policy file to use the standard policy values.
Aug 08 02:26:23.948541 dv-cinder-733062-33-iscsi devstack@c-api.service[110770]: warnings.warn('Policy enforcement is depending on the value of '
Aug 08 02:26:23.962690 dv-cinder-733062-33-iscsi devstack@c-api.service[110770]: INFO cinder.api.openstack.wsgi [None req-f89172a9-7118-4804-a5ba-5c52026d407e tempest-GroupSnapshotsTest-1504886759 tempest-GroupSnapshotsTest-1504886759-project] http://10.222.0.39/volume/v3/e96f7ae0385a42c79010a3bfae291da5/groups/551b9091-5868-42b0-b758-a724849f535e returned with HTTP 200
Aug 08 02:26:23.963486 dv-cinder-733062-33-iscsi devstack@c-api.service[110770]: [pid: 110770|app: 0|req: 148/306] 10.222.0.39 () {60 vars in 1363 bytes} [Mon Aug 8 02:26:23 2022] GET /volume/v3/e96f7ae0385a42c79010a3bfae291da5/groups/551b9091-5868-42b0-b758-a724849f535e => generated 392 bytes in 29 msecs (HTTP/1.1 200) 7 headers in 286 bytes (1 switches on core 0)
Aug 08 02:26:23.973657 dv-cinder-733062-33-iscsi devstack@c-api.service[110770]: DEBUG cinder.api.middleware.request_id [None req-8845bf0a-1f72-4975-ae72-2089f1d80118 None None] RequestId filter calling following filter/app {{(pid=110770) _context_setter /opt/stack/cinder/cinder/api/middleware/request_id.py:62}}
Aug 08 02:26:23.977366 dv-cinder-733062-33-iscsi devstack@c-api.service[110770]: INFO cinder.api.openstack.wsgi [None req-8845bf0a-1f72-4975-ae72-2089f1d80118 tempest-VolumesActionsTest-217148227 tempest-VolumesActionsTest-217148227-project] GET http://10.222.0.39/volume/v3/a7a0ae80f10046d1bd9fd4a03e8251dc/volumes/1fe718a9-a726-4204-9c90-fcc1344f3230
Aug 08 02:26:23.977933 dv-cinder-733062-33-iscsi devstack@c-api.service[110770]: DEBUG cinder.api.openstack.wsgi [None req-8845bf0a-1f72-4975-ae72-2089f1d80118 tempest-VolumesActionsTest-217148227 tempest-VolumesActionsTest-217148227-project] Empty body provided in request {{(pid=110770) get_body /opt/stack/cinder/cinder/api/openstack/wsgi.py:715}}
Aug 08 02:26:23.978487 dv-cinder-733062-33-iscsi devstack@c-api.service[110770]: DEBUG cinder.api.openstack.wsgi [None req-8845bf0a-1f72-4975-ae72-2089f1d80118 tempest-VolumesActionsTest-217148227 tempest-VolumesActionsTest-217148227-project] Calling method 'show' {{(pid=110770) _process_stack /opt/stack/cinder/cinder/api/openstack/wsgi.py:868}}
Aug 08 02:26:23.991217 dv-cinder-733062-33-iscsi devstack@c-api.service[110770]: INFO cinder.api.openstack.wsgi [None req-8845bf0a-1f72-4975-ae72-2089f1d80118 tempest-VolumesActionsTest-217148227 tempest-VolumesActionsTest-217148227-project] http://10.222.0.39/volume/v3/a7a0ae80f10046d1bd9fd4a03e8251dc/volumes/1fe718a9-a726-4204-9c90-fcc1344f3230 returned with HTTP 404
Aug 08 02:26:23.992127 dv-cinder-733062-33-iscsi devstack@c-api.service[110770]: [pid: 110770|app: 0|req: 149/307] 10.222.0.39 () {58 vars in 1325 bytes} [Mon Aug 8 02:26:23 2022] GET /volume/v3/a7a0ae80f10046d1bd9fd4a03e8251dc/volumes/1fe718a9-a726-4204-9c90-fcc1344f3230 => generated 109 bytes in 19 msecs (HTTP/1.1 404) 7 headers in 292 bytes (2 switches on core 0)
Aug 08 02:26:23.998521 dv-cinder-733062-33-iscsi devstack@c-api.service[110770]: DEBUG cinder.api.middleware.request_id [None req-15a3dc27-d782-4649-bb11-9dd58b052924 None None] RequestId filter calling following filter/app {{(pid=110770) _context_setter /opt/stack/cinder/cinder/api/middleware/request_id.py:62}}
Aug 08 02:26:24.001839 dv-cinder-733062-33-iscsi devstack@c-api.service[110770]: INFO cinder.api.openstack.wsgi [None req-15a3dc27-d782-4649-bb11-9dd58b052924 tempest-VolumesActionsTest-217148227 tempest-VolumesActionsTest-217148227-project] POST http://10.222.0.39/volume/v3/a7a0ae80f10046d1bd9fd4a03e8251dc/volumes
Aug 08 02:26:24.002539 dv-cinder-733062-33-iscsi devstack@c-api.service[110770]: DEBUG cinder.api.openstack.wsgi [None req-15a3dc27-d782-4649-bb11-9dd58b052924 tempest-VolumesActionsTest-217148227 tempest-VolumesActionsTest-217148227-project] Action: 'create', calling method: create, body: {"volume": {"size": 1, "name": "tempest-VolumesActionsTest-Volume-1613578518"}} {{(pid=110770) _process_stack /opt/stack/cinder/cinder/api/openstack/wsgi.py:866}}
Aug 08 02:26:24.005015 dv-cinder-733062-33-iscsi devstack@c-api.service[110770]: DEBUG cinder.api.v3.volumes [None req-15a3dc27-d782-4649-bb11-9dd58b052924 tempest-VolumesActionsTest-217148227 tempest-VolumesActionsTest-217148227-project] Create volume request body: {'volume': {'size': 1, 'name': 'tempest-VolumesActionsTest-Volume-1613578518'}} {{(pid=110770) create /opt/stack/cinder/cinder/api/v3/volumes.py:267}}
Aug 08 02:26:24.005327 dv-cinder-733062-33-iscsi devstack@c-api.service[110770]: INFO cinder.api.v3.volumes [None req-15a3dc27-d782-4649-bb11-9dd58b052924 tempest-VolumesActionsTest-217148227 tempest-VolumesActionsTest-217148227-project] Create volume of 1 GB
Aug 08 02:26:24.006002 dv-cinder-733062-33-iscsi devstack@c-api.service[110770]: /usr/local/lib/python3.8/dist-packages/oslo_context/context.py:100: DeprecationWarning: Policy enforcement is depending on the value of is_admin. This key is deprecated. Please update your policy file to use the standard policy values.
Aug 08 02:26:24.006002 dv-cinder-733062-33-iscsi devstack@c-api.service[110770]: warnings.warn('Policy enforcement is depending on the value of '
Aug 08 02:26:24.015568 dv-cinder-733062-33-iscsi devstack@c-api.service[110770]: INFO cinder.volume.api [None req-15a3dc27-d782-4649-bb11-9dd58b052924 tempest-VolumesActionsTest-217148227 tempest-VolumesActionsTest-217148227-project] Availability Zones retrieved successfully.
Aug 08 02:26:24.030432 dv-cinder-733062-33-iscsi devstack@c-api.service[110770]: DEBUG cinder.volume.api [None req-15a3dc27-d782-4649-bb11-9dd58b052924 tempest-VolumesActionsTest-217148227 tempest-VolumesActionsTest-217148227-project] Flow 'volume_create_api' (b5026b9c-85ec-489f-b2d6-826dd0a8c258) transitioned into state 'RUNNING' from state 'PENDING' {{(pid=110770) _flow_receiver /usr/local/lib/python3.8/dist-packages/taskflow/listeners/logging.py:141}}
Aug 08 02:26:24.032855 dv-cinder-733062-33-iscsi devstack@c-api.service[110770]: DEBUG cinder.volume.api [None req-15a3dc27-d782-4649-bb11-9dd58b052924 tempest-VolumesActionsTest-217148227 tempest-VolumesActionsTest-217148227-project] Task 'cinder.volume.flows.api.create_volume.ExtractVolumeRequestTask;volume:create' (2267450b-2a28-4f84-bc84-a6f2f0a2f9dd) transitioned into state 'RUNNING' from state 'PENDING' {{(pid=110770) _task_receiver /usr/local/lib/python3.8/dist-packages/taskflow/listeners/logging.py:190}}
Aug 08 02:26:24.035224 dv-cinder-733062-33-iscsi devstack@c-api.service[110770]: DEBUG cinder.volume.flows.api.create_volume [None req-15a3dc27-d782-4649-bb11-9dd58b052924 tempest-VolumesActionsTest-217148227 tempest-VolumesActionsTest-217148227-project] Validating volume size '1' using validate_int {{(pid=110770) _extract_size /opt/stack/cinder/cinder/volume/flows/api/create_volume.py:228}}
Aug 08 02:26:24.038884 dv-cinder-733062-33-iscsi devstack@c-api.service[110771]: DEBUG cinder.quota [None req-94a4177e-6343-4d47-b3fc-6442f52f16dc tempest-VolumesTransfersTest-1701118769 tempest-VolumesTransfersTest-1701118769-project] Created reservations ['388c3fde-21e3-4499-8ab9-a4f86dc35ebd', 'a86b37f0-2774-425d-987b-b33912095150', 'aa121768-2265-4de1-8e39-031dad5a1139', '7a5d08a0-0913-4cae-9439-f29ab2843e4e'] {{(pid=110771) reserve /opt/stack/cinder/cinder/quota.py:755}}
Aug 08 02:26:24.071201 dv-cinder-733062-33-iscsi devstack@c-api.service[110770]: DEBUG cinder.volume.api [None req-15a3dc27-d782-4649-bb11-9dd58b052924 tempest-VolumesActionsTest-217148227 tempest-VolumesActionsTest-217148227-project] Task 'cinder.volume.flows.api.create_volume.ExtractVolumeRequestTask;volume:create' (2267450b-2a28-4f84-bc84-a6f2f0a2f9dd) transitioned into state 'SUCCESS' from state 'RUNNING' with result '{'size': 1, 'snapshot_id': None, 'source_volid': None, 'volume_type': VolumeType(created_at=2022-08-08T02:16:13Z,deleted=False,deleted_at=None,description='Default Volume Type',extra_specs={},id=232783d1-1332-4fbc-9f03-88252c75a15a,is_public=True,name='__DEFAULT__',projects=[],qos_specs=,qos_specs_id=None,updated_at=2022-08-08T02:16:13Z), 'volume_type_id': '232783d1-1332-4fbc-9f03-88252c75a15a', 'encryption_key_id': None, 'qos_specs': None, 'consistencygroup_id': None, 'cgsnapshot_id': None, 'group_id': None, 'replication_status': 'disabled', 'refresh_az': False, 'backup_id': None, 'multiattach': False, 'availability_zones': ['nova']}' {{(pid=110770) _task_receiver /usr/local/lib/python3.8/dist-packages/taskflow/listeners/logging.py:178}}
Aug 08 02:26:24.073268 dv-cinder-733062-33-iscsi devstack@c-api.service[110770]: DEBUG cinder.volume.api [None req-15a3dc27-d782-4649-bb11-9dd58b052924 tempest-VolumesActionsTest-217148227 tempest-VolumesActionsTest-217148227-project] Task 'cinder.volume.flows.api.create_volume.QuotaReserveTask;volume:create' (b1d56ecc-032c-4217-8f04-f04de82c54a7) transitioned into state 'RUNNING' from state 'PENDING' {{(pid=110770) _task_receiver /usr/local/lib/python3.8/dist-packages/taskflow/listeners/logging.py:190}}
Aug 08 02:26:24.081199 dv-cinder-733062-33-iscsi devstack@c-api.service[110771]: DEBUG cinder.quota [None req-94a4177e-6343-4d47-b3fc-6442f52f16dc tempest-VolumesTransfersTest-1701118769 tempest-VolumesTransfersTest-1701118769-project] Created reservations ['c8bf6ff7-278e-4eda-ad9d-90db1e5ba581', '1dddcd0b-fbf3-4f17-8ef0-82e5204d19c8', 'cd7f20ff-5102-48ed-8656-707e6dd13419', '09cb33ee-28df-41ff-8d31-4ec55f8df51a'] {{(pid=110771) reserve /opt/stack/cinder/cinder/quota.py:755}}
Aug 08 02:26:24.162699 dv-cinder-733062-33-iscsi devstack@c-api.service[110770]: DEBUG cinder.quota [None req-15a3dc27-d782-4649-bb11-9dd58b052924 tempest-VolumesActionsTest-217148227 tempest-VolumesActionsTest-217148227-project] Created reservations ['10b1cc13-be31-4e79-b2ee-3a8a70332daf', '808b70ce-96dd-4d0d-836d-b207f7c5f348', '34f86ff3-1ea6-45e8-bc6c-b88507c6ebbb', 'f1b08732-6542-46ed-9ea8-7aee47bd928b'] {{(pid=110770) reserve /opt/stack/cinder/cinder/quota.py:755}}
Aug 08 02:26:24.178400 dv-cinder-733062-33-iscsi devstack@c-api.service[110771]: DEBUG cinder.quota [None req-94a4177e-6343-4d47-b3fc-6442f52f16dc tempest-VolumesTransfersTest-1701118769 tempest-VolumesTransfersTest-1701118769-project] Created reservations ['e008366b-507e-4786-a586-b29b0327dfb9', '37c4e4c0-6a5a-459b-88b5-0f28766202f4', '62aeeeff-6a7f-4f4a-9f21-5c034947c47f', '29fc668e-1eae-4c4d-b17b-5a4a10ec24a1'] {{(pid=110771) reserve /opt/stack/cinder/cinder/quota.py:755}}
Aug 08 02:26:24.178831 dv-cinder-733062-33-iscsi devstack@c-api.service[110770]: DEBUG cinder.volume.api [None req-15a3dc27-d782-4649-bb11-9dd58b052924 tempest-VolumesActionsTest-217148227 tempest-VolumesActionsTest-217148227-project] Task 'cinder.volume.flows.api.create_volume.QuotaReserveTask;volume:create' (b1d56ecc-032c-4217-8f04-f04de82c54a7) transitioned into state 'SUCCESS' from state 'RUNNING' with result '{'reservations': ['10b1cc13-be31-4e79-b2ee-3a8a70332daf', '808b70ce-96dd-4d0d-836d-b207f7c5f348', '34f86ff3-1ea6-45e8-bc6c-b88507c6ebbb', 'f1b08732-6542-46ed-9ea8-7aee47bd928b']}' {{(pid=110770) _task_receiver /usr/local/lib/python3.8/dist-packages/taskflow/listeners/logging.py:178}}
Aug 08 02:26:24.178831 dv-cinder-733062-33-iscsi devstack@c-api.service[110770]: DEBUG cinder.volume.api [None req-15a3dc27-d782-4649-bb11-9dd58b052924 tempest-VolumesActionsTest-217148227 tempest-VolumesActionsTest-217148227-project] Task 'cinder.volume.flows.api.create_volume.EntryCreateTask;volume:create' (728f0b5d-f327-4bab-8096-38a6a23a613d) transitioned into state 'RUNNING' from state 'PENDING' {{(pid=110770) _task_receiver /usr/local/lib/python3.8/dist-packages/taskflow/listeners/logging.py:190}}
Aug 08 02:26:24.210399 dv-cinder-733062-33-iscsi devstack@c-api.service[110770]: DEBUG cinder.volume.api [None req-15a3dc27-d782-4649-bb11-9dd58b052924 tempest-VolumesActionsTest-217148227 tempest-VolumesActionsTest-217148227-project] Task 'cinder.volume.flows.api.create_volume.EntryCreateTask;volume:create' (728f0b5d-f327-4bab-8096-38a6a23a613d) transitioned into state 'SUCCESS' from state 'RUNNING' with result '{'volume_id': '72a7ba20-28ad-4620-aac0-a416bf36597a', 'volume_properties': VolumeProperties(attach_status='detached',availability_zone='nova',cgsnapshot_id=None,consistencygroup_id=None,display_description=None,display_name='tempest-VolumesActionsTest-Volume-1613578518',encryption_key_id=None,group_id=None,group_type_id=,metadata={},multiattach=False,project_id='a7a0ae80f10046d1bd9fd4a03e8251dc',qos_specs=None,replication_status=,reservations=['10b1cc13-be31-4e79-b2ee-3a8a70332daf','808b70ce-96dd-4d0d-836d-b207f7c5f348','34f86ff3-1ea6-45e8-bc6c-b88507c6ebbb','f1b08732-6542-46ed-9ea8-7aee47bd928b'],size=1,snapshot_id=None,source_replicaid=,source_volid=None,status='creating',user_id='1d569f36ac59420788cb2bebf03218a3',volume_type_id=232783d1-1332-4fbc-9f03-88252c75a15a), 'volume': Volume(_name_id=None,admin_metadata=,attach_status='detached',availability_zone='nova',bootable=False,cluster=,cluster_name=None,consistencygroup=,consistencygroup_id=None,created_at=2022-08-08T02:26:24Z,deleted=False,deleted_at=None,display_description=None,display_name='tempest-VolumesActionsTest-Volume-1613578518',ec2_id=None,encryption_key_id=None,glance_metadata=,group=,group_id=None,host=None,id=72a7ba20-28ad-4620-aac0-a416bf36597a,launched_at=None,metadata={},migration_status=None,multiattach=False,previous_status=None,project_id='a7a0ae80f10046d1bd9fd4a03e8251dc',provider_auth=None,provider_geometry=None,provider_id=None,provider_location=None,replication_driver_data=None,replication_extended_status=None,replication_status=None,scheduled_at=None,service_uuid=None,shared_targets=True,size=1,snapshot_id=None,snapshots=,source_volid=None,status='creating',terminated_at=None,updated_at=None,use_quota=True,user_id='1d569f36ac59420788cb2bebf03218a3',volume_attachment=VolumeAttachmentList,volume_type=VolumeType(232783d1-1332-4fbc-9f03-88252c75a15a),volume_type_id=232783d1-1332-4fbc-9f03-88252c75a15a)}' {{(pid=110770) _task_receiver /usr/local/lib/python3.8/dist-packages/taskflow/listeners/logging.py:178}}
Aug 08 02:26:24.213440 dv-cinder-733062-33-iscsi devstack@c-api.service[110770]: DEBUG cinder.volume.api [None req-15a3dc27-d782-4649-bb11-9dd58b052924 tempest-VolumesActionsTest-217148227 tempest-VolumesActionsTest-217148227-project] Task 'cinder.volume.flows.api.create_volume.QuotaCommitTask;volume:create' (583b5bc5-b760-452f-8fd4-8b5baa147d3d) transitioned into state 'RUNNING' from state 'PENDING' {{(pid=110770) _task_receiver /usr/local/lib/python3.8/dist-packages/taskflow/listeners/logging.py:190}}
Aug 08 02:26:24.244480 dv-cinder-733062-33-iscsi devstack@c-api.service[110771]: DEBUG cinder.quota [None req-94a4177e-6343-4d47-b3fc-6442f52f16dc tempest-VolumesTransfersTest-1701118769 tempest-VolumesTransfersTest-1701118769-project] Created reservations ['c1573e27-e8ff-49be-ab4b-a6ee81efe46f', '9288c68d-38b8-4430-988c-10eda417b67c', 'cec44e79-68e4-481e-be64-6cd52ec41d7c', '0f40cdb3-a228-4b7e-a091-536f736d3de6'] {{(pid=110771) reserve /opt/stack/cinder/cinder/quota.py:755}}
Aug 08 02:26:24.257169 dv-cinder-733062-33-iscsi devstack@c-api.service[110770]: DEBUG cinder.volume.api [None req-15a3dc27-d782-4649-bb11-9dd58b052924 tempest-VolumesActionsTest-217148227 tempest-VolumesActionsTest-217148227-project] Task 'cinder.volume.flows.api.create_volume.QuotaCommitTask;volume:create' (583b5bc5-b760-452f-8fd4-8b5baa147d3d) transitioned into state 'SUCCESS' from state 'RUNNING' with result '{'volume_properties': VolumeProperties(attach_status='detached',availability_zone='nova',cgsnapshot_id=None,consistencygroup_id=None,display_description=None,display_name='tempest-VolumesActionsTest-Volume-1613578518',encryption_key_id=None,group_id=None,group_type_id=,metadata={},multiattach=False,project_id='a7a0ae80f10046d1bd9fd4a03e8251dc',qos_specs=None,replication_status=,reservations=['10b1cc13-be31-4e79-b2ee-3a8a70332daf','808b70ce-96dd-4d0d-836d-b207f7c5f348','34f86ff3-1ea6-45e8-bc6c-b88507c6ebbb','f1b08732-6542-46ed-9ea8-7aee47bd928b'],size=1,snapshot_id=None,source_replicaid=,source_volid=None,status='creating',user_id='1d569f36ac59420788cb2bebf03218a3',volume_type_id=232783d1-1332-4fbc-9f03-88252c75a15a)}' {{(pid=110770) _task_receiver /usr/local/lib/python3.8/dist-packages/taskflow/listeners/logging.py:178}}
Aug 08 02:26:24.258961 dv-cinder-733062-33-iscsi devstack@c-api.service[110770]: DEBUG cinder.volume.api [None req-15a3dc27-d782-4649-bb11-9dd58b052924 tempest-VolumesActionsTest-217148227 tempest-VolumesActionsTest-217148227-project] Task 'cinder.volume.flows.api.create_volume.VolumeCastTask;volume:create' (e8970a68-3074-4cda-ba89-6b3a8c607b8a) transitioned into state 'RUNNING' from state 'PENDING' {{(pid=110770) _task_receiver /usr/local/lib/python3.8/dist-packages/taskflow/listeners/logging.py:190}}
Aug 08 02:26:24.279319 dv-cinder-733062-33-iscsi devstack@c-api.service[110770]: DEBUG cinder.volume.api [None req-15a3dc27-d782-4649-bb11-9dd58b052924 tempest-VolumesActionsTest-217148227 tempest-VolumesActionsTest-217148227-project] Task 'cinder.volume.flows.api.create_volume.VolumeCastTask;volume:create' (e8970a68-3074-4cda-ba89-6b3a8c607b8a) transitioned into state 'SUCCESS' from state 'RUNNING' with result 'None' {{(pid=110770) _task_receiver /usr/local/lib/python3.8/dist-packages/taskflow/listeners/logging.py:178}}
Aug 08 02:26:24.282362 dv-cinder-733062-33-iscsi devstack@c-api.service[110770]: DEBUG cinder.volume.api [None req-15a3dc27-d782-4649-bb11-9dd58b052924 tempest-VolumesActionsTest-217148227 tempest-VolumesActionsTest-217148227-project] Flow 'volume_create_api' (b5026b9c-85ec-489f-b2d6-826dd0a8c258) transitioned into state 'SUCCESS' from state 'RUNNING' {{(pid=110770) _flow_receiver /usr/local/lib/python3.8/dist-packages/taskflow/listeners/logging.py:141}}
Aug 08 02:26:24.283098 dv-cinder-733062-33-iscsi devstack@c-api.service[110770]: INFO cinder.volume.api [None req-15a3dc27-d782-4649-bb11-9dd58b052924 tempest-VolumesActionsTest-217148227 tempest-VolumesActionsTest-217148227-project] Create volume request issued successfully.
Aug 08 02:26:24.284562 dv-cinder-733062-33-iscsi devstack@c-api.service[110771]: INFO cinder.volume.api [None req-94a4177e-6343-4d47-b3fc-6442f52f16dc tempest-VolumesTransfersTest-1701118769 tempest-VolumesTransfersTest-1701118769-project] Transfer volume completed successfully.
Aug 08 02:26:24.288317 dv-cinder-733062-33-iscsi devstack@c-api.service[110770]: INFO cinder.api.openstack.wsgi [None req-15a3dc27-d782-4649-bb11-9dd58b052924 tempest-VolumesActionsTest-217148227 tempest-VolumesActionsTest-217148227-project] http://10.222.0.39/volume/v3/a7a0ae80f10046d1bd9fd4a03e8251dc/volumes returned with HTTP 202
Aug 08 02:26:24.302305 dv-cinder-733062-33-iscsi devstack@c-api.service[110770]: [pid: 110770|app: 0|req: 150/308] 10.222.0.39 () {60 vars in 1235 bytes} [Mon Aug 8 02:26:23 2022] POST /volume/v3/a7a0ae80f10046d1bd9fd4a03e8251dc/volumes => generated 818 bytes in 297 msecs (HTTP/1.1 202) 7 headers in 291 bytes (2 switches on core 0)
Aug 08 02:26:24.308722 dv-cinder-733062-33-iscsi devstack@c-api.service[110770]: DEBUG cinder.api.middleware.request_id [None req-133c1bae-a997-4a0b-b160-76a7ced0e431 None None] RequestId filter calling following filter/app {{(pid=110770) _context_setter /opt/stack/cinder/cinder/api/middleware/request_id.py:62}}
Aug 08 02:26:24.312671 dv-cinder-733062-33-iscsi devstack@c-api.service[110770]: INFO cinder.api.openstack.wsgi [None req-133c1bae-a997-4a0b-b160-76a7ced0e431 tempest-VolumesActionsTest-217148227 tempest-VolumesActionsTest-217148227-project] GET http://10.222.0.39/volume/v3/a7a0ae80f10046d1bd9fd4a03e8251dc/volumes/72a7ba20-28ad-4620-aac0-a416bf36597a
Aug 08 02:26:24.313237 dv-cinder-733062-33-iscsi devstack@c-api.service[110770]: DEBUG cinder.api.openstack.wsgi [None req-133c1bae-a997-4a0b-b160-76a7ced0e431 tempest-VolumesActionsTest-217148227 tempest-VolumesActionsTest-217148227-project] Empty body provided in request {{(pid=110770) get_body /opt/stack/cinder/cinder/api/openstack/wsgi.py:715}}
Aug 08 02:26:24.313808 dv-cinder-733062-33-iscsi devstack@c-api.service[110770]: DEBUG cinder.api.openstack.wsgi [None req-133c1bae-a997-4a0b-b160-76a7ced0e431 tempest-VolumesActionsTest-217148227 tempest-VolumesActionsTest-217148227-project] Calling method 'show' {{(pid=110770) _process_stack /opt/stack/cinder/cinder/api/openstack/wsgi.py:868}}
Aug 08 02:26:24.316785 dv-cinder-733062-33-iscsi devstack@c-api.service[110770]: DEBUG dbcounter [-] [110770] Writing DB stats cinder:SELECT=80,cinder:INSERT=7,cinder:UPDATE=13 {{(pid=110770) stat_writer /usr/local/lib/python3.8/dist-packages/dbcounter.py:114}}
Aug 08 02:26:24.337125 dv-cinder-733062-33-iscsi devstack@c-api.service[110771]: DEBUG dbcounter [-] [110771] Writing DB stats cinder:SELECT=70,cinder:INSERT=24,cinder:UPDATE=6 {{(pid=110771) stat_writer /usr/local/lib/python3.8/dist-packages/dbcounter.py:114}}
Aug 08 02:26:24.337517 dv-cinder-733062-33-iscsi devstack@c-api.service[110770]: /usr/local/lib/python3.8/dist-packages/oslo_context/context.py:100: DeprecationWarning: Policy enforcement is depending on the value of is_admin. This key is deprecated. Please update your policy file to use the standard policy values.
Aug 08 02:26:24.337517 dv-cinder-733062-33-iscsi devstack@c-api.service[110770]: warnings.warn('Policy enforcement is depending on the value of '
