Aug 01 07:32:48.578620 dv-cinder-733062-31-smb devstack@c-api.service[110765]: [pid: 110765|app: 0|req: 152/314] 10.222.0.36 () {58 vars in 1325 bytes} [Mon Aug 1 07:32:48 2022] GET /volume/v3/65b1fa9b22ff4da5a93f4d3d0d799a4f/volumes/b44f2137-3411-4d17-9d4f-4db23e7278db => generated 912 bytes in 60 msecs (HTTP/1.1 200) 7 headers in 285 bytes (2 switches on core 0)
Aug 01 07:32:48.666841 dv-cinder-733062-31-smb devstack@c-api.service[110766]: INFO cinder.api.openstack.wsgi [None req-574f5d3b-0c21-46d1-ac55-4308370305ba tempest-VolumeSnapshotQuotasNegativeTestJSON-1455293465 tempest-VolumeSnapshotQuotasNegativeTestJSON-1455293465-project-admin] http://10.222.0.36/volume/v3/c7242a863bda46708243864f88cf6da6/os-quota-sets/cb3cc292da3e4376a7001e44c83505b9 returned with HTTP 200
Aug 01 07:32:48.668893 dv-cinder-733062-31-smb devstack@c-api.service[110766]: [pid: 110766|app: 0|req: 163/315] 10.222.0.36 () {60 vars in 1351 bytes} [Mon Aug 1 07:32:48 2022] PUT /volume/v3/c7242a863bda46708243864f88cf6da6/os-quota-sets/cb3cc292da3e4376a7001e44c83505b9 => generated 314 bytes in 170 msecs (HTTP/1.1 200) 7 headers in 285 bytes (1 switches on core 0)
Aug 01 07:32:48.677850 dv-cinder-733062-31-smb devstack@c-api.service[110765]: DEBUG cinder.api.middleware.request_id [None req-6f1b15ee-dfa2-42ff-bbc3-c6e70a04273b None None] RequestId filter calling following filter/app {{(pid=110765) _context_setter /opt/stack/cinder/cinder/api/middleware/request_id.py:62}}
Aug 01 07:32:48.847380 dv-cinder-733062-31-smb devstack@c-api.service[110765]: INFO cinder.api.openstack.wsgi [None req-6f1b15ee-dfa2-42ff-bbc3-c6e70a04273b tempest-VolumeSnapshotQuotasNegativeTestJSON-1470163196 tempest-VolumeSnapshotQuotasNegativeTestJSON-1470163196-project] POST http://10.222.0.36/volume/v3/cb3cc292da3e4376a7001e44c83505b9/volumes
Aug 01 07:32:48.848091 dv-cinder-733062-31-smb devstack@c-api.service[110765]: DEBUG cinder.api.openstack.wsgi [None req-6f1b15ee-dfa2-42ff-bbc3-c6e70a04273b tempest-VolumeSnapshotQuotasNegativeTestJSON-1470163196 tempest-VolumeSnapshotQuotasNegativeTestJSON-1470163196-project] Action: 'create', calling method: create, body: {"volume": {"size": 1, "name": "tempest-VolumeSnapshotQuotasNegativeTestJSON-Volume-2124580424"}} {{(pid=110765) _process_stack /opt/stack/cinder/cinder/api/openstack/wsgi.py:866}}
Aug 01 07:32:48.850320 dv-cinder-733062-31-smb devstack@c-api.service[110765]: DEBUG cinder.api.v3.volumes [None req-6f1b15ee-dfa2-42ff-bbc3-c6e70a04273b tempest-VolumeSnapshotQuotasNegativeTestJSON-1470163196 tempest-VolumeSnapshotQuotasNegativeTestJSON-1470163196-project] Create volume request body: {'volume': {'size': 1, 'name': 'tempest-VolumeSnapshotQuotasNegativeTestJSON-Volume-2124580424'}} {{(pid=110765) create /opt/stack/cinder/cinder/api/v3/volumes.py:267}}
Aug 01 07:32:48.850636 dv-cinder-733062-31-smb devstack@c-api.service[110765]: INFO cinder.api.v3.volumes [None req-6f1b15ee-dfa2-42ff-bbc3-c6e70a04273b tempest-VolumeSnapshotQuotasNegativeTestJSON-1470163196 tempest-VolumeSnapshotQuotasNegativeTestJSON-1470163196-project] Create volume of 1 GB
Aug 01 07:32:48.857813 dv-cinder-733062-31-smb devstack@c-api.service[110765]: INFO cinder.volume.api [None req-6f1b15ee-dfa2-42ff-bbc3-c6e70a04273b tempest-VolumeSnapshotQuotasNegativeTestJSON-1470163196 tempest-VolumeSnapshotQuotasNegativeTestJSON-1470163196-project] Availability Zones retrieved successfully.
Aug 01 07:32:48.873693 dv-cinder-733062-31-smb devstack@c-api.service[110765]: DEBUG cinder.volume.api [None req-6f1b15ee-dfa2-42ff-bbc3-c6e70a04273b tempest-VolumeSnapshotQuotasNegativeTestJSON-1470163196 tempest-VolumeSnapshotQuotasNegativeTestJSON-1470163196-project] Flow 'volume_create_api' (343784c6-f4a0-4374-96d4-3a9d8b9d7c62) transitioned into state 'RUNNING' from state 'PENDING' {{(pid=110765) _flow_receiver /usr/local/lib/python3.8/dist-packages/taskflow/listeners/logging.py:141}}
Aug 01 07:32:48.876729 dv-cinder-733062-31-smb devstack@c-api.service[110765]: DEBUG cinder.volume.api [None req-6f1b15ee-dfa2-42ff-bbc3-c6e70a04273b tempest-VolumeSnapshotQuotasNegativeTestJSON-1470163196 tempest-VolumeSnapshotQuotasNegativeTestJSON-1470163196-project] Task 'cinder.volume.flows.api.create_volume.ExtractVolumeRequestTask;volume:create' (e61ebf1f-21ef-464f-a490-81cbf2f21120) transitioned into state 'RUNNING' from state 'PENDING' {{(pid=110765) _task_receiver /usr/local/lib/python3.8/dist-packages/taskflow/listeners/logging.py:190}}
Aug 01 07:32:48.879143 dv-cinder-733062-31-smb devstack@c-api.service[110765]: DEBUG cinder.volume.flows.api.create_volume [None req-6f1b15ee-dfa2-42ff-bbc3-c6e70a04273b tempest-VolumeSnapshotQuotasNegativeTestJSON-1470163196 tempest-VolumeSnapshotQuotasNegativeTestJSON-1470163196-project] Validating volume size '1' using validate_int {{(pid=110765) _extract_size /opt/stack/cinder/cinder/volume/flows/api/create_volume.py:228}}
Aug 01 07:32:48.914871 dv-cinder-733062-31-smb devstack@c-api.service[110765]: DEBUG cinder.volume.api [None req-6f1b15ee-dfa2-42ff-bbc3-c6e70a04273b tempest-VolumeSnapshotQuotasNegativeTestJSON-1470163196 tempest-VolumeSnapshotQuotasNegativeTestJSON-1470163196-project] Task 'cinder.volume.flows.api.create_volume.ExtractVolumeRequestTask;volume:create' (e61ebf1f-21ef-464f-a490-81cbf2f21120) transitioned into state 'SUCCESS' from state 'RUNNING' with result '{'size': 1, 'snapshot_id': None, 'source_volid': None, 'volume_type': VolumeType(created_at=2022-08-01T07:21:50Z,deleted=False,deleted_at=None,description='Default Volume Type',extra_specs={},id=f451430f-9e85-4d01-b7e0-ff16e52c3dd7,is_public=True,name='__DEFAULT__',projects=[],qos_specs=,qos_specs_id=None,updated_at=2022-08-01T07:21:50Z), 'volume_type_id': 'f451430f-9e85-4d01-b7e0-ff16e52c3dd7', 'encryption_key_id': None, 'qos_specs': None, 'consistencygroup_id': None, 'cgsnapshot_id': None, 'group_id': None, 'replication_status': 'disabled', 'refresh_az': False, 'backup_id': None, 'multiattach': False, 'availability_zones': ['nova']}' {{(pid=110765) _task_receiver /usr/local/lib/python3.8/dist-packages/taskflow/listeners/logging.py:178}}
Aug 01 07:32:48.916951 dv-cinder-733062-31-smb devstack@c-api.service[110765]: DEBUG cinder.volume.api [None req-6f1b15ee-dfa2-42ff-bbc3-c6e70a04273b tempest-VolumeSnapshotQuotasNegativeTestJSON-1470163196 tempest-VolumeSnapshotQuotasNegativeTestJSON-1470163196-project] Task 'cinder.volume.flows.api.create_volume.QuotaReserveTask;volume:create' (92305d0d-2076-400f-860e-b508ddb9e122) transitioned into state 'RUNNING' from state 'PENDING' {{(pid=110765) _task_receiver /usr/local/lib/python3.8/dist-packages/taskflow/listeners/logging.py:190}}
Aug 01 07:32:48.949424 dv-cinder-733062-31-smb devstack@c-api.service[110765]: DEBUG dbcounter [-] [110765] Writing DB stats cinder:SELECT=98,cinder:UPDATE=1,cinder:INSERT=1 {{(pid=110765) stat_writer /usr/local/lib/python3.8/dist-packages/dbcounter.py:114}}
Aug 01 07:32:49.100082 dv-cinder-733062-31-smb devstack@c-api.service[110765]: DEBUG cinder.quota [None req-6f1b15ee-dfa2-42ff-bbc3-c6e70a04273b tempest-VolumeSnapshotQuotasNegativeTestJSON-1470163196 tempest-VolumeSnapshotQuotasNegativeTestJSON-1470163196-project] Created reservations ['070d3462-1de5-488e-aed8-d25dc9234496', '979b9101-39dc-4694-8d10-11b35e2657e0', '6e49378c-afed-48b7-bd10-4d24e72d8267', '18ff68b6-3b4c-4c02-a76a-e5fca9cbfe06'] {{(pid=110765) reserve /opt/stack/cinder/cinder/quota.py:755}}
Aug 01 07:32:49.101845 dv-cinder-733062-31-smb devstack@c-api.service[110765]: DEBUG cinder.volume.api [None req-6f1b15ee-dfa2-42ff-bbc3-c6e70a04273b tempest-VolumeSnapshotQuotasNegativeTestJSON-1470163196 tempest-VolumeSnapshotQuotasNegativeTestJSON-1470163196-project] Task 'cinder.volume.flows.api.create_volume.QuotaReserveTask;volume:create' (92305d0d-2076-400f-860e-b508ddb9e122) transitioned into state 'SUCCESS' from state 'RUNNING' with result '{'reservations': ['070d3462-1de5-488e-aed8-d25dc9234496', '979b9101-39dc-4694-8d10-11b35e2657e0', '6e49378c-afed-48b7-bd10-4d24e72d8267', '18ff68b6-3b4c-4c02-a76a-e5fca9cbfe06']}' {{(pid=110765) _task_receiver /usr/local/lib/python3.8/dist-packages/taskflow/listeners/logging.py:178}}
Aug 01 07:32:49.114046 dv-cinder-733062-31-smb devstack@c-api.service[110765]: DEBUG cinder.volume.api [None req-6f1b15ee-dfa2-42ff-bbc3-c6e70a04273b tempest-VolumeSnapshotQuotasNegativeTestJSON-1470163196 tempest-VolumeSnapshotQuotasNegativeTestJSON-1470163196-project] Task 'cinder.volume.flows.api.create_volume.EntryCreateTask;volume:create' (c9a13101-4e00-46dc-b8e3-70a49ac2396f) transitioned into state 'RUNNING' from state 'PENDING' {{(pid=110765) _task_receiver /usr/local/lib/python3.8/dist-packages/taskflow/listeners/logging.py:190}}
Aug 01 07:32:49.115547 dv-cinder-733062-31-smb devstack@c-api.service[110766]: DEBUG cinder.api.middleware.request_id [None req-414d5ab7-c7f6-4fc9-bb6d-ec2ff4e86056 None None] RequestId filter calling following filter/app {{(pid=110766) _context_setter /opt/stack/cinder/cinder/api/middleware/request_id.py:62}}
Aug 01 07:32:49.116472 dv-cinder-733062-31-smb devstack@c-api.service[110766]: INFO cinder.api.openstack.wsgi [None req-414d5ab7-c7f6-4fc9-bb6d-ec2ff4e86056 None None] GET http://10.222.0.36/volume//
Aug 01 07:32:49.116893 dv-cinder-733062-31-smb devstack@c-api.service[110766]: DEBUG cinder.api.openstack.wsgi [None req-414d5ab7-c7f6-4fc9-bb6d-ec2ff4e86056 None None] Empty body provided in request {{(pid=110766) get_body /opt/stack/cinder/cinder/api/openstack/wsgi.py:715}}
Aug 01 07:32:49.117407 dv-cinder-733062-31-smb devstack@c-api.service[110766]: DEBUG cinder.api.openstack.wsgi [None req-414d5ab7-c7f6-4fc9-bb6d-ec2ff4e86056 None None] Calling method 'all' {{(pid=110766) _process_stack /opt/stack/cinder/cinder/api/openstack/wsgi.py:868}}
Aug 01 07:32:49.118614 dv-cinder-733062-31-smb devstack@c-api.service[110766]: INFO cinder.api.openstack.wsgi [None req-414d5ab7-c7f6-4fc9-bb6d-ec2ff4e86056 None None] http://10.222.0.36/volume// returned with HTTP 300
Aug 01 07:32:49.119499 dv-cinder-733062-31-smb devstack@c-api.service[110766]: [pid: 110766|app: 0|req: 164/316] 10.222.0.36 () {58 vars in 1299 bytes} [Mon Aug 1 07:32:49 2022] GET /volume/ => generated 386 bytes in 6 msecs (HTTP/1.1 300) 7 headers in 299 bytes (2 switches on core 0)
Aug 01 07:32:49.138064 dv-cinder-733062-31-smb devstack@c-api.service[110766]: DEBUG cinder.api.middleware.request_id [req-4da15c2e-4bdd-4b6f-9380-2b66e2cf4e8b req-c53201c8-8c07-4300-a5b1-58fdf383c5a4 None None] RequestId filter calling following filter/app {{(pid=110766) _context_setter /opt/stack/cinder/cinder/api/middleware/request_id.py:62}}
Aug 01 07:32:49.141297 dv-cinder-733062-31-smb devstack@c-api.service[110766]: INFO cinder.api.openstack.wsgi [req-4da15c2e-4bdd-4b6f-9380-2b66e2cf4e8b req-c53201c8-8c07-4300-a5b1-58fdf383c5a4 tempest-DeleteServersTestJSON-174724895 tempest-DeleteServersTestJSON-174724895-project] POST http://10.222.0.36/volume/v3/622c4f96f8a24517a9350d035f9b6d34/attachments
Aug 01 07:32:49.142721 dv-cinder-733062-31-smb devstack@c-api.service[110766]: DEBUG cinder.api.openstack.wsgi [req-4da15c2e-4bdd-4b6f-9380-2b66e2cf4e8b req-c53201c8-8c07-4300-a5b1-58fdf383c5a4 tempest-DeleteServersTestJSON-174724895 tempest-DeleteServersTestJSON-174724895-project] Action: 'create', calling method: version_select, body: {"attachment": {"volume_uuid": "a5ea5988-a646-4079-ac7b-10cc27630251", "connector": null, "instance_uuid": "23f4abea-48b3-4d08-a12c-1df262a4a473"}} {{(pid=110766) _process_stack /opt/stack/cinder/cinder/api/openstack/wsgi.py:866}}
Aug 01 07:32:49.149737 dv-cinder-733062-31-smb devstack@c-api.service[110765]: DEBUG cinder.volume.api [None req-6f1b15ee-dfa2-42ff-bbc3-c6e70a04273b tempest-VolumeSnapshotQuotasNegativeTestJSON-1470163196 tempest-VolumeSnapshotQuotasNegativeTestJSON-1470163196-project] Task 'cinder.volume.flows.api.create_volume.EntryCreateTask;volume:create' (c9a13101-4e00-46dc-b8e3-70a49ac2396f) transitioned into state 'SUCCESS' from state 'RUNNING' with result '{'volume_id': 'e6d5b8c6-a5c8-4e9e-9d7e-cd6b11a20006', 'volume_properties': VolumeProperties(attach_status='detached',availability_zone='nova',cgsnapshot_id=None,consistencygroup_id=None,display_description=None,display_name='tempest-VolumeSnapshotQuotasNegativeTestJSON-Volume-2124580424',encryption_key_id=None,group_id=None,group_type_id=,metadata={},multiattach=False,project_id='cb3cc292da3e4376a7001e44c83505b9',qos_specs=None,replication_status=,reservations=['070d3462-1de5-488e-aed8-d25dc9234496','979b9101-39dc-4694-8d10-11b35e2657e0','6e49378c-afed-48b7-bd10-4d24e72d8267','18ff68b6-3b4c-4c02-a76a-e5fca9cbfe06'],size=1,snapshot_id=None,source_replicaid=,source_volid=None,status='creating',user_id='ac8ff97394304b32a65c8fb8e35c2736',volume_type_id=f451430f-9e85-4d01-b7e0-ff16e52c3dd7), 'volume': Volume(_name_id=None,admin_metadata=,attach_status='detached',availability_zone='nova',bootable=False,cluster=,cluster_name=None,consistencygroup=,consistencygroup_id=None,created_at=2022-08-01T07:32:49Z,deleted=False,deleted_at=None,display_description=None,display_name='tempest-VolumeSnapshotQuotasNegativeTestJSON-Volume-2124580424',ec2_id=None,encryption_key_id=None,glance_metadata=,group=,group_id=None,host=None,id=e6d5b8c6-a5c8-4e9e-9d7e-cd6b11a20006,launched_at=None,metadata={},migration_status=None,multiattach=False,previous_status=None,project_id='cb3cc292da3e4376a7001e44c83505b9',provider_auth=None,provider_geometry=None,provider_id=None,provider_location=None,replication_driver_data=None,replication_extended_status=None,replication_status=None,scheduled_at=None,service_uuid=None,shared_targets=True,size=1,snapshot_id=None,snapshots=,source_volid=None,status='creating',terminated_at=None,updated_at=None,use_quota=True,user_id='ac8ff97394304b32a65c8fb8e35c2736',volume_attachment=VolumeAttachmentList,volume_type=VolumeType(f451430f-9e85-4d01-b7e0-ff16e52c3dd7),volume_type_id=f451430f-9e85-4d01-b7e0-ff16e52c3dd7)}' {{(pid=110765) _task_receiver /usr/local/lib/python3.8/dist-packages/taskflow/listeners/logging.py:178}}
Aug 01 07:32:49.154127 dv-cinder-733062-31-smb devstack@c-api.service[110765]: DEBUG cinder.volume.api [None req-6f1b15ee-dfa2-42ff-bbc3-c6e70a04273b tempest-VolumeSnapshotQuotasNegativeTestJSON-1470163196 tempest-VolumeSnapshotQuotasNegativeTestJSON-1470163196-project] Task 'cinder.volume.flows.api.create_volume.QuotaCommitTask;volume:create' (5bd81d18-157a-459e-a1dd-a620d769b10c) transitioned into state 'RUNNING' from state 'PENDING' {{(pid=110765) _task_receiver /usr/local/lib/python3.8/dist-packages/taskflow/listeners/logging.py:190}}
Aug 01 07:32:49.164404 dv-cinder-733062-31-smb devstack@c-api.service[110766]: /usr/local/lib/python3.8/dist-packages/oslo_context/context.py:100: DeprecationWarning: Policy enforcement is depending on the value of is_admin. This key is deprecated. Please update your policy file to use the standard policy values.
Aug 01 07:32:49.164404 dv-cinder-733062-31-smb devstack@c-api.service[110766]: warnings.warn('Policy enforcement is depending on the value of '
Aug 01 07:32:49.203113 dv-cinder-733062-31-smb devstack@c-api.service[110765]: DEBUG cinder.volume.api [None req-6f1b15ee-dfa2-42ff-bbc3-c6e70a04273b tempest-VolumeSnapshotQuotasNegativeTestJSON-1470163196 tempest-VolumeSnapshotQuotasNegativeTestJSON-1470163196-project] Task 'cinder.volume.flows.api.create_volume.QuotaCommitTask;volume:create' (5bd81d18-157a-459e-a1dd-a620d769b10c) transitioned into state 'SUCCESS' from state 'RUNNING' with result '{'volume_properties': VolumeProperties(attach_status='detached',availability_zone='nova',cgsnapshot_id=None,consistencygroup_id=None,display_description=None,display_name='tempest-VolumeSnapshotQuotasNegativeTestJSON-Volume-2124580424',encryption_key_id=None,group_id=None,group_type_id=,metadata={},multiattach=False,project_id='cb3cc292da3e4376a7001e44c83505b9',qos_specs=None,replication_status=,reservations=['070d3462-1de5-488e-aed8-d25dc9234496','979b9101-39dc-4694-8d10-11b35e2657e0','6e49378c-afed-48b7-bd10-4d24e72d8267','18ff68b6-3b4c-4c02-a76a-e5fca9cbfe06'],size=1,snapshot_id=None,source_replicaid=,source_volid=None,status='creating',user_id='ac8ff97394304b32a65c8fb8e35c2736',volume_type_id=f451430f-9e85-4d01-b7e0-ff16e52c3dd7)}' {{(pid=110765) _task_receiver /usr/local/lib/python3.8/dist-packages/taskflow/listeners/logging.py:178}}
Aug 01 07:32:49.204892 dv-cinder-733062-31-smb devstack@c-api.service[110765]: DEBUG cinder.volume.api [None req-6f1b15ee-dfa2-42ff-bbc3-c6e70a04273b tempest-VolumeSnapshotQuotasNegativeTestJSON-1470163196 tempest-VolumeSnapshotQuotasNegativeTestJSON-1470163196-project] Task 'cinder.volume.flows.api.create_volume.VolumeCastTask;volume:create' (1e27edbe-829a-460e-b7b7-6e03d7d5fb64) transitioned into state 'RUNNING' from state 'PENDING' {{(pid=110765) _task_receiver /usr/local/lib/python3.8/dist-packages/taskflow/listeners/logging.py:190}}
Aug 01 07:32:49.227738 dv-cinder-733062-31-smb devstack@c-api.service[110765]: DEBUG cinder.volume.api [None req-6f1b15ee-dfa2-42ff-bbc3-c6e70a04273b tempest-VolumeSnapshotQuotasNegativeTestJSON-1470163196 tempest-VolumeSnapshotQuotasNegativeTestJSON-1470163196-project] Task 'cinder.volume.flows.api.create_volume.VolumeCastTask;volume:create' (1e27edbe-829a-460e-b7b7-6e03d7d5fb64) transitioned into state 'SUCCESS' from state 'RUNNING' with result 'None' {{(pid=110765) _task_receiver /usr/local/lib/python3.8/dist-packages/taskflow/listeners/logging.py:178}}
Aug 01 07:32:49.230167 dv-cinder-733062-31-smb devstack@c-api.service[110765]: DEBUG cinder.volume.api [None req-6f1b15ee-dfa2-42ff-bbc3-c6e70a04273b tempest-VolumeSnapshotQuotasNegativeTestJSON-1470163196 tempest-VolumeSnapshotQuotasNegativeTestJSON-1470163196-project] Flow 'volume_create_api' (343784c6-f4a0-4374-96d4-3a9d8b9d7c62) transitioned into state 'SUCCESS' from state 'RUNNING' {{(pid=110765) _flow_receiver /usr/local/lib/python3.8/dist-packages/taskflow/listeners/logging.py:141}}
Aug 01 07:32:49.230860 dv-cinder-733062-31-smb devstack@c-api.service[110765]: INFO cinder.volume.api [None req-6f1b15ee-dfa2-42ff-bbc3-c6e70a04273b tempest-VolumeSnapshotQuotasNegativeTestJSON-1470163196 tempest-VolumeSnapshotQuotasNegativeTestJSON-1470163196-project] Create volume request issued successfully.
Aug 01 07:32:49.232294 dv-cinder-733062-31-smb devstack@c-api.service[110765]: INFO cinder.api.openstack.wsgi [None req-6f1b15ee-dfa2-42ff-bbc3-c6e70a04273b tempest-VolumeSnapshotQuotasNegativeTestJSON-1470163196 tempest-VolumeSnapshotQuotasNegativeTestJSON-1470163196-project] http://10.222.0.36/volume/v3/cb3cc292da3e4376a7001e44c83505b9/volumes returned with HTTP 202
Aug 01 07:32:49.233332 dv-cinder-733062-31-smb devstack@c-api.service[110765]: [pid: 110765|app: 0|req: 153/317] 10.222.0.36 () {60 vars in 1235 bytes} [Mon Aug 1 07:32:48 2022] POST /volume/v3/cb3cc292da3e4376a7001e44c83505b9/volumes => generated 836 bytes in 558 msecs (HTTP/1.1 202) 7 headers in 291 bytes (1 switches on core 0)
Aug 01 07:32:49.248482 dv-cinder-733062-31-smb devstack@c-api.service[110765]: DEBUG cinder.api.middleware.request_id [None req-7406795a-817b-448c-9332-66bf4f24d47c None None] RequestId filter calling following filter/app {{(pid=110765) _context_setter /opt/stack/cinder/cinder/api/middleware/request_id.py:62}}
Aug 01 07:32:49.263089 dv-cinder-733062-31-smb devstack@c-api.service[110765]: INFO cinder.api.openstack.wsgi [None req-7406795a-817b-448c-9332-66bf4f24d47c tempest-VolumeSnapshotQuotasNegativeTestJSON-1470163196 tempest-VolumeSnapshotQuotasNegativeTestJSON-1470163196-project] GET http://10.222.0.36/volume/v3/cb3cc292da3e4376a7001e44c83505b9/volumes/e6d5b8c6-a5c8-4e9e-9d7e-cd6b11a20006
Aug 01 07:32:49.263563 dv-cinder-733062-31-smb devstack@c-api.service[110765]: DEBUG cinder.api.openstack.wsgi [None req-7406795a-817b-448c-9332-66bf4f24d47c tempest-VolumeSnapshotQuotasNegativeTestJSON-1470163196 tempest-VolumeSnapshotQuotasNegativeTestJSON-1470163196-project] Empty body provided in request {{(pid=110765) get_body /opt/stack/cinder/cinder/api/openstack/wsgi.py:715}}
Aug 01 07:32:49.266861 dv-cinder-733062-31-smb devstack@c-api.service[110765]: DEBUG cinder.api.openstack.wsgi [None req-7406795a-817b-448c-9332-66bf4f24d47c tempest-VolumeSnapshotQuotasNegativeTestJSON-1470163196 tempest-VolumeSnapshotQuotasNegativeTestJSON-1470163196-project] Calling method 'show' {{(pid=110765) _process_stack /opt/stack/cinder/cinder/api/openstack/wsgi.py:868}}
Aug 01 07:32:49.290995 dv-cinder-733062-31-smb devstack@c-api.service[110766]: DEBUG dbcounter [-] [110766] Writing DB stats cinder:SELECT=73,cinder:INSERT=14,cinder:UPDATE=13 {{(pid=110766) stat_writer /usr/local/lib/python3.8/dist-packages/dbcounter.py:114}}
Aug 01 07:32:49.293316 dv-cinder-733062-31-smb devstack@c-api.service[110765]: /usr/local/lib/python3.8/dist-packages/oslo_context/context.py:100: DeprecationWarning: Policy enforcement is depending on the value of is_admin. This key is deprecated. Please update your policy file to use the standard policy values.
Aug 01 07:32:49.293316 dv-cinder-733062-31-smb devstack@c-api.service[110765]: warnings.warn('Policy enforcement is depending on the value of '
Aug 01 07:32:49.303597 dv-cinder-733062-31-smb devstack@c-api.service[110765]: INFO cinder.volume.api [None req-7406795a-817b-448c-9332-66bf4f24d47c tempest-VolumeSnapshotQuotasNegativeTestJSON-1470163196 tempest-VolumeSnapshotQuotasNegativeTestJSON-1470163196-project] Volume info retrieved successfully.
Aug 01 07:32:49.315359 dv-cinder-733062-31-smb devstack@c-api.service[110766]: INFO cinder.api.openstack.wsgi [req-4da15c2e-4bdd-4b6f-9380-2b66e2cf4e8b req-c53201c8-8c07-4300-a5b1-58fdf383c5a4 tempest-DeleteServersTestJSON-174724895 tempest-DeleteServersTestJSON-174724895-project] http://10.222.0.36/volume/v3/622c4f96f8a24517a9350d035f9b6d34/attachments returned with HTTP 200
Aug 01 07:32:49.316487 dv-cinder-733062-31-smb devstack@c-api.service[110766]: [pid: 110766|app: 0|req: 165/318] 10.222.0.36 () {66 vars in 1574 bytes} [Mon Aug 1 07:32:49 2022] POST /volume/v3/622c4f96f8a24517a9350d035f9b6d34/attachments => generated 273 bytes in 182 msecs (HTTP/1.1 200) 7 headers in 286 bytes (2 switches on core 0)
Aug 01 07:32:49.322688 dv-cinder-733062-31-smb devstack@c-api.service[110766]: DEBUG cinder.api.middleware.request_id [None req-2ab8d9e4-0eab-42fd-96ab-4456f4fa6bcb None None] RequestId filter calling following filter/app {{(pid=110766) _context_setter /opt/stack/cinder/cinder/api/middleware/request_id.py:62}}
Aug 01 07:32:49.323491 dv-cinder-733062-31-smb devstack@c-api.service[110765]: INFO cinder.api.openstack.wsgi [None req-7406795a-817b-448c-9332-66bf4f24d47c tempest-VolumeSnapshotQuotasNegativeTestJSON-1470163196 tempest-VolumeSnapshotQuotasNegativeTestJSON-1470163196-project] http://10.222.0.36/volume/v3/cb3cc292da3e4376a7001e44c83505b9/volumes/e6d5b8c6-a5c8-4e9e-9d7e-cd6b11a20006 returned with HTTP 200
Aug 01 07:32:49.334082 dv-cinder-733062-31-smb devstack@c-api.service[110765]: [pid: 110765|app: 0|req: 154/319] 10.222.0.36 () {58 vars in 1325 bytes} [Mon Aug 1 07:32:49 2022] GET /volume/v3/cb3cc292da3e4376a7001e44c83505b9/volumes/e6d5b8c6-a5c8-4e9e-9d7e-cd6b11a20006 => generated 904 bytes in 88 msecs (HTTP/1.1 200) 7 headers in 285 bytes (1 switches on core 0)
Aug 01 07:32:49.336011 dv-cinder-733062-31-smb devstack@c-api.service[110766]: INFO cinder.api.openstack.wsgi [None req-2ab8d9e4-0eab-42fd-96ab-4456f4fa6bcb tempest-AbsoluteLimitsTests-1866381586 tempest-AbsoluteLimitsTests-1866381586-project] GET http://10.222.0.36/volume/v3/5b89519bff4c4a078c0ebf3ce456b631/volumes/fc46f250-21d0-483c-8176-92b1a53456ac
Aug 01 07:32:49.336752 dv-cinder-733062-31-smb devstack@c-api.service[110766]: DEBUG cinder.api.openstack.wsgi [None req-2ab8d9e4-0eab-42fd-96ab-4456f4fa6bcb tempest-AbsoluteLimitsTests-1866381586 tempest-AbsoluteLimitsTests-1866381586-project] Empty body provided in request {{(pid=110766) get_body /opt/stack/cinder/cinder/api/openstack/wsgi.py:715}}
Aug 01 07:32:49.339959 dv-cinder-733062-31-smb devstack@c-api.service[110766]: DEBUG cinder.api.openstack.wsgi [None req-2ab8d9e4-0eab-42fd-96ab-4456f4fa6bcb tempest-AbsoluteLimitsTests-1866381586 tempest-AbsoluteLimitsTests-1866381586-project] Calling method 'show' {{(pid=110766) _process_stack /opt/stack/cinder/cinder/api/openstack/wsgi.py:868}}
Aug 01 07:32:49.359292 dv-cinder-733062-31-smb devstack@c-api.service[110766]: /usr/local/lib/python3.8/dist-packages/oslo_context/context.py:100: DeprecationWarning: Policy enforcement is depending on the value of is_admin. This key is deprecated. Please update your policy file to use the standard policy values.
Aug 01 07:32:49.359292 dv-cinder-733062-31-smb devstack@c-api.service[110766]: warnings.warn('Policy enforcement is depending on the value of '
Aug 01 07:32:49.373396 dv-cinder-733062-31-smb devstack@c-api.service[110765]: DEBUG cinder.api.middleware.request_id [None req-9923285c-9d75-4726-9bfe-1868d2ab4eb8 None None] RequestId filter calling following filter/app {{(pid=110765) _context_setter /opt/stack/cinder/cinder/api/middleware/request_id.py:62}}
Aug 01 07:32:49.394631 dv-cinder-733062-31-smb devstack@c-api.service[110765]: INFO cinder.api.openstack.wsgi [None req-9923285c-9d75-4726-9bfe-1868d2ab4eb8 tempest-DeleteServersTestJSON-174724895 tempest-DeleteServersTestJSON-174724895-project] GET http://10.222.0.36/volume/v3/622c4f96f8a24517a9350d035f9b6d34/volumes/a5ea5988-a646-4079-ac7b-10cc27630251
Aug 01 07:32:49.396051 dv-cinder-733062-31-smb devstack@c-api.service[110765]: DEBUG cinder.api.openstack.wsgi [None req-9923285c-9d75-4726-9bfe-1868d2ab4eb8 tempest-DeleteServersTestJSON-174724895 tempest-DeleteServersTestJSON-174724895-project] Empty body provided in request {{(pid=110765) get_body /opt/stack/cinder/cinder/api/openstack/wsgi.py:715}}
Aug 01 07:32:49.397718 dv-cinder-733062-31-smb devstack@c-api.service[110765]: DEBUG cinder.api.openstack.wsgi [None req-9923285c-9d75-4726-9bfe-1868d2ab4eb8 tempest-DeleteServersTestJSON-174724895 tempest-DeleteServersTestJSON-174724895-project] Calling method 'show' {{(pid=110765) _process_stack /opt/stack/cinder/cinder/api/openstack/wsgi.py:868}}
Aug 01 07:32:49.399270 dv-cinder-733062-31-smb devstack@c-api.service[110766]: INFO cinder.volume.api [None req-2ab8d9e4-0eab-42fd-96ab-4456f4fa6bcb tempest-AbsoluteLimitsTests-1866381586 tempest-AbsoluteLimitsTests-1866381586-project] Volume info retrieved successfully.
Aug 01 07:32:49.429070 dv-cinder-733062-31-smb devstack@c-api.service[110766]: INFO cinder.api.openstack.wsgi [None req-2ab8d9e4-0eab-42fd-96ab-4456f4fa6bcb tempest-AbsoluteLimitsTests-1866381586 tempest-AbsoluteLimitsTests-1866381586-project] http://10.222.0.36/volume/v3/5b89519bff4c4a078c0ebf3ce456b631/volumes/fc46f250-21d0-483c-8176-92b1a53456ac returned with HTTP 200
Aug 01 07:32:49.429669 dv-cinder-733062-31-smb devstack@c-api.service[110766]: [pid: 110766|app: 0|req: 166/320] 10.222.0.36 () {58 vars in 1325 bytes} [Mon Aug 1 07:32:49 2022] GET /volume/v3/5b89519bff4c4a078c0ebf3ce456b631/volumes/fc46f250-21d0-483c-8176-92b1a53456ac => generated 912 bytes in 113 msecs (HTTP/1.1 200) 7 headers in 285 bytes (1 switches on core 0)
Aug 01 07:32:49.434130 dv-cinder-733062-31-smb devstack@c-api.service[110766]: DEBUG cinder.api.middleware.request_id [None req-7e5c4abf-b61a-435d-a2ec-040ba8cdfea1 None None] RequestId filter calling following filter/app {{(pid=110766) _context_setter /opt/stack/cinder/cinder/api/middleware/request_id.py:62}}
Aug 01 07:32:49.435352 dv-cinder-733062-31-smb devstack@c-api.service[110766]: INFO cinder.api.openstack.wsgi [None req-7e5c4abf-b61a-435d-a2ec-040ba8cdfea1 None None] GET http://10.222.0.36/volume//
Aug 01 07:32:49.436029 dv-cinder-733062-31-smb devstack@c-api.service[110766]: DEBUG cinder.api.openstack.wsgi [None req-7e5c4abf-b61a-435d-a2ec-040ba8cdfea1 None None] Empty body provided in request {{(pid=110766) get_body /opt/stack/cinder/cinder/api/openstack/wsgi.py:715}}
Aug 01 07:32:49.437302 dv-cinder-733062-31-smb devstack@c-api.service[110766]: DEBUG cinder.api.openstack.wsgi [None req-7e5c4abf-b61a-435d-a2ec-040ba8cdfea1 None None] Calling method 'all' {{(pid=110766) _process_stack /opt/stack/cinder/cinder/api/openstack/wsgi.py:868}}
Aug 01 07:32:49.438322 dv-cinder-733062-31-smb devstack@c-api.service[110766]: INFO cinder.api.openstack.wsgi [None req-7e5c4abf-b61a-435d-a2ec-040ba8cdfea1 None None] http://10.222.0.36/volume// returned with HTTP 300
Aug 01 07:32:49.438667 dv-cinder-733062-31-smb devstack@c-api.service[110765]: /usr/local/lib/python3.8/dist-packages/oslo_context/context.py:100: DeprecationWarning: Policy enforcement is depending on the value of is_admin. This key is deprecated. Please update your policy file to use the standard policy values.
Aug 01 07:32:49.438667 dv-cinder-733062-31-smb devstack@c-api.service[110765]: warnings.warn('Policy enforcement is depending on the value of '
Aug 01 07:32:49.439601 dv-cinder-733062-31-smb devstack@c-api.service[110766]: [pid: 110766|app: 0|req: 167/321] 10.222.0.42 () {56 vars in 1098 bytes} [Mon Aug 1 07:32:49 2022] GET /volume/ => generated 386 bytes in 8 msecs (HTTP/1.1 300) 7 headers in 299 bytes (1 switches on core 0)
Aug 01 07:32:49.445344 dv-cinder-733062-31-smb devstack@c-api.service[110766]: DEBUG cinder.api.middleware.request_id [None req-9ba4b34c-91a8-4774-ac6a-28be9dc0f664 None None] RequestId filter calling following filter/app {{(pid=110766) _context_setter /opt/stack/cinder/cinder/api/middleware/request_id.py:62}}
Aug 01 07:32:49.450929 dv-cinder-733062-31-smb devstack@c-api.service[110765]: INFO cinder.volume.api [None req-9923285c-9d75-4726-9bfe-1868d2ab4eb8 tempest-DeleteServersTestJSON-174724895 tempest-DeleteServersTestJSON-174724895-project] Volume info retrieved successfully.
Aug 01 07:32:49.458420 dv-cinder-733062-31-smb devstack@c-api.service[110766]: INFO cinder.api.openstack.wsgi [None req-9ba4b34c-91a8-4774-ac6a-28be9dc0f664 tempest-AbsoluteLimitsTests-1866381586 tempest-AbsoluteLimitsTests-1866381586-project] GET http://10.222.0.36/volume/v3/5b89519bff4c4a078c0ebf3ce456b631/limits
Aug 01 07:32:49.459636 dv-cinder-733062-31-smb devstack@c-api.service[110766]: DEBUG cinder.api.openstack.wsgi [None req-9ba4b34c-91a8-4774-ac6a-28be9dc0f664 tempest-AbsoluteLimitsTests-1866381586 tempest-AbsoluteLimitsTests-1866381586-project] Empty body provided in request {{(pid=110766) get_body /opt/stack/cinder/cinder/api/openstack/wsgi.py:715}}
Aug 01 07:32:49.460363 dv-cinder-733062-31-smb devstack@c-api.service[110766]: DEBUG cinder.api.openstack.wsgi [None req-9ba4b34c-91a8-4774-ac6a-28be9dc0f664 tempest-AbsoluteLimitsTests-1866381586 tempest-AbsoluteLimitsTests-1866381586-project] Calling method 'index' {{(pid=110766) _process_stack /opt/stack/cinder/cinder/api/openstack/wsgi.py:868}}
Aug 01 07:32:49.463817 dv-cinder-733062-31-smb devstack@c-api.service[110765]: INFO cinder.api.openstack.wsgi [None req-9923285c-9d75-4726-9bfe-1868d2ab4eb8 tempest-DeleteServersTestJSON-174724895 tempest-DeleteServersTestJSON-174724895-project] http://10.222.0.36/volume/v3/622c4f96f8a24517a9350d035f9b6d34/volumes/a5ea5988-a646-4079-ac7b-10cc27630251 returned with HTTP 200
Aug 01 07:32:49.464893 dv-cinder-733062-31-smb devstack@c-api.service[110765]: [pid: 110765|app: 0|req: 155/322] 10.222.0.36 () {58 vars in 1325 bytes} [Mon Aug 1 07:32:49 2022] GET /volume/v3/622c4f96f8a24517a9350d035f9b6d34/volumes/a5ea5988-a646-4079-ac7b-10cc27630251 => generated 912 bytes in 97 msecs (HTTP/1.1 200) 7 headers in 285 bytes (1 switches on core 0)
Aug 01 07:32:49.512693 dv-cinder-733062-31-smb devstack@c-api.service[110766]: INFO cinder.api.openstack.wsgi [None req-9ba4b34c-91a8-4774-ac6a-28be9dc0f664 tempest-AbsoluteLimitsTests-1866381586 tempest-AbsoluteLimitsTests-1866381586-project] http://10.222.0.36/volume/v3/5b89519bff4c4a078c0ebf3ce456b631/limits returned with HTTP 200
Aug 01 07:32:49.516917 dv-cinder-733062-31-smb devstack@c-api.service[110766]: [pid: 110766|app: 0|req: 168/323] 10.222.0.36 () {58 vars in 1211 bytes} [Mon Aug 1 07:32:49 2022] GET /volume/v3/5b89519bff4c4a078c0ebf3ce456b631/limits => generated 302 bytes in 69 msecs (HTTP/1.1 200) 7 headers in 285 bytes (2 switches on core 0)
Aug 01 07:32:49.523751 dv-cinder-733062-31-smb devstack@c-api.service[110765]: DEBUG cinder.api.middleware.request_id [req-4da15c2e-4bdd-4b6f-9380-2b66e2cf4e8b req-180f833d-6ec3-4bb9-b28a-21b6457d6da3 None None] RequestId filter calling following filter/app {{(pid=110765) _context_setter /opt/stack/cinder/cinder/api/middleware/request_id.py:62}}
Aug 01 07:32:49.525970 dv-cinder-733062-31-smb devstack@c-api.service[110766]: DEBUG cinder.api.middleware.request_id [None req-b9dbb703-9713-446c-9430-f7e2d2bedae6 None None] RequestId filter calling following filter/app {{(pid=110766) _context_setter /opt/stack/cinder/cinder/api/middleware/request_id.py:62}}
Aug 01 07:32:49.529557 dv-cinder-733062-31-smb devstack@c-api.service[110765]: INFO cinder.api.openstack.wsgi [req-4da15c2e-4bdd-4b6f-9380-2b66e2cf4e8b req-180f833d-6ec3-4bb9-b28a-21b6457d6da3 tempest-DeleteServersTestJSON-174724895 tempest-DeleteServersTestJSON-174724895-project] GET http://10.222.0.36/volume/v3/622c4f96f8a24517a9350d035f9b6d34/volumes/a5ea5988-a646-4079-ac7b-10cc27630251
Aug 01 07:32:49.530673 dv-cinder-733062-31-smb devstack@c-api.service[110765]: DEBUG cinder.api.openstack.wsgi [req-4da15c2e-4bdd-4b6f-9380-2b66e2cf4e8b req-180f833d-6ec3-4bb9-b28a-21b6457d6da3 tempest-DeleteServersTestJSON-174724895 tempest-DeleteServersTestJSON-174724895-project] Empty body provided in request {{(pid=110765) get_body /opt/stack/cinder/cinder/api/openstack/wsgi.py:715}}
Aug 01 07:32:49.531279 dv-cinder-733062-31-smb devstack@c-api.service[110765]: DEBUG cinder.api.openstack.wsgi [req-4da15c2e-4bdd-4b6f-9380-2b66e2cf4e8b req-180f833d-6ec3-4bb9-b28a-21b6457d6da3 tempest-DeleteServersTestJSON-174724895 tempest-DeleteServersTestJSON-174724895-project] Calling method 'show' {{(pid=110765) _process_stack /opt/stack/cinder/cinder/api/openstack/wsgi.py:868}}
Aug 01 07:32:49.537066 dv-cinder-733062-31-smb devstack@c-api.service[110766]: INFO cinder.api.openstack.wsgi [None req-b9dbb703-9713-446c-9430-f7e2d2bedae6 tempest-AbsoluteLimitsTests-1866381586 tempest-AbsoluteLimitsTests-1866381586-project] DELETE http://10.222.0.36/volume/v3/5b89519bff4c4a078c0ebf3ce456b631/volumes/fc46f250-21d0-483c-8176-92b1a53456ac
Aug 01 07:32:49.537533 dv-cinder-733062-31-smb devstack@c-api.service[110766]: DEBUG cinder.api.openstack.wsgi [None req-b9dbb703-9713-446c-9430-f7e2d2bedae6 tempest-AbsoluteLimitsTests-1866381586 tempest-AbsoluteLimitsTests-1866381586-project] Empty body provided in request {{(pid=110766) get_body /opt/stack/cinder/cinder/api/openstack/wsgi.py:715}}
Aug 01 07:32:49.537987 dv-cinder-733062-31-smb devstack@c-api.service[110766]: DEBUG cinder.api.openstack.wsgi [None req-b9dbb703-9713-446c-9430-f7e2d2bedae6 tempest-AbsoluteLimitsTests-1866381586 tempest-AbsoluteLimitsTests-1866381586-project] Calling method 'delete' {{(pid=110766) _process_stack /opt/stack/cinder/cinder/api/openstack/wsgi.py:868}}
Aug 01 07:32:49.538382 dv-cinder-733062-31-smb devstack@c-api.service[110766]: INFO cinder.api.v3.volumes [None req-b9dbb703-9713-446c-9430-f7e2d2bedae6 tempest-AbsoluteLimitsTests-1866381586 tempest-AbsoluteLimitsTests-1866381586-project] Delete volume with id: fc46f250-21d0-483c-8176-92b1a53456ac
Aug 01 07:32:49.559704 dv-cinder-733062-31-smb devstack@c-api.service[110765]: /usr/local/lib/python3.8/dist-packages/oslo_context/context.py:100: DeprecationWarning: Policy enforcement is depending on the value of is_admin. This key is deprecated. Please update your policy file to use the standard policy values.
Aug 01 07:32:49.559704 dv-cinder-733062-31-smb devstack@c-api.service[110765]: warnings.warn('Policy enforcement is depending on the value of '
Aug 01 07:32:49.569513 dv-cinder-733062-31-smb devstack@c-api.service[110765]: INFO cinder.volume.api [req-4da15c2e-4bdd-4b6f-9380-2b66e2cf4e8b req-180f833d-6ec3-4bb9-b28a-21b6457d6da3 tempest-DeleteServersTestJSON-174724895 tempest-DeleteServersTestJSON-174724895-project] Volume info retrieved successfully.
Aug 01 07:32:49.586280 dv-cinder-733062-31-smb devstack@c-api.service[110766]: /usr/local/lib/python3.8/dist-packages/oslo_context/context.py:100: DeprecationWarning: Policy enforcement is depending on the value of is_admin. This key is deprecated. Please update your policy file to use the standard policy values.
Aug 01 07:32:49.586280 dv-cinder-733062-31-smb devstack@c-api.service[110766]: warnings.warn('Policy enforcement is depending on the value of '
Aug 01 07:32:49.588752 dv-cinder-733062-31-smb devstack@c-api.service[110765]: INFO cinder.api.openstack.wsgi [req-4da15c2e-4bdd-4b6f-9380-2b66e2cf4e8b req-180f833d-6ec3-4bb9-b28a-21b6457d6da3 tempest-DeleteServersTestJSON-174724895 tempest-DeleteServersTestJSON-174724895-project] http://10.222.0.36/volume/v3/622c4f96f8a24517a9350d035f9b6d34/volumes/a5ea5988-a646-4079-ac7b-10cc27630251 returned with HTTP 200
Aug 01 07:32:49.589500 dv-cinder-733062-31-smb devstack@c-api.service[110765]: [pid: 110765|app: 0|req: 156/324] 10.222.0.42 () {60 vars in 1412 bytes} [Mon Aug 1 07:32:49 2022] GET /volume/v3/622c4f96f8a24517a9350d035f9b6d34/volumes/a5ea5988-a646-4079-ac7b-10cc27630251 => generated 1011 bytes in 67 msecs (HTTP/1.1 200) 7 headers in 287 bytes (1 switches on core 0)
Aug 01 07:32:49.589863 dv-cinder-733062-31-smb devstack@c-api.service[110766]: INFO cinder.volume.api [None req-b9dbb703-9713-446c-9430-f7e2d2bedae6 tempest-AbsoluteLimitsTests-1866381586 tempest-AbsoluteLimitsTests-1866381586-project] Volume info retrieved successfully.
Aug 01 07:32:49.595566 dv-cinder-733062-31-smb devstack@c-api.service[110765]: DEBUG cinder.api.middleware.request_id [None req-67901952-8d7f-4a74-b6f7-968179db6d80 None None] RequestId filter calling following filter/app {{(pid=110765) _context_setter /opt/stack/cinder/cinder/api/middleware/request_id.py:62}}
Aug 01 07:32:49.605545 dv-cinder-733062-31-smb devstack@c-api.service[110765]: INFO cinder.api.openstack.wsgi [None req-67901952-8d7f-4a74-b6f7-968179db6d80 tempest-VolumesImageMetadata-1814579479 tempest-VolumesImageMetadata-1814579479-project] GET http://10.222.0.36/volume/v3/65b1fa9b22ff4da5a93f4d3d0d799a4f/volumes/b44f2137-3411-4d17-9d4f-4db23e7278db
Aug 01 07:32:49.606006 dv-cinder-733062-31-smb devstack@c-api.service[110765]: DEBUG cinder.api.openstack.wsgi [None req-67901952-8d7f-4a74-b6f7-968179db6d80 tempest-VolumesImageMetadata-1814579479 tempest-VolumesImageMetadata-1814579479-project] Empty body provided in request {{(pid=110765) get_body /opt/stack/cinder/cinder/api/openstack/wsgi.py:715}}
Aug 01 07:32:49.606461 dv-cinder-733062-31-smb devstack@c-api.service[110765]: DEBUG cinder.api.openstack.wsgi [None req-67901952-8d7f-4a74-b6f7-968179db6d80 tempest-VolumesImageMetadata-1814579479 tempest-VolumesImageMetadata-1814579479-project] Calling method 'show' {{(pid=110765) _process_stack /opt/stack/cinder/cinder/api/openstack/wsgi.py:868}}
Aug 01 07:32:49.622347 dv-cinder-733062-31-smb devstack@c-api.service[110765]: /usr/local/lib/python3.8/dist-packages/oslo_context/context.py:100: DeprecationWarning: Policy enforcement is depending on the value of is_admin. This key is deprecated. Please update your policy file to use the standard policy values.
Aug 01 07:32:49.622347 dv-cinder-733062-31-smb devstack@c-api.service[110765]: warnings.warn('Policy enforcement is depending on the value of '
Aug 01 07:32:49.629617 dv-cinder-733062-31-smb devstack@c-api.service[110765]: INFO cinder.volume.api [None req-67901952-8d7f-4a74-b6f7-968179db6d80 tempest-VolumesImageMetadata-1814579479 tempest-VolumesImageMetadata-1814579479-project] Volume info retrieved successfully.
Aug 01 07:32:49.633218 dv-cinder-733062-31-smb devstack@c-api.service[110766]: INFO cinder.volume.api [None req-b9dbb703-9713-446c-9430-f7e2d2bedae6 tempest-AbsoluteLimitsTests-1866381586 tempest-AbsoluteLimitsTests-1866381586-project] Delete volume request issued successfully.
Aug 01 07:32:49.633802 dv-cinder-733062-31-smb devstack@c-api.service[110766]: INFO cinder.api.openstack.wsgi [None req-b9dbb703-9713-446c-9430-f7e2d2bedae6 tempest-AbsoluteLimitsTests-1866381586 tempest-AbsoluteLimitsTests-1866381586-project] http://10.222.0.36/volume/v3/5b89519bff4c4a078c0ebf3ce456b631/volumes/fc46f250-21d0-483c-8176-92b1a53456ac returned with HTTP 202
Aug 01 07:32:49.636822 dv-cinder-733062-31-smb devstack@c-api.service[110766]: [pid: 110766|app: 0|req: 169/325] 10.222.0.36 () {58 vars in 1328 bytes} [Mon Aug 1 07:32:49 2022] DELETE /volume/v3/5b89519bff4c4a078c0ebf3ce456b631/volumes/fc46f250-21d0-483c-8176-92b1a53456ac => generated 0 bytes in 113 msecs (HTTP/1.1 202) 6 headers in 233 bytes (1 switches on core 0)
Aug 01 07:32:49.641527 dv-cinder-733062-31-smb devstack@c-api.service[110765]: INFO cinder.api.openstack.wsgi [None req-67901952-8d7f-4a74-b6f7-968179db6d80 tempest-VolumesImageMetadata-1814579479 tempest-VolumesImageMetadata-1814579479-project] http://10.222.0.36/volume/v3/65b1fa9b22ff4da5a93f4d3d0d799a4f/volumes/b44f2137-3411-4d17-9d4f-4db23e7278db returned with HTTP 200
Aug 01 07:32:49.642129 dv-cinder-733062-31-smb devstack@c-api.service[110766]: DEBUG cinder.api.middleware.request_id [None req-692629ec-0ee2-4a83-a163-43bf9338d153 None None] RequestId filter calling following filter/app {{(pid=110766) _context_setter /opt/stack/cinder/cinder/api/middleware/request_id.py:62}}
Aug 01 07:32:49.643081 dv-cinder-733062-31-smb devstack@c-api.service[110765]: [pid: 110765|app: 0|req: 157/326] 10.222.0.36 () {58 vars in 1325 bytes} [Mon Aug 1 07:32:49 2022] GET /volume/v3/65b1fa9b22ff4da5a93f4d3d0d799a4f/volumes/b44f2137-3411-4d17-9d4f-4db23e7278db => generated 912 bytes in 48 msecs (HTTP/1.1 200) 7 headers in 285 bytes (2 switches on core 0)
Aug 01 07:32:49.646813 dv-cinder-733062-31-smb devstack@c-api.service[110766]: INFO cinder.api.openstack.wsgi [None req-692629ec-0ee2-4a83-a163-43bf9338d153 tempest-AbsoluteLimitsTests-1866381586 tempest-AbsoluteLimitsTests-1866381586-project] GET http://10.222.0.36/volume/v3/5b89519bff4c4a078c0ebf3ce456b631/volumes/fc46f250-21d0-483c-8176-92b1a53456ac
Aug 01 07:32:49.647264 dv-cinder-733062-31-smb devstack@c-api.service[110766]: DEBUG cinder.api.openstack.wsgi [None req-692629ec-0ee2-4a83-a163-43bf9338d153 tempest-AbsoluteLimitsTests-1866381586 tempest-AbsoluteLimitsTests-1866381586-project] Empty body provided in request {{(pid=110766) get_body /opt/stack/cinder/cinder/api/openstack/wsgi.py:715}}
Aug 01 07:32:49.648466 dv-cinder-733062-31-smb devstack@c-api.service[110766]: DEBUG cinder.api.openstack.wsgi [None req-692629ec-0ee2-4a83-a163-43bf9338d153 tempest-AbsoluteLimitsTests-1866381586 tempest-AbsoluteLimitsTests-1866381586-project] Calling method 'show' {{(pid=110766) _process_stack /opt/stack/cinder/cinder/api/openstack/wsgi.py:868}}
Aug 01 07:32:49.671386 dv-cinder-733062-31-smb devstack@c-api.service[110766]: /usr/local/lib/python3.8/dist-packages/oslo_context/context.py:100: DeprecationWarning: Policy enforcement is depending on the value of is_admin. This key is deprecated. Please update your policy file to use the standard policy values.
Aug 01 07:32:49.671386 dv-cinder-733062-31-smb devstack@c-api.service[110766]: warnings.warn('Policy enforcement is depending on the value of '
Aug 01 07:32:49.678953 dv-cinder-733062-31-smb devstack@c-api.service[110766]: INFO cinder.volume.api [None req-692629ec-0ee2-4a83-a163-43bf9338d153 tempest-AbsoluteLimitsTests-1866381586 tempest-AbsoluteLimitsTests-1866381586-project] Volume info retrieved successfully.
Aug 01 07:32:49.688712 dv-cinder-733062-31-smb devstack@c-api.service[110766]: INFO cinder.api.openstack.wsgi [None req-692629ec-0ee2-4a83-a163-43bf9338d153 tempest-AbsoluteLimitsTests-1866381586 tempest-AbsoluteLimitsTests-1866381586-project] http://10.222.0.36/volume/v3/5b89519bff4c4a078c0ebf3ce456b631/volumes/fc46f250-21d0-483c-8176-92b1a53456ac returned with HTTP 200
Aug 01 07:32:49.689669 dv-cinder-733062-31-smb devstack@c-api.service[110766]: [pid: 110766|app: 0|req: 170/327] 10.222.0.36 () {58 vars in 1325 bytes} [Mon Aug 1 07:32:49 2022] GET /volume/v3/5b89519bff4c4a078c0ebf3ce456b631/volumes/fc46f250-21d0-483c-8176-92b1a53456ac => generated 911 bytes in 48 msecs (HTTP/1.1 200) 7 headers in 285 bytes (1 switches on core 0)
Aug 01 07:32:49.837280 dv-cinder-733062-31-smb devstack@c-api.service[110765]: DEBUG cinder.api.middleware.request_id [None req-af6bc835-ca59-419b-8c24-508ad62926cd None None] RequestId filter calling following filter/app {{(pid=110765) _context_setter /opt/stack/cinder/cinder/api/middleware/request_id.py:62}}
Aug 01 07:32:49.933804 dv-cinder-733062-31-smb devstack@c-api.service[110765]: INFO cinder.api.openstack.wsgi [None req-af6bc835-ca59-419b-8c24-508ad62926cd tempest-VolumeQuotaClassesTest-916686489 tempest-VolumeQuotaClassesTest-916686489-project-admin] GET http://10.222.0.36/volume/v3/c932946591c44b2faa4aa29f45930a4d/os-quota-class-sets/default
Aug 01 07:32:49.934267 dv-cinder-733062-31-smb devstack@c-api.service[110765]: DEBUG cinder.api.openstack.wsgi [None req-af6bc835-ca59-419b-8c24-508ad62926cd tempest-VolumeQuotaClassesTest-916686489 tempest-VolumeQuotaClassesTest-916686489-project-admin] Empty body provided in request {{(pid=110765) get_body /opt/stack/cinder/cinder/api/openstack/wsgi.py:715}}
Aug 01 07:32:49.934970 dv-cinder-733062-31-smb devstack@c-api.service[110765]: DEBUG cinder.api.openstack.wsgi [None req-af6bc835-ca59-419b-8c24-508ad62926cd tempest-VolumeQuotaClassesTest-916686489 tempest-VolumeQuotaClassesTest-916686489-project-admin] Calling method 'show' {{(pid=110765) _process_stack /opt/stack/cinder/cinder/api/openstack/wsgi.py:868}}
Aug 01 07:32:49.958665 dv-cinder-733062-31-smb devstack@c-api.service[110765]: INFO cinder.api.openstack.wsgi [None req-af6bc835-ca59-419b-8c24-508ad62926cd tempest-VolumeQuotaClassesTest-916686489 tempest-VolumeQuotaClassesTest-916686489-project-admin] http://10.222.0.36/volume/v3/c932946591c44b2faa4aa29f45930a4d/os-quota-class-sets/default returned with HTTP 200
Aug 01 07:32:49.967438 dv-cinder-733062-31-smb devstack@c-api.service[110765]: [pid: 110765|app: 0|req: 158/328] 10.222.0.36 () {58 vars in 1274 bytes} [Mon Aug 1 07:32:49 2022] GET /volume/v3/c932946591c44b2faa4aa29f45930a4d/os-quota-class-sets/default => generated 342 bytes in 131 msecs (HTTP/1.1 200) 7 headers in 285 bytes (1 switches on core 0)
Aug 01 07:32:49.968797 dv-cinder-733062-31-smb devstack@c-api.service[110766]: DEBUG cinder.api.middleware.request_id [None req-4315c7eb-72dd-435a-8dc6-89bf30ee39eb None None] RequestId filter calling following filter/app {{(pid=110766) _context_setter /opt/stack/cinder/cinder/api/middleware/request_id.py:62}}
Aug 01 07:32:49.974206 dv-cinder-733062-31-smb devstack@c-api.service[110765]: DEBUG cinder.api.middleware.request_id [req-4da15c2e-4bdd-4b6f-9380-2b66e2cf4e8b req-2ebbf58d-4819-4073-95f6-46b9ffcf52cc None None] RequestId filter calling following filter/app {{(pid=110765) _context_setter /opt/stack/cinder/cinder/api/middleware/request_id.py:62}}
Aug 01 07:32:49.978598 dv-cinder-733062-31-smb devstack@c-api.service[110766]: INFO cinder.api.openstack.wsgi [None req-4315c7eb-72dd-435a-8dc6-89bf30ee39eb tempest-VolumeQuotaClassesTest-916686489 tempest-VolumeQuotaClassesTest-916686489-project-admin] GET http://10.222.0.36/volume/v3/c932946591c44b2faa4aa29f45930a4d/os-quota-class-sets/default
Aug 01 07:32:49.979060 dv-cinder-733062-31-smb devstack@c-api.service[110766]: DEBUG cinder.api.openstack.wsgi [None req-4315c7eb-72dd-435a-8dc6-89bf30ee39eb tempest-VolumeQuotaClassesTest-916686489 tempest-VolumeQuotaClassesTest-916686489-project-admin] Empty body provided in request {{(pid=110766) get_body /opt/stack/cinder/cinder/api/openstack/wsgi.py:715}}
Aug 01 07:32:49.979520 dv-cinder-733062-31-smb devstack@c-api.service[110766]: DEBUG cinder.api.openstack.wsgi [None req-4315c7eb-72dd-435a-8dc6-89bf30ee39eb tempest-VolumeQuotaClassesTest-916686489 tempest-VolumeQuotaClassesTest-916686489-project-admin] Calling method 'show' {{(pid=110766) _process_stack /opt/stack/cinder/cinder/api/openstack/wsgi.py:868}}
Aug 01 07:32:49.979993 dv-cinder-733062-31-smb devstack@c-api.service[110765]: INFO cinder.api.openstack.wsgi [req-4da15c2e-4bdd-4b6f-9380-2b66e2cf4e8b req-2ebbf58d-4819-4073-95f6-46b9ffcf52cc tempest-DeleteServersTestJSON-174724895 tempest-DeleteServersTestJSON-174724895-project] PUT http://10.222.0.36/volume/v3/622c4f96f8a24517a9350d035f9b6d34/attachments/559c75ec-651b-4c3e-8964-ac1984599bb3
Aug 01 07:32:49.980776 dv-cinder-733062-31-smb devstack@c-api.service[110765]: DEBUG cinder.api.openstack.wsgi [req-4da15c2e-4bdd-4b6f-9380-2b66e2cf4e8b req-2ebbf58d-4819-4073-95f6-46b9ffcf52cc tempest-DeleteServersTestJSON-174724895 tempest-DeleteServersTestJSON-174724895-project] Action: 'update', calling method: version_select, body: {"attachment": {"connector": {"platform": "AMD64", "os_type": "win32", "ip": "10.222.0.42", "host": "hv-cinder-73306", "multipath": false, "initiator": "iqn.1991-05.com.microsoft:hv-cinder-73306", "mountpoint": "/dev/sdb"}}} {{(pid=110765) _process_stack /opt/stack/cinder/cinder/api/openstack/wsgi.py:866}}
Aug 01 07:32:50.007681 dv-cinder-733062-31-smb devstack@c-api.service[110766]: INFO cinder.api.openstack.wsgi [None req-4315c7eb-72dd-435a-8dc6-89bf30ee39eb tempest-VolumeQuotaClassesTest-916686489 tempest-VolumeQuotaClassesTest-916686489-project-admin] http://10.222.0.36/volume/v3/c932946591c44b2faa4aa29f45930a4d/os-quota-class-sets/default returned with HTTP 200
