Jun 07 08:29:07.650003 dv-cinder-733062-30-smb devstack@c-api.service[110582]: DEBUG cinder.api.openstack.wsgi [None req-a113aee0-b1c2-4ec5-a532-85d29d9387fe tempest-GroupSnapshotsTest-550956959 tempest-GroupSnapshotsTest-550956959-project-admin] Action: 'create', calling method: version_select, body: {"group_type": {"name": "tempest-GroupSnapshotsTest-group-type-1260323346"}} {{(pid=110582) _process_stack /opt/stack/cinder/cinder/api/openstack/wsgi.py:866}}
Jun 07 08:29:07.664361 dv-cinder-733062-30-smb devstack@c-api.service[110581]: DEBUG cinder.api.middleware.request_id [None req-871713b8-7f98-4998-86bf-cfe695e286b5 None None] RequestId filter calling following filter/app {{(pid=110581) _context_setter /opt/stack/cinder/cinder/api/middleware/request_id.py:62}}
Jun 07 08:29:07.714362 dv-cinder-733062-30-smb devstack@c-api.service[110582]: INFO cinder.api.openstack.wsgi [None req-a113aee0-b1c2-4ec5-a532-85d29d9387fe tempest-GroupSnapshotsTest-550956959 tempest-GroupSnapshotsTest-550956959-project-admin] http://10.222.0.45/volume/v3/240e100a54944bd7ad819997a39c7ce7/group_types returned with HTTP 202
Jun 07 08:29:07.717653 dv-cinder-733062-30-smb devstack@c-api.service[110582]: [pid: 110582|app: 0|req: 29/63] 10.222.0.45 () {62 vars in 1287 bytes} [Tue Jun 7 08:29:07 2022] POST /volume/v3/240e100a54944bd7ad819997a39c7ce7/group_types => generated 181 bytes in 73 msecs (HTTP/1.1 202) 7 headers in 292 bytes (1 switches on core 0)
Jun 07 08:29:07.719074 dv-cinder-733062-30-smb devstack@c-api.service[110582]: DEBUG cinder.api.middleware.request_id [None req-0db97ed4-07b2-40ae-a41e-1b1768bbbf3a None None] RequestId filter calling following filter/app {{(pid=110582) _context_setter /opt/stack/cinder/cinder/api/middleware/request_id.py:62}}
Jun 07 08:29:07.733148 dv-cinder-733062-30-smb devstack@c-api.service[110582]: INFO cinder.api.openstack.wsgi [None req-0db97ed4-07b2-40ae-a41e-1b1768bbbf3a tempest-SnapshotsActionsTest-1949132918 tempest-SnapshotsActionsTest-1949132918-project] GET http://10.222.0.45/volume/v3/2cf3ed62a0324370adf4aee451ad3996/snapshots/f92469b4-33b0-42e6-8cf9-892486173685
Jun 07 08:29:07.733667 dv-cinder-733062-30-smb devstack@c-api.service[110582]: DEBUG cinder.api.openstack.wsgi [None req-0db97ed4-07b2-40ae-a41e-1b1768bbbf3a tempest-SnapshotsActionsTest-1949132918 tempest-SnapshotsActionsTest-1949132918-project] Empty body provided in request {{(pid=110582) get_body /opt/stack/cinder/cinder/api/openstack/wsgi.py:715}}
Jun 07 08:29:07.734205 dv-cinder-733062-30-smb devstack@c-api.service[110582]: DEBUG cinder.api.openstack.wsgi [None req-0db97ed4-07b2-40ae-a41e-1b1768bbbf3a tempest-SnapshotsActionsTest-1949132918 tempest-SnapshotsActionsTest-1949132918-project] Calling method 'show' {{(pid=110582) _process_stack /opt/stack/cinder/cinder/api/openstack/wsgi.py:868}}
Jun 07 08:29:07.778580 dv-cinder-733062-30-smb devstack@c-api.service[110582]: /usr/local/lib/python3.8/dist-packages/oslo_context/context.py:100: DeprecationWarning: Policy enforcement is depending on the value of is_admin. This key is deprecated. Please update your policy file to use the standard policy values.
Jun 07 08:29:07.778580 dv-cinder-733062-30-smb devstack@c-api.service[110582]: warnings.warn('Policy enforcement is depending on the value of '
Jun 07 08:29:07.779698 dv-cinder-733062-30-smb devstack@c-api.service[110582]: INFO cinder.volume.api [None req-0db97ed4-07b2-40ae-a41e-1b1768bbbf3a tempest-SnapshotsActionsTest-1949132918 tempest-SnapshotsActionsTest-1949132918-project] Snapshot retrieved successfully.
Jun 07 08:29:07.781620 dv-cinder-733062-30-smb devstack@c-api.service[110582]: INFO cinder.api.openstack.wsgi [None req-0db97ed4-07b2-40ae-a41e-1b1768bbbf3a tempest-SnapshotsActionsTest-1949132918 tempest-SnapshotsActionsTest-1949132918-project] http://10.222.0.45/volume/v3/2cf3ed62a0324370adf4aee451ad3996/snapshots/f92469b4-33b0-42e6-8cf9-892486173685 returned with HTTP 200
Jun 07 08:29:07.806880 dv-cinder-733062-30-smb devstack@c-api.service[110582]: [pid: 110582|app: 0|req: 30/64] 10.222.0.45 () {58 vars in 1330 bytes} [Tue Jun 7 08:29:07 2022] GET /volume/v3/2cf3ed62a0324370adf4aee451ad3996/snapshots/f92469b4-33b0-42e6-8cf9-892486173685 => generated 569 bytes in 88 msecs (HTTP/1.1 200) 7 headers in 285 bytes (1 switches on core 0)
Jun 07 08:29:07.808318 dv-cinder-733062-30-smb devstack@c-api.service[110582]: DEBUG cinder.api.middleware.request_id [None req-d03a91e1-2a51-4f69-b187-ea023ac0a08c None None] RequestId filter calling following filter/app {{(pid=110582) _context_setter /opt/stack/cinder/cinder/api/middleware/request_id.py:62}}
Jun 07 08:29:07.928770 dv-cinder-733062-30-smb devstack@c-api.service[110581]: INFO cinder.api.openstack.wsgi [None req-871713b8-7f98-4998-86bf-cfe695e286b5 tempest-GroupsV320Test-1553441520 tempest-GroupsV320Test-1553441520-project-admin] POST http://10.222.0.45/volume/v3/b1e5810c4b744d1a8afbb7e38b00edf9/types
Jun 07 08:29:07.930632 dv-cinder-733062-30-smb devstack@c-api.service[110581]: DEBUG cinder.api.openstack.wsgi [None req-871713b8-7f98-4998-86bf-cfe695e286b5 tempest-GroupsV320Test-1553441520 tempest-GroupsV320Test-1553441520-project-admin] Action: 'create', calling method: _create, body: {"volume_type": {"name": "tempest-GroupsV320Test-volume-type-1289573155"}} {{(pid=110581) _process_stack /opt/stack/cinder/cinder/api/openstack/wsgi.py:866}}
Jun 07 08:29:07.973608 dv-cinder-733062-30-smb devstack@c-api.service[110581]: INFO cinder.api.openstack.wsgi [None req-871713b8-7f98-4998-86bf-cfe695e286b5 tempest-GroupsV320Test-1553441520 tempest-GroupsV320Test-1553441520-project-admin] http://10.222.0.45/volume/v3/b1e5810c4b744d1a8afbb7e38b00edf9/types returned with HTTP 200
Jun 07 08:29:07.977440 dv-cinder-733062-30-smb devstack@c-api.service[110581]: [pid: 110581|app: 0|req: 35/65] 10.222.0.45 () {60 vars in 1228 bytes} [Tue Jun 7 08:29:07 2022] POST /volume/v3/b1e5810c4b744d1a8afbb7e38b00edf9/types => generated 220 bytes in 314 msecs (HTTP/1.1 200) 7 headers in 285 bytes (2 switches on core 0)
Jun 07 08:29:07.979177 dv-cinder-733062-30-smb devstack@c-api.service[110581]: DEBUG cinder.api.middleware.request_id [None req-835ca303-820b-4733-8499-c0278c9bcb21 None None] RequestId filter calling following filter/app {{(pid=110581) _context_setter /opt/stack/cinder/cinder/api/middleware/request_id.py:62}}
Jun 07 08:29:07.985490 dv-cinder-733062-30-smb devstack@c-api.service[110581]: INFO cinder.api.openstack.wsgi [None req-835ca303-820b-4733-8499-c0278c9bcb21 tempest-SnapshotsActionsTest-1497534694 tempest-SnapshotsActionsTest-1497534694-project-admin] POST http://10.222.0.45/volume/v3/f33436a98aeb4b4da6fe9406f8d22ebe/snapshots/f92469b4-33b0-42e6-8cf9-892486173685/action
Jun 07 08:29:07.993901 dv-cinder-733062-30-smb devstack@c-api.service[110581]: DEBUG cinder.api.openstack.wsgi [None req-835ca303-820b-4733-8499-c0278c9bcb21 tempest-SnapshotsActionsTest-1497534694 tempest-SnapshotsActionsTest-1497534694-project-admin] Action body: b'{"os-reset_status": {"status": "error"}}' {{(pid=110581) get_method /opt/stack/cinder/cinder/api/openstack/wsgi.py:983}}
Jun 07 08:29:07.998091 dv-cinder-733062-30-smb devstack@c-api.service[110581]: DEBUG cinder.api.openstack.wsgi [None req-835ca303-820b-4733-8499-c0278c9bcb21 tempest-SnapshotsActionsTest-1497534694 tempest-SnapshotsActionsTest-1497534694-project-admin] Action: 'action', calling method: _reset_status, body: {"os-reset_status": {"status": "error"}} {{(pid=110581) _process_stack /opt/stack/cinder/cinder/api/openstack/wsgi.py:866}}
Jun 07 08:29:07.999098 dv-cinder-733062-30-smb devstack@c-api.service[110581]: DEBUG cinder.api.contrib.admin_actions [None req-835ca303-820b-4733-8499-c0278c9bcb21 tempest-SnapshotsActionsTest-1497534694 tempest-SnapshotsActionsTest-1497534694-project-admin] Updating snapshot 'f92469b4-33b0-42e6-8cf9-892486173685' with '{'status': 'error'}' {{(pid=110581) _reset_status /opt/stack/cinder/cinder/api/contrib/admin_actions.py:100}}
Jun 07 08:29:08.045374 dv-cinder-733062-30-smb devstack@c-api.service[110581]: /usr/local/lib/python3.8/dist-packages/oslo_context/context.py:100: DeprecationWarning: Policy enforcement is depending on the value of is_admin. This key is deprecated. Please update your policy file to use the standard policy values.
Jun 07 08:29:08.045374 dv-cinder-733062-30-smb devstack@c-api.service[110581]: warnings.warn('Policy enforcement is depending on the value of '
Jun 07 08:29:08.082188 dv-cinder-733062-30-smb devstack@c-api.service[110581]: INFO cinder.api.openstack.wsgi [None req-835ca303-820b-4733-8499-c0278c9bcb21 tempest-SnapshotsActionsTest-1497534694 tempest-SnapshotsActionsTest-1497534694-project-admin] http://10.222.0.45/volume/v3/f33436a98aeb4b4da6fe9406f8d22ebe/snapshots/f92469b4-33b0-42e6-8cf9-892486173685/action returned with HTTP 202
Jun 07 08:29:08.096807 dv-cinder-733062-30-smb devstack@c-api.service[110581]: [pid: 110581|app: 0|req: 36/66] 10.222.0.45 () {60 vars in 1372 bytes} [Tue Jun 7 08:29:07 2022] POST /volume/v3/f33436a98aeb4b4da6fe9406f8d22ebe/snapshots/f92469b4-33b0-42e6-8cf9-892486173685/action => generated 0 bytes in 115 msecs (HTTP/1.1 202) 7 headers in 289 bytes (1 switches on core 0)
Jun 07 08:29:08.098102 dv-cinder-733062-30-smb devstack@c-api.service[110581]: DEBUG cinder.api.middleware.request_id [None req-73b4b438-3bd0-493a-8276-88fe0c5698b4 None None] RequestId filter calling following filter/app {{(pid=110581) _context_setter /opt/stack/cinder/cinder/api/middleware/request_id.py:62}}
Jun 07 08:29:08.106524 dv-cinder-733062-30-smb devstack@c-api.service[110581]: INFO cinder.api.openstack.wsgi [None req-73b4b438-3bd0-493a-8276-88fe0c5698b4 tempest-GroupsV320Test-1553441520 tempest-GroupsV320Test-1553441520-project-admin] POST http://10.222.0.45/volume/v3/b1e5810c4b744d1a8afbb7e38b00edf9/group_types
Jun 07 08:29:08.110189 dv-cinder-733062-30-smb devstack@c-api.service[110581]: DEBUG cinder.api.openstack.wsgi [None req-73b4b438-3bd0-493a-8276-88fe0c5698b4 tempest-GroupsV320Test-1553441520 tempest-GroupsV320Test-1553441520-project-admin] Action: 'create', calling method: version_select, body: {"group_type": {"name": "tempest-GroupsV320Test-group-type-1764808091"}} {{(pid=110581) _process_stack /opt/stack/cinder/cinder/api/openstack/wsgi.py:866}}
Jun 07 08:29:08.112588 dv-cinder-733062-30-smb devstack@c-api.service[110581]: /usr/local/lib/python3.8/dist-packages/oslo_context/context.py:100: DeprecationWarning: Policy enforcement is depending on the value of is_admin. This key is deprecated. Please update your policy file to use the standard policy values.
Jun 07 08:29:08.112588 dv-cinder-733062-30-smb devstack@c-api.service[110581]: warnings.warn('Policy enforcement is depending on the value of '
Jun 07 08:29:08.221270 dv-cinder-733062-30-smb devstack@c-api.service[110581]: INFO cinder.api.openstack.wsgi [None req-73b4b438-3bd0-493a-8276-88fe0c5698b4 tempest-GroupsV320Test-1553441520 tempest-GroupsV320Test-1553441520-project-admin] http://10.222.0.45/volume/v3/b1e5810c4b744d1a8afbb7e38b00edf9/group_types returned with HTTP 202
Jun 07 08:29:08.227879 dv-cinder-733062-30-smb devstack@c-api.service[110581]: [pid: 110581|app: 0|req: 37/67] 10.222.0.45 () {62 vars in 1287 bytes} [Tue Jun 7 08:29:08 2022] POST /volume/v3/b1e5810c4b744d1a8afbb7e38b00edf9/group_types => generated 177 bytes in 127 msecs (HTTP/1.1 202) 7 headers in 292 bytes (1 switches on core 0)
Jun 07 08:29:08.228230 dv-cinder-733062-30-smb devstack@c-api.service[110582]: INFO cinder.api.openstack.wsgi [None req-d03a91e1-2a51-4f69-b187-ea023ac0a08c tempest-GroupSnapshotsTest-1897096275 tempest-GroupSnapshotsTest-1897096275-project] POST http://10.222.0.45/volume/v3/8fdc76e0213b41b2b6e3b76d0968ff7f/groups
Jun 07 08:29:08.229138 dv-cinder-733062-30-smb devstack@c-api.service[110582]: DEBUG cinder.api.openstack.wsgi [None req-d03a91e1-2a51-4f69-b187-ea023ac0a08c tempest-GroupSnapshotsTest-1897096275 tempest-GroupSnapshotsTest-1897096275-project] Action: 'create', calling method: version_select, body: {"group": {"group_type": "3e8dec4d-e871-4f0d-9974-ece7fedb56a8", "volume_types": ["189bcb65-2ac4-47a6-9e98-e7f106a239b2"], "name": "tempest-GroupSnapshotsTest-Group-780412231"}} {{(pid=110582) _process_stack /opt/stack/cinder/cinder/api/openstack/wsgi.py:866}}
Jun 07 08:29:08.229878 dv-cinder-733062-30-smb devstack@c-api.service[110581]: DEBUG cinder.api.middleware.request_id [None req-ecdcbe94-f3a8-4a73-af70-ce63faae9764 None None] RequestId filter calling following filter/app {{(pid=110581) _context_setter /opt/stack/cinder/cinder/api/middleware/request_id.py:62}}
Jun 07 08:29:08.230796 dv-cinder-733062-30-smb devstack@c-api.service[110582]: DEBUG cinder.api.v3.groups [None req-d03a91e1-2a51-4f69-b187-ea023ac0a08c tempest-GroupSnapshotsTest-1897096275 tempest-GroupSnapshotsTest-1897096275-project] Creating new group {'group': {'group_type': '3e8dec4d-e871-4f0d-9974-ece7fedb56a8', 'volume_types': ['189bcb65-2ac4-47a6-9e98-e7f106a239b2'], 'name': 'tempest-GroupSnapshotsTest-Group-780412231'}} {{(pid=110582) create /opt/stack/cinder/cinder/api/v3/groups.py:190}}
Jun 07 08:29:08.234611 dv-cinder-733062-30-smb devstack@c-api.service[110581]: INFO cinder.api.openstack.wsgi [None req-ecdcbe94-f3a8-4a73-af70-ce63faae9764 tempest-SnapshotsActionsTest-1949132918 tempest-SnapshotsActionsTest-1949132918-project] GET http://10.222.0.45/volume/v3/2cf3ed62a0324370adf4aee451ad3996/snapshots/f92469b4-33b0-42e6-8cf9-892486173685
Jun 07 08:29:08.235090 dv-cinder-733062-30-smb devstack@c-api.service[110581]: DEBUG cinder.api.openstack.wsgi [None req-ecdcbe94-f3a8-4a73-af70-ce63faae9764 tempest-SnapshotsActionsTest-1949132918 tempest-SnapshotsActionsTest-1949132918-project] Empty body provided in request {{(pid=110581) get_body /opt/stack/cinder/cinder/api/openstack/wsgi.py:715}}
Jun 07 08:29:08.235680 dv-cinder-733062-30-smb devstack@c-api.service[110581]: DEBUG cinder.api.openstack.wsgi [None req-ecdcbe94-f3a8-4a73-af70-ce63faae9764 tempest-SnapshotsActionsTest-1949132918 tempest-SnapshotsActionsTest-1949132918-project] Calling method 'show' {{(pid=110581) _process_stack /opt/stack/cinder/cinder/api/openstack/wsgi.py:868}}
Jun 07 08:29:08.246418 dv-cinder-733062-30-smb devstack@c-api.service[110582]: INFO cinder.api.v3.groups [None req-d03a91e1-2a51-4f69-b187-ea023ac0a08c tempest-GroupSnapshotsTest-1897096275 tempest-GroupSnapshotsTest-1897096275-project] Creating group tempest-GroupSnapshotsTest-Group-780412231.
Jun 07 08:29:08.275263 dv-cinder-733062-30-smb devstack@c-api.service[110581]: /usr/local/lib/python3.8/dist-packages/oslo_context/context.py:100: DeprecationWarning: Policy enforcement is depending on the value of is_admin. This key is deprecated. Please update your policy file to use the standard policy values.
Jun 07 08:29:08.275263 dv-cinder-733062-30-smb devstack@c-api.service[110581]: warnings.warn('Policy enforcement is depending on the value of '
Jun 07 08:29:08.280533 dv-cinder-733062-30-smb devstack@c-api.service[110581]: INFO cinder.volume.api [None req-ecdcbe94-f3a8-4a73-af70-ce63faae9764 tempest-SnapshotsActionsTest-1949132918 tempest-SnapshotsActionsTest-1949132918-project] Snapshot retrieved successfully.
Jun 07 08:29:08.295800 dv-cinder-733062-30-smb devstack@c-api.service[110581]: INFO cinder.api.openstack.wsgi [None req-ecdcbe94-f3a8-4a73-af70-ce63faae9764 tempest-SnapshotsActionsTest-1949132918 tempest-SnapshotsActionsTest-1949132918-project] http://10.222.0.45/volume/v3/2cf3ed62a0324370adf4aee451ad3996/snapshots/f92469b4-33b0-42e6-8cf9-892486173685 returned with HTTP 200
Jun 07 08:29:08.296871 dv-cinder-733062-30-smb devstack@c-api.service[110581]: [pid: 110581|app: 0|req: 38/68] 10.222.0.45 () {58 vars in 1330 bytes} [Tue Jun 7 08:29:08 2022] GET /volume/v3/2cf3ed62a0324370adf4aee451ad3996/snapshots/f92469b4-33b0-42e6-8cf9-892486173685 => generated 565 bytes in 68 msecs (HTTP/1.1 200) 7 headers in 285 bytes (1 switches on core 0)
Jun 07 08:29:08.308218 dv-cinder-733062-30-smb devstack@c-api.service[110581]: DEBUG cinder.api.middleware.request_id [None req-a425d7c8-c5f2-406b-99ab-b7973cbc1b3a None None] RequestId filter calling following filter/app {{(pid=110581) _context_setter /opt/stack/cinder/cinder/api/middleware/request_id.py:62}}
Jun 07 08:29:08.329251 dv-cinder-733062-30-smb devstack@c-api.service[110582]: DEBUG cinder.volume.api [None req-d03a91e1-2a51-4f69-b187-ea023ac0a08c tempest-GroupSnapshotsTest-1897096275 tempest-GroupSnapshotsTest-1897096275-project] Availability zone cache updated, next update will occur around 2022-06-07 09:29:08.328574. {{(pid=110582) list_availability_zones /opt/stack/cinder/cinder/volume/api.py:153}}
Jun 07 08:29:08.329461 dv-cinder-733062-30-smb devstack@c-api.service[110582]: INFO cinder.volume.api [None req-d03a91e1-2a51-4f69-b187-ea023ac0a08c tempest-GroupSnapshotsTest-1897096275 tempest-GroupSnapshotsTest-1897096275-project] Availability Zones retrieved successfully.
Jun 07 08:29:08.414077 dv-cinder-733062-30-smb devstack@c-api.service[110582]: DEBUG cinder.quota [None req-d03a91e1-2a51-4f69-b187-ea023ac0a08c tempest-GroupSnapshotsTest-1897096275 tempest-GroupSnapshotsTest-1897096275-project] Created reservations ['0dc5ce9b-6588-46db-a834-b3daa53263e9'] {{(pid=110582) reserve /opt/stack/cinder/cinder/quota.py:755}}
Jun 07 08:29:08.513459 dv-cinder-733062-30-smb devstack@c-api.service[110582]: INFO cinder.api.openstack.wsgi [None req-d03a91e1-2a51-4f69-b187-ea023ac0a08c tempest-GroupSnapshotsTest-1897096275 tempest-GroupSnapshotsTest-1897096275-project] http://10.222.0.45/volume/v3/8fdc76e0213b41b2b6e3b76d0968ff7f/groups returned with HTTP 202
Jun 07 08:29:08.514601 dv-cinder-733062-30-smb devstack@c-api.service[110582]: [pid: 110582|app: 0|req: 31/69] 10.222.0.45 () {62 vars in 1273 bytes} [Tue Jun 7 08:29:07 2022] POST /volume/v3/8fdc76e0213b41b2b6e3b76d0968ff7f/groups => generated 111 bytes in 707 msecs (HTTP/1.1 202) 7 headers in 292 bytes (1 switches on core 0)
Jun 07 08:29:08.520379 dv-cinder-733062-30-smb devstack@c-api.service[110582]: DEBUG cinder.api.middleware.request_id [None req-9b0c96c6-7bf7-4844-ad17-d91f63770b7e None None] RequestId filter calling following filter/app {{(pid=110582) _context_setter /opt/stack/cinder/cinder/api/middleware/request_id.py:62}}
Jun 07 08:29:08.527038 dv-cinder-733062-30-smb devstack@c-api.service[110582]: INFO cinder.api.openstack.wsgi [None req-9b0c96c6-7bf7-4844-ad17-d91f63770b7e tempest-SnapshotsActionsTest-1497534694 tempest-SnapshotsActionsTest-1497534694-project-admin] POST http://10.222.0.45/volume/v3/f33436a98aeb4b4da6fe9406f8d22ebe/snapshots/f92469b4-33b0-42e6-8cf9-892486173685/action
Jun 07 08:29:08.532802 dv-cinder-733062-30-smb devstack@c-api.service[110582]: DEBUG cinder.api.openstack.wsgi [None req-9b0c96c6-7bf7-4844-ad17-d91f63770b7e tempest-SnapshotsActionsTest-1497534694 tempest-SnapshotsActionsTest-1497534694-project-admin] Action body: b'{"os-force_delete": {}}' {{(pid=110582) get_method /opt/stack/cinder/cinder/api/openstack/wsgi.py:983}}
Jun 07 08:29:08.534640 dv-cinder-733062-30-smb devstack@c-api.service[110582]: DEBUG cinder.api.openstack.wsgi [None req-9b0c96c6-7bf7-4844-ad17-d91f63770b7e tempest-SnapshotsActionsTest-1497534694 tempest-SnapshotsActionsTest-1497534694-project-admin] Action: 'action', calling method: _force_delete, body: {"os-force_delete": {}} {{(pid=110582) _process_stack /opt/stack/cinder/cinder/api/openstack/wsgi.py:866}}
Jun 07 08:29:08.558920 dv-cinder-733062-30-smb devstack@c-api.service[110582]: /usr/local/lib/python3.8/dist-packages/oslo_context/context.py:100: DeprecationWarning: Policy enforcement is depending on the value of is_admin. This key is deprecated. Please update your policy file to use the standard policy values.
Jun 07 08:29:08.558920 dv-cinder-733062-30-smb devstack@c-api.service[110582]: warnings.warn('Policy enforcement is depending on the value of '
Jun 07 08:29:08.559690 dv-cinder-733062-30-smb devstack@c-api.service[110582]: INFO cinder.volume.api [None req-9b0c96c6-7bf7-4844-ad17-d91f63770b7e tempest-SnapshotsActionsTest-1497534694 tempest-SnapshotsActionsTest-1497534694-project-admin] Snapshot retrieved successfully.
Jun 07 08:29:08.626752 dv-cinder-733062-30-smb devstack@c-api.service[110581]: INFO cinder.api.openstack.wsgi [None req-a425d7c8-c5f2-406b-99ab-b7973cbc1b3a tempest-GroupsV320Test-1235136736 tempest-GroupsV320Test-1235136736-project] POST http://10.222.0.45/volume/v3/4789f31ced584673ace7ac6d9d8a4556/groups
Jun 07 08:29:08.627815 dv-cinder-733062-30-smb devstack@c-api.service[110581]: DEBUG cinder.api.openstack.wsgi [None req-a425d7c8-c5f2-406b-99ab-b7973cbc1b3a tempest-GroupsV320Test-1235136736 tempest-GroupsV320Test-1235136736-project] Action: 'create', calling method: version_select, body: {"group": {"group_type": "4d5778f5-5923-4524-a1a1-cde669fbde03", "volume_types": ["611cbca6-9578-4e15-818c-549ab9559182"], "name": "tempest-GroupsV320Test-Group-1988060469"}} {{(pid=110581) _process_stack /opt/stack/cinder/cinder/api/openstack/wsgi.py:866}}
Jun 07 08:29:08.629206 dv-cinder-733062-30-smb devstack@c-api.service[110581]: DEBUG cinder.api.v3.groups [None req-a425d7c8-c5f2-406b-99ab-b7973cbc1b3a tempest-GroupsV320Test-1235136736 tempest-GroupsV320Test-1235136736-project] Creating new group {'group': {'group_type': '4d5778f5-5923-4524-a1a1-cde669fbde03', 'volume_types': ['611cbca6-9578-4e15-818c-549ab9559182'], 'name': 'tempest-GroupsV320Test-Group-1988060469'}} {{(pid=110581) create /opt/stack/cinder/cinder/api/v3/groups.py:190}}
Jun 07 08:29:08.647710 dv-cinder-733062-30-smb devstack@c-api.service[110582]: INFO cinder.volume.api [None req-9b0c96c6-7bf7-4844-ad17-d91f63770b7e tempest-SnapshotsActionsTest-1497534694 tempest-SnapshotsActionsTest-1497534694-project-admin] Snapshot delete request issued successfully.
Jun 07 08:29:08.648461 dv-cinder-733062-30-smb devstack@c-api.service[110582]: INFO cinder.api.openstack.wsgi [None req-9b0c96c6-7bf7-4844-ad17-d91f63770b7e tempest-SnapshotsActionsTest-1497534694 tempest-SnapshotsActionsTest-1497534694-project-admin] http://10.222.0.45/volume/v3/f33436a98aeb4b4da6fe9406f8d22ebe/snapshots/f92469b4-33b0-42e6-8cf9-892486173685/action returned with HTTP 202
Jun 07 08:29:08.648991 dv-cinder-733062-30-smb devstack@c-api.service[110582]: [pid: 110582|app: 0|req: 32/70] 10.222.0.45 () {60 vars in 1372 bytes} [Tue Jun 7 08:29:08 2022] POST /volume/v3/f33436a98aeb4b4da6fe9406f8d22ebe/snapshots/f92469b4-33b0-42e6-8cf9-892486173685/action => generated 0 bytes in 134 msecs (HTTP/1.1 202) 7 headers in 289 bytes (1 switches on core 0)
Jun 07 08:29:08.650525 dv-cinder-733062-30-smb devstack@c-api.service[110582]: DEBUG cinder.api.middleware.request_id [None req-0b1fea9d-28c6-4476-bd60-339d0e34f721 None None] RequestId filter calling following filter/app {{(pid=110582) _context_setter /opt/stack/cinder/cinder/api/middleware/request_id.py:62}}
Jun 07 08:29:08.657420 dv-cinder-733062-30-smb devstack@c-api.service[110581]: INFO cinder.api.v3.groups [None req-a425d7c8-c5f2-406b-99ab-b7973cbc1b3a tempest-GroupsV320Test-1235136736 tempest-GroupsV320Test-1235136736-project] Creating group tempest-GroupsV320Test-Group-1988060469.
Jun 07 08:29:08.661841 dv-cinder-733062-30-smb devstack@c-api.service[110582]: INFO cinder.api.openstack.wsgi [None req-0b1fea9d-28c6-4476-bd60-339d0e34f721 tempest-GroupSnapshotsTest-1897096275 tempest-GroupSnapshotsTest-1897096275-project] GET http://10.222.0.45/volume/v3/8fdc76e0213b41b2b6e3b76d0968ff7f/groups/517c18f8-88ac-4cc3-a7af-b355cd7eab89
Jun 07 08:29:08.663196 dv-cinder-733062-30-smb devstack@c-api.service[110582]: DEBUG cinder.api.openstack.wsgi [None req-0b1fea9d-28c6-4476-bd60-339d0e34f721 tempest-GroupSnapshotsTest-1897096275 tempest-GroupSnapshotsTest-1897096275-project] Empty body provided in request {{(pid=110582) get_body /opt/stack/cinder/cinder/api/openstack/wsgi.py:715}}
Jun 07 08:29:08.663804 dv-cinder-733062-30-smb devstack@c-api.service[110582]: DEBUG cinder.api.openstack.wsgi [None req-0b1fea9d-28c6-4476-bd60-339d0e34f721 tempest-GroupSnapshotsTest-1897096275 tempest-GroupSnapshotsTest-1897096275-project] Calling method 'version_select' {{(pid=110582) _process_stack /opt/stack/cinder/cinder/api/openstack/wsgi.py:868}}
Jun 07 08:29:08.664331 dv-cinder-733062-30-smb devstack@c-api.service[110582]: DEBUG cinder.api.v3.groups [None req-0b1fea9d-28c6-4476-bd60-339d0e34f721 tempest-GroupSnapshotsTest-1897096275 tempest-GroupSnapshotsTest-1897096275-project] show called for member 517c18f8-88ac-4cc3-a7af-b355cd7eab89 {{(pid=110582) show /opt/stack/cinder/cinder/api/v3/groups.py:58}}
Jun 07 08:29:08.680317 dv-cinder-733062-30-smb devstack@c-api.service[110582]: /usr/local/lib/python3.8/dist-packages/oslo_context/context.py:100: DeprecationWarning: Policy enforcement is depending on the value of is_admin. This key is deprecated. Please update your policy file to use the standard policy values.
Jun 07 08:29:08.680317 dv-cinder-733062-30-smb devstack@c-api.service[110582]: warnings.warn('Policy enforcement is depending on the value of '
Jun 07 08:29:08.774257 dv-cinder-733062-30-smb devstack@c-api.service[110582]: INFO cinder.api.openstack.wsgi [None req-0b1fea9d-28c6-4476-bd60-339d0e34f721 tempest-GroupSnapshotsTest-1897096275 tempest-GroupSnapshotsTest-1897096275-project] http://10.222.0.45/volume/v3/8fdc76e0213b41b2b6e3b76d0968ff7f/groups/517c18f8-88ac-4cc3-a7af-b355cd7eab89 returned with HTTP 200
Jun 07 08:29:08.775246 dv-cinder-733062-30-smb devstack@c-api.service[110582]: [pid: 110582|app: 0|req: 33/71] 10.222.0.45 () {60 vars in 1362 bytes} [Tue Jun 7 08:29:08 2022] GET /volume/v3/8fdc76e0213b41b2b6e3b76d0968ff7f/groups/517c18f8-88ac-4cc3-a7af-b355cd7eab89 => generated 391 bytes in 126 msecs (HTTP/1.1 200) 7 headers in 286 bytes (1 switches on core 0)
Jun 07 08:29:08.776887 dv-cinder-733062-30-smb devstack@c-api.service[110582]: DEBUG cinder.api.middleware.request_id [None req-c4643226-cd19-4605-8b4c-ac51c4924899 None None] RequestId filter calling following filter/app {{(pid=110582) _context_setter /opt/stack/cinder/cinder/api/middleware/request_id.py:62}}
Jun 07 08:29:08.791489 dv-cinder-733062-30-smb devstack@c-api.service[110582]: INFO cinder.api.openstack.wsgi [None req-c4643226-cd19-4605-8b4c-ac51c4924899 tempest-SnapshotsActionsTest-1949132918 tempest-SnapshotsActionsTest-1949132918-project] GET http://10.222.0.45/volume/v3/2cf3ed62a0324370adf4aee451ad3996/snapshots/f92469b4-33b0-42e6-8cf9-892486173685
Jun 07 08:29:08.794639 dv-cinder-733062-30-smb devstack@c-api.service[110582]: DEBUG cinder.api.openstack.wsgi [None req-c4643226-cd19-4605-8b4c-ac51c4924899 tempest-SnapshotsActionsTest-1949132918 tempest-SnapshotsActionsTest-1949132918-project] Empty body provided in request {{(pid=110582) get_body /opt/stack/cinder/cinder/api/openstack/wsgi.py:715}}
Jun 07 08:29:08.797728 dv-cinder-733062-30-smb devstack@c-api.service[110582]: DEBUG cinder.api.openstack.wsgi [None req-c4643226-cd19-4605-8b4c-ac51c4924899 tempest-SnapshotsActionsTest-1949132918 tempest-SnapshotsActionsTest-1949132918-project] Calling method 'show' {{(pid=110582) _process_stack /opt/stack/cinder/cinder/api/openstack/wsgi.py:868}}
Jun 07 08:29:08.813238 dv-cinder-733062-30-smb devstack@c-api.service[110581]: DEBUG cinder.volume.api [None req-a425d7c8-c5f2-406b-99ab-b7973cbc1b3a tempest-GroupsV320Test-1235136736 tempest-GroupsV320Test-1235136736-project] Availability zone cache updated, next update will occur around 2022-06-07 09:29:08.805493. {{(pid=110581) list_availability_zones /opt/stack/cinder/cinder/volume/api.py:153}}
Jun 07 08:29:08.814676 dv-cinder-733062-30-smb devstack@c-api.service[110581]: INFO cinder.volume.api [None req-a425d7c8-c5f2-406b-99ab-b7973cbc1b3a tempest-GroupsV320Test-1235136736 tempest-GroupsV320Test-1235136736-project] Availability Zones retrieved successfully.
Jun 07 08:29:08.819867 dv-cinder-733062-30-smb devstack@c-api.service[110582]: /usr/local/lib/python3.8/dist-packages/oslo_context/context.py:100: DeprecationWarning: Policy enforcement is depending on the value of is_admin. This key is deprecated. Please update your policy file to use the standard policy values.
Jun 07 08:29:08.819867 dv-cinder-733062-30-smb devstack@c-api.service[110582]: warnings.warn('Policy enforcement is depending on the value of '
Jun 07 08:29:08.821218 dv-cinder-733062-30-smb devstack@c-api.service[110582]: INFO cinder.volume.api [None req-c4643226-cd19-4605-8b4c-ac51c4924899 tempest-SnapshotsActionsTest-1949132918 tempest-SnapshotsActionsTest-1949132918-project] Snapshot retrieved successfully.
Jun 07 08:29:08.840718 dv-cinder-733062-30-smb devstack@c-api.service[110582]: INFO cinder.api.openstack.wsgi [None req-c4643226-cd19-4605-8b4c-ac51c4924899 tempest-SnapshotsActionsTest-1949132918 tempest-SnapshotsActionsTest-1949132918-project] http://10.222.0.45/volume/v3/2cf3ed62a0324370adf4aee451ad3996/snapshots/f92469b4-33b0-42e6-8cf9-892486173685 returned with HTTP 200
Jun 07 08:29:08.841684 dv-cinder-733062-30-smb devstack@c-api.service[110582]: [pid: 110582|app: 0|req: 34/72] 10.222.0.45 () {58 vars in 1330 bytes} [Tue Jun 7 08:29:08 2022] GET /volume/v3/2cf3ed62a0324370adf4aee451ad3996/snapshots/f92469b4-33b0-42e6-8cf9-892486173685 => generated 568 bytes in 66 msecs (HTTP/1.1 200) 7 headers in 285 bytes (1 switches on core 0)
Jun 07 08:29:08.915054 dv-cinder-733062-30-smb devstack@c-api.service[110581]: DEBUG cinder.quota [None req-a425d7c8-c5f2-406b-99ab-b7973cbc1b3a tempest-GroupsV320Test-1235136736 tempest-GroupsV320Test-1235136736-project] Created reservations ['66fb9507-67de-4a1f-9567-234fc8d019a0'] {{(pid=110581) reserve /opt/stack/cinder/cinder/quota.py:755}}
Jun 07 08:29:09.035861 dv-cinder-733062-30-smb devstack@c-api.service[110581]: INFO cinder.api.openstack.wsgi [None req-a425d7c8-c5f2-406b-99ab-b7973cbc1b3a tempest-GroupsV320Test-1235136736 tempest-GroupsV320Test-1235136736-project] http://10.222.0.45/volume/v3/4789f31ced584673ace7ac6d9d8a4556/groups returned with HTTP 202
Jun 07 08:29:09.045765 dv-cinder-733062-30-smb devstack@c-api.service[110581]: [pid: 110581|app: 0|req: 39/73] 10.222.0.45 () {62 vars in 1273 bytes} [Tue Jun 7 08:29:08 2022] POST /volume/v3/4789f31ced584673ace7ac6d9d8a4556/groups => generated 108 bytes in 740 msecs (HTTP/1.1 202) 7 headers in 292 bytes (1 switches on core 0)
Jun 07 08:29:09.048066 dv-cinder-733062-30-smb devstack@c-api.service[110582]: DEBUG cinder.api.middleware.request_id [None req-06768f28-7fa6-43f3-9cbb-1cf51c2b6409 None None] RequestId filter calling following filter/app {{(pid=110582) _context_setter /opt/stack/cinder/cinder/api/middleware/request_id.py:62}}
Jun 07 08:29:09.053843 dv-cinder-733062-30-smb devstack@c-api.service[110582]: INFO cinder.api.openstack.wsgi [None req-06768f28-7fa6-43f3-9cbb-1cf51c2b6409 tempest-GroupsV320Test-1235136736 tempest-GroupsV320Test-1235136736-project] GET http://10.222.0.45/volume/v3/4789f31ced584673ace7ac6d9d8a4556/groups/18e1514f-c1f8-4514-9783-437fcb358703
Jun 07 08:29:09.054374 dv-cinder-733062-30-smb devstack@c-api.service[110582]: DEBUG cinder.api.openstack.wsgi [None req-06768f28-7fa6-43f3-9cbb-1cf51c2b6409 tempest-GroupsV320Test-1235136736 tempest-GroupsV320Test-1235136736-project] Empty body provided in request {{(pid=110582) get_body /opt/stack/cinder/cinder/api/openstack/wsgi.py:715}}
Jun 07 08:29:09.055455 dv-cinder-733062-30-smb devstack@c-api.service[110582]: DEBUG cinder.api.openstack.wsgi [None req-06768f28-7fa6-43f3-9cbb-1cf51c2b6409 tempest-GroupsV320Test-1235136736 tempest-GroupsV320Test-1235136736-project] Calling method 'version_select' {{(pid=110582) _process_stack /opt/stack/cinder/cinder/api/openstack/wsgi.py:868}}
Jun 07 08:29:09.055740 dv-cinder-733062-30-smb devstack@c-api.service[110582]: DEBUG cinder.api.v3.groups [None req-06768f28-7fa6-43f3-9cbb-1cf51c2b6409 tempest-GroupsV320Test-1235136736 tempest-GroupsV320Test-1235136736-project] show called for member 18e1514f-c1f8-4514-9783-437fcb358703 {{(pid=110582) show /opt/stack/cinder/cinder/api/v3/groups.py:58}}
Jun 07 08:29:09.073937 dv-cinder-733062-30-smb devstack@c-api.service[110582]: /usr/local/lib/python3.8/dist-packages/oslo_context/context.py:100: DeprecationWarning: Policy enforcement is depending on the value of is_admin. This key is deprecated. Please update your policy file to use the standard policy values.
Jun 07 08:29:09.073937 dv-cinder-733062-30-smb devstack@c-api.service[110582]: warnings.warn('Policy enforcement is depending on the value of '
Jun 07 08:29:09.123632 dv-cinder-733062-30-smb devstack@c-api.service[110582]: INFO cinder.api.openstack.wsgi [None req-06768f28-7fa6-43f3-9cbb-1cf51c2b6409 tempest-GroupsV320Test-1235136736 tempest-GroupsV320Test-1235136736-project] http://10.222.0.45/volume/v3/4789f31ced584673ace7ac6d9d8a4556/groups/18e1514f-c1f8-4514-9783-437fcb358703 returned with HTTP 200
Jun 07 08:29:09.130482 dv-cinder-733062-30-smb devstack@c-api.service[110582]: [pid: 110582|app: 0|req: 35/74] 10.222.0.45 () {60 vars in 1362 bytes} [Tue Jun 7 08:29:09 2022] GET /volume/v3/4789f31ced584673ace7ac6d9d8a4556/groups/18e1514f-c1f8-4514-9783-437fcb358703 => generated 388 bytes in 86 msecs (HTTP/1.1 200) 7 headers in 286 bytes (1 switches on core 0)
Jun 07 08:29:09.784226 dv-cinder-733062-30-smb devstack@c-api.service[110581]: DEBUG cinder.api.middleware.request_id [None req-8cb7bab2-1231-4388-861f-cb178acad09e None None] RequestId filter calling following filter/app {{(pid=110581) _context_setter /opt/stack/cinder/cinder/api/middleware/request_id.py:62}}
Jun 07 08:29:09.790146 dv-cinder-733062-30-smb devstack@c-api.service[110581]: INFO cinder.api.openstack.wsgi [None req-8cb7bab2-1231-4388-861f-cb178acad09e tempest-GroupSnapshotsTest-1897096275 tempest-GroupSnapshotsTest-1897096275-project] GET http://10.222.0.45/volume/v3/8fdc76e0213b41b2b6e3b76d0968ff7f/groups/517c18f8-88ac-4cc3-a7af-b355cd7eab89
Jun 07 08:29:09.790664 dv-cinder-733062-30-smb devstack@c-api.service[110581]: DEBUG cinder.api.openstack.wsgi [None req-8cb7bab2-1231-4388-861f-cb178acad09e tempest-GroupSnapshotsTest-1897096275 tempest-GroupSnapshotsTest-1897096275-project] Empty body provided in request {{(pid=110581) get_body /opt/stack/cinder/cinder/api/openstack/wsgi.py:715}}
Jun 07 08:29:09.791132 dv-cinder-733062-30-smb devstack@c-api.service[110581]: DEBUG cinder.api.openstack.wsgi [None req-8cb7bab2-1231-4388-861f-cb178acad09e tempest-GroupSnapshotsTest-1897096275 tempest-GroupSnapshotsTest-1897096275-project] Calling method 'version_select' {{(pid=110581) _process_stack /opt/stack/cinder/cinder/api/openstack/wsgi.py:868}}
Jun 07 08:29:09.791514 dv-cinder-733062-30-smb devstack@c-api.service[110581]: DEBUG cinder.api.v3.groups [None req-8cb7bab2-1231-4388-861f-cb178acad09e tempest-GroupSnapshotsTest-1897096275 tempest-GroupSnapshotsTest-1897096275-project] show called for member 517c18f8-88ac-4cc3-a7af-b355cd7eab89 {{(pid=110581) show /opt/stack/cinder/cinder/api/v3/groups.py:58}}
Jun 07 08:29:09.810144 dv-cinder-733062-30-smb devstack@c-api.service[110581]: /usr/local/lib/python3.8/dist-packages/oslo_context/context.py:100: DeprecationWarning: Policy enforcement is depending on the value of is_admin. This key is deprecated. Please update your policy file to use the standard policy values.
Jun 07 08:29:09.810144 dv-cinder-733062-30-smb devstack@c-api.service[110581]: warnings.warn('Policy enforcement is depending on the value of '
Jun 07 08:29:09.850980 dv-cinder-733062-30-smb devstack@c-api.service[110582]: DEBUG cinder.api.middleware.request_id [None req-d073adb8-aae1-45d6-93b2-fdb558b3c9ef None None] RequestId filter calling following filter/app {{(pid=110582) _context_setter /opt/stack/cinder/cinder/api/middleware/request_id.py:62}}
Jun 07 08:29:09.856248 dv-cinder-733062-30-smb devstack@c-api.service[110582]: INFO cinder.api.openstack.wsgi [None req-d073adb8-aae1-45d6-93b2-fdb558b3c9ef tempest-SnapshotsActionsTest-1949132918 tempest-SnapshotsActionsTest-1949132918-project] GET http://10.222.0.45/volume/v3/2cf3ed62a0324370adf4aee451ad3996/snapshots/f92469b4-33b0-42e6-8cf9-892486173685
Jun 07 08:29:09.856992 dv-cinder-733062-30-smb devstack@c-api.service[110582]: DEBUG cinder.api.openstack.wsgi [None req-d073adb8-aae1-45d6-93b2-fdb558b3c9ef tempest-SnapshotsActionsTest-1949132918 tempest-SnapshotsActionsTest-1949132918-project] Empty body provided in request {{(pid=110582) get_body /opt/stack/cinder/cinder/api/openstack/wsgi.py:715}}
Jun 07 08:29:09.866493 dv-cinder-733062-30-smb devstack@c-api.service[110582]: DEBUG cinder.api.openstack.wsgi [None req-d073adb8-aae1-45d6-93b2-fdb558b3c9ef tempest-SnapshotsActionsTest-1949132918 tempest-SnapshotsActionsTest-1949132918-project] Calling method 'show' {{(pid=110582) _process_stack /opt/stack/cinder/cinder/api/openstack/wsgi.py:868}}
Jun 07 08:29:09.907385 dv-cinder-733062-30-smb devstack@c-api.service[110582]: INFO cinder.api.openstack.wsgi [None req-d073adb8-aae1-45d6-93b2-fdb558b3c9ef tempest-SnapshotsActionsTest-1949132918 tempest-SnapshotsActionsTest-1949132918-project] http://10.222.0.45/volume/v3/2cf3ed62a0324370adf4aee451ad3996/snapshots/f92469b4-33b0-42e6-8cf9-892486173685 returned with HTTP 404
Jun 07 08:29:09.914711 dv-cinder-733062-30-smb devstack@c-api.service[110582]: [pid: 110582|app: 0|req: 36/75] 10.222.0.45 () {58 vars in 1330 bytes} [Tue Jun 7 08:29:09 2022] GET /volume/v3/2cf3ed62a0324370adf4aee451ad3996/snapshots/f92469b4-33b0-42e6-8cf9-892486173685 => generated 111 bytes in 64 msecs (HTTP/1.1 404) 7 headers in 292 bytes (1 switches on core 0)
Jun 07 08:29:09.917955 dv-cinder-733062-30-smb devstack@c-api.service[110582]: DEBUG cinder.api.middleware.request_id [None req-a57345a7-9fb5-4f80-a766-928c96b6bab6 None None] RequestId filter calling following filter/app {{(pid=110582) _context_setter /opt/stack/cinder/cinder/api/middleware/request_id.py:62}}
Jun 07 08:29:09.925124 dv-cinder-733062-30-smb devstack@c-api.service[110581]: INFO cinder.api.openstack.wsgi [None req-8cb7bab2-1231-4388-861f-cb178acad09e tempest-GroupSnapshotsTest-1897096275 tempest-GroupSnapshotsTest-1897096275-project] http://10.222.0.45/volume/v3/8fdc76e0213b41b2b6e3b76d0968ff7f/groups/517c18f8-88ac-4cc3-a7af-b355cd7eab89 returned with HTTP 200
Jun 07 08:29:09.929069 dv-cinder-733062-30-smb devstack@c-api.service[110582]: INFO cinder.api.openstack.wsgi [None req-a57345a7-9fb5-4f80-a766-928c96b6bab6 tempest-SnapshotsActionsTest-1497534694 tempest-SnapshotsActionsTest-1497534694-project-admin] POST http://10.222.0.45/volume/v3/f33436a98aeb4b4da6fe9406f8d22ebe/snapshots/7485f9b7-eacc-4561-96e0-de6ffb1c6f9a/action
Jun 07 08:29:09.938281 dv-cinder-733062-30-smb devstack@c-api.service[110581]: [pid: 110581|app: 0|req: 40/76] 10.222.0.45 () {60 vars in 1362 bytes} [Tue Jun 7 08:29:09 2022] GET /volume/v3/8fdc76e0213b41b2b6e3b76d0968ff7f/groups/517c18f8-88ac-4cc3-a7af-b355cd7eab89 => generated 392 bytes in 155 msecs (HTTP/1.1 200) 7 headers in 286 bytes (1 switches on core 0)
Jun 07 08:29:09.940067 dv-cinder-733062-30-smb devstack@c-api.service[110581]: DEBUG cinder.api.middleware.request_id [None req-89a0f555-2a99-4198-ad8d-2883abd8a59b None None] RequestId filter calling following filter/app {{(pid=110581) _context_setter /opt/stack/cinder/cinder/api/middleware/request_id.py:62}}
Jun 07 08:29:09.943248 dv-cinder-733062-30-smb devstack@c-api.service[110582]: DEBUG cinder.api.openstack.wsgi [None req-a57345a7-9fb5-4f80-a766-928c96b6bab6 tempest-SnapshotsActionsTest-1497534694 tempest-SnapshotsActionsTest-1497534694-project-admin] Action body: b'{"os-reset_status": {"status": "available"}}' {{(pid=110582) get_method /opt/stack/cinder/cinder/api/openstack/wsgi.py:983}}
Jun 07 08:29:09.947463 dv-cinder-733062-30-smb devstack@c-api.service[110582]: DEBUG cinder.api.openstack.wsgi [None req-a57345a7-9fb5-4f80-a766-928c96b6bab6 tempest-SnapshotsActionsTest-1497534694 tempest-SnapshotsActionsTest-1497534694-project-admin] Action: 'action', calling method: _reset_status, body: {"os-reset_status": {"status": "available"}} {{(pid=110582) _process_stack /opt/stack/cinder/cinder/api/openstack/wsgi.py:866}}
Jun 07 08:29:09.950330 dv-cinder-733062-30-smb devstack@c-api.service[110582]: DEBUG cinder.api.contrib.admin_actions [None req-a57345a7-9fb5-4f80-a766-928c96b6bab6 tempest-SnapshotsActionsTest-1497534694 tempest-SnapshotsActionsTest-1497534694-project-admin] Updating snapshot '7485f9b7-eacc-4561-96e0-de6ffb1c6f9a' with '{'status': 'available'}' {{(pid=110582) _reset_status /opt/stack/cinder/cinder/api/contrib/admin_actions.py:100}}
Jun 07 08:29:09.954882 dv-cinder-733062-30-smb devstack@c-api.service[110581]: INFO cinder.api.openstack.wsgi [None req-89a0f555-2a99-4198-ad8d-2883abd8a59b tempest-GroupSnapshotsTest-1897096275 tempest-GroupSnapshotsTest-1897096275-project] POST http://10.222.0.45/volume/v3/8fdc76e0213b41b2b6e3b76d0968ff7f/volumes
Jun 07 08:29:09.955730 dv-cinder-733062-30-smb devstack@c-api.service[110581]: DEBUG cinder.api.openstack.wsgi [None req-89a0f555-2a99-4198-ad8d-2883abd8a59b tempest-GroupSnapshotsTest-1897096275 tempest-GroupSnapshotsTest-1897096275-project] Action: 'create', calling method: create, body: {"volume": {"volume_type": "189bcb65-2ac4-47a6-9e98-e7f106a239b2", "group_id": "517c18f8-88ac-4cc3-a7af-b355cd7eab89", "size": 1, "name": "tempest-GroupSnapshotsTest-Volume-1112028835"}} {{(pid=110581) _process_stack /opt/stack/cinder/cinder/api/openstack/wsgi.py:866}}
Jun 07 08:29:09.956770 dv-cinder-733062-30-smb devstack@c-api.service[110581]: DEBUG cinder.api.v3.volumes [None req-89a0f555-2a99-4198-ad8d-2883abd8a59b tempest-GroupSnapshotsTest-1897096275 tempest-GroupSnapshotsTest-1897096275-project] Create volume request body: {'volume': {'volume_type': '189bcb65-2ac4-47a6-9e98-e7f106a239b2', 'group_id': '517c18f8-88ac-4cc3-a7af-b355cd7eab89', 'size': 1, 'name': 'tempest-GroupSnapshotsTest-Volume-1112028835'}} {{(pid=110581) create /opt/stack/cinder/cinder/api/v3/volumes.py:267}}
Jun 07 08:29:10.007295 dv-cinder-733062-30-smb devstack@c-api.service[110581]: /usr/local/lib/python3.8/dist-packages/oslo_context/context.py:100: DeprecationWarning: Policy enforcement is depending on the value of is_admin. This key is deprecated. Please update your policy file to use the standard policy values.
Jun 07 08:29:10.007295 dv-cinder-733062-30-smb devstack@c-api.service[110581]: warnings.warn('Policy enforcement is depending on the value of '
Jun 07 08:29:10.009387 dv-cinder-733062-30-smb devstack@c-api.service[110581]: INFO cinder.api.v3.volumes [None req-89a0f555-2a99-4198-ad8d-2883abd8a59b tempest-GroupSnapshotsTest-1897096275 tempest-GroupSnapshotsTest-1897096275-project] Create volume of 1 GB
Jun 07 08:29:10.031815 dv-cinder-733062-30-smb devstack@c-api.service[110582]: /usr/local/lib/python3.8/dist-packages/oslo_context/context.py:100: DeprecationWarning: Policy enforcement is depending on the value of is_admin. This key is deprecated. Please update your policy file to use the standard policy values.
Jun 07 08:29:10.031815 dv-cinder-733062-30-smb devstack@c-api.service[110582]: warnings.warn('Policy enforcement is depending on the value of '
Jun 07 08:29:10.067649 dv-cinder-733062-30-smb devstack@c-api.service[110582]: DEBUG dbcounter [-] [110582] Writing DB stats cinder:SELECT=86,cinder:UPDATE=7,cinder:DELETE=2,cinder:INSERT=5 {{(pid=110582) stat_writer /usr/local/lib/python3.8/dist-packages/dbcounter.py:114}}
Jun 07 08:29:10.079146 dv-cinder-733062-30-smb devstack@c-api.service[110581]: INFO cinder.volume.api [None req-89a0f555-2a99-4198-ad8d-2883abd8a59b tempest-GroupSnapshotsTest-1897096275 tempest-GroupSnapshotsTest-1897096275-project] Availability Zones retrieved successfully.
Jun 07 08:29:10.099314 dv-cinder-733062-30-smb devstack@c-api.service[110582]: INFO cinder.api.openstack.wsgi [None req-a57345a7-9fb5-4f80-a766-928c96b6bab6 tempest-SnapshotsActionsTest-1497534694 tempest-SnapshotsActionsTest-1497534694-project-admin] http://10.222.0.45/volume/v3/f33436a98aeb4b4da6fe9406f8d22ebe/snapshots/7485f9b7-eacc-4561-96e0-de6ffb1c6f9a/action returned with HTTP 202
Jun 07 08:29:10.104150 dv-cinder-733062-30-smb devstack@c-api.service[110582]: [pid: 110582|app: 0|req: 37/77] 10.222.0.45 () {60 vars in 1372 bytes} [Tue Jun 7 08:29:09 2022] POST /volume/v3/f33436a98aeb4b4da6fe9406f8d22ebe/snapshots/7485f9b7-eacc-4561-96e0-de6ffb1c6f9a/action => generated 0 bytes in 188 msecs (HTTP/1.1 202) 7 headers in 289 bytes (1 switches on core 0)
Jun 07 08:29:10.111691 dv-cinder-733062-30-smb devstack@c-api.service[110582]: DEBUG cinder.api.middleware.request_id [None req-d46a7726-1491-488e-b2de-7e9dfb7f7bc5 None None] RequestId filter calling following filter/app {{(pid=110582) _context_setter /opt/stack/cinder/cinder/api/middleware/request_id.py:62}}
Jun 07 08:29:10.129459 dv-cinder-733062-30-smb devstack@c-api.service[110582]: INFO cinder.api.openstack.wsgi [None req-d46a7726-1491-488e-b2de-7e9dfb7f7bc5 tempest-SnapshotsActionsTest-1949132918 tempest-SnapshotsActionsTest-1949132918-project] GET http://10.222.0.45/volume/v3/2cf3ed62a0324370adf4aee451ad3996/snapshots/7485f9b7-eacc-4561-96e0-de6ffb1c6f9a
Jun 07 08:29:10.134145 dv-cinder-733062-30-smb devstack@c-api.service[110582]: DEBUG cinder.api.openstack.wsgi [None req-d46a7726-1491-488e-b2de-7e9dfb7f7bc5 tempest-SnapshotsActionsTest-1949132918 tempest-SnapshotsActionsTest-1949132918-project] Empty body provided in request {{(pid=110582) get_body /opt/stack/cinder/cinder/api/openstack/wsgi.py:715}}
Jun 07 08:29:10.136084 dv-cinder-733062-30-smb devstack@c-api.service[110582]: DEBUG cinder.api.openstack.wsgi [None req-d46a7726-1491-488e-b2de-7e9dfb7f7bc5 tempest-SnapshotsActionsTest-1949132918 tempest-SnapshotsActionsTest-1949132918-project] Calling method 'show' {{(pid=110582) _process_stack /opt/stack/cinder/cinder/api/openstack/wsgi.py:868}}
Jun 07 08:29:10.164364 dv-cinder-733062-30-smb devstack@c-api.service[110582]: /usr/local/lib/python3.8/dist-packages/oslo_context/context.py:100: DeprecationWarning: Policy enforcement is depending on the value of is_admin. This key is deprecated. Please update your policy file to use the standard policy values.
Jun 07 08:29:10.164364 dv-cinder-733062-30-smb devstack@c-api.service[110582]: warnings.warn('Policy enforcement is depending on the value of '
Jun 07 08:29:10.166597 dv-cinder-733062-30-smb devstack@c-api.service[110581]: DEBUG cinder.volume.api [None req-89a0f555-2a99-4198-ad8d-2883abd8a59b tempest-GroupSnapshotsTest-1897096275 tempest-GroupSnapshotsTest-1897096275-project] Flow 'volume_create_api' (d85ac7cd-2440-4943-9a2b-5a839fcce29c) transitioned into state 'RUNNING' from state 'PENDING' {{(pid=110581) _flow_receiver /usr/local/lib/python3.8/dist-packages/taskflow/listeners/logging.py:141}}
Jun 07 08:29:10.169230 dv-cinder-733062-30-smb devstack@c-api.service[110581]: DEBUG cinder.volume.api [None req-89a0f555-2a99-4198-ad8d-2883abd8a59b tempest-GroupSnapshotsTest-1897096275 tempest-GroupSnapshotsTest-1897096275-project] Task 'cinder.volume.flows.api.create_volume.ExtractVolumeRequestTask;volume:create' (ae9c038e-4558-4f87-8dd7-93c21a593486) transitioned into state 'RUNNING' from state 'PENDING' {{(pid=110581) _task_receiver /usr/local/lib/python3.8/dist-packages/taskflow/listeners/logging.py:190}}
Jun 07 08:29:10.172864 dv-cinder-733062-30-smb devstack@c-api.service[110582]: INFO cinder.volume.api [None req-d46a7726-1491-488e-b2de-7e9dfb7f7bc5 tempest-SnapshotsActionsTest-1949132918 tempest-SnapshotsActionsTest-1949132918-project] Snapshot retrieved successfully.
Jun 07 08:29:10.175791 dv-cinder-733062-30-smb devstack@c-api.service[110582]: INFO cinder.api.openstack.wsgi [None req-d46a7726-1491-488e-b2de-7e9dfb7f7bc5 tempest-SnapshotsActionsTest-1949132918 tempest-SnapshotsActionsTest-1949132918-project] http://10.222.0.45/volume/v3/2cf3ed62a0324370adf4aee451ad3996/snapshots/7485f9b7-eacc-4561-96e0-de6ffb1c6f9a returned with HTTP 200
Jun 07 08:29:10.180359 dv-cinder-733062-30-smb devstack@c-api.service[110581]: /usr/local/lib/python3.8/dist-packages/oslo_context/context.py:100: DeprecationWarning: Policy enforcement is depending on the value of is_admin. This key is deprecated. Please update your policy file to use the standard policy values.
Jun 07 08:29:10.180359 dv-cinder-733062-30-smb devstack@c-api.service[110581]: warnings.warn('Policy enforcement is depending on the value of '
Jun 07 08:29:10.182948 dv-cinder-733062-30-smb devstack@c-api.service[110582]: [pid: 110582|app: 0|req: 38/78] 10.222.0.45 () {58 vars in 1330 bytes} [Tue Jun 7 08:29:10 2022] GET /volume/v3/2cf3ed62a0324370adf4aee451ad3996/snapshots/7485f9b7-eacc-4561-96e0-de6ffb1c6f9a => generated 532 bytes in 72 msecs (HTTP/1.1 200) 7 headers in 285 bytes (1 switches on core 0)
Jun 07 08:29:10.185900 dv-cinder-733062-30-smb devstack@c-api.service[110582]: DEBUG cinder.api.middleware.request_id [None req-c72811e3-f556-456f-bd72-4babbeb0edd6 None None] RequestId filter calling following filter/app {{(pid=110582) _context_setter /opt/stack/cinder/cinder/api/middleware/request_id.py:62}}
Jun 07 08:29:10.203605 dv-cinder-733062-30-smb devstack@c-api.service[110581]: DEBUG cinder.volume.flows.api.create_volume [None req-89a0f555-2a99-4198-ad8d-2883abd8a59b tempest-GroupSnapshotsTest-1897096275 tempest-GroupSnapshotsTest-1897096275-project] Validating volume size '1' using validate_int {{(pid=110581) _extract_size /opt/stack/cinder/cinder/volume/flows/api/create_volume.py:228}}
Jun 07 08:29:10.205915 dv-cinder-733062-30-smb devstack@c-api.service[110582]: INFO cinder.api.openstack.wsgi [None req-c72811e3-f556-456f-bd72-4babbeb0edd6 tempest-GroupsV320Test-1235136736 tempest-GroupsV320Test-1235136736-project] GET http://10.222.0.45/volume/v3/4789f31ced584673ace7ac6d9d8a4556/groups/18e1514f-c1f8-4514-9783-437fcb358703
