Mar 08 04:06:40.964274 dv-cinder-733062-29-smb devstack@c-api.service[110090]: /usr/local/lib/python3.8/dist-packages/oslo_policy/policy.py:809: UserWarning: Policy "volume_extension:default_get_all":"role:admin and system_scope:all" was deprecated in X in favor of "volume_extension:default_get_all":"rule:admin_api". Reason: Default policies now support the three Keystone default roles, namely 'admin', 'member', and 'reader' to implement three Cinder "personas". See "Policy Personas and Permissions" in the "Cinder Service Configuration" documentation (Xena release) for details.. Either ensure your deployment is ready for the new default or copy/paste the deprecated policy into your policy file and maintain it manually.
Mar 08 04:06:40.964915 dv-cinder-733062-29-smb devstack@c-api.service[110090]: warnings.warn(deprecated_msg)
Mar 08 04:06:40.964915 dv-cinder-733062-29-smb devstack@c-api.service[110090]: /usr/local/lib/python3.8/dist-packages/oslo_policy/policy.py:809: UserWarning: Policy "volume_extension:default_unset":"rule:system_or_domain_or_project_admin" was deprecated in X in favor of "volume_extension:default_unset":"rule:admin_api". Reason: Default policies now support the three Keystone default roles, namely 'admin', 'member', and 'reader' to implement three Cinder "personas". See "Policy Personas and Permissions" in the "Cinder Service Configuration" documentation (Xena release) for details.. Either ensure your deployment is ready for the new default or copy/paste the deprecated policy into your policy file and maintain it manually.
Mar 08 04:06:40.964915 dv-cinder-733062-29-smb devstack@c-api.service[110090]: warnings.warn(deprecated_msg)
Mar 08 04:06:40.964915 dv-cinder-733062-29-smb devstack@c-api.service[110090]: DEBUG cinder.api.middleware.request_id [None req-8c19137a-1547-42b9-b386-e8a9e82ba0bc None None] RequestId filter calling following filter/app {{(pid=110090) _context_setter /opt/stack/cinder/cinder/api/middleware/request_id.py:62}}
Mar 08 04:06:41.927418 dv-cinder-733062-29-smb devstack@c-api.service[110090]: INFO cinder.api.openstack.wsgi [None req-8c19137a-1547-42b9-b386-e8a9e82ba0bc admin admin] POST http://10.222.0.31/volume/v3/b37ed97e82964a7aae427960308bd3dc/types
Mar 08 04:06:41.928456 dv-cinder-733062-29-smb devstack@c-api.service[110090]: DEBUG cinder.api.openstack.wsgi [None req-8c19137a-1547-42b9-b386-e8a9e82ba0bc admin admin] Action: 'create', calling method: _create, body: {"volume_type": {"name": "lvmdriver-1", "description": null, "os-volume-type-access:is_public": true}} {{(pid=110090) _process_stack /opt/stack/cinder/cinder/api/openstack/wsgi.py:866}}
Mar 08 04:06:41.930754 dv-cinder-733062-29-smb devstack@c-api.service[110090]: /usr/local/lib/python3.8/dist-packages/oslo_context/context.py:100: DeprecationWarning: Policy enforcement is depending on the value of is_admin. This key is deprecated. Please update your policy file to use the standard policy values.
Mar 08 04:06:41.930754 dv-cinder-733062-29-smb devstack@c-api.service[110090]: warnings.warn('Policy enforcement is depending on the value of '
Mar 08 04:06:41.939687 dv-cinder-733062-29-smb devstack@c-api.service[110090]: DEBUG oslo_db.sqlalchemy.engines [None req-8c19137a-1547-42b9-b386-e8a9e82ba0bc admin admin] MySQL server mode set to STRICT_TRANS_TABLES,STRICT_ALL_TABLES,NO_ZERO_IN_DATE,NO_ZERO_DATE,ERROR_FOR_DIVISION_BY_ZERO,TRADITIONAL,NO_ENGINE_SUBSTITUTION {{(pid=110090) _check_effective_sql_mode /usr/local/lib/python3.8/dist-packages/oslo_db/sqlalchemy/engines.py:314}}
Mar 08 04:06:41.996808 dv-cinder-733062-29-smb devstack@c-api.service[110090]: INFO cinder.api.openstack.wsgi [None req-8c19137a-1547-42b9-b386-e8a9e82ba0bc admin admin] http://10.222.0.31/volume/v3/b37ed97e82964a7aae427960308bd3dc/types returned with HTTP 200
Mar 08 04:06:41.998190 dv-cinder-733062-29-smb devstack@c-api.service[110090]: [pid: 110090|app: 0|req: 1/2] 10.222.0.31 () {60 vars in 1237 bytes} [Tue Mar 8 04:06:40 2022] POST /volume/v3/b37ed97e82964a7aae427960308bd3dc/types => generated 186 bytes in 1075 msecs (HTTP/1.1 200) 7 headers in 285 bytes (1 switches on core 0)
Mar 08 04:06:42.004573 dv-cinder-733062-29-smb devstack@c-api.service[110089]: DEBUG cinder.api.middleware.request_id [req-8c19137a-1547-42b9-b386-e8a9e82ba0bc req-feee0bd7-ace0-4279-b7b9-07587e3d4317 None None] RequestId filter calling following filter/app {{(pid=110089) _context_setter /opt/stack/cinder/cinder/api/middleware/request_id.py:62}}
Mar 08 04:06:42.726200 dv-cinder-733062-29-smb devstack@c-api.service[110089]: INFO cinder.api.openstack.wsgi [req-8c19137a-1547-42b9-b386-e8a9e82ba0bc req-feee0bd7-ace0-4279-b7b9-07587e3d4317 admin admin] POST http://10.222.0.31/volume/v3/b37ed97e82964a7aae427960308bd3dc/types/4a3ae8e1-3e30-4080-b2d5-1acfadfb33ce/extra_specs
Mar 08 04:06:42.727307 dv-cinder-733062-29-smb devstack@c-api.service[110089]: DEBUG cinder.api.openstack.wsgi [req-8c19137a-1547-42b9-b386-e8a9e82ba0bc req-feee0bd7-ace0-4279-b7b9-07587e3d4317 admin admin] Action: 'create', calling method: create, body: {"extra_specs": {"volume_backend_name": "lvmdriver-1"}} {{(pid=110089) _process_stack /opt/stack/cinder/cinder/api/openstack/wsgi.py:866}}
Mar 08 04:06:42.729491 dv-cinder-733062-29-smb devstack@c-api.service[110089]: /usr/local/lib/python3.8/dist-packages/oslo_context/context.py:100: DeprecationWarning: Policy enforcement is depending on the value of is_admin. This key is deprecated. Please update your policy file to use the standard policy values.
Mar 08 04:06:42.729491 dv-cinder-733062-29-smb devstack@c-api.service[110089]: warnings.warn('Policy enforcement is depending on the value of '
Mar 08 04:06:42.739320 dv-cinder-733062-29-smb devstack@c-api.service[110089]: DEBUG oslo_db.sqlalchemy.engines [req-8c19137a-1547-42b9-b386-e8a9e82ba0bc req-feee0bd7-ace0-4279-b7b9-07587e3d4317 admin admin] MySQL server mode set to STRICT_TRANS_TABLES,STRICT_ALL_TABLES,NO_ZERO_IN_DATE,NO_ZERO_DATE,ERROR_FOR_DIVISION_BY_ZERO,TRADITIONAL,NO_ENGINE_SUBSTITUTION {{(pid=110089) _check_effective_sql_mode /usr/local/lib/python3.8/dist-packages/oslo_db/sqlalchemy/engines.py:314}}
Mar 08 04:06:42.854903 dv-cinder-733062-29-smb devstack@c-api.service[110089]: INFO cinder.api.openstack.wsgi [req-8c19137a-1547-42b9-b386-e8a9e82ba0bc req-feee0bd7-ace0-4279-b7b9-07587e3d4317 admin admin] http://10.222.0.31/volume/v3/b37ed97e82964a7aae427960308bd3dc/types/4a3ae8e1-3e30-4080-b2d5-1acfadfb33ce/extra_specs returned with HTTP 200
Mar 08 04:06:42.855711 dv-cinder-733062-29-smb devstack@c-api.service[110089]: [pid: 110089|app: 0|req: 2/3] 10.222.0.31 () {62 vars in 1454 bytes} [Tue Mar 8 04:06:42 2022] POST /volume/v3/b37ed97e82964a7aae427960308bd3dc/types/4a3ae8e1-3e30-4080-b2d5-1acfadfb33ce/extra_specs => generated 55 bytes in 852 msecs (HTTP/1.1 200) 7 headers in 284 bytes (1 switches on core 0)
Mar 08 04:07:21.195432 dv-cinder-733062-29-smb devstack@c-api.service[110090]: DEBUG cinder.api.middleware.request_id [None req-4df59bab-fab9-4fbd-b59e-b19e763cc29d None None] RequestId filter calling following filter/app {{(pid=110090) _context_setter /opt/stack/cinder/cinder/api/middleware/request_id.py:62}}
Mar 08 04:07:21.196662 dv-cinder-733062-29-smb devstack@c-api.service[110090]: INFO cinder.api.openstack.wsgi [None req-4df59bab-fab9-4fbd-b59e-b19e763cc29d None None] GET http://10.222.0.31/volume//
Mar 08 04:07:21.197057 dv-cinder-733062-29-smb devstack@c-api.service[110090]: DEBUG cinder.api.openstack.wsgi [None req-4df59bab-fab9-4fbd-b59e-b19e763cc29d None None] Empty body provided in request {{(pid=110090) get_body /opt/stack/cinder/cinder/api/openstack/wsgi.py:715}}
Mar 08 04:07:21.197513 dv-cinder-733062-29-smb devstack@c-api.service[110090]: DEBUG cinder.api.openstack.wsgi [None req-4df59bab-fab9-4fbd-b59e-b19e763cc29d None None] Calling method 'all' {{(pid=110090) _process_stack /opt/stack/cinder/cinder/api/openstack/wsgi.py:868}}
Mar 08 04:07:21.198569 dv-cinder-733062-29-smb devstack@c-api.service[110090]: INFO cinder.api.openstack.wsgi [None req-4df59bab-fab9-4fbd-b59e-b19e763cc29d None None] http://10.222.0.31/volume// returned with HTTP 300
Mar 08 04:07:21.199159 dv-cinder-733062-29-smb devstack@c-api.service[110090]: [pid: 110090|app: 0|req: 2/4] 10.222.0.31 () {56 vars in 1098 bytes} [Tue Mar 8 04:07:21 2022] GET /volume/ => generated 386 bytes in 5 msecs (HTTP/1.1 300) 7 headers in 299 bytes (1 switches on core 0)
Mar 08 04:09:58.528965 dv-cinder-733062-29-smb devstack@c-api.service[110089]: DEBUG cinder.api.middleware.request_id [None req-26df8c95-a0c3-4b8d-a678-893de3b5413d None None] RequestId filter calling following filter/app {{(pid=110089) _context_setter /opt/stack/cinder/cinder/api/middleware/request_id.py:62}}
Mar 08 04:09:58.536222 dv-cinder-733062-29-smb devstack@c-api.service[110089]: INFO cinder.api.openstack.wsgi [None req-26df8c95-a0c3-4b8d-a678-893de3b5413d tempest-verify_tempest_config-1785981104 tempest-verify_tempest_config-1785981104-project] GET http://10.222.0.31/volume/v3/27b81c51b05449bdad7d1bbd133f62b3/extensions
Mar 08 04:09:58.536660 dv-cinder-733062-29-smb devstack@c-api.service[110089]: DEBUG cinder.api.openstack.wsgi [None req-26df8c95-a0c3-4b8d-a678-893de3b5413d tempest-verify_tempest_config-1785981104 tempest-verify_tempest_config-1785981104-project] Empty body provided in request {{(pid=110089) get_body /opt/stack/cinder/cinder/api/openstack/wsgi.py:715}}
Mar 08 04:09:58.537106 dv-cinder-733062-29-smb devstack@c-api.service[110089]: DEBUG cinder.api.openstack.wsgi [None req-26df8c95-a0c3-4b8d-a678-893de3b5413d tempest-verify_tempest_config-1785981104 tempest-verify_tempest_config-1785981104-project] Calling method 'index' {{(pid=110089) _process_stack /opt/stack/cinder/cinder/api/openstack/wsgi.py:868}}
Mar 08 04:09:58.537787 dv-cinder-733062-29-smb devstack@c-api.service[110089]: INFO cinder.api.openstack.wsgi [None req-26df8c95-a0c3-4b8d-a678-893de3b5413d tempest-verify_tempest_config-1785981104 tempest-verify_tempest_config-1785981104-project] http://10.222.0.31/volume/v3/27b81c51b05449bdad7d1bbd133f62b3/extensions returned with HTTP 200
Mar 08 04:09:58.538464 dv-cinder-733062-29-smb devstack@c-api.service[110089]: [pid: 110089|app: 0|req: 3/5] 10.222.0.31 () {58 vars in 1222 bytes} [Tue Mar 8 04:09:58 2022] GET /volume/v3/27b81c51b05449bdad7d1bbd133f62b3/extensions => generated 5245 bytes in 11 msecs (HTTP/1.1 200) 7 headers in 286 bytes (2 switches on core 0)
Mar 08 04:12:05.607330 dv-cinder-733062-29-smb devstack@c-api.service[110090]: DEBUG cinder.api.middleware.request_id [None req-6abdc8aa-68b3-4316-8b46-aeb9204e40a2 None None] RequestId filter calling following filter/app {{(pid=110090) _context_setter /opt/stack/cinder/cinder/api/middleware/request_id.py:62}}
Mar 08 04:12:05.721420 dv-cinder-733062-29-smb devstack@c-api.service[110090]: INFO cinder.api.openstack.wsgi [None req-6abdc8aa-68b3-4316-8b46-aeb9204e40a2 admin admin] GET http://10.222.0.31/volume/v3/b37ed97e82964a7aae427960308bd3dc/os-services
Mar 08 04:12:05.721879 dv-cinder-733062-29-smb devstack@c-api.service[110090]: DEBUG cinder.api.openstack.wsgi [None req-6abdc8aa-68b3-4316-8b46-aeb9204e40a2 admin admin] Empty body provided in request {{(pid=110090) get_body /opt/stack/cinder/cinder/api/openstack/wsgi.py:715}}
Mar 08 04:12:05.722339 dv-cinder-733062-29-smb devstack@c-api.service[110090]: DEBUG cinder.api.openstack.wsgi [None req-6abdc8aa-68b3-4316-8b46-aeb9204e40a2 admin admin] Calling method 'index' {{(pid=110090) _process_stack /opt/stack/cinder/cinder/api/openstack/wsgi.py:868}}
Mar 08 04:12:05.730997 dv-cinder-733062-29-smb devstack@c-api.service[110090]: INFO cinder.api.openstack.wsgi [None req-6abdc8aa-68b3-4316-8b46-aeb9204e40a2 admin admin] http://10.222.0.31/volume/v3/b37ed97e82964a7aae427960308bd3dc/os-services returned with HTTP 200
Mar 08 04:12:05.731730 dv-cinder-733062-29-smb devstack@c-api.service[110090]: [pid: 110090|app: 0|req: 3/6] 10.222.0.31 () {56 vars in 1201 bytes} [Tue Mar 8 04:12:05 2022] GET /volume/v3/b37ed97e82964a7aae427960308bd3dc/os-services => generated 641 bytes in 126 msecs (HTTP/1.1 200) 7 headers in 285 bytes (1 switches on core 0)
Mar 08 04:12:08.370335 dv-cinder-733062-29-smb devstack@c-api.service[110089]: DEBUG cinder.api.middleware.request_id [None req-19a4e5b2-205a-4ce0-9323-03c013cf2a55 None None] RequestId filter calling following filter/app {{(pid=110089) _context_setter /opt/stack/cinder/cinder/api/middleware/request_id.py:62}}
Mar 08 04:12:08.468232 dv-cinder-733062-29-smb devstack@c-api.service[110089]: INFO cinder.api.openstack.wsgi [None req-19a4e5b2-205a-4ce0-9323-03c013cf2a55 admin admin] GET http://10.222.0.31/volume/v3/b37ed97e82964a7aae427960308bd3dc/os-services
Mar 08 04:12:08.468689 dv-cinder-733062-29-smb devstack@c-api.service[110089]: DEBUG cinder.api.openstack.wsgi [None req-19a4e5b2-205a-4ce0-9323-03c013cf2a55 admin admin] Empty body provided in request {{(pid=110089) get_body /opt/stack/cinder/cinder/api/openstack/wsgi.py:715}}
Mar 08 04:12:08.469138 dv-cinder-733062-29-smb devstack@c-api.service[110089]: DEBUG cinder.api.openstack.wsgi [None req-19a4e5b2-205a-4ce0-9323-03c013cf2a55 admin admin] Calling method 'index' {{(pid=110089) _process_stack /opt/stack/cinder/cinder/api/openstack/wsgi.py:868}}
Mar 08 04:12:08.478434 dv-cinder-733062-29-smb devstack@c-api.service[110089]: INFO cinder.api.openstack.wsgi [None req-19a4e5b2-205a-4ce0-9323-03c013cf2a55 admin admin] http://10.222.0.31/volume/v3/b37ed97e82964a7aae427960308bd3dc/os-services returned with HTTP 200
Mar 08 04:12:08.479120 dv-cinder-733062-29-smb devstack@c-api.service[110089]: [pid: 110089|app: 0|req: 4/7] 10.222.0.31 () {56 vars in 1201 bytes} [Tue Mar 8 04:12:08 2022] GET /volume/v3/b37ed97e82964a7aae427960308bd3dc/os-services => generated 641 bytes in 111 msecs (HTTP/1.1 200) 7 headers in 285 bytes (1 switches on core 0)
Mar 08 04:13:49.224779 dv-cinder-733062-29-smb devstack@c-api.service[110090]: DEBUG cinder.api.middleware.request_id [None req-1680e2be-49f4-412f-8ca7-7de3acb26a8f None None] RequestId filter calling following filter/app {{(pid=110090) _context_setter /opt/stack/cinder/cinder/api/middleware/request_id.py:62}}
Mar 08 04:13:49.746031 dv-cinder-733062-29-smb devstack@c-api.service[110090]: INFO cinder.api.openstack.wsgi [None req-1680e2be-49f4-412f-8ca7-7de3acb26a8f tempest-VolumesTestJSON-1274597836 tempest-VolumesTestJSON-1274597836-project] POST http://10.222.0.31/volume/v3/0851277be6b243e3a9db3e173be58099/volumes
Mar 08 04:13:49.747803 dv-cinder-733062-29-smb devstack@c-api.service[110090]: DEBUG cinder.api.openstack.wsgi [None req-1680e2be-49f4-412f-8ca7-7de3acb26a8f tempest-VolumesTestJSON-1274597836 tempest-VolumesTestJSON-1274597836-project] Action: 'create', calling method: create, body: {"volume": {"metadata": {"Type": "work"}, "size": 1, "display_name": "tempest-VolumesTestJSON-volume-2074523621"}} {{(pid=110090) _process_stack /opt/stack/cinder/cinder/api/openstack/wsgi.py:866}}
Mar 08 04:13:49.749505 dv-cinder-733062-29-smb devstack@c-api.service[110090]: DEBUG cinder.api.v3.volumes [None req-1680e2be-49f4-412f-8ca7-7de3acb26a8f tempest-VolumesTestJSON-1274597836 tempest-VolumesTestJSON-1274597836-project] Create volume request body: {'volume': {'metadata': {'Type': 'work'}, 'size': 1, 'display_name': 'tempest-VolumesTestJSON-volume-2074523621'}} {{(pid=110090) create /opt/stack/cinder/cinder/api/v3/volumes.py:267}}
Mar 08 04:13:49.750711 dv-cinder-733062-29-smb devstack@c-api.service[110090]: INFO cinder.api.v3.volumes [None req-1680e2be-49f4-412f-8ca7-7de3acb26a8f tempest-VolumesTestJSON-1274597836 tempest-VolumesTestJSON-1274597836-project] Create volume of 1 GB
Mar 08 04:13:49.777401 dv-cinder-733062-29-smb devstack@c-api.service[110090]: DEBUG cinder.volume.api [None req-1680e2be-49f4-412f-8ca7-7de3acb26a8f tempest-VolumesTestJSON-1274597836 tempest-VolumesTestJSON-1274597836-project] Availability zone cache updated, next update will occur around 2022-03-08 05:13:49.775512. {{(pid=110090) list_availability_zones /opt/stack/cinder/cinder/volume/api.py:152}}
Mar 08 04:13:49.782638 dv-cinder-733062-29-smb devstack@c-api.service[110090]: INFO cinder.volume.api [None req-1680e2be-49f4-412f-8ca7-7de3acb26a8f tempest-VolumesTestJSON-1274597836 tempest-VolumesTestJSON-1274597836-project] Availability Zones retrieved successfully.
Mar 08 04:13:49.881738 dv-cinder-733062-29-smb devstack@c-api.service[110090]: DEBUG cinder.volume.api [None req-1680e2be-49f4-412f-8ca7-7de3acb26a8f tempest-VolumesTestJSON-1274597836 tempest-VolumesTestJSON-1274597836-project] Flow 'volume_create_api' (6da01819-4886-45a5-a141-e91f3dfaa8e8) transitioned into state 'RUNNING' from state 'PENDING' {{(pid=110090) _flow_receiver /usr/local/lib/python3.8/dist-packages/taskflow/listeners/logging.py:141}}
Mar 08 04:13:49.891497 dv-cinder-733062-29-smb devstack@c-api.service[110090]: DEBUG cinder.volume.api [None req-1680e2be-49f4-412f-8ca7-7de3acb26a8f tempest-VolumesTestJSON-1274597836 tempest-VolumesTestJSON-1274597836-project] Task 'cinder.volume.flows.api.create_volume.ExtractVolumeRequestTask;volume:create' (57e9c268-3eb1-47ee-bb4c-4f47418d7126) transitioned into state 'RUNNING' from state 'PENDING' {{(pid=110090) _task_receiver /usr/local/lib/python3.8/dist-packages/taskflow/listeners/logging.py:190}}
Mar 08 04:13:49.901478 dv-cinder-733062-29-smb devstack@c-api.service[110090]: DEBUG cinder.volume.flows.api.create_volume [None req-1680e2be-49f4-412f-8ca7-7de3acb26a8f tempest-VolumesTestJSON-1274597836 tempest-VolumesTestJSON-1274597836-project] Validating volume size '1' using validate_int {{(pid=110090) _extract_size /opt/stack/cinder/cinder/volume/flows/api/create_volume.py:225}}
Mar 08 04:13:49.966223 dv-cinder-733062-29-smb devstack@c-api.service[110089]: DEBUG cinder.api.middleware.request_id [req-b13e2ba5-544c-4efc-b545-465bcd397e67 req-31554fa3-f92b-4037-a596-fd5624f79837 None None] RequestId filter calling following filter/app {{(pid=110089) _context_setter /opt/stack/cinder/cinder/api/middleware/request_id.py:62}}
Mar 08 04:13:49.990142 dv-cinder-733062-29-smb devstack@c-api.service[110090]: DEBUG cinder.volume.api [None req-1680e2be-49f4-412f-8ca7-7de3acb26a8f tempest-VolumesTestJSON-1274597836 tempest-VolumesTestJSON-1274597836-project] Task 'cinder.volume.flows.api.create_volume.ExtractVolumeRequestTask;volume:create' (57e9c268-3eb1-47ee-bb4c-4f47418d7126) transitioned into state 'SUCCESS' from state 'RUNNING' with result '{'size': 1, 'snapshot_id': None, 'source_volid': None, 'volume_type': VolumeType(created_at=2022-03-08T04:03:49Z,deleted=False,deleted_at=None,description='Default Volume Type',extra_specs={},id=4c171fff-5346-41a3-825f-669607d05172,is_public=True,name='__DEFAULT__',projects=[],qos_specs=,qos_specs_id=None,updated_at=2022-03-08T04:03:49Z), 'volume_type_id': '4c171fff-5346-41a3-825f-669607d05172', 'encryption_key_id': None, 'qos_specs': None, 'consistencygroup_id': None, 'cgsnapshot_id': None, 'group_id': None, 'replication_status': 'disabled', 'refresh_az': False, 'backup_id': None, 'multiattach': False, 'availability_zones': ['nova']}' {{(pid=110090) _task_receiver /usr/local/lib/python3.8/dist-packages/taskflow/listeners/logging.py:178}}
Mar 08 04:13:49.994842 dv-cinder-733062-29-smb devstack@c-api.service[110090]: DEBUG cinder.volume.api [None req-1680e2be-49f4-412f-8ca7-7de3acb26a8f tempest-VolumesTestJSON-1274597836 tempest-VolumesTestJSON-1274597836-project] Task 'cinder.volume.flows.api.create_volume.QuotaReserveTask;volume:create' (16c0fa89-8236-457b-9465-dd3182b3abfc) transitioned into state 'RUNNING' from state 'PENDING' {{(pid=110090) _task_receiver /usr/local/lib/python3.8/dist-packages/taskflow/listeners/logging.py:190}}
Mar 08 04:13:50.052563 dv-cinder-733062-29-smb devstack@c-api.service[110090]: WARNING cinder.quota [None req-1680e2be-49f4-412f-8ca7-7de3acb26a8f tempest-VolumesTestJSON-1274597836 tempest-VolumesTestJSON-1274597836-project] Deprecated: Default quota for resource: volumes___DEFAULT__ is set by the default quota flag: quota_volumes___DEFAULT__, it is now deprecated. Please use the default quota class for default quota.
Mar 08 04:13:50.053797 dv-cinder-733062-29-smb devstack@c-api.service[110090]: WARNING cinder.quota [None req-1680e2be-49f4-412f-8ca7-7de3acb26a8f tempest-VolumesTestJSON-1274597836 tempest-VolumesTestJSON-1274597836-project] Deprecated: Default quota for resource: gigabytes___DEFAULT__ is set by the default quota flag: quota_gigabytes___DEFAULT__, it is now deprecated. Please use the default quota class for default quota.
Mar 08 04:13:50.163594 dv-cinder-733062-29-smb devstack@c-api.service[110090]: DEBUG cinder.quota [None req-1680e2be-49f4-412f-8ca7-7de3acb26a8f tempest-VolumesTestJSON-1274597836 tempest-VolumesTestJSON-1274597836-project] Created reservations ['3d750728-b588-43c9-af51-32ba71939676', '1001fb10-d776-4652-91a2-cb1d6ccbb774', 'f6164bd4-73b3-4727-8a2a-09cddd5ce697', '68fbe7b2-99a4-4b48-bcd1-8379309c39f2'] {{(pid=110090) reserve /opt/stack/cinder/cinder/quota.py:755}}
Mar 08 04:13:50.165867 dv-cinder-733062-29-smb devstack@c-api.service[110090]: DEBUG cinder.volume.api [None req-1680e2be-49f4-412f-8ca7-7de3acb26a8f tempest-VolumesTestJSON-1274597836 tempest-VolumesTestJSON-1274597836-project] Task 'cinder.volume.flows.api.create_volume.QuotaReserveTask;volume:create' (16c0fa89-8236-457b-9465-dd3182b3abfc) transitioned into state 'SUCCESS' from state 'RUNNING' with result '{'reservations': ['3d750728-b588-43c9-af51-32ba71939676', '1001fb10-d776-4652-91a2-cb1d6ccbb774', 'f6164bd4-73b3-4727-8a2a-09cddd5ce697', '68fbe7b2-99a4-4b48-bcd1-8379309c39f2']}' {{(pid=110090) _task_receiver /usr/local/lib/python3.8/dist-packages/taskflow/listeners/logging.py:178}}
Mar 08 04:13:50.168553 dv-cinder-733062-29-smb devstack@c-api.service[110090]: DEBUG cinder.volume.api [None req-1680e2be-49f4-412f-8ca7-7de3acb26a8f tempest-VolumesTestJSON-1274597836 tempest-VolumesTestJSON-1274597836-project] Task 'cinder.volume.flows.api.create_volume.EntryCreateTask;volume:create' (fea51531-4da3-41b7-a6c8-01dca9e8f4b9) transitioned into state 'RUNNING' from state 'PENDING' {{(pid=110090) _task_receiver /usr/local/lib/python3.8/dist-packages/taskflow/listeners/logging.py:190}}
Mar 08 04:13:50.308744 dv-cinder-733062-29-smb devstack@c-api.service[110090]: DEBUG cinder.volume.api [None req-1680e2be-49f4-412f-8ca7-7de3acb26a8f tempest-VolumesTestJSON-1274597836 tempest-VolumesTestJSON-1274597836-project] Task 'cinder.volume.flows.api.create_volume.EntryCreateTask;volume:create' (fea51531-4da3-41b7-a6c8-01dca9e8f4b9) transitioned into state 'SUCCESS' from state 'RUNNING' with result '{'volume_id': '68ed3603-e40e-4cf2-9711-35d1bd400e42', 'volume_properties': VolumeProperties(attach_status='detached',availability_zone='nova',cgsnapshot_id=None,consistencygroup_id=None,display_description=None,display_name='tempest-VolumesTestJSON-volume-2074523621',encryption_key_id=None,group_id=None,group_type_id=,metadata={Type='work'},multiattach=False,project_id='0851277be6b243e3a9db3e173be58099',qos_specs=None,replication_status=,reservations=['3d750728-b588-43c9-af51-32ba71939676','1001fb10-d776-4652-91a2-cb1d6ccbb774','f6164bd4-73b3-4727-8a2a-09cddd5ce697','68fbe7b2-99a4-4b48-bcd1-8379309c39f2'],size=1,snapshot_id=None,source_replicaid=,source_volid=None,status='creating',user_id='281b7ec0abd54b5da3002604a5043c82',volume_type_id=4c171fff-5346-41a3-825f-669607d05172), 'volume': Volume(_name_id=None,admin_metadata=,attach_status='detached',availability_zone='nova',bootable=False,cluster=,cluster_name=None,consistencygroup=,consistencygroup_id=None,created_at=2022-03-08T04:13:50Z,deleted=False,deleted_at=None,display_description=None,display_name='tempest-VolumesTestJSON-volume-2074523621',ec2_id=None,encryption_key_id=None,glance_metadata=,group=,group_id=None,host=None,id=68ed3603-e40e-4cf2-9711-35d1bd400e42,launched_at=None,metadata={Type='work'},migration_status=None,multiattach=False,previous_status=None,project_id='0851277be6b243e3a9db3e173be58099',provider_auth=None,provider_geometry=None,provider_id=None,provider_location=None,replication_driver_data=None,replication_extended_status=None,replication_status=None,scheduled_at=None,service_uuid=None,shared_targets=True,size=1,snapshot_id=None,snapshots=,source_volid=None,status='creating',terminated_at=None,updated_at=None,use_quota=True,user_id='281b7ec0abd54b5da3002604a5043c82',volume_attachment=VolumeAttachmentList,volume_type=VolumeType(4c171fff-5346-41a3-825f-669607d05172),volume_type_id=4c171fff-5346-41a3-825f-669607d05172)}' {{(pid=110090) _task_receiver /usr/local/lib/python3.8/dist-packages/taskflow/listeners/logging.py:178}}
Mar 08 04:13:50.312565 dv-cinder-733062-29-smb devstack@c-api.service[110090]: DEBUG cinder.volume.api [None req-1680e2be-49f4-412f-8ca7-7de3acb26a8f tempest-VolumesTestJSON-1274597836 tempest-VolumesTestJSON-1274597836-project] Task 'cinder.volume.flows.api.create_volume.QuotaCommitTask;volume:create' (87ef6ba3-1f23-4624-9e57-323de17569cb) transitioned into state 'RUNNING' from state 'PENDING' {{(pid=110090) _task_receiver /usr/local/lib/python3.8/dist-packages/taskflow/listeners/logging.py:190}}
Mar 08 04:13:50.358232 dv-cinder-733062-29-smb devstack@c-api.service[110090]: DEBUG cinder.volume.api [None req-1680e2be-49f4-412f-8ca7-7de3acb26a8f tempest-VolumesTestJSON-1274597836 tempest-VolumesTestJSON-1274597836-project] Task 'cinder.volume.flows.api.create_volume.QuotaCommitTask;volume:create' (87ef6ba3-1f23-4624-9e57-323de17569cb) transitioned into state 'SUCCESS' from state 'RUNNING' with result '{'volume_properties': VolumeProperties(attach_status='detached',availability_zone='nova',cgsnapshot_id=None,consistencygroup_id=None,display_description=None,display_name='tempest-VolumesTestJSON-volume-2074523621',encryption_key_id=None,group_id=None,group_type_id=,metadata={Type='work'},multiattach=False,project_id='0851277be6b243e3a9db3e173be58099',qos_specs=None,replication_status=,reservations=['3d750728-b588-43c9-af51-32ba71939676','1001fb10-d776-4652-91a2-cb1d6ccbb774','f6164bd4-73b3-4727-8a2a-09cddd5ce697','68fbe7b2-99a4-4b48-bcd1-8379309c39f2'],size=1,snapshot_id=None,source_replicaid=,source_volid=None,status='creating',user_id='281b7ec0abd54b5da3002604a5043c82',volume_type_id=4c171fff-5346-41a3-825f-669607d05172)}' {{(pid=110090) _task_receiver /usr/local/lib/python3.8/dist-packages/taskflow/listeners/logging.py:178}}
Mar 08 04:13:50.360702 dv-cinder-733062-29-smb devstack@c-api.service[110090]: DEBUG cinder.volume.api [None req-1680e2be-49f4-412f-8ca7-7de3acb26a8f tempest-VolumesTestJSON-1274597836 tempest-VolumesTestJSON-1274597836-project] Task 'cinder.volume.flows.api.create_volume.VolumeCastTask;volume:create' (53006ec4-9be7-46db-9c53-6ae37e502e6c) transitioned into state 'RUNNING' from state 'PENDING' {{(pid=110090) _task_receiver /usr/local/lib/python3.8/dist-packages/taskflow/listeners/logging.py:190}}
Mar 08 04:13:50.377682 dv-cinder-733062-29-smb devstack@c-api.service[110089]: WARNING keystonemiddleware.auth_token [req-b13e2ba5-544c-4efc-b545-465bcd397e67 req-31554fa3-f92b-4037-a596-fd5624f79837 None None] A valid token was submitted as a service token, but it was not a valid service token. This is incorrect but backwards compatible behaviour. This will be removed in future releases.
Mar 08 04:13:50.381023 dv-cinder-733062-29-smb devstack@c-api.service[110089]: INFO cinder.api.openstack.wsgi [req-b13e2ba5-544c-4efc-b545-465bcd397e67 req-31554fa3-f92b-4037-a596-fd5624f79837 tempest-VolumesGetTestJSON-1326806336 tempest-VolumesGetTestJSON-1326806336-project] POST http://10.222.0.31/volume/v3/84278ce5b78e434d98a063c0432ef8a2/volumes
Mar 08 04:13:50.382046 dv-cinder-733062-29-smb devstack@c-api.service[110089]: DEBUG cinder.api.openstack.wsgi [req-b13e2ba5-544c-4efc-b545-465bcd397e67 req-31554fa3-f92b-4037-a596-fd5624f79837 tempest-VolumesGetTestJSON-1326806336 tempest-VolumesGetTestJSON-1326806336-project] Action: 'create', calling method: create, body: {"volume": {"size": 1, "consistencygroup_id": null, "snapshot_id": null, "name": "tempest-VolumesGetTestJSON-Volume-80304811", "description": null, "volume_type": null, "availability_zone": null, "metadata": {"Type": "work"}, "imageRef": null, "source_volid": null, "backup_id": null}} {{(pid=110089) _process_stack /opt/stack/cinder/cinder/api/openstack/wsgi.py:866}}
Mar 08 04:13:50.387254 dv-cinder-733062-29-smb devstack@c-api.service[110089]: DEBUG cinder.api.v3.volumes [req-b13e2ba5-544c-4efc-b545-465bcd397e67 req-31554fa3-f92b-4037-a596-fd5624f79837 tempest-VolumesGetTestJSON-1326806336 tempest-VolumesGetTestJSON-1326806336-project] Create volume request body: {'volume': {'size': 1, 'consistencygroup_id': None, 'snapshot_id': None, 'name': 'tempest-VolumesGetTestJSON-Volume-80304811', 'description': None, 'volume_type': None, 'availability_zone': None, 'metadata': {'Type': 'work'}, 'imageRef': None, 'source_volid': None, 'backup_id': None}} {{(pid=110089) create /opt/stack/cinder/cinder/api/v3/volumes.py:267}}
Mar 08 04:13:50.388493 dv-cinder-733062-29-smb devstack@c-api.service[110089]: INFO cinder.api.v3.volumes [req-b13e2ba5-544c-4efc-b545-465bcd397e67 req-31554fa3-f92b-4037-a596-fd5624f79837 tempest-VolumesGetTestJSON-1326806336 tempest-VolumesGetTestJSON-1326806336-project] Create volume of 1 GB
Mar 08 04:13:50.419245 dv-cinder-733062-29-smb devstack@c-api.service[110089]: DEBUG cinder.volume.api [req-b13e2ba5-544c-4efc-b545-465bcd397e67 req-31554fa3-f92b-4037-a596-fd5624f79837 tempest-VolumesGetTestJSON-1326806336 tempest-VolumesGetTestJSON-1326806336-project] Availability zone cache updated, next update will occur around 2022-03-08 05:13:50.417975. {{(pid=110089) list_availability_zones /opt/stack/cinder/cinder/volume/api.py:152}}
Mar 08 04:13:50.419723 dv-cinder-733062-29-smb devstack@c-api.service[110089]: INFO cinder.volume.api [req-b13e2ba5-544c-4efc-b545-465bcd397e67 req-31554fa3-f92b-4037-a596-fd5624f79837 tempest-VolumesGetTestJSON-1326806336 tempest-VolumesGetTestJSON-1326806336-project] Availability Zones retrieved successfully.
Mar 08 04:13:50.447920 dv-cinder-733062-29-smb devstack@c-api.service[110090]: DEBUG cinder.volume.api [None req-1680e2be-49f4-412f-8ca7-7de3acb26a8f tempest-VolumesTestJSON-1274597836 tempest-VolumesTestJSON-1274597836-project] Task 'cinder.volume.flows.api.create_volume.VolumeCastTask;volume:create' (53006ec4-9be7-46db-9c53-6ae37e502e6c) transitioned into state 'SUCCESS' from state 'RUNNING' with result 'None' {{(pid=110090) _task_receiver /usr/local/lib/python3.8/dist-packages/taskflow/listeners/logging.py:178}}
Mar 08 04:13:50.452877 dv-cinder-733062-29-smb devstack@c-api.service[110090]: DEBUG cinder.volume.api [None req-1680e2be-49f4-412f-8ca7-7de3acb26a8f tempest-VolumesTestJSON-1274597836 tempest-VolumesTestJSON-1274597836-project] Flow 'volume_create_api' (6da01819-4886-45a5-a141-e91f3dfaa8e8) transitioned into state 'SUCCESS' from state 'RUNNING' {{(pid=110090) _flow_receiver /usr/local/lib/python3.8/dist-packages/taskflow/listeners/logging.py:141}}
Mar 08 04:13:50.453973 dv-cinder-733062-29-smb devstack@c-api.service[110090]: INFO cinder.volume.api [None req-1680e2be-49f4-412f-8ca7-7de3acb26a8f tempest-VolumesTestJSON-1274597836 tempest-VolumesTestJSON-1274597836-project] Create volume request issued successfully.
Mar 08 04:13:50.456862 dv-cinder-733062-29-smb devstack@c-api.service[110090]: INFO cinder.api.openstack.wsgi [None req-1680e2be-49f4-412f-8ca7-7de3acb26a8f tempest-VolumesTestJSON-1274597836 tempest-VolumesTestJSON-1274597836-project] http://10.222.0.31/volume/v3/0851277be6b243e3a9db3e173be58099/volumes returned with HTTP 202
Mar 08 04:13:50.458610 dv-cinder-733062-29-smb devstack@c-api.service[110090]: [pid: 110090|app: 0|req: 4/8] 10.222.0.31 () {60 vars in 1235 bytes} [Tue Mar 8 04:13:49 2022] POST /volume/v3/0851277be6b243e3a9db3e173be58099/volumes => generated 829 bytes in 1235 msecs (HTTP/1.1 202) 7 headers in 291 bytes (1 switches on core 0)
Mar 08 04:13:50.469473 dv-cinder-733062-29-smb devstack@c-api.service[110090]: DEBUG cinder.api.middleware.request_id [None req-2b326066-90da-4491-919f-c933d07fdd72 None None] RequestId filter calling following filter/app {{(pid=110090) _context_setter /opt/stack/cinder/cinder/api/middleware/request_id.py:62}}
Mar 08 04:13:50.538227 dv-cinder-733062-29-smb devstack@c-api.service[110089]: DEBUG cinder.volume.api [req-b13e2ba5-544c-4efc-b545-465bcd397e67 req-31554fa3-f92b-4037-a596-fd5624f79837 tempest-VolumesGetTestJSON-1326806336 tempest-VolumesGetTestJSON-1326806336-project] Flow 'volume_create_api' (6514ffee-ea0c-4663-aed3-0a8bf15e369a) transitioned into state 'RUNNING' from state 'PENDING' {{(pid=110089) _flow_receiver /usr/local/lib/python3.8/dist-packages/taskflow/listeners/logging.py:141}}
Mar 08 04:13:50.546933 dv-cinder-733062-29-smb devstack@c-api.service[110089]: DEBUG cinder.volume.api [req-b13e2ba5-544c-4efc-b545-465bcd397e67 req-31554fa3-f92b-4037-a596-fd5624f79837 tempest-VolumesGetTestJSON-1326806336 tempest-VolumesGetTestJSON-1326806336-project] Task 'cinder.volume.flows.api.create_volume.ExtractVolumeRequestTask;volume:create' (34e6854b-1092-4a32-8995-0387eae862ef) transitioned into state 'RUNNING' from state 'PENDING' {{(pid=110089) _task_receiver /usr/local/lib/python3.8/dist-packages/taskflow/listeners/logging.py:190}}
Mar 08 04:13:50.555175 dv-cinder-733062-29-smb devstack@c-api.service[110089]: DEBUG cinder.volume.flows.api.create_volume [req-b13e2ba5-544c-4efc-b545-465bcd397e67 req-31554fa3-f92b-4037-a596-fd5624f79837 tempest-VolumesGetTestJSON-1326806336 tempest-VolumesGetTestJSON-1326806336-project] Validating volume size '1' using validate_int {{(pid=110089) _extract_size /opt/stack/cinder/cinder/volume/flows/api/create_volume.py:225}}
Mar 08 04:13:50.682547 dv-cinder-733062-29-smb devstack@c-api.service[110090]: INFO cinder.api.openstack.wsgi [None req-2b326066-90da-4491-919f-c933d07fdd72 tempest-GroupTypeSpecsTest-2077238879 tempest-GroupTypeSpecsTest-2077238879-project-admin] POST http://10.222.0.31/volume/v3/fc38ea43f15f4b4caf3a9b26271e02eb/group_types
Mar 08 04:13:50.683657 dv-cinder-733062-29-smb devstack@c-api.service[110090]: DEBUG cinder.api.openstack.wsgi [None req-2b326066-90da-4491-919f-c933d07fdd72 tempest-GroupTypeSpecsTest-2077238879 tempest-GroupTypeSpecsTest-2077238879-project-admin] Action: 'create', calling method: version_select, body: {"group_type": {"name": "tempest-GroupTypeSpecsTest-group-type-1714420281"}} {{(pid=110090) _process_stack /opt/stack/cinder/cinder/api/openstack/wsgi.py:866}}
Mar 08 04:13:50.694280 dv-cinder-733062-29-smb devstack@c-api.service[110090]: /usr/local/lib/python3.8/dist-packages/oslo_context/context.py:100: DeprecationWarning: Policy enforcement is depending on the value of is_admin. This key is deprecated. Please update your policy file to use the standard policy values.
Mar 08 04:13:50.694280 dv-cinder-733062-29-smb devstack@c-api.service[110090]: warnings.warn('Policy enforcement is depending on the value of '
Mar 08 04:13:50.731819 dv-cinder-733062-29-smb devstack@c-api.service[110089]: DEBUG cinder.volume.api [req-b13e2ba5-544c-4efc-b545-465bcd397e67 req-31554fa3-f92b-4037-a596-fd5624f79837 tempest-VolumesGetTestJSON-1326806336 tempest-VolumesGetTestJSON-1326806336-project] Task 'cinder.volume.flows.api.create_volume.ExtractVolumeRequestTask;volume:create' (34e6854b-1092-4a32-8995-0387eae862ef) transitioned into state 'SUCCESS' from state 'RUNNING' with result '{'size': 1, 'snapshot_id': None, 'source_volid': None, 'volume_type': VolumeType(created_at=2022-03-08T04:03:49Z,deleted=False,deleted_at=None,description='Default Volume Type',extra_specs={},id=4c171fff-5346-41a3-825f-669607d05172,is_public=True,name='__DEFAULT__',projects=[],qos_specs=,qos_specs_id=None,updated_at=2022-03-08T04:03:49Z), 'volume_type_id': '4c171fff-5346-41a3-825f-669607d05172', 'encryption_key_id': None, 'qos_specs': None, 'consistencygroup_id': None, 'cgsnapshot_id': None, 'group_id': None, 'replication_status': 'disabled', 'refresh_az': False, 'backup_id': None, 'multiattach': False, 'availability_zones': ['nova']}' {{(pid=110089) _task_receiver /usr/local/lib/python3.8/dist-packages/taskflow/listeners/logging.py:178}}
Mar 08 04:13:50.740729 dv-cinder-733062-29-smb devstack@c-api.service[110089]: DEBUG cinder.volume.api [req-b13e2ba5-544c-4efc-b545-465bcd397e67 req-31554fa3-f92b-4037-a596-fd5624f79837 tempest-VolumesGetTestJSON-1326806336 tempest-VolumesGetTestJSON-1326806336-project] Task 'cinder.volume.flows.api.create_volume.QuotaReserveTask;volume:create' (8f212d6c-ff9f-4080-a9c3-7075519b57af) transitioned into state 'RUNNING' from state 'PENDING' {{(pid=110089) _task_receiver /usr/local/lib/python3.8/dist-packages/taskflow/listeners/logging.py:190}}
Mar 08 04:13:50.757864 dv-cinder-733062-29-smb devstack@c-api.service[110090]: INFO cinder.api.openstack.wsgi [None req-2b326066-90da-4491-919f-c933d07fdd72 tempest-GroupTypeSpecsTest-2077238879 tempest-GroupTypeSpecsTest-2077238879-project-admin] http://10.222.0.31/volume/v3/fc38ea43f15f4b4caf3a9b26271e02eb/group_types returned with HTTP 202
Mar 08 04:13:50.765244 dv-cinder-733062-29-smb devstack@c-api.service[110090]: [pid: 110090|app: 0|req: 5/9] 10.222.0.31 () {62 vars in 1287 bytes} [Tue Mar 8 04:13:50 2022] POST /volume/v3/fc38ea43f15f4b4caf3a9b26271e02eb/group_types => generated 181 bytes in 306 msecs (HTTP/1.1 202) 7 headers in 292 bytes (1 switches on core 0)
Mar 08 04:13:50.769952 dv-cinder-733062-29-smb devstack@c-api.service[110090]: DEBUG cinder.api.middleware.request_id [None req-7a01c213-3fe0-49e3-a5ef-024ce4242666 None None] RequestId filter calling following filter/app {{(pid=110090) _context_setter /opt/stack/cinder/cinder/api/middleware/request_id.py:62}}
Mar 08 04:13:50.782491 dv-cinder-733062-29-smb devstack@c-api.service[110090]: INFO cinder.api.openstack.wsgi [None req-7a01c213-3fe0-49e3-a5ef-024ce4242666 tempest-VolumesTestJSON-1274597836 tempest-VolumesTestJSON-1274597836-project] GET http://10.222.0.31/volume/v3/0851277be6b243e3a9db3e173be58099/volumes/68ed3603-e40e-4cf2-9711-35d1bd400e42
Mar 08 04:13:50.783318 dv-cinder-733062-29-smb devstack@c-api.service[110090]: DEBUG cinder.api.openstack.wsgi [None req-7a01c213-3fe0-49e3-a5ef-024ce4242666 tempest-VolumesTestJSON-1274597836 tempest-VolumesTestJSON-1274597836-project] Empty body provided in request {{(pid=110090) get_body /opt/stack/cinder/cinder/api/openstack/wsgi.py:715}}
Mar 08 04:13:50.787140 dv-cinder-733062-29-smb devstack@c-api.service[110090]: DEBUG cinder.api.openstack.wsgi [None req-7a01c213-3fe0-49e3-a5ef-024ce4242666 tempest-VolumesTestJSON-1274597836 tempest-VolumesTestJSON-1274597836-project] Calling method 'show' {{(pid=110090) _process_stack /opt/stack/cinder/cinder/api/openstack/wsgi.py:868}}
Mar 08 04:13:50.816811 dv-cinder-733062-29-smb devstack@c-api.service[110090]: /usr/local/lib/python3.8/dist-packages/oslo_context/context.py:100: DeprecationWarning: Policy enforcement is depending on the value of is_admin. This key is deprecated. Please update your policy file to use the standard policy values.
Mar 08 04:13:50.816811 dv-cinder-733062-29-smb devstack@c-api.service[110090]: warnings.warn('Policy enforcement is depending on the value of '
Mar 08 04:13:50.833214 dv-cinder-733062-29-smb devstack@c-api.service[110090]: INFO cinder.volume.api [None req-7a01c213-3fe0-49e3-a5ef-024ce4242666 tempest-VolumesTestJSON-1274597836 tempest-VolumesTestJSON-1274597836-project] Volume info retrieved successfully.
Mar 08 04:13:50.854854 dv-cinder-733062-29-smb devstack@c-api.service[110090]: INFO cinder.api.openstack.wsgi [None req-7a01c213-3fe0-49e3-a5ef-024ce4242666 tempest-VolumesTestJSON-1274597836 tempest-VolumesTestJSON-1274597836-project] http://10.222.0.31/volume/v3/0851277be6b243e3a9db3e173be58099/volumes/68ed3603-e40e-4cf2-9711-35d1bd400e42 returned with HTTP 200
Mar 08 04:13:50.856088 dv-cinder-733062-29-smb devstack@c-api.service[110090]: [pid: 110090|app: 0|req: 6/10] 10.222.0.31 () {58 vars in 1324 bytes} [Tue Mar 8 04:13:50 2022] GET /volume/v3/0851277be6b243e3a9db3e173be58099/volumes/68ed3603-e40e-4cf2-9711-35d1bd400e42 => generated 897 bytes in 90 msecs (HTTP/1.1 200) 7 headers in 285 bytes (1 switches on core 0)
Mar 08 04:13:50.856992 dv-cinder-733062-29-smb devstack@c-api.service[110089]: WARNING cinder.quota [req-b13e2ba5-544c-4efc-b545-465bcd397e67 req-31554fa3-f92b-4037-a596-fd5624f79837 tempest-VolumesGetTestJSON-1326806336 tempest-VolumesGetTestJSON-1326806336-project] Deprecated: Default quota for resource: volumes___DEFAULT__ is set by the default quota flag: quota_volumes___DEFAULT__, it is now deprecated. Please use the default quota class for default quota.
Mar 08 04:13:50.857735 dv-cinder-733062-29-smb devstack@c-api.service[110090]: DEBUG cinder.api.middleware.request_id [None req-b0fa0050-8fd4-45fb-8511-09a5408fc2f4 None None] RequestId filter calling following filter/app {{(pid=110090) _context_setter /opt/stack/cinder/cinder/api/middleware/request_id.py:62}}
Mar 08 04:13:50.858209 dv-cinder-733062-29-smb devstack@c-api.service[110089]: WARNING cinder.quota [req-b13e2ba5-544c-4efc-b545-465bcd397e67 req-31554fa3-f92b-4037-a596-fd5624f79837 tempest-VolumesGetTestJSON-1326806336 tempest-VolumesGetTestJSON-1326806336-project] Deprecated: Default quota for resource: gigabytes___DEFAULT__ is set by the default quota flag: quota_gigabytes___DEFAULT__, it is now deprecated. Please use the default quota class for default quota.
Mar 08 04:13:50.867655 dv-cinder-733062-29-smb devstack@c-api.service[110090]: INFO cinder.api.openstack.wsgi [None req-b0fa0050-8fd4-45fb-8511-09a5408fc2f4 tempest-GroupTypeSpecsTest-2077238879 tempest-GroupTypeSpecsTest-2077238879-project-admin] POST http://10.222.0.31/volume/v3/fc38ea43f15f4b4caf3a9b26271e02eb/group_types/160efce5-8283-4531-80af-a4dab6f8fa0f/group_specs
Mar 08 04:13:50.868485 dv-cinder-733062-29-smb devstack@c-api.service[110090]: DEBUG cinder.api.openstack.wsgi [None req-b0fa0050-8fd4-45fb-8511-09a5408fc2f4 tempest-GroupTypeSpecsTest-2077238879 tempest-GroupTypeSpecsTest-2077238879-project-admin] Action: 'create', calling method: version_select, body: {"group_specs": {"key1": "value1", "key2": "value2"}} {{(pid=110090) _process_stack /opt/stack/cinder/cinder/api/openstack/wsgi.py:866}}
Mar 08 04:13:50.919507 dv-cinder-733062-29-smb devstack@c-api.service[110090]: INFO cinder.api.openstack.wsgi [None req-b0fa0050-8fd4-45fb-8511-09a5408fc2f4 tempest-GroupTypeSpecsTest-2077238879 tempest-GroupTypeSpecsTest-2077238879-project-admin] http://10.222.0.31/volume/v3/fc38ea43f15f4b4caf3a9b26271e02eb/group_types/160efce5-8283-4531-80af-a4dab6f8fa0f/group_specs returned with HTTP 202
Mar 08 04:13:50.927347 dv-cinder-733062-29-smb devstack@c-api.service[110090]: [pid: 110090|app: 0|req: 7/11] 10.222.0.31 () {62 vars in 1434 bytes} [Tue Mar 8 04:13:50 2022] POST /volume/v3/fc38ea43f15f4b4caf3a9b26271e02eb/group_types/160efce5-8283-4531-80af-a4dab6f8fa0f/group_specs => generated 53 bytes in 71 msecs (HTTP/1.1 202) 7 headers in 291 bytes (1 switches on core 0)
Mar 08 04:13:50.930264 dv-cinder-733062-29-smb devstack@c-api.service[110090]: DEBUG cinder.api.middleware.request_id [None req-2561ec98-1101-45b2-b10a-788cfedbd5a3 None None] RequestId filter calling following filter/app {{(pid=110090) _context_setter /opt/stack/cinder/cinder/api/middleware/request_id.py:62}}
Mar 08 04:13:50.936118 dv-cinder-733062-29-smb devstack@c-api.service[110090]: INFO cinder.api.openstack.wsgi [None req-2561ec98-1101-45b2-b10a-788cfedbd5a3 tempest-GroupTypeSpecsTest-2077238879 tempest-GroupTypeSpecsTest-2077238879-project-admin] POST http://10.222.0.31/volume/v3/fc38ea43f15f4b4caf3a9b26271e02eb/group_types/160efce5-8283-4531-80af-a4dab6f8fa0f/group_specs
Mar 08 04:13:50.937878 dv-cinder-733062-29-smb devstack@c-api.service[110090]: DEBUG cinder.api.openstack.wsgi [None req-2561ec98-1101-45b2-b10a-788cfedbd5a3 tempest-GroupTypeSpecsTest-2077238879 tempest-GroupTypeSpecsTest-2077238879-project-admin] Action: 'create', calling method: version_select, body: {"group_specs": {"key2": "value2-updated", "key3": "value3"}} {{(pid=110090) _process_stack /opt/stack/cinder/cinder/api/openstack/wsgi.py:866}}
Mar 08 04:13:50.961927 dv-cinder-733062-29-smb devstack@c-api.service[110090]: INFO cinder.api.openstack.wsgi [None req-2561ec98-1101-45b2-b10a-788cfedbd5a3 tempest-GroupTypeSpecsTest-2077238879 tempest-GroupTypeSpecsTest-2077238879-project-admin] http://10.222.0.31/volume/v3/fc38ea43f15f4b4caf3a9b26271e02eb/group_types/160efce5-8283-4531-80af-a4dab6f8fa0f/group_specs returned with HTTP 202
Mar 08 04:13:50.968609 dv-cinder-733062-29-smb devstack@c-api.service[110090]: [pid: 110090|app: 0|req: 8/12] 10.222.0.31 () {62 vars in 1434 bytes} [Tue Mar 8 04:13:50 2022] POST /volume/v3/fc38ea43f15f4b4caf3a9b26271e02eb/group_types/160efce5-8283-4531-80af-a4dab6f8fa0f/group_specs => generated 61 bytes in 35 msecs (HTTP/1.1 202) 7 headers in 291 bytes (1 switches on core 0)
Mar 08 04:13:50.970588 dv-cinder-733062-29-smb devstack@c-api.service[110090]: DEBUG cinder.api.middleware.request_id [None req-b1ed42ad-dc7f-4f20-a92b-09495b8a5896 None None] RequestId filter calling following filter/app {{(pid=110090) _context_setter /opt/stack/cinder/cinder/api/middleware/request_id.py:62}}
Mar 08 04:13:50.976990 dv-cinder-733062-29-smb devstack@c-api.service[110090]: INFO cinder.api.openstack.wsgi [None req-b1ed42ad-dc7f-4f20-a92b-09495b8a5896 tempest-GroupTypeSpecsTest-2077238879 tempest-GroupTypeSpecsTest-2077238879-project-admin] GET http://10.222.0.31/volume/v3/fc38ea43f15f4b4caf3a9b26271e02eb/group_types/160efce5-8283-4531-80af-a4dab6f8fa0f/group_specs/key2
Mar 08 04:13:50.978972 dv-cinder-733062-29-smb devstack@c-api.service[110090]: DEBUG cinder.api.openstack.wsgi [None req-b1ed42ad-dc7f-4f20-a92b-09495b8a5896 tempest-GroupTypeSpecsTest-2077238879 tempest-GroupTypeSpecsTest-2077238879-project-admin] Empty body provided in request {{(pid=110090) get_body /opt/stack/cinder/cinder/api/openstack/wsgi.py:715}}
Mar 08 04:13:50.979814 dv-cinder-733062-29-smb devstack@c-api.service[110090]: DEBUG cinder.api.openstack.wsgi [None req-b1ed42ad-dc7f-4f20-a92b-09495b8a5896 tempest-GroupTypeSpecsTest-2077238879 tempest-GroupTypeSpecsTest-2077238879-project-admin] Calling method 'version_select' {{(pid=110090) _process_stack /opt/stack/cinder/cinder/api/openstack/wsgi.py:868}}
Mar 08 04:13:51.015826 dv-cinder-733062-29-smb devstack@c-api.service[110090]: INFO cinder.api.openstack.wsgi [None req-b1ed42ad-dc7f-4f20-a92b-09495b8a5896 tempest-GroupTypeSpecsTest-2077238879 tempest-GroupTypeSpecsTest-2077238879-project-admin] http://10.222.0.31/volume/v3/fc38ea43f15f4b4caf3a9b26271e02eb/group_types/160efce5-8283-4531-80af-a4dab6f8fa0f/group_specs/key2 returned with HTTP 200
Mar 08 04:13:51.021668 dv-cinder-733062-29-smb devstack@c-api.service[110090]: [pid: 110090|app: 0|req: 9/13] 10.222.0.31 () {60 vars in 1428 bytes} [Tue Mar 8 04:13:50 2022] GET /volume/v3/fc38ea43f15f4b4caf3a9b26271e02eb/group_types/160efce5-8283-4531-80af-a4dab6f8fa0f/group_specs/key2 => generated 26 bytes in 52 msecs (HTTP/1.1 200) 7 headers in 285 bytes (1 switches on core 0)
Mar 08 04:13:51.023210 dv-cinder-733062-29-smb devstack@c-api.service[110090]: DEBUG cinder.api.middleware.request_id [None req-eb5a3d9d-afab-447e-bdd5-4f337a6394da None None] RequestId filter calling following filter/app {{(pid=110090) _context_setter /opt/stack/cinder/cinder/api/middleware/request_id.py:62}}
Mar 08 04:13:51.027806 dv-cinder-733062-29-smb devstack@c-api.service[110089]: DEBUG cinder.quota [req-b13e2ba5-544c-4efc-b545-465bcd397e67 req-31554fa3-f92b-4037-a596-fd5624f79837 tempest-VolumesGetTestJSON-1326806336 tempest-VolumesGetTestJSON-1326806336-project] Created reservations ['45f9b8f2-ee0f-4c6f-8a7a-cb74e02463d3', 'f9cc07a9-d2c0-4fa0-b043-be8595b025e3', 'b393991b-fab1-4e99-b81e-16c9ae45038e', '5bac34d9-3c1c-4b9b-9deb-ce23564767d6'] {{(pid=110089) reserve /opt/stack/cinder/cinder/quota.py:755}}
Mar 08 04:13:51.030184 dv-cinder-733062-29-smb devstack@c-api.service[110090]: INFO cinder.api.openstack.wsgi [None req-eb5a3d9d-afab-447e-bdd5-4f337a6394da tempest-GroupTypeSpecsTest-2077238879 tempest-GroupTypeSpecsTest-2077238879-project-admin] GET http://10.222.0.31/volume/v3/fc38ea43f15f4b4caf3a9b26271e02eb/group_types/160efce5-8283-4531-80af-a4dab6f8fa0f/group_specs/key3
Mar 08 04:13:51.031282 dv-cinder-733062-29-smb devstack@c-api.service[110089]: DEBUG cinder.volume.api [req-b13e2ba5-544c-4efc-b545-465bcd397e67 req-31554fa3-f92b-4037-a596-fd5624f79837 tempest-VolumesGetTestJSON-1326806336 tempest-VolumesGetTestJSON-1326806336-project] Task 'cinder.volume.flows.api.create_volume.QuotaReserveTask;volume:create' (8f212d6c-ff9f-4080-a9c3-7075519b57af) transitioned into state 'SUCCESS' from state 'RUNNING' with result '{'reservations': ['45f9b8f2-ee0f-4c6f-8a7a-cb74e02463d3', 'f9cc07a9-d2c0-4fa0-b043-be8595b025e3', 'b393991b-fab1-4e99-b81e-16c9ae45038e', '5bac34d9-3c1c-4b9b-9deb-ce23564767d6']}' {{(pid=110089) _task_receiver /usr/local/lib/python3.8/dist-packages/taskflow/listeners/logging.py:178}}
Mar 08 04:13:51.034211 dv-cinder-733062-29-smb devstack@c-api.service[110089]: DEBUG cinder.volume.api [req-b13e2ba5-544c-4efc-b545-465bcd397e67 req-31554fa3-f92b-4037-a596-fd5624f79837 tempest-VolumesGetTestJSON-1326806336 tempest-VolumesGetTestJSON-1326806336-project] Task 'cinder.volume.flows.api.create_volume.EntryCreateTask;volume:create' (cc13c2dd-46ec-40a6-9133-d20ca187f691) transitioned into state 'RUNNING' from state 'PENDING' {{(pid=110089) _task_receiver /usr/local/lib/python3.8/dist-packages/taskflow/listeners/logging.py:190}}
