Mar 08 04:19:58.646828 dv-cinder-733062-29-iscsi devstack@c-api.service[109920]: DEBUG cinder.volume.api [None req-b13cce81-28f0-4eb9-83be-e6b670293aff tempest-VolumesListTestJSON-1569789365 tempest-VolumesListTestJSON-1569789365-project] Task 'cinder.volume.flows.api.create_volume.VolumeCastTask;volume:create' (f044489e-d236-400c-974a-ccbe0180f3d1) transitioned into state 'RUNNING' from state 'PENDING' {{(pid=109920) _task_receiver /usr/local/lib/python3.8/dist-packages/taskflow/listeners/logging.py:190}}
Mar 08 04:19:58.662393 dv-cinder-733062-29-iscsi devstack@c-api.service[109920]: DEBUG cinder.volume.api [None req-b13cce81-28f0-4eb9-83be-e6b670293aff tempest-VolumesListTestJSON-1569789365 tempest-VolumesListTestJSON-1569789365-project] Task 'cinder.volume.flows.api.create_volume.VolumeCastTask;volume:create' (f044489e-d236-400c-974a-ccbe0180f3d1) transitioned into state 'SUCCESS' from state 'RUNNING' with result 'None' {{(pid=109920) _task_receiver /usr/local/lib/python3.8/dist-packages/taskflow/listeners/logging.py:178}}
Mar 08 04:19:58.664805 dv-cinder-733062-29-iscsi devstack@c-api.service[109920]: DEBUG cinder.volume.api [None req-b13cce81-28f0-4eb9-83be-e6b670293aff tempest-VolumesListTestJSON-1569789365 tempest-VolumesListTestJSON-1569789365-project] Flow 'volume_create_api' (0f165caa-dc8a-47c3-b7ac-5c4e7910370d) transitioned into state 'SUCCESS' from state 'RUNNING' {{(pid=109920) _flow_receiver /usr/local/lib/python3.8/dist-packages/taskflow/listeners/logging.py:141}}
Mar 08 04:19:58.665478 dv-cinder-733062-29-iscsi devstack@c-api.service[109920]: INFO cinder.volume.api [None req-b13cce81-28f0-4eb9-83be-e6b670293aff tempest-VolumesListTestJSON-1569789365 tempest-VolumesListTestJSON-1569789365-project] Create volume request issued successfully.
Mar 08 04:19:58.666776 dv-cinder-733062-29-iscsi devstack@c-api.service[109920]: INFO cinder.api.openstack.wsgi [None req-b13cce81-28f0-4eb9-83be-e6b670293aff tempest-VolumesListTestJSON-1569789365 tempest-VolumesListTestJSON-1569789365-project] http://10.222.0.30/volume/v3/ee05f5468ec84bfd91f84403e0433c70/volumes returned with HTTP 202
Mar 08 04:19:58.667548 dv-cinder-733062-29-iscsi devstack@c-api.service[109920]: [pid: 109920|app: 0|req: 196/371] 10.222.0.30 () {60 vars in 1235 bytes} [Tue Mar 8 04:19:58 2022] POST /volume/v3/ee05f5468ec84bfd91f84403e0433c70/volumes => generated 833 bytes in 188 msecs (HTTP/1.1 202) 7 headers in 291 bytes (2 switches on core 0)
Mar 08 04:19:58.679314 dv-cinder-733062-29-iscsi devstack@c-api.service[109921]: DEBUG cinder.api.middleware.request_id [None req-d6ebd38d-08d4-458e-9145-2faf6578c276 None None] RequestId filter calling following filter/app {{(pid=109921) _context_setter /opt/stack/cinder/cinder/api/middleware/request_id.py:62}}
Mar 08 04:19:58.683524 dv-cinder-733062-29-iscsi devstack@c-api.service[109921]: INFO cinder.api.openstack.wsgi [None req-d6ebd38d-08d4-458e-9145-2faf6578c276 tempest-VolumesListTestJSON-1569789365 tempest-VolumesListTestJSON-1569789365-project] GET http://10.222.0.30/volume/v3/ee05f5468ec84bfd91f84403e0433c70/volumes/382da82f-81b9-4603-9588-4919c7922b61
Mar 08 04:19:58.683966 dv-cinder-733062-29-iscsi devstack@c-api.service[109921]: DEBUG cinder.api.openstack.wsgi [None req-d6ebd38d-08d4-458e-9145-2faf6578c276 tempest-VolumesListTestJSON-1569789365 tempest-VolumesListTestJSON-1569789365-project] Empty body provided in request {{(pid=109921) get_body /opt/stack/cinder/cinder/api/openstack/wsgi.py:715}}
Mar 08 04:19:58.684688 dv-cinder-733062-29-iscsi devstack@c-api.service[109921]: DEBUG cinder.api.openstack.wsgi [None req-d6ebd38d-08d4-458e-9145-2faf6578c276 tempest-VolumesListTestJSON-1569789365 tempest-VolumesListTestJSON-1569789365-project] Calling method 'show' {{(pid=109921) _process_stack /opt/stack/cinder/cinder/api/openstack/wsgi.py:868}}
Mar 08 04:19:58.698962 dv-cinder-733062-29-iscsi devstack@c-api.service[109921]: /usr/local/lib/python3.8/dist-packages/oslo_context/context.py:100: DeprecationWarning: Policy enforcement is depending on the value of is_admin. This key is deprecated. Please update your policy file to use the standard policy values.
Mar 08 04:19:58.698962 dv-cinder-733062-29-iscsi devstack@c-api.service[109921]: warnings.warn('Policy enforcement is depending on the value of '
Mar 08 04:19:58.706081 dv-cinder-733062-29-iscsi devstack@c-api.service[109921]: INFO cinder.volume.api [None req-d6ebd38d-08d4-458e-9145-2faf6578c276 tempest-VolumesListTestJSON-1569789365 tempest-VolumesListTestJSON-1569789365-project] Volume info retrieved successfully.
Mar 08 04:19:58.716507 dv-cinder-733062-29-iscsi devstack@c-api.service[109921]: INFO cinder.api.openstack.wsgi [None req-d6ebd38d-08d4-458e-9145-2faf6578c276 tempest-VolumesListTestJSON-1569789365 tempest-VolumesListTestJSON-1569789365-project] http://10.222.0.30/volume/v3/ee05f5468ec84bfd91f84403e0433c70/volumes/382da82f-81b9-4603-9588-4919c7922b61 returned with HTTP 200
Mar 08 04:19:58.717372 dv-cinder-733062-29-iscsi devstack@c-api.service[109921]: [pid: 109921|app: 0|req: 176/372] 10.222.0.30 () {58 vars in 1324 bytes} [Tue Mar 8 04:19:58 2022] GET /volume/v3/ee05f5468ec84bfd91f84403e0433c70/volumes/382da82f-81b9-4603-9588-4919c7922b61 => generated 901 bytes in 39 msecs (HTTP/1.1 200) 7 headers in 285 bytes (1 switches on core 0)
Mar 08 04:19:58.995363 dv-cinder-733062-29-iscsi devstack@c-api.service[109920]: DEBUG cinder.api.middleware.request_id [None req-f249f3c0-bee3-4fcd-a331-57552fc58997 None None] RequestId filter calling following filter/app {{(pid=109920) _context_setter /opt/stack/cinder/cinder/api/middleware/request_id.py:62}}
Mar 08 04:19:58.999232 dv-cinder-733062-29-iscsi devstack@c-api.service[109920]: INFO cinder.api.openstack.wsgi [None req-f249f3c0-bee3-4fcd-a331-57552fc58997 tempest-VolumesListAdminTestJSON-1030648987 tempest-VolumesListAdminTestJSON-1030648987-project] GET http://10.222.0.30/volume/v3/aeca42e333eb442d9d6b3db0919b3161/volumes/a976e6c1-959a-4993-b912-baf4c224cdc1
Mar 08 04:19:58.999665 dv-cinder-733062-29-iscsi devstack@c-api.service[109920]: DEBUG cinder.api.openstack.wsgi [None req-f249f3c0-bee3-4fcd-a331-57552fc58997 tempest-VolumesListAdminTestJSON-1030648987 tempest-VolumesListAdminTestJSON-1030648987-project] Empty body provided in request {{(pid=109920) get_body /opt/stack/cinder/cinder/api/openstack/wsgi.py:715}}
Mar 08 04:19:59.000110 dv-cinder-733062-29-iscsi devstack@c-api.service[109920]: DEBUG cinder.api.openstack.wsgi [None req-f249f3c0-bee3-4fcd-a331-57552fc58997 tempest-VolumesListAdminTestJSON-1030648987 tempest-VolumesListAdminTestJSON-1030648987-project] Calling method 'show' {{(pid=109920) _process_stack /opt/stack/cinder/cinder/api/openstack/wsgi.py:868}}
Mar 08 04:19:59.014358 dv-cinder-733062-29-iscsi devstack@c-api.service[109920]: /usr/local/lib/python3.8/dist-packages/oslo_context/context.py:100: DeprecationWarning: Policy enforcement is depending on the value of is_admin. This key is deprecated. Please update your policy file to use the standard policy values.
Mar 08 04:19:59.014358 dv-cinder-733062-29-iscsi devstack@c-api.service[109920]: warnings.warn('Policy enforcement is depending on the value of '
Mar 08 04:19:59.022562 dv-cinder-733062-29-iscsi devstack@c-api.service[109920]: INFO cinder.volume.api [None req-f249f3c0-bee3-4fcd-a331-57552fc58997 tempest-VolumesListAdminTestJSON-1030648987 tempest-VolumesListAdminTestJSON-1030648987-project] Volume info retrieved successfully.
Mar 08 04:19:59.031265 dv-cinder-733062-29-iscsi devstack@c-api.service[109920]: INFO cinder.api.openstack.wsgi [None req-f249f3c0-bee3-4fcd-a331-57552fc58997 tempest-VolumesListAdminTestJSON-1030648987 tempest-VolumesListAdminTestJSON-1030648987-project] http://10.222.0.30/volume/v3/aeca42e333eb442d9d6b3db0919b3161/volumes/a976e6c1-959a-4993-b912-baf4c224cdc1 returned with HTTP 200
Mar 08 04:19:59.038017 dv-cinder-733062-29-iscsi devstack@c-api.service[109920]: [pid: 109920|app: 0|req: 197/373] 10.222.0.30 () {58 vars in 1324 bytes} [Tue Mar 8 04:19:58 2022] GET /volume/v3/aeca42e333eb442d9d6b3db0919b3161/volumes/a976e6c1-959a-4993-b912-baf4c224cdc1 => generated 917 bytes in 38 msecs (HTTP/1.1 200) 7 headers in 285 bytes (1 switches on core 0)
Mar 08 04:19:59.044798 dv-cinder-733062-29-iscsi devstack@c-api.service[109921]: DEBUG cinder.api.middleware.request_id [None req-3a339886-524c-4d88-ab17-4d36ff8d9c81 None None] RequestId filter calling following filter/app {{(pid=109921) _context_setter /opt/stack/cinder/cinder/api/middleware/request_id.py:62}}
Mar 08 04:19:59.048310 dv-cinder-733062-29-iscsi devstack@c-api.service[109921]: INFO cinder.api.openstack.wsgi [None req-3a339886-524c-4d88-ab17-4d36ff8d9c81 tempest-VolumesListAdminTestJSON-1030648987 tempest-VolumesListAdminTestJSON-1030648987-project] GET http://10.222.0.30/volume/v3/aeca42e333eb442d9d6b3db0919b3161/volumes/a976e6c1-959a-4993-b912-baf4c224cdc1
Mar 08 04:19:59.048739 dv-cinder-733062-29-iscsi devstack@c-api.service[109921]: DEBUG cinder.api.openstack.wsgi [None req-3a339886-524c-4d88-ab17-4d36ff8d9c81 tempest-VolumesListAdminTestJSON-1030648987 tempest-VolumesListAdminTestJSON-1030648987-project] Empty body provided in request {{(pid=109921) get_body /opt/stack/cinder/cinder/api/openstack/wsgi.py:715}}
Mar 08 04:19:59.049182 dv-cinder-733062-29-iscsi devstack@c-api.service[109921]: DEBUG cinder.api.openstack.wsgi [None req-3a339886-524c-4d88-ab17-4d36ff8d9c81 tempest-VolumesListAdminTestJSON-1030648987 tempest-VolumesListAdminTestJSON-1030648987-project] Calling method 'show' {{(pid=109921) _process_stack /opt/stack/cinder/cinder/api/openstack/wsgi.py:868}}
Mar 08 04:19:59.063239 dv-cinder-733062-29-iscsi devstack@c-api.service[109921]: /usr/local/lib/python3.8/dist-packages/oslo_context/context.py:100: DeprecationWarning: Policy enforcement is depending on the value of is_admin. This key is deprecated. Please update your policy file to use the standard policy values.
Mar 08 04:19:59.063239 dv-cinder-733062-29-iscsi devstack@c-api.service[109921]: warnings.warn('Policy enforcement is depending on the value of '
Mar 08 04:19:59.070498 dv-cinder-733062-29-iscsi devstack@c-api.service[109921]: INFO cinder.volume.api [None req-3a339886-524c-4d88-ab17-4d36ff8d9c81 tempest-VolumesListAdminTestJSON-1030648987 tempest-VolumesListAdminTestJSON-1030648987-project] Volume info retrieved successfully.
Mar 08 04:19:59.078975 dv-cinder-733062-29-iscsi devstack@c-api.service[109921]: INFO cinder.api.openstack.wsgi [None req-3a339886-524c-4d88-ab17-4d36ff8d9c81 tempest-VolumesListAdminTestJSON-1030648987 tempest-VolumesListAdminTestJSON-1030648987-project] http://10.222.0.30/volume/v3/aeca42e333eb442d9d6b3db0919b3161/volumes/a976e6c1-959a-4993-b912-baf4c224cdc1 returned with HTTP 200
Mar 08 04:19:59.079879 dv-cinder-733062-29-iscsi devstack@c-api.service[109921]: [pid: 109921|app: 0|req: 177/374] 10.222.0.30 () {58 vars in 1324 bytes} [Tue Mar 8 04:19:59 2022] GET /volume/v3/aeca42e333eb442d9d6b3db0919b3161/volumes/a976e6c1-959a-4993-b912-baf4c224cdc1 => generated 917 bytes in 36 msecs (HTTP/1.1 200) 7 headers in 285 bytes (1 switches on core 0)
Mar 08 04:19:59.096363 dv-cinder-733062-29-iscsi devstack@c-api.service[109920]: DEBUG cinder.api.middleware.request_id [None req-d799a0c8-114e-407f-8829-4c94ae88d576 None None] RequestId filter calling following filter/app {{(pid=109920) _context_setter /opt/stack/cinder/cinder/api/middleware/request_id.py:62}}
Mar 08 04:19:59.100381 dv-cinder-733062-29-iscsi devstack@c-api.service[109920]: INFO cinder.api.openstack.wsgi [None req-d799a0c8-114e-407f-8829-4c94ae88d576 tempest-VolumesListAdminTestJSON-1030648987 tempest-VolumesListAdminTestJSON-1030648987-project] POST http://10.222.0.30/volume/v3/aeca42e333eb442d9d6b3db0919b3161/volumes
Mar 08 04:19:59.101064 dv-cinder-733062-29-iscsi devstack@c-api.service[109920]: DEBUG cinder.api.openstack.wsgi [None req-d799a0c8-114e-407f-8829-4c94ae88d576 tempest-VolumesListAdminTestJSON-1030648987 tempest-VolumesListAdminTestJSON-1030648987-project] Action: 'create', calling method: create, body: {"volume": {"size": 1, "name": "tempest-VolumesListAdminTestJSON-Volume-68773923"}} {{(pid=109920) _process_stack /opt/stack/cinder/cinder/api/openstack/wsgi.py:866}}
Mar 08 04:19:59.102026 dv-cinder-733062-29-iscsi devstack@c-api.service[109920]: DEBUG cinder.api.v3.volumes [None req-d799a0c8-114e-407f-8829-4c94ae88d576 tempest-VolumesListAdminTestJSON-1030648987 tempest-VolumesListAdminTestJSON-1030648987-project] Create volume request body: {'volume': {'size': 1, 'name': 'tempest-VolumesListAdminTestJSON-Volume-68773923'}} {{(pid=109920) create /opt/stack/cinder/cinder/api/v3/volumes.py:267}}
Mar 08 04:19:59.102328 dv-cinder-733062-29-iscsi devstack@c-api.service[109920]: INFO cinder.api.v3.volumes [None req-d799a0c8-114e-407f-8829-4c94ae88d576 tempest-VolumesListAdminTestJSON-1030648987 tempest-VolumesListAdminTestJSON-1030648987-project] Create volume of 1 GB
Mar 08 04:19:59.108794 dv-cinder-733062-29-iscsi devstack@c-api.service[109920]: INFO cinder.volume.api [None req-d799a0c8-114e-407f-8829-4c94ae88d576 tempest-VolumesListAdminTestJSON-1030648987 tempest-VolumesListAdminTestJSON-1030648987-project] Availability Zones retrieved successfully.
Mar 08 04:19:59.120674 dv-cinder-733062-29-iscsi devstack@c-api.service[109921]: DEBUG cinder.api.middleware.request_id [None req-1d64e593-c8d6-49bd-9ea7-64c272b51f3a None None] RequestId filter calling following filter/app {{(pid=109921) _context_setter /opt/stack/cinder/cinder/api/middleware/request_id.py:62}}
Mar 08 04:19:59.124927 dv-cinder-733062-29-iscsi devstack@c-api.service[109921]: INFO cinder.api.openstack.wsgi [None req-1d64e593-c8d6-49bd-9ea7-64c272b51f3a tempest-VolumesDeleteCascade-534557150 tempest-VolumesDeleteCascade-534557150-project] GET http://10.222.0.30/volume/v3/2b9135c4f0374b8abfb5c24a09313264/snapshots/7a07331d-baf9-4a62-afbf-ea1d845c23b9
Mar 08 04:19:59.125224 dv-cinder-733062-29-iscsi devstack@c-api.service[109920]: DEBUG cinder.volume.api [None req-d799a0c8-114e-407f-8829-4c94ae88d576 tempest-VolumesListAdminTestJSON-1030648987 tempest-VolumesListAdminTestJSON-1030648987-project] Flow 'volume_create_api' (3756dab7-e120-4438-ac8c-ec0581b99e0c) transitioned into state 'RUNNING' from state 'PENDING' {{(pid=109920) _flow_receiver /usr/local/lib/python3.8/dist-packages/taskflow/listeners/logging.py:141}}
Mar 08 04:19:59.125768 dv-cinder-733062-29-iscsi devstack@c-api.service[109921]: DEBUG cinder.api.openstack.wsgi [None req-1d64e593-c8d6-49bd-9ea7-64c272b51f3a tempest-VolumesDeleteCascade-534557150 tempest-VolumesDeleteCascade-534557150-project] Empty body provided in request {{(pid=109921) get_body /opt/stack/cinder/cinder/api/openstack/wsgi.py:715}}
Mar 08 04:19:59.126615 dv-cinder-733062-29-iscsi devstack@c-api.service[109921]: DEBUG cinder.api.openstack.wsgi [None req-1d64e593-c8d6-49bd-9ea7-64c272b51f3a tempest-VolumesDeleteCascade-534557150 tempest-VolumesDeleteCascade-534557150-project] Calling method 'show' {{(pid=109921) _process_stack /opt/stack/cinder/cinder/api/openstack/wsgi.py:868}}
Mar 08 04:19:59.127932 dv-cinder-733062-29-iscsi devstack@c-api.service[109920]: DEBUG cinder.volume.api [None req-d799a0c8-114e-407f-8829-4c94ae88d576 tempest-VolumesListAdminTestJSON-1030648987 tempest-VolumesListAdminTestJSON-1030648987-project] Task 'cinder.volume.flows.api.create_volume.ExtractVolumeRequestTask;volume:create' (11d87621-a3c1-4453-911e-fd72bc4e6ea8) transitioned into state 'RUNNING' from state 'PENDING' {{(pid=109920) _task_receiver /usr/local/lib/python3.8/dist-packages/taskflow/listeners/logging.py:190}}
Mar 08 04:19:59.130554 dv-cinder-733062-29-iscsi devstack@c-api.service[109920]: DEBUG cinder.volume.flows.api.create_volume [None req-d799a0c8-114e-407f-8829-4c94ae88d576 tempest-VolumesListAdminTestJSON-1030648987 tempest-VolumesListAdminTestJSON-1030648987-project] Validating volume size '1' using validate_int {{(pid=109920) _extract_size /opt/stack/cinder/cinder/volume/flows/api/create_volume.py:225}}
Mar 08 04:19:59.136519 dv-cinder-733062-29-iscsi devstack@c-api.service[109921]: /usr/local/lib/python3.8/dist-packages/oslo_context/context.py:100: DeprecationWarning: Policy enforcement is depending on the value of is_admin. This key is deprecated. Please update your policy file to use the standard policy values.
Mar 08 04:19:59.136519 dv-cinder-733062-29-iscsi devstack@c-api.service[109921]: warnings.warn('Policy enforcement is depending on the value of '
Mar 08 04:19:59.137869 dv-cinder-733062-29-iscsi devstack@c-api.service[109921]: INFO cinder.volume.api [None req-1d64e593-c8d6-49bd-9ea7-64c272b51f3a tempest-VolumesDeleteCascade-534557150 tempest-VolumesDeleteCascade-534557150-project] Snapshot retrieved successfully.
Mar 08 04:19:59.139596 dv-cinder-733062-29-iscsi devstack@c-api.service[109921]: INFO cinder.api.openstack.wsgi [None req-1d64e593-c8d6-49bd-9ea7-64c272b51f3a tempest-VolumesDeleteCascade-534557150 tempest-VolumesDeleteCascade-534557150-project] http://10.222.0.30/volume/v3/2b9135c4f0374b8abfb5c24a09313264/snapshots/7a07331d-baf9-4a62-afbf-ea1d845c23b9 returned with HTTP 200
Mar 08 04:19:59.140299 dv-cinder-733062-29-iscsi devstack@c-api.service[109921]: [pid: 109921|app: 0|req: 178/375] 10.222.0.30 () {58 vars in 1330 bytes} [Tue Mar 8 04:19:59 2022] GET /volume/v3/2b9135c4f0374b8abfb5c24a09313264/snapshots/7a07331d-baf9-4a62-afbf-ea1d845c23b9 => generated 465 bytes in 21 msecs (HTTP/1.1 200) 7 headers in 285 bytes (2 switches on core 0)
Mar 08 04:19:59.148735 dv-cinder-733062-29-iscsi devstack@c-api.service[109921]: DEBUG cinder.api.middleware.request_id [None req-f7aec412-9d8d-48cc-9c06-aa681a62ab4e None None] RequestId filter calling following filter/app {{(pid=109921) _context_setter /opt/stack/cinder/cinder/api/middleware/request_id.py:62}}
Mar 08 04:19:59.153286 dv-cinder-733062-29-iscsi devstack@c-api.service[109921]: INFO cinder.api.openstack.wsgi [None req-f7aec412-9d8d-48cc-9c06-aa681a62ab4e tempest-VolumesDeleteCascade-534557150 tempest-VolumesDeleteCascade-534557150-project] POST http://10.222.0.30/volume/v3/2b9135c4f0374b8abfb5c24a09313264/snapshots
Mar 08 04:19:59.155094 dv-cinder-733062-29-iscsi devstack@c-api.service[109921]: DEBUG cinder.api.openstack.wsgi [None req-f7aec412-9d8d-48cc-9c06-aa681a62ab4e tempest-VolumesDeleteCascade-534557150 tempest-VolumesDeleteCascade-534557150-project] Action: 'create', calling method: create, body: {"snapshot": {"volume_id": "5bc32403-6fb9-414b-b5d9-3921ba3ca2f3", "name": "tempest-VolumesDeleteCascade-Snapshot-1873717112"}} {{(pid=109921) _process_stack /opt/stack/cinder/cinder/api/openstack/wsgi.py:866}}
Mar 08 04:19:59.162971 dv-cinder-733062-29-iscsi devstack@c-api.service[109920]: DEBUG cinder.volume.api [None req-d799a0c8-114e-407f-8829-4c94ae88d576 tempest-VolumesListAdminTestJSON-1030648987 tempest-VolumesListAdminTestJSON-1030648987-project] Task 'cinder.volume.flows.api.create_volume.ExtractVolumeRequestTask;volume:create' (11d87621-a3c1-4453-911e-fd72bc4e6ea8) transitioned into state 'SUCCESS' from state 'RUNNING' with result '{'size': 1, 'snapshot_id': None, 'source_volid': None, 'volume_type': VolumeType(created_at=2022-03-08T04:09:09Z,deleted=False,deleted_at=None,description='Default Volume Type',extra_specs={},id=af0f2864-4a19-4e3d-89f5-2139702a8119,is_public=True,name='__DEFAULT__',projects=[],qos_specs=,qos_specs_id=None,updated_at=2022-03-08T04:09:09Z), 'volume_type_id': 'af0f2864-4a19-4e3d-89f5-2139702a8119', 'encryption_key_id': None, 'qos_specs': None, 'consistencygroup_id': None, 'cgsnapshot_id': None, 'group_id': None, 'replication_status': 'disabled', 'refresh_az': False, 'backup_id': None, 'multiattach': False, 'availability_zones': ['nova']}' {{(pid=109920) _task_receiver /usr/local/lib/python3.8/dist-packages/taskflow/listeners/logging.py:178}}
Mar 08 04:19:59.164949 dv-cinder-733062-29-iscsi devstack@c-api.service[109920]: DEBUG cinder.volume.api [None req-d799a0c8-114e-407f-8829-4c94ae88d576 tempest-VolumesListAdminTestJSON-1030648987 tempest-VolumesListAdminTestJSON-1030648987-project] Task 'cinder.volume.flows.api.create_volume.QuotaReserveTask;volume:create' (3671b064-ee9f-4116-aff5-5d40ac55f97e) transitioned into state 'RUNNING' from state 'PENDING' {{(pid=109920) _task_receiver /usr/local/lib/python3.8/dist-packages/taskflow/listeners/logging.py:190}}
Mar 08 04:19:59.169892 dv-cinder-733062-29-iscsi devstack@c-api.service[109921]: /usr/local/lib/python3.8/dist-packages/oslo_context/context.py:100: DeprecationWarning: Policy enforcement is depending on the value of is_admin. This key is deprecated. Please update your policy file to use the standard policy values.
Mar 08 04:19:59.169892 dv-cinder-733062-29-iscsi devstack@c-api.service[109921]: warnings.warn('Policy enforcement is depending on the value of '
Mar 08 04:19:59.171018 dv-cinder-733062-29-iscsi devstack@c-api.service[109921]: INFO cinder.volume.api [None req-f7aec412-9d8d-48cc-9c06-aa681a62ab4e tempest-VolumesDeleteCascade-534557150 tempest-VolumesDeleteCascade-534557150-project] Volume info retrieved successfully.
Mar 08 04:19:59.171389 dv-cinder-733062-29-iscsi devstack@c-api.service[109921]: INFO cinder.api.v3.snapshots [None req-f7aec412-9d8d-48cc-9c06-aa681a62ab4e tempest-VolumesDeleteCascade-534557150 tempest-VolumesDeleteCascade-534557150-project] Create snapshot from volume 5bc32403-6fb9-414b-b5d9-3921ba3ca2f3
Mar 08 04:19:59.215097 dv-cinder-733062-29-iscsi devstack@c-api.service[109920]: DEBUG cinder.quota [None req-d799a0c8-114e-407f-8829-4c94ae88d576 tempest-VolumesListAdminTestJSON-1030648987 tempest-VolumesListAdminTestJSON-1030648987-project] Created reservations ['78476ab9-38b5-4397-8e2d-d61b0a13ccd5', '44e0ec5f-caec-4342-b8e4-da3ddaac59f8', '84104a65-5b3d-456c-80e3-48ad69a5ca20', 'e8f8226c-59dc-4bdf-83ed-5a8ddd1362d1'] {{(pid=109920) reserve /opt/stack/cinder/cinder/quota.py:755}}
Mar 08 04:19:59.217036 dv-cinder-733062-29-iscsi devstack@c-api.service[109920]: DEBUG cinder.volume.api [None req-d799a0c8-114e-407f-8829-4c94ae88d576 tempest-VolumesListAdminTestJSON-1030648987 tempest-VolumesListAdminTestJSON-1030648987-project] Task 'cinder.volume.flows.api.create_volume.QuotaReserveTask;volume:create' (3671b064-ee9f-4116-aff5-5d40ac55f97e) transitioned into state 'SUCCESS' from state 'RUNNING' with result '{'reservations': ['78476ab9-38b5-4397-8e2d-d61b0a13ccd5', '44e0ec5f-caec-4342-b8e4-da3ddaac59f8', '84104a65-5b3d-456c-80e3-48ad69a5ca20', 'e8f8226c-59dc-4bdf-83ed-5a8ddd1362d1']}' {{(pid=109920) _task_receiver /usr/local/lib/python3.8/dist-packages/taskflow/listeners/logging.py:178}}
Mar 08 04:19:59.218145 dv-cinder-733062-29-iscsi devstack@c-api.service[109921]: DEBUG cinder.quota [None req-f7aec412-9d8d-48cc-9c06-aa681a62ab4e tempest-VolumesDeleteCascade-534557150 tempest-VolumesDeleteCascade-534557150-project] Created reservations ['6fd9e771-6dce-4668-ae91-154927552802', '4c8db7ff-370c-4f27-8b2b-28a4d4d8da99', '5e735642-8c3e-4dfc-9cb8-c21ebd3d4b64', '057512bb-0914-4928-b8d9-01dbb9ff40ff'] {{(pid=109921) reserve /opt/stack/cinder/cinder/quota.py:755}}
Mar 08 04:19:59.219038 dv-cinder-733062-29-iscsi devstack@c-api.service[109920]: DEBUG cinder.volume.api [None req-d799a0c8-114e-407f-8829-4c94ae88d576 tempest-VolumesListAdminTestJSON-1030648987 tempest-VolumesListAdminTestJSON-1030648987-project] Task 'cinder.volume.flows.api.create_volume.EntryCreateTask;volume:create' (79e0e14e-5ef1-40ae-b60e-939650126f2b) transitioned into state 'RUNNING' from state 'PENDING' {{(pid=109920) _task_receiver /usr/local/lib/python3.8/dist-packages/taskflow/listeners/logging.py:190}}
Mar 08 04:19:59.244633 dv-cinder-733062-29-iscsi devstack@c-api.service[109920]: DEBUG cinder.volume.api [None req-d799a0c8-114e-407f-8829-4c94ae88d576 tempest-VolumesListAdminTestJSON-1030648987 tempest-VolumesListAdminTestJSON-1030648987-project] Task 'cinder.volume.flows.api.create_volume.EntryCreateTask;volume:create' (79e0e14e-5ef1-40ae-b60e-939650126f2b) transitioned into state 'SUCCESS' from state 'RUNNING' with result '{'volume_id': '2b6a5895-f871-43f8-860d-f026e9cbc6ae', 'volume_properties': VolumeProperties(attach_status='detached',availability_zone='nova',cgsnapshot_id=None,consistencygroup_id=None,display_description=None,display_name='tempest-VolumesListAdminTestJSON-Volume-68773923',encryption_key_id=None,group_id=None,group_type_id=,metadata={},multiattach=False,project_id='aeca42e333eb442d9d6b3db0919b3161',qos_specs=None,replication_status=,reservations=['78476ab9-38b5-4397-8e2d-d61b0a13ccd5','44e0ec5f-caec-4342-b8e4-da3ddaac59f8','84104a65-5b3d-456c-80e3-48ad69a5ca20','e8f8226c-59dc-4bdf-83ed-5a8ddd1362d1'],size=1,snapshot_id=None,source_replicaid=,source_volid=None,status='creating',user_id='25f78c516e0e4e7ab7a77738bbb0cb32',volume_type_id=af0f2864-4a19-4e3d-89f5-2139702a8119), 'volume': Volume(_name_id=None,admin_metadata=,attach_status='detached',availability_zone='nova',bootable=False,cluster=,cluster_name=None,consistencygroup=,consistencygroup_id=None,created_at=2022-03-08T04:19:59Z,deleted=False,deleted_at=None,display_description=None,display_name='tempest-VolumesListAdminTestJSON-Volume-68773923',ec2_id=None,encryption_key_id=None,glance_metadata=,group=,group_id=None,host=None,id=2b6a5895-f871-43f8-860d-f026e9cbc6ae,launched_at=None,metadata={},migration_status=None,multiattach=False,previous_status=None,project_id='aeca42e333eb442d9d6b3db0919b3161',provider_auth=None,provider_geometry=None,provider_id=None,provider_location=None,replication_driver_data=None,replication_extended_status=None,replication_status=None,scheduled_at=None,service_uuid=None,shared_targets=True,size=1,snapshot_id=None,snapshots=,source_volid=None,status='creating',terminated_at=None,updated_at=None,use_quota=True,user_id='25f78c516e0e4e7ab7a77738bbb0cb32',volume_attachment=VolumeAttachmentList,volume_type=VolumeType(af0f2864-4a19-4e3d-89f5-2139702a8119),volume_type_id=af0f2864-4a19-4e3d-89f5-2139702a8119)}' {{(pid=109920) _task_receiver /usr/local/lib/python3.8/dist-packages/taskflow/listeners/logging.py:178}}
Mar 08 04:19:59.246777 dv-cinder-733062-29-iscsi devstack@c-api.service[109920]: DEBUG cinder.volume.api [None req-d799a0c8-114e-407f-8829-4c94ae88d576 tempest-VolumesListAdminTestJSON-1030648987 tempest-VolumesListAdminTestJSON-1030648987-project] Task 'cinder.volume.flows.api.create_volume.QuotaCommitTask;volume:create' (2cd5766d-3928-4bc6-86cc-7b5b3352e854) transitioned into state 'RUNNING' from state 'PENDING' {{(pid=109920) _task_receiver /usr/local/lib/python3.8/dist-packages/taskflow/listeners/logging.py:190}}
Mar 08 04:19:59.275653 dv-cinder-733062-29-iscsi devstack@c-api.service[109921]: INFO cinder.volume.api [None req-f7aec412-9d8d-48cc-9c06-aa681a62ab4e tempest-VolumesDeleteCascade-534557150 tempest-VolumesDeleteCascade-534557150-project] Snapshot create request issued successfully.
Mar 08 04:19:59.276563 dv-cinder-733062-29-iscsi devstack@c-api.service[109921]: INFO cinder.api.openstack.wsgi [None req-f7aec412-9d8d-48cc-9c06-aa681a62ab4e tempest-VolumesDeleteCascade-534557150 tempest-VolumesDeleteCascade-534557150-project] http://10.222.0.30/volume/v3/2b9135c4f0374b8abfb5c24a09313264/snapshots returned with HTTP 202
Mar 08 04:19:59.277689 dv-cinder-733062-29-iscsi devstack@c-api.service[109921]: [pid: 109921|app: 0|req: 179/376] 10.222.0.30 () {60 vars in 1241 bytes} [Tue Mar 8 04:19:59 2022] POST /volume/v3/2b9135c4f0374b8abfb5c24a09313264/snapshots => generated 307 bytes in 130 msecs (HTTP/1.1 202) 7 headers in 291 bytes (2 switches on core 0)
Mar 08 04:19:59.285329 dv-cinder-733062-29-iscsi devstack@c-api.service[109921]: DEBUG cinder.api.middleware.request_id [None req-1a5d9624-368c-464e-9246-644fd0f5e989 None None] RequestId filter calling following filter/app {{(pid=109921) _context_setter /opt/stack/cinder/cinder/api/middleware/request_id.py:62}}
Mar 08 04:19:59.288551 dv-cinder-733062-29-iscsi devstack@c-api.service[109920]: DEBUG cinder.volume.api [None req-d799a0c8-114e-407f-8829-4c94ae88d576 tempest-VolumesListAdminTestJSON-1030648987 tempest-VolumesListAdminTestJSON-1030648987-project] Task 'cinder.volume.flows.api.create_volume.QuotaCommitTask;volume:create' (2cd5766d-3928-4bc6-86cc-7b5b3352e854) transitioned into state 'SUCCESS' from state 'RUNNING' with result '{'volume_properties': VolumeProperties(attach_status='detached',availability_zone='nova',cgsnapshot_id=None,consistencygroup_id=None,display_description=None,display_name='tempest-VolumesListAdminTestJSON-Volume-68773923',encryption_key_id=None,group_id=None,group_type_id=,metadata={},multiattach=False,project_id='aeca42e333eb442d9d6b3db0919b3161',qos_specs=None,replication_status=,reservations=['78476ab9-38b5-4397-8e2d-d61b0a13ccd5','44e0ec5f-caec-4342-b8e4-da3ddaac59f8','84104a65-5b3d-456c-80e3-48ad69a5ca20','e8f8226c-59dc-4bdf-83ed-5a8ddd1362d1'],size=1,snapshot_id=None,source_replicaid=,source_volid=None,status='creating',user_id='25f78c516e0e4e7ab7a77738bbb0cb32',volume_type_id=af0f2864-4a19-4e3d-89f5-2139702a8119)}' {{(pid=109920) _task_receiver /usr/local/lib/python3.8/dist-packages/taskflow/listeners/logging.py:178}}
Mar 08 04:19:59.289730 dv-cinder-733062-29-iscsi devstack@c-api.service[109921]: INFO cinder.api.openstack.wsgi [None req-1a5d9624-368c-464e-9246-644fd0f5e989 tempest-VolumesDeleteCascade-534557150 tempest-VolumesDeleteCascade-534557150-project] GET http://10.222.0.30/volume/v3/2b9135c4f0374b8abfb5c24a09313264/snapshots/122c0d98-98a6-44a7-acad-1cba9b972c0f
Mar 08 04:19:59.290170 dv-cinder-733062-29-iscsi devstack@c-api.service[109921]: DEBUG cinder.api.openstack.wsgi [None req-1a5d9624-368c-464e-9246-644fd0f5e989 tempest-VolumesDeleteCascade-534557150 tempest-VolumesDeleteCascade-534557150-project] Empty body provided in request {{(pid=109921) get_body /opt/stack/cinder/cinder/api/openstack/wsgi.py:715}}
Mar 08 04:19:59.290382 dv-cinder-733062-29-iscsi devstack@c-api.service[109920]: DEBUG cinder.volume.api [None req-d799a0c8-114e-407f-8829-4c94ae88d576 tempest-VolumesListAdminTestJSON-1030648987 tempest-VolumesListAdminTestJSON-1030648987-project] Task 'cinder.volume.flows.api.create_volume.VolumeCastTask;volume:create' (cdf01586-664c-48b4-85db-0eeccbf2ac9d) transitioned into state 'RUNNING' from state 'PENDING' {{(pid=109920) _task_receiver /usr/local/lib/python3.8/dist-packages/taskflow/listeners/logging.py:190}}
Mar 08 04:19:59.290742 dv-cinder-733062-29-iscsi devstack@c-api.service[109921]: DEBUG cinder.api.openstack.wsgi [None req-1a5d9624-368c-464e-9246-644fd0f5e989 tempest-VolumesDeleteCascade-534557150 tempest-VolumesDeleteCascade-534557150-project] Calling method 'show' {{(pid=109921) _process_stack /opt/stack/cinder/cinder/api/openstack/wsgi.py:868}}
Mar 08 04:19:59.300185 dv-cinder-733062-29-iscsi devstack@c-api.service[109921]: /usr/local/lib/python3.8/dist-packages/oslo_context/context.py:100: DeprecationWarning: Policy enforcement is depending on the value of is_admin. This key is deprecated. Please update your policy file to use the standard policy values.
Mar 08 04:19:59.300185 dv-cinder-733062-29-iscsi devstack@c-api.service[109921]: warnings.warn('Policy enforcement is depending on the value of '
Mar 08 04:19:59.301187 dv-cinder-733062-29-iscsi devstack@c-api.service[109921]: INFO cinder.volume.api [None req-1a5d9624-368c-464e-9246-644fd0f5e989 tempest-VolumesDeleteCascade-534557150 tempest-VolumesDeleteCascade-534557150-project] Snapshot retrieved successfully.
Mar 08 04:19:59.303184 dv-cinder-733062-29-iscsi devstack@c-api.service[109921]: INFO cinder.api.openstack.wsgi [None req-1a5d9624-368c-464e-9246-644fd0f5e989 tempest-VolumesDeleteCascade-534557150 tempest-VolumesDeleteCascade-534557150-project] http://10.222.0.30/volume/v3/2b9135c4f0374b8abfb5c24a09313264/snapshots/122c0d98-98a6-44a7-acad-1cba9b972c0f returned with HTTP 200
Mar 08 04:19:59.304100 dv-cinder-733062-29-iscsi devstack@c-api.service[109921]: [pid: 109921|app: 0|req: 180/377] 10.222.0.30 () {58 vars in 1330 bytes} [Tue Mar 8 04:19:59 2022] GET /volume/v3/2b9135c4f0374b8abfb5c24a09313264/snapshots/122c0d98-98a6-44a7-acad-1cba9b972c0f => generated 439 bytes in 20 msecs (HTTP/1.1 200) 7 headers in 285 bytes (2 switches on core 0)
Mar 08 04:19:59.306553 dv-cinder-733062-29-iscsi devstack@c-api.service[109920]: DEBUG cinder.volume.api [None req-d799a0c8-114e-407f-8829-4c94ae88d576 tempest-VolumesListAdminTestJSON-1030648987 tempest-VolumesListAdminTestJSON-1030648987-project] Task 'cinder.volume.flows.api.create_volume.VolumeCastTask;volume:create' (cdf01586-664c-48b4-85db-0eeccbf2ac9d) transitioned into state 'SUCCESS' from state 'RUNNING' with result 'None' {{(pid=109920) _task_receiver /usr/local/lib/python3.8/dist-packages/taskflow/listeners/logging.py:178}}
Mar 08 04:19:59.308938 dv-cinder-733062-29-iscsi devstack@c-api.service[109920]: DEBUG cinder.volume.api [None req-d799a0c8-114e-407f-8829-4c94ae88d576 tempest-VolumesListAdminTestJSON-1030648987 tempest-VolumesListAdminTestJSON-1030648987-project] Flow 'volume_create_api' (3756dab7-e120-4438-ac8c-ec0581b99e0c) transitioned into state 'SUCCESS' from state 'RUNNING' {{(pid=109920) _flow_receiver /usr/local/lib/python3.8/dist-packages/taskflow/listeners/logging.py:141}}
Mar 08 04:19:59.309686 dv-cinder-733062-29-iscsi devstack@c-api.service[109920]: INFO cinder.volume.api [None req-d799a0c8-114e-407f-8829-4c94ae88d576 tempest-VolumesListAdminTestJSON-1030648987 tempest-VolumesListAdminTestJSON-1030648987-project] Create volume request issued successfully.
Mar 08 04:19:59.310911 dv-cinder-733062-29-iscsi devstack@c-api.service[109920]: INFO cinder.api.openstack.wsgi [None req-d799a0c8-114e-407f-8829-4c94ae88d576 tempest-VolumesListAdminTestJSON-1030648987 tempest-VolumesListAdminTestJSON-1030648987-project] http://10.222.0.30/volume/v3/aeca42e333eb442d9d6b3db0919b3161/volumes returned with HTTP 202
Mar 08 04:19:59.311664 dv-cinder-733062-29-iscsi devstack@c-api.service[109920]: [pid: 109920|app: 0|req: 198/378] 10.222.0.30 () {60 vars in 1234 bytes} [Tue Mar 8 04:19:59 2022] POST /volume/v3/aeca42e333eb442d9d6b3db0919b3161/volumes => generated 822 bytes in 216 msecs (HTTP/1.1 202) 7 headers in 291 bytes (1 switches on core 0)
Mar 08 04:19:59.323331 dv-cinder-733062-29-iscsi devstack@c-api.service[109921]: DEBUG cinder.api.middleware.request_id [None req-5f7be0fe-7167-42ee-8c46-a41d9a62d3cc None None] RequestId filter calling following filter/app {{(pid=109921) _context_setter /opt/stack/cinder/cinder/api/middleware/request_id.py:62}}
Mar 08 04:19:59.327045 dv-cinder-733062-29-iscsi devstack@c-api.service[109921]: INFO cinder.api.openstack.wsgi [None req-5f7be0fe-7167-42ee-8c46-a41d9a62d3cc tempest-VolumesListAdminTestJSON-1030648987 tempest-VolumesListAdminTestJSON-1030648987-project] GET http://10.222.0.30/volume/v3/aeca42e333eb442d9d6b3db0919b3161/volumes/2b6a5895-f871-43f8-860d-f026e9cbc6ae
Mar 08 04:19:59.327481 dv-cinder-733062-29-iscsi devstack@c-api.service[109921]: DEBUG cinder.api.openstack.wsgi [None req-5f7be0fe-7167-42ee-8c46-a41d9a62d3cc tempest-VolumesListAdminTestJSON-1030648987 tempest-VolumesListAdminTestJSON-1030648987-project] Empty body provided in request {{(pid=109921) get_body /opt/stack/cinder/cinder/api/openstack/wsgi.py:715}}
Mar 08 04:19:59.327926 dv-cinder-733062-29-iscsi devstack@c-api.service[109921]: DEBUG cinder.api.openstack.wsgi [None req-5f7be0fe-7167-42ee-8c46-a41d9a62d3cc tempest-VolumesListAdminTestJSON-1030648987 tempest-VolumesListAdminTestJSON-1030648987-project] Calling method 'show' {{(pid=109921) _process_stack /opt/stack/cinder/cinder/api/openstack/wsgi.py:868}}
Mar 08 04:19:59.341678 dv-cinder-733062-29-iscsi devstack@c-api.service[109921]: /usr/local/lib/python3.8/dist-packages/oslo_context/context.py:100: DeprecationWarning: Policy enforcement is depending on the value of is_admin. This key is deprecated. Please update your policy file to use the standard policy values.
Mar 08 04:19:59.341678 dv-cinder-733062-29-iscsi devstack@c-api.service[109921]: warnings.warn('Policy enforcement is depending on the value of '
Mar 08 04:19:59.348461 dv-cinder-733062-29-iscsi devstack@c-api.service[109921]: INFO cinder.volume.api [None req-5f7be0fe-7167-42ee-8c46-a41d9a62d3cc tempest-VolumesListAdminTestJSON-1030648987 tempest-VolumesListAdminTestJSON-1030648987-project] Volume info retrieved successfully.
Mar 08 04:19:59.357037 dv-cinder-733062-29-iscsi devstack@c-api.service[109921]: INFO cinder.api.openstack.wsgi [None req-5f7be0fe-7167-42ee-8c46-a41d9a62d3cc tempest-VolumesListAdminTestJSON-1030648987 tempest-VolumesListAdminTestJSON-1030648987-project] http://10.222.0.30/volume/v3/aeca42e333eb442d9d6b3db0919b3161/volumes/2b6a5895-f871-43f8-860d-f026e9cbc6ae returned with HTTP 200
Mar 08 04:19:59.357788 dv-cinder-733062-29-iscsi devstack@c-api.service[109921]: [pid: 109921|app: 0|req: 181/379] 10.222.0.30 () {58 vars in 1324 bytes} [Tue Mar 8 04:19:59 2022] GET /volume/v3/aeca42e333eb442d9d6b3db0919b3161/volumes/2b6a5895-f871-43f8-860d-f026e9cbc6ae => generated 890 bytes in 35 msecs (HTTP/1.1 200) 7 headers in 285 bytes (1 switches on core 0)
Mar 08 04:19:59.454522 dv-cinder-733062-29-iscsi devstack@c-api.service[109920]: DEBUG cinder.api.middleware.request_id [None req-b51f28a4-0815-4cf8-8424-df3e6e7658ed None None] RequestId filter calling following filter/app {{(pid=109920) _context_setter /opt/stack/cinder/cinder/api/middleware/request_id.py:62}}
Mar 08 04:19:59.458877 dv-cinder-733062-29-iscsi devstack@c-api.service[109920]: INFO cinder.api.openstack.wsgi [None req-b51f28a4-0815-4cf8-8424-df3e6e7658ed tempest-GroupSnapshotsTest-1344663949 tempest-GroupSnapshotsTest-1344663949-project] GET http://10.222.0.30/volume/v3/6b2552a8997949f490d811532e12937b/volumes/7eac6b2b-dd31-47a9-9d6a-511c46b1c060
Mar 08 04:19:59.459360 dv-cinder-733062-29-iscsi devstack@c-api.service[109920]: DEBUG cinder.api.openstack.wsgi [None req-b51f28a4-0815-4cf8-8424-df3e6e7658ed tempest-GroupSnapshotsTest-1344663949 tempest-GroupSnapshotsTest-1344663949-project] Empty body provided in request {{(pid=109920) get_body /opt/stack/cinder/cinder/api/openstack/wsgi.py:715}}
Mar 08 04:19:59.459833 dv-cinder-733062-29-iscsi devstack@c-api.service[109920]: DEBUG cinder.api.openstack.wsgi [None req-b51f28a4-0815-4cf8-8424-df3e6e7658ed tempest-GroupSnapshotsTest-1344663949 tempest-GroupSnapshotsTest-1344663949-project] Calling method 'show' {{(pid=109920) _process_stack /opt/stack/cinder/cinder/api/openstack/wsgi.py:868}}
Mar 08 04:19:59.470188 dv-cinder-733062-29-iscsi devstack@c-api.service[109920]: INFO cinder.api.openstack.wsgi [None req-b51f28a4-0815-4cf8-8424-df3e6e7658ed tempest-GroupSnapshotsTest-1344663949 tempest-GroupSnapshotsTest-1344663949-project] http://10.222.0.30/volume/v3/6b2552a8997949f490d811532e12937b/volumes/7eac6b2b-dd31-47a9-9d6a-511c46b1c060 returned with HTTP 404
Mar 08 04:19:59.471356 dv-cinder-733062-29-iscsi devstack@c-api.service[109920]: [pid: 109920|app: 0|req: 199/380] 10.222.0.30 () {60 vars in 1365 bytes} [Tue Mar 8 04:19:59 2022] GET /volume/v3/6b2552a8997949f490d811532e12937b/volumes/7eac6b2b-dd31-47a9-9d6a-511c46b1c060 => generated 109 bytes in 18 msecs (HTTP/1.1 404) 7 headers in 293 bytes (1 switches on core 0)
Mar 08 04:19:59.476655 dv-cinder-733062-29-iscsi devstack@c-api.service[109921]: DEBUG cinder.api.middleware.request_id [None req-d6eef1fc-e84c-4393-b97d-71f29bd03111 None None] RequestId filter calling following filter/app {{(pid=109921) _context_setter /opt/stack/cinder/cinder/api/middleware/request_id.py:62}}
Mar 08 04:19:59.480933 dv-cinder-733062-29-iscsi devstack@c-api.service[109921]: INFO cinder.api.openstack.wsgi [None req-d6eef1fc-e84c-4393-b97d-71f29bd03111 tempest-GroupSnapshotsTest-1344663949 tempest-GroupSnapshotsTest-1344663949-project] GET http://10.222.0.30/volume/v3/6b2552a8997949f490d811532e12937b/groups/72a6c585-3435-4ce0-bd48-85ef5f835e9a
Mar 08 04:19:59.481479 dv-cinder-733062-29-iscsi devstack@c-api.service[109921]: DEBUG cinder.api.openstack.wsgi [None req-d6eef1fc-e84c-4393-b97d-71f29bd03111 tempest-GroupSnapshotsTest-1344663949 tempest-GroupSnapshotsTest-1344663949-project] Empty body provided in request {{(pid=109921) get_body /opt/stack/cinder/cinder/api/openstack/wsgi.py:715}}
Mar 08 04:19:59.482012 dv-cinder-733062-29-iscsi devstack@c-api.service[109921]: DEBUG cinder.api.openstack.wsgi [None req-d6eef1fc-e84c-4393-b97d-71f29bd03111 tempest-GroupSnapshotsTest-1344663949 tempest-GroupSnapshotsTest-1344663949-project] Calling method 'version_select' {{(pid=109921) _process_stack /opt/stack/cinder/cinder/api/openstack/wsgi.py:868}}
Mar 08 04:19:59.482360 dv-cinder-733062-29-iscsi devstack@c-api.service[109921]: DEBUG cinder.api.v3.groups [None req-d6eef1fc-e84c-4393-b97d-71f29bd03111 tempest-GroupSnapshotsTest-1344663949 tempest-GroupSnapshotsTest-1344663949-project] show called for member 72a6c585-3435-4ce0-bd48-85ef5f835e9a {{(pid=109921) show /opt/stack/cinder/cinder/api/v3/groups.py:58}}
Mar 08 04:19:59.486794 dv-cinder-733062-29-iscsi devstack@c-api.service[109921]: INFO cinder.api.openstack.wsgi [None req-d6eef1fc-e84c-4393-b97d-71f29bd03111 tempest-GroupSnapshotsTest-1344663949 tempest-GroupSnapshotsTest-1344663949-project] http://10.222.0.30/volume/v3/6b2552a8997949f490d811532e12937b/groups/72a6c585-3435-4ce0-bd48-85ef5f835e9a returned with HTTP 404
Mar 08 04:19:59.487690 dv-cinder-733062-29-iscsi devstack@c-api.service[109921]: [pid: 109921|app: 0|req: 182/381] 10.222.0.30 () {60 vars in 1362 bytes} [Tue Mar 8 04:19:59 2022] GET /volume/v3/6b2552a8997949f490d811532e12937b/groups/72a6c585-3435-4ce0-bd48-85ef5f835e9a => generated 108 bytes in 12 msecs (HTTP/1.1 404) 7 headers in 293 bytes (1 switches on core 0)
Mar 08 04:19:59.492545 dv-cinder-733062-29-iscsi devstack@c-api.service[109920]: DEBUG cinder.api.middleware.request_id [None req-e90b5663-85ba-4c75-b944-561a199534e2 None None] RequestId filter calling following filter/app {{(pid=109920) _context_setter /opt/stack/cinder/cinder/api/middleware/request_id.py:62}}
Mar 08 04:19:59.496293 dv-cinder-733062-29-iscsi devstack@c-api.service[109920]: INFO cinder.api.openstack.wsgi [None req-e90b5663-85ba-4c75-b944-561a199534e2 tempest-GroupSnapshotsTest-1966305131 tempest-GroupSnapshotsTest-1966305131-project-admin] DELETE http://10.222.0.30/volume/v3/e1762bf8139441609d607c10bec285c4/group_types/3ce2643f-ef29-4ae0-bbfd-a554739cabd9
Mar 08 04:19:59.496833 dv-cinder-733062-29-iscsi devstack@c-api.service[109920]: DEBUG cinder.api.openstack.wsgi [None req-e90b5663-85ba-4c75-b944-561a199534e2 tempest-GroupSnapshotsTest-1966305131 tempest-GroupSnapshotsTest-1966305131-project-admin] Empty body provided in request {{(pid=109920) get_body /opt/stack/cinder/cinder/api/openstack/wsgi.py:715}}
Mar 08 04:19:59.497225 dv-cinder-733062-29-iscsi devstack@c-api.service[109920]: DEBUG cinder.api.openstack.wsgi [None req-e90b5663-85ba-4c75-b944-561a199534e2 tempest-GroupSnapshotsTest-1966305131 tempest-GroupSnapshotsTest-1966305131-project-admin] Calling method 'version_select' {{(pid=109920) _process_stack /opt/stack/cinder/cinder/api/openstack/wsgi.py:868}}
Mar 08 04:19:59.497911 dv-cinder-733062-29-iscsi devstack@c-api.service[109920]: /usr/local/lib/python3.8/dist-packages/oslo_context/context.py:100: DeprecationWarning: Policy enforcement is depending on the value of is_admin. This key is deprecated. Please update your policy file to use the standard policy values.
Mar 08 04:19:59.497911 dv-cinder-733062-29-iscsi devstack@c-api.service[109920]: warnings.warn('Policy enforcement is depending on the value of '
Mar 08 04:19:59.517964 dv-cinder-733062-29-iscsi devstack@c-api.service[109920]: INFO cinder.api.openstack.wsgi [None req-e90b5663-85ba-4c75-b944-561a199534e2 tempest-GroupSnapshotsTest-1966305131 tempest-GroupSnapshotsTest-1966305131-project-admin] http://10.222.0.30/volume/v3/e1762bf8139441609d607c10bec285c4/group_types/3ce2643f-ef29-4ae0-bbfd-a554739cabd9 returned with HTTP 202
Mar 08 04:19:59.518807 dv-cinder-733062-29-iscsi devstack@c-api.service[109920]: [pid: 109920|app: 0|req: 200/382] 10.222.0.30 () {60 vars in 1380 bytes} [Tue Mar 8 04:19:59 2022] DELETE /volume/v3/e1762bf8139441609d607c10bec285c4/group_types/3ce2643f-ef29-4ae0-bbfd-a554739cabd9 => generated 0 bytes in 27 msecs (HTTP/1.1 202) 6 headers in 234 bytes (1 switches on core 0)
Mar 08 04:19:59.525918 dv-cinder-733062-29-iscsi devstack@c-api.service[109921]: DEBUG cinder.api.middleware.request_id [None req-37c7b246-61d2-4b43-9ae8-e3e422ba7ff7 None None] RequestId filter calling following filter/app {{(pid=109921) _context_setter /opt/stack/cinder/cinder/api/middleware/request_id.py:62}}
Mar 08 04:19:59.529513 dv-cinder-733062-29-iscsi devstack@c-api.service[109921]: INFO cinder.api.openstack.wsgi [None req-37c7b246-61d2-4b43-9ae8-e3e422ba7ff7 tempest-GroupSnapshotsTest-1344663949 tempest-GroupSnapshotsTest-1344663949-project] DELETE http://10.222.0.30/volume/v3/6b2552a8997949f490d811532e12937b/volumes/7eac6b2b-dd31-47a9-9d6a-511c46b1c060
Mar 08 04:19:59.530084 dv-cinder-733062-29-iscsi devstack@c-api.service[109921]: DEBUG cinder.api.openstack.wsgi [None req-37c7b246-61d2-4b43-9ae8-e3e422ba7ff7 tempest-GroupSnapshotsTest-1344663949 tempest-GroupSnapshotsTest-1344663949-project] Empty body provided in request {{(pid=109921) get_body /opt/stack/cinder/cinder/api/openstack/wsgi.py:715}}
Mar 08 04:19:59.530593 dv-cinder-733062-29-iscsi devstack@c-api.service[109921]: DEBUG cinder.api.openstack.wsgi [None req-37c7b246-61d2-4b43-9ae8-e3e422ba7ff7 tempest-GroupSnapshotsTest-1344663949 tempest-GroupSnapshotsTest-1344663949-project] Calling method 'delete' {{(pid=109921) _process_stack /opt/stack/cinder/cinder/api/openstack/wsgi.py:868}}
Mar 08 04:19:59.531041 dv-cinder-733062-29-iscsi devstack@c-api.service[109921]: INFO cinder.api.v3.volumes [None req-37c7b246-61d2-4b43-9ae8-e3e422ba7ff7 tempest-GroupSnapshotsTest-1344663949 tempest-GroupSnapshotsTest-1344663949-project] Delete volume with id: 7eac6b2b-dd31-47a9-9d6a-511c46b1c060
Mar 08 04:19:59.541875 dv-cinder-733062-29-iscsi devstack@c-api.service[109921]: INFO cinder.api.openstack.wsgi [None req-37c7b246-61d2-4b43-9ae8-e3e422ba7ff7 tempest-GroupSnapshotsTest-1344663949 tempest-GroupSnapshotsTest-1344663949-project] http://10.222.0.30/volume/v3/6b2552a8997949f490d811532e12937b/volumes/7eac6b2b-dd31-47a9-9d6a-511c46b1c060 returned with HTTP 404
Mar 08 04:19:59.542758 dv-cinder-733062-29-iscsi devstack@c-api.service[109921]: [pid: 109921|app: 0|req: 183/383] 10.222.0.30 () {60 vars in 1368 bytes} [Tue Mar 8 04:19:59 2022] DELETE /volume/v3/6b2552a8997949f490d811532e12937b/volumes/7eac6b2b-dd31-47a9-9d6a-511c46b1c060 => generated 109 bytes in 18 msecs (HTTP/1.1 404) 7 headers in 293 bytes (1 switches on core 0)
Mar 08 04:19:59.547285 dv-cinder-733062-29-iscsi devstack@c-api.service[109920]: DEBUG cinder.api.middleware.request_id [None req-a61c3c37-62a7-4ccf-a7cd-7131b384823b None None] RequestId filter calling following filter/app {{(pid=109920) _context_setter /opt/stack/cinder/cinder/api/middleware/request_id.py:62}}
Mar 08 04:19:59.551107 dv-cinder-733062-29-iscsi devstack@c-api.service[109920]: INFO cinder.api.openstack.wsgi [None req-a61c3c37-62a7-4ccf-a7cd-7131b384823b tempest-GroupSnapshotsTest-1966305131 tempest-GroupSnapshotsTest-1966305131-project-admin] DELETE http://10.222.0.30/volume/v3/e1762bf8139441609d607c10bec285c4/types/4fc3e672-08a7-4e19-ad6a-d64f95e15feb
Mar 08 04:19:59.551489 dv-cinder-733062-29-iscsi devstack@c-api.service[109920]: DEBUG cinder.api.openstack.wsgi [None req-a61c3c37-62a7-4ccf-a7cd-7131b384823b tempest-GroupSnapshotsTest-1966305131 tempest-GroupSnapshotsTest-1966305131-project-admin] Empty body provided in request {{(pid=109920) get_body /opt/stack/cinder/cinder/api/openstack/wsgi.py:715}}
Mar 08 04:19:59.552055 dv-cinder-733062-29-iscsi devstack@c-api.service[109920]: DEBUG cinder.api.openstack.wsgi [None req-a61c3c37-62a7-4ccf-a7cd-7131b384823b tempest-GroupSnapshotsTest-1966305131 tempest-GroupSnapshotsTest-1966305131-project-admin] Calling method '_delete' {{(pid=109920) _process_stack /opt/stack/cinder/cinder/api/openstack/wsgi.py:868}}
Mar 08 04:19:59.592737 dv-cinder-733062-29-iscsi devstack@c-api.service[109920]: INFO cinder.api.openstack.wsgi [None req-a61c3c37-62a7-4ccf-a7cd-7131b384823b tempest-GroupSnapshotsTest-1966305131 tempest-GroupSnapshotsTest-1966305131-project-admin] http://10.222.0.30/volume/v3/e1762bf8139441609d607c10bec285c4/types/4fc3e672-08a7-4e19-ad6a-d64f95e15feb returned with HTTP 202
Mar 08 04:19:59.593479 dv-cinder-733062-29-iscsi devstack@c-api.service[109920]: [pid: 109920|app: 0|req: 201/384] 10.222.0.30 () {58 vars in 1321 bytes} [Tue Mar 8 04:19:59 2022] DELETE /volume/v3/e1762bf8139441609d607c10bec285c4/types/4fc3e672-08a7-4e19-ad6a-d64f95e15feb => generated 0 bytes in 47 msecs (HTTP/1.1 202) 6 headers in 233 bytes (2 switches on core 0)
Mar 08 04:19:59.598581 dv-cinder-733062-29-iscsi devstack@c-api.service[109921]: DEBUG cinder.api.middleware.request_id [None req-c4f266f9-ed33-4078-8201-20cd186aa5af None None] RequestId filter calling following filter/app {{(pid=109921) _context_setter /opt/stack/cinder/cinder/api/middleware/request_id.py:62}}
Mar 08 04:19:59.602238 dv-cinder-733062-29-iscsi devstack@c-api.service[109921]: INFO cinder.api.openstack.wsgi [None req-c4f266f9-ed33-4078-8201-20cd186aa5af tempest-GroupSnapshotsTest-1966305131 tempest-GroupSnapshotsTest-1966305131-project-admin] GET http://10.222.0.30/volume/v3/e1762bf8139441609d607c10bec285c4/types/4fc3e672-08a7-4e19-ad6a-d64f95e15feb
Mar 08 04:19:59.602679 dv-cinder-733062-29-iscsi devstack@c-api.service[109921]: DEBUG cinder.api.openstack.wsgi [None req-c4f266f9-ed33-4078-8201-20cd186aa5af tempest-GroupSnapshotsTest-1966305131 tempest-GroupSnapshotsTest-1966305131-project-admin] Empty body provided in request {{(pid=109921) get_body /opt/stack/cinder/cinder/api/openstack/wsgi.py:715}}
