Nov 26 09:36:22.985441 dv-cinder-733062-25-iscsi devstack@c-api.service[109703]: warnings.warn('Policy enforcement is depending on the value of '
Nov 26 09:36:22.987461 dv-cinder-733062-25-iscsi devstack@c-api.service[109703]: INFO cinder.volume.api [None req-e948076b-772a-4beb-8adb-9eb09df8e751 tempest-VolumesDeleteCascade-845512250 tempest-VolumesDeleteCascade-845512250-project] Snapshot retrieved successfully.
Nov 26 09:36:22.991049 dv-cinder-733062-25-iscsi devstack@c-api.service[109703]: INFO cinder.api.openstack.wsgi [None req-e948076b-772a-4beb-8adb-9eb09df8e751 tempest-VolumesDeleteCascade-845512250 tempest-VolumesDeleteCascade-845512250-project] http://10.222.0.53/volume/v3/9811ce64671c4a6aa5ade1b39848dde0/snapshots/cf029731-c3bf-4252-b9be-71fa0fa14da4 returned with HTTP 200
Nov 26 09:36:22.992369 dv-cinder-733062-25-iscsi devstack@c-api.service[109703]: [pid: 109703|app: 0|req: 180/340] 10.222.0.53 () {58 vars in 1330 bytes} [Fri Nov 26 09:36:22 2021] GET /volume/v3/9811ce64671c4a6aa5ade1b39848dde0/snapshots/cf029731-c3bf-4252-b9be-71fa0fa14da4 => generated 438 bytes in 32 msecs (HTTP/1.1 200) 7 headers in 285 bytes (1 switches on core 0)
Nov 26 09:36:23.018025 dv-cinder-733062-25-iscsi devstack@c-api.service[109704]: INFO cinder.api.openstack.wsgi [None req-01ccd375-e0ba-4cb0-aed4-855cea783063 tempest-GroupSnapshotsTest-195996038 tempest-GroupSnapshotsTest-195996038-project] GET http://10.222.0.53/volume/v3/b08d4b8d4c9d460fb4e0a53d4220b2af/groups/986428e6-0b07-4049-a822-2be24d86161e
Nov 26 09:36:23.018677 dv-cinder-733062-25-iscsi devstack@c-api.service[109704]: DEBUG cinder.api.openstack.wsgi [None req-01ccd375-e0ba-4cb0-aed4-855cea783063 tempest-GroupSnapshotsTest-195996038 tempest-GroupSnapshotsTest-195996038-project] Empty body provided in request {{(pid=109704) get_body /opt/stack/cinder/cinder/api/openstack/wsgi.py:703}}
Nov 26 09:36:23.018903 dv-cinder-733062-25-iscsi devstack@c-api.service[109704]: /usr/local/lib/python3.8/dist-packages/webob/acceptparse.py:1047: DeprecationWarning: The behavior of AcceptValidHeader.best_match is currently being maintained for backward compatibility, but it will be deprecated in the future, as it does not conform to the RFC.
Nov 26 09:36:23.018903 dv-cinder-733062-25-iscsi devstack@c-api.service[109704]: warnings.warn(
Nov 26 09:36:23.019286 dv-cinder-733062-25-iscsi devstack@c-api.service[109704]: DEBUG cinder.api.openstack.wsgi [None req-01ccd375-e0ba-4cb0-aed4-855cea783063 tempest-GroupSnapshotsTest-195996038 tempest-GroupSnapshotsTest-195996038-project] Calling method 'version_select' {{(pid=109704) _process_stack /opt/stack/cinder/cinder/api/openstack/wsgi.py:856}}
Nov 26 09:36:23.019668 dv-cinder-733062-25-iscsi devstack@c-api.service[109704]: DEBUG cinder.api.v3.groups [None req-01ccd375-e0ba-4cb0-aed4-855cea783063 tempest-GroupSnapshotsTest-195996038 tempest-GroupSnapshotsTest-195996038-project] show called for member 986428e6-0b07-4049-a822-2be24d86161e {{(pid=109704) show /opt/stack/cinder/cinder/api/v3/groups.py:58}}
Nov 26 09:36:23.026613 dv-cinder-733062-25-iscsi devstack@c-api.service[109704]: /usr/local/lib/python3.8/dist-packages/oslo_context/context.py:105: DeprecationWarning: Policy enforcement is depending on the value of is_admin. This key is deprecated. Please update your policy file to use the standard policy values.
Nov 26 09:36:23.026613 dv-cinder-733062-25-iscsi devstack@c-api.service[109704]: warnings.warn('Policy enforcement is depending on the value of '
Nov 26 09:36:23.044189 dv-cinder-733062-25-iscsi devstack@c-api.service[109704]: INFO cinder.api.openstack.wsgi [None req-01ccd375-e0ba-4cb0-aed4-855cea783063 tempest-GroupSnapshotsTest-195996038 tempest-GroupSnapshotsTest-195996038-project] http://10.222.0.53/volume/v3/b08d4b8d4c9d460fb4e0a53d4220b2af/groups/986428e6-0b07-4049-a822-2be24d86161e returned with HTTP 200
Nov 26 09:36:23.044949 dv-cinder-733062-25-iscsi devstack@c-api.service[109704]: [pid: 109704|app: 0|req: 161/341] 10.222.0.53 () {60 vars in 1362 bytes} [Fri Nov 26 09:36:23 2021] GET /volume/v3/b08d4b8d4c9d460fb4e0a53d4220b2af/groups/986428e6-0b07-4049-a822-2be24d86161e => generated 392 bytes in 31 msecs (HTTP/1.1 200) 7 headers in 286 bytes (1 switches on core 0)
Nov 26 09:36:23.093796 dv-cinder-733062-25-iscsi devstack@c-api.service[109703]: INFO cinder.api.openstack.wsgi [None req-0fe5a2e8-dbfa-449a-bc5a-ac873021a109 tempest-DeleteServersTestJSON-1239685603 tempest-DeleteServersTestJSON-1239685603-project] GET http://10.222.0.53/volume/v3/8ddc9baa4d694f758a57f08d2464b0cb/volumes/92385eab-97ad-4733-a17c-97cc8ed71fd9
Nov 26 09:36:23.094254 dv-cinder-733062-25-iscsi devstack@c-api.service[109703]: DEBUG cinder.api.openstack.wsgi [None req-0fe5a2e8-dbfa-449a-bc5a-ac873021a109 tempest-DeleteServersTestJSON-1239685603 tempest-DeleteServersTestJSON-1239685603-project] Empty body provided in request {{(pid=109703) get_body /opt/stack/cinder/cinder/api/openstack/wsgi.py:703}}
Nov 26 09:36:23.094417 dv-cinder-733062-25-iscsi devstack@c-api.service[109703]: /usr/local/lib/python3.8/dist-packages/webob/acceptparse.py:1047: DeprecationWarning: The behavior of AcceptValidHeader.best_match is currently being maintained for backward compatibility, but it will be deprecated in the future, as it does not conform to the RFC.
Nov 26 09:36:23.094417 dv-cinder-733062-25-iscsi devstack@c-api.service[109703]: warnings.warn(
Nov 26 09:36:23.094728 dv-cinder-733062-25-iscsi devstack@c-api.service[109703]: DEBUG cinder.api.openstack.wsgi [None req-0fe5a2e8-dbfa-449a-bc5a-ac873021a109 tempest-DeleteServersTestJSON-1239685603 tempest-DeleteServersTestJSON-1239685603-project] Calling method 'show' {{(pid=109703) _process_stack /opt/stack/cinder/cinder/api/openstack/wsgi.py:856}}
Nov 26 09:36:23.109140 dv-cinder-733062-25-iscsi devstack@c-api.service[109703]: /usr/local/lib/python3.8/dist-packages/oslo_context/context.py:105: DeprecationWarning: Policy enforcement is depending on the value of is_admin. This key is deprecated. Please update your policy file to use the standard policy values.
Nov 26 09:36:23.109140 dv-cinder-733062-25-iscsi devstack@c-api.service[109703]: warnings.warn('Policy enforcement is depending on the value of '
Nov 26 09:36:23.110465 dv-cinder-733062-25-iscsi devstack@c-api.service[109704]: INFO cinder.api.openstack.wsgi [None req-46b09896-ac29-45da-8d8a-bb354a780c26 tempest-VolumesExtendTest-1989295013 tempest-VolumesExtendTest-1989295013-project] GET http://10.222.0.53/volume/v3/f9d675cb37de4d678ae2300e948913f4/volumes/d8de5613-4ea0-4954-b9fa-070bd09d2e72
Nov 26 09:36:23.110984 dv-cinder-733062-25-iscsi devstack@c-api.service[109704]: DEBUG cinder.api.openstack.wsgi [None req-46b09896-ac29-45da-8d8a-bb354a780c26 tempest-VolumesExtendTest-1989295013 tempest-VolumesExtendTest-1989295013-project] Empty body provided in request {{(pid=109704) get_body /opt/stack/cinder/cinder/api/openstack/wsgi.py:703}}
Nov 26 09:36:23.111193 dv-cinder-733062-25-iscsi devstack@c-api.service[109704]: /usr/local/lib/python3.8/dist-packages/webob/acceptparse.py:1047: DeprecationWarning: The behavior of AcceptValidHeader.best_match is currently being maintained for backward compatibility, but it will be deprecated in the future, as it does not conform to the RFC.
Nov 26 09:36:23.111193 dv-cinder-733062-25-iscsi devstack@c-api.service[109704]: warnings.warn(
Nov 26 09:36:23.111826 dv-cinder-733062-25-iscsi devstack@c-api.service[109704]: DEBUG cinder.api.openstack.wsgi [None req-46b09896-ac29-45da-8d8a-bb354a780c26 tempest-VolumesExtendTest-1989295013 tempest-VolumesExtendTest-1989295013-project] Calling method 'show' {{(pid=109704) _process_stack /opt/stack/cinder/cinder/api/openstack/wsgi.py:856}}
Nov 26 09:36:23.117532 dv-cinder-733062-25-iscsi devstack@c-api.service[109703]: INFO cinder.volume.api [None req-0fe5a2e8-dbfa-449a-bc5a-ac873021a109 tempest-DeleteServersTestJSON-1239685603 tempest-DeleteServersTestJSON-1239685603-project] Volume info retrieved successfully.
Nov 26 09:36:23.127361 dv-cinder-733062-25-iscsi devstack@c-api.service[109704]: /usr/local/lib/python3.8/dist-packages/oslo_context/context.py:105: DeprecationWarning: Policy enforcement is depending on the value of is_admin. This key is deprecated. Please update your policy file to use the standard policy values.
Nov 26 09:36:23.127361 dv-cinder-733062-25-iscsi devstack@c-api.service[109704]: warnings.warn('Policy enforcement is depending on the value of '
Nov 26 09:36:23.128489 dv-cinder-733062-25-iscsi devstack@c-api.service[109703]: INFO cinder.api.openstack.wsgi [None req-0fe5a2e8-dbfa-449a-bc5a-ac873021a109 tempest-DeleteServersTestJSON-1239685603 tempest-DeleteServersTestJSON-1239685603-project] http://10.222.0.53/volume/v3/8ddc9baa4d694f758a57f08d2464b0cb/volumes/92385eab-97ad-4733-a17c-97cc8ed71fd9 returned with HTTP 200
Nov 26 09:36:23.129839 dv-cinder-733062-25-iscsi devstack@c-api.service[109703]: [pid: 109703|app: 0|req: 181/342] 10.222.0.53 () {58 vars in 1324 bytes} [Fri Nov 26 09:36:23 2021] GET /volume/v3/8ddc9baa4d694f758a57f08d2464b0cb/volumes/92385eab-97ad-4733-a17c-97cc8ed71fd9 => generated 913 bytes in 39 msecs (HTTP/1.1 200) 7 headers in 285 bytes (2 switches on core 0)
Nov 26 09:36:23.137977 dv-cinder-733062-25-iscsi devstack@c-api.service[109704]: INFO cinder.volume.api [None req-46b09896-ac29-45da-8d8a-bb354a780c26 tempest-VolumesExtendTest-1989295013 tempest-VolumesExtendTest-1989295013-project] Volume info retrieved successfully.
Nov 26 09:36:23.148994 dv-cinder-733062-25-iscsi devstack@c-api.service[109704]: INFO cinder.api.openstack.wsgi [None req-46b09896-ac29-45da-8d8a-bb354a780c26 tempest-VolumesExtendTest-1989295013 tempest-VolumesExtendTest-1989295013-project] http://10.222.0.53/volume/v3/f9d675cb37de4d678ae2300e948913f4/volumes/d8de5613-4ea0-4954-b9fa-070bd09d2e72 returned with HTTP 200
Nov 26 09:36:23.149898 dv-cinder-733062-25-iscsi devstack@c-api.service[109704]: [pid: 109704|app: 0|req: 162/343] 10.222.0.53 () {58 vars in 1324 bytes} [Fri Nov 26 09:36:23 2021] GET /volume/v3/f9d675cb37de4d678ae2300e948913f4/volumes/d8de5613-4ea0-4954-b9fa-070bd09d2e72 => generated 908 bytes in 43 msecs (HTTP/1.1 200) 7 headers in 285 bytes (2 switches on core 0)
Nov 26 09:36:23.342661 dv-cinder-733062-25-iscsi devstack@c-api.service[109703]: INFO cinder.api.openstack.wsgi [None req-4e569432-f5d8-455f-be69-86b4a3ba574c tempest-VolumesListAdminTestJSON-1135736621 tempest-VolumesListAdminTestJSON-1135736621-project] GET http://10.222.0.53/volume/v3/f89fc64684a74ad09e3bec4c76d15f9d/volumes/3fde181a-8578-4922-9a6c-68d5373d9d73
Nov 26 09:36:23.343115 dv-cinder-733062-25-iscsi devstack@c-api.service[109703]: DEBUG cinder.api.openstack.wsgi [None req-4e569432-f5d8-455f-be69-86b4a3ba574c tempest-VolumesListAdminTestJSON-1135736621 tempest-VolumesListAdminTestJSON-1135736621-project] Empty body provided in request {{(pid=109703) get_body /opt/stack/cinder/cinder/api/openstack/wsgi.py:703}}
Nov 26 09:36:23.343295 dv-cinder-733062-25-iscsi devstack@c-api.service[109703]: /usr/local/lib/python3.8/dist-packages/webob/acceptparse.py:1047: DeprecationWarning: The behavior of AcceptValidHeader.best_match is currently being maintained for backward compatibility, but it will be deprecated in the future, as it does not conform to the RFC.
Nov 26 09:36:23.343295 dv-cinder-733062-25-iscsi devstack@c-api.service[109703]: warnings.warn(
Nov 26 09:36:23.343610 dv-cinder-733062-25-iscsi devstack@c-api.service[109703]: DEBUG cinder.api.openstack.wsgi [None req-4e569432-f5d8-455f-be69-86b4a3ba574c tempest-VolumesListAdminTestJSON-1135736621 tempest-VolumesListAdminTestJSON-1135736621-project] Calling method 'show' {{(pid=109703) _process_stack /opt/stack/cinder/cinder/api/openstack/wsgi.py:856}}
Nov 26 09:36:23.366833 dv-cinder-733062-25-iscsi devstack@c-api.service[109703]: /usr/local/lib/python3.8/dist-packages/oslo_context/context.py:105: DeprecationWarning: Policy enforcement is depending on the value of is_admin. This key is deprecated. Please update your policy file to use the standard policy values.
Nov 26 09:36:23.366833 dv-cinder-733062-25-iscsi devstack@c-api.service[109703]: warnings.warn('Policy enforcement is depending on the value of '
Nov 26 09:36:23.400575 dv-cinder-733062-25-iscsi devstack@c-api.service[109703]: INFO cinder.volume.api [None req-4e569432-f5d8-455f-be69-86b4a3ba574c tempest-VolumesListAdminTestJSON-1135736621 tempest-VolumesListAdminTestJSON-1135736621-project] Volume info retrieved successfully.
Nov 26 09:36:23.450445 dv-cinder-733062-25-iscsi devstack@c-api.service[109703]: INFO cinder.api.openstack.wsgi [None req-4e569432-f5d8-455f-be69-86b4a3ba574c tempest-VolumesListAdminTestJSON-1135736621 tempest-VolumesListAdminTestJSON-1135736621-project] http://10.222.0.53/volume/v3/f89fc64684a74ad09e3bec4c76d15f9d/volumes/3fde181a-8578-4922-9a6c-68d5373d9d73 returned with HTTP 200
Nov 26 09:36:23.453846 dv-cinder-733062-25-iscsi devstack@c-api.service[109703]: [pid: 109703|app: 0|req: 182/344] 10.222.0.53 () {58 vars in 1324 bytes} [Fri Nov 26 09:36:23 2021] GET /volume/v3/f89fc64684a74ad09e3bec4c76d15f9d/volumes/3fde181a-8578-4922-9a6c-68d5373d9d73 => generated 916 bytes in 113 msecs (HTTP/1.1 200) 7 headers in 285 bytes (1 switches on core 0)
Nov 26 09:36:24.008528 dv-cinder-733062-25-iscsi devstack@c-api.service[109704]: INFO cinder.api.openstack.wsgi [None req-565a8242-73a9-453c-a6b7-99893c1eec74 tempest-VolumesDeleteCascade-845512250 tempest-VolumesDeleteCascade-845512250-project] GET http://10.222.0.53/volume/v3/9811ce64671c4a6aa5ade1b39848dde0/snapshots/cf029731-c3bf-4252-b9be-71fa0fa14da4
Nov 26 09:36:24.009355 dv-cinder-733062-25-iscsi devstack@c-api.service[109704]: DEBUG cinder.api.openstack.wsgi [None req-565a8242-73a9-453c-a6b7-99893c1eec74 tempest-VolumesDeleteCascade-845512250 tempest-VolumesDeleteCascade-845512250-project] Empty body provided in request {{(pid=109704) get_body /opt/stack/cinder/cinder/api/openstack/wsgi.py:703}}
Nov 26 09:36:24.009651 dv-cinder-733062-25-iscsi devstack@c-api.service[109704]: /usr/local/lib/python3.8/dist-packages/webob/acceptparse.py:1047: DeprecationWarning: The behavior of AcceptValidHeader.best_match is currently being maintained for backward compatibility, but it will be deprecated in the future, as it does not conform to the RFC.
Nov 26 09:36:24.009651 dv-cinder-733062-25-iscsi devstack@c-api.service[109704]: warnings.warn(
Nov 26 09:36:24.010248 dv-cinder-733062-25-iscsi devstack@c-api.service[109704]: DEBUG cinder.api.openstack.wsgi [None req-565a8242-73a9-453c-a6b7-99893c1eec74 tempest-VolumesDeleteCascade-845512250 tempest-VolumesDeleteCascade-845512250-project] Calling method 'show' {{(pid=109704) _process_stack /opt/stack/cinder/cinder/api/openstack/wsgi.py:856}}
Nov 26 09:36:24.038332 dv-cinder-733062-25-iscsi devstack@c-api.service[109704]: /usr/local/lib/python3.8/dist-packages/oslo_context/context.py:105: DeprecationWarning: Policy enforcement is depending on the value of is_admin. This key is deprecated. Please update your policy file to use the standard policy values.
Nov 26 09:36:24.038332 dv-cinder-733062-25-iscsi devstack@c-api.service[109704]: warnings.warn('Policy enforcement is depending on the value of '
Nov 26 09:36:24.043213 dv-cinder-733062-25-iscsi devstack@c-api.service[109704]: INFO cinder.volume.api [None req-565a8242-73a9-453c-a6b7-99893c1eec74 tempest-VolumesDeleteCascade-845512250 tempest-VolumesDeleteCascade-845512250-project] Snapshot retrieved successfully.
Nov 26 09:36:24.047244 dv-cinder-733062-25-iscsi devstack@c-api.service[109704]: INFO cinder.api.openstack.wsgi [None req-565a8242-73a9-453c-a6b7-99893c1eec74 tempest-VolumesDeleteCascade-845512250 tempest-VolumesDeleteCascade-845512250-project] http://10.222.0.53/volume/v3/9811ce64671c4a6aa5ade1b39848dde0/snapshots/cf029731-c3bf-4252-b9be-71fa0fa14da4 returned with HTTP 200
Nov 26 09:36:24.049316 dv-cinder-733062-25-iscsi devstack@c-api.service[109704]: [pid: 109704|app: 0|req: 163/345] 10.222.0.53 () {58 vars in 1330 bytes} [Fri Nov 26 09:36:23 2021] GET /volume/v3/9811ce64671c4a6aa5ade1b39848dde0/snapshots/cf029731-c3bf-4252-b9be-71fa0fa14da4 => generated 465 bytes in 49 msecs (HTTP/1.1 200) 7 headers in 285 bytes (1 switches on core 0)
Nov 26 09:36:24.061284 dv-cinder-733062-25-iscsi devstack@c-api.service[109703]: INFO cinder.api.openstack.wsgi [None req-88c5f57c-dc73-4de2-8177-ec6c5e5248c4 tempest-GroupSnapshotsTest-195996038 tempest-GroupSnapshotsTest-195996038-project] GET http://10.222.0.53/volume/v3/b08d4b8d4c9d460fb4e0a53d4220b2af/groups/986428e6-0b07-4049-a822-2be24d86161e
Nov 26 09:36:24.062024 dv-cinder-733062-25-iscsi devstack@c-api.service[109703]: DEBUG cinder.api.openstack.wsgi [None req-88c5f57c-dc73-4de2-8177-ec6c5e5248c4 tempest-GroupSnapshotsTest-195996038 tempest-GroupSnapshotsTest-195996038-project] Empty body provided in request {{(pid=109703) get_body /opt/stack/cinder/cinder/api/openstack/wsgi.py:703}}
Nov 26 09:36:24.062024 dv-cinder-733062-25-iscsi devstack@c-api.service[109703]: /usr/local/lib/python3.8/dist-packages/webob/acceptparse.py:1047: DeprecationWarning: The behavior of AcceptValidHeader.best_match is currently being maintained for backward compatibility, but it will be deprecated in the future, as it does not conform to the RFC.
Nov 26 09:36:24.062024 dv-cinder-733062-25-iscsi devstack@c-api.service[109703]: warnings.warn(
Nov 26 09:36:24.062024 dv-cinder-733062-25-iscsi devstack@c-api.service[109703]: DEBUG cinder.api.openstack.wsgi [None req-88c5f57c-dc73-4de2-8177-ec6c5e5248c4 tempest-GroupSnapshotsTest-195996038 tempest-GroupSnapshotsTest-195996038-project] Calling method 'version_select' {{(pid=109703) _process_stack /opt/stack/cinder/cinder/api/openstack/wsgi.py:856}}
Nov 26 09:36:24.062522 dv-cinder-733062-25-iscsi devstack@c-api.service[109703]: DEBUG cinder.api.v3.groups [None req-88c5f57c-dc73-4de2-8177-ec6c5e5248c4 tempest-GroupSnapshotsTest-195996038 tempest-GroupSnapshotsTest-195996038-project] show called for member 986428e6-0b07-4049-a822-2be24d86161e {{(pid=109703) show /opt/stack/cinder/cinder/api/v3/groups.py:58}}
Nov 26 09:36:24.067450 dv-cinder-733062-25-iscsi devstack@c-api.service[109704]: INFO cinder.api.openstack.wsgi [None req-6bcda066-214d-4441-807d-6dddef1255af tempest-VolumesDeleteCascade-845512250 tempest-VolumesDeleteCascade-845512250-project] POST http://10.222.0.53/volume/v3/9811ce64671c4a6aa5ade1b39848dde0/snapshots
Nov 26 09:36:24.068115 dv-cinder-733062-25-iscsi devstack@c-api.service[109704]: /usr/local/lib/python3.8/dist-packages/webob/acceptparse.py:1047: DeprecationWarning: The behavior of AcceptValidHeader.best_match is currently being maintained for backward compatibility, but it will be deprecated in the future, as it does not conform to the RFC.
Nov 26 09:36:24.068115 dv-cinder-733062-25-iscsi devstack@c-api.service[109704]: warnings.warn(
Nov 26 09:36:24.068944 dv-cinder-733062-25-iscsi devstack@c-api.service[109704]: DEBUG cinder.api.openstack.wsgi [None req-6bcda066-214d-4441-807d-6dddef1255af tempest-VolumesDeleteCascade-845512250 tempest-VolumesDeleteCascade-845512250-project] Action: 'create', calling method: create, body: {"snapshot": {"volume_id": "34549144-dceb-4474-9b4d-6b308f156d10", "name": "tempest-VolumesDeleteCascade-Snapshot-1325895412"}} {{(pid=109704) _process_stack /opt/stack/cinder/cinder/api/openstack/wsgi.py:854}}
Nov 26 09:36:24.069112 dv-cinder-733062-25-iscsi devstack@c-api.service[109703]: /usr/local/lib/python3.8/dist-packages/oslo_context/context.py:105: DeprecationWarning: Policy enforcement is depending on the value of is_admin. This key is deprecated. Please update your policy file to use the standard policy values.
Nov 26 09:36:24.069112 dv-cinder-733062-25-iscsi devstack@c-api.service[109703]: warnings.warn('Policy enforcement is depending on the value of '
Nov 26 09:36:24.102100 dv-cinder-733062-25-iscsi devstack@c-api.service[109703]: INFO cinder.api.openstack.wsgi [None req-88c5f57c-dc73-4de2-8177-ec6c5e5248c4 tempest-GroupSnapshotsTest-195996038 tempest-GroupSnapshotsTest-195996038-project] http://10.222.0.53/volume/v3/b08d4b8d4c9d460fb4e0a53d4220b2af/groups/986428e6-0b07-4049-a822-2be24d86161e returned with HTTP 200
Nov 26 09:36:24.105059 dv-cinder-733062-25-iscsi devstack@c-api.service[109703]: [pid: 109703|app: 0|req: 183/346] 10.222.0.53 () {60 vars in 1362 bytes} [Fri Nov 26 09:36:24 2021] GET /volume/v3/b08d4b8d4c9d460fb4e0a53d4220b2af/groups/986428e6-0b07-4049-a822-2be24d86161e => generated 393 bytes in 49 msecs (HTTP/1.1 200) 7 headers in 286 bytes (2 switches on core 0)
Nov 26 09:36:24.108773 dv-cinder-733062-25-iscsi devstack@c-api.service[109704]: /usr/local/lib/python3.8/dist-packages/oslo_context/context.py:105: DeprecationWarning: Policy enforcement is depending on the value of is_admin. This key is deprecated. Please update your policy file to use the standard policy values.
Nov 26 09:36:24.108773 dv-cinder-733062-25-iscsi devstack@c-api.service[109704]: warnings.warn('Policy enforcement is depending on the value of '
Nov 26 09:36:24.111051 dv-cinder-733062-25-iscsi devstack@c-api.service[109704]: INFO cinder.volume.api [None req-6bcda066-214d-4441-807d-6dddef1255af tempest-VolumesDeleteCascade-845512250 tempest-VolumesDeleteCascade-845512250-project] Volume info retrieved successfully.
Nov 26 09:36:24.111893 dv-cinder-733062-25-iscsi devstack@c-api.service[109704]: INFO cinder.api.v3.snapshots [None req-6bcda066-214d-4441-807d-6dddef1255af tempest-VolumesDeleteCascade-845512250 tempest-VolumesDeleteCascade-845512250-project] Create snapshot from volume 34549144-dceb-4474-9b4d-6b308f156d10
Nov 26 09:36:24.124704 dv-cinder-733062-25-iscsi devstack@c-api.service[109703]: INFO cinder.api.openstack.wsgi [None req-2d4ea51f-ffb2-4568-b4ad-dcd59486b9d4 tempest-GroupSnapshotsTest-195996038 tempest-GroupSnapshotsTest-195996038-project] POST http://10.222.0.53/volume/v3/b08d4b8d4c9d460fb4e0a53d4220b2af/volumes
Nov 26 09:36:24.125999 dv-cinder-733062-25-iscsi devstack@c-api.service[109703]: /usr/local/lib/python3.8/dist-packages/webob/acceptparse.py:1047: DeprecationWarning: The behavior of AcceptValidHeader.best_match is currently being maintained for backward compatibility, but it will be deprecated in the future, as it does not conform to the RFC.
Nov 26 09:36:24.125999 dv-cinder-733062-25-iscsi devstack@c-api.service[109703]: warnings.warn(
Nov 26 09:36:24.127119 dv-cinder-733062-25-iscsi devstack@c-api.service[109703]: DEBUG cinder.api.openstack.wsgi [None req-2d4ea51f-ffb2-4568-b4ad-dcd59486b9d4 tempest-GroupSnapshotsTest-195996038 tempest-GroupSnapshotsTest-195996038-project] Action: 'create', calling method: create, body: {"volume": {"volume_type": "61d1601e-e11d-4da2-a259-c8c7c1c95c43", "group_id": "986428e6-0b07-4049-a822-2be24d86161e", "size": 1, "name": "tempest-GroupSnapshotsTest-Volume-79718593"}} {{(pid=109703) _process_stack /opt/stack/cinder/cinder/api/openstack/wsgi.py:854}}
Nov 26 09:36:24.129580 dv-cinder-733062-25-iscsi devstack@c-api.service[109703]: DEBUG cinder.api.v3.volumes [None req-2d4ea51f-ffb2-4568-b4ad-dcd59486b9d4 tempest-GroupSnapshotsTest-195996038 tempest-GroupSnapshotsTest-195996038-project] Create volume request body: {'volume': {'volume_type': '61d1601e-e11d-4da2-a259-c8c7c1c95c43', 'group_id': '986428e6-0b07-4049-a822-2be24d86161e', 'size': 1, 'name': 'tempest-GroupSnapshotsTest-Volume-79718593'}} {{(pid=109703) create /opt/stack/cinder/cinder/api/v3/volumes.py:267}}
Nov 26 09:36:24.156538 dv-cinder-733062-25-iscsi devstack@c-api.service[109703]: /usr/local/lib/python3.8/dist-packages/oslo_context/context.py:105: DeprecationWarning: Policy enforcement is depending on the value of is_admin. This key is deprecated. Please update your policy file to use the standard policy values.
Nov 26 09:36:24.156538 dv-cinder-733062-25-iscsi devstack@c-api.service[109703]: warnings.warn('Policy enforcement is depending on the value of '
Nov 26 09:36:24.157963 dv-cinder-733062-25-iscsi devstack@c-api.service[109703]: INFO cinder.api.v3.volumes [None req-2d4ea51f-ffb2-4568-b4ad-dcd59486b9d4 tempest-GroupSnapshotsTest-195996038 tempest-GroupSnapshotsTest-195996038-project] Create volume of 1 GB
Nov 26 09:36:24.178210 dv-cinder-733062-25-iscsi devstack@c-api.service[109703]: INFO cinder.volume.api [None req-2d4ea51f-ffb2-4568-b4ad-dcd59486b9d4 tempest-GroupSnapshotsTest-195996038 tempest-GroupSnapshotsTest-195996038-project] Availability Zones retrieved successfully.
Nov 26 09:36:24.202469 dv-cinder-733062-25-iscsi devstack@c-api.service[109704]: DEBUG cinder.quota [None req-6bcda066-214d-4441-807d-6dddef1255af tempest-VolumesDeleteCascade-845512250 tempest-VolumesDeleteCascade-845512250-project] Created reservations ['f5e59722-7d7a-47dc-b95f-5050d81b2633', '44dead6d-beba-4e2d-8d69-d7c379c8016d', 'e2bd439a-2829-490e-ae37-7a2b66e8c714', 'e43f279b-819b-4892-a99d-da83e34f5f9b'] {{(pid=109704) reserve /opt/stack/cinder/cinder/quota.py:755}}
Nov 26 09:36:24.215293 dv-cinder-733062-25-iscsi devstack@c-api.service[109703]: DEBUG cinder.volume.api [None req-2d4ea51f-ffb2-4568-b4ad-dcd59486b9d4 tempest-GroupSnapshotsTest-195996038 tempest-GroupSnapshotsTest-195996038-project] Flow 'volume_create_api' (3fa02c38-f732-4dc4-a4c4-00e210aeeb7e) transitioned into state 'RUNNING' from state 'PENDING' {{(pid=109703) _flow_receiver /usr/local/lib/python3.8/dist-packages/taskflow/listeners/logging.py:141}}
Nov 26 09:36:24.221142 dv-cinder-733062-25-iscsi devstack@c-api.service[109703]: DEBUG cinder.volume.api [None req-2d4ea51f-ffb2-4568-b4ad-dcd59486b9d4 tempest-GroupSnapshotsTest-195996038 tempest-GroupSnapshotsTest-195996038-project] Task 'cinder.volume.flows.api.create_volume.ExtractVolumeRequestTask;volume:create' (49fa065e-22c5-4c0f-84df-b5fafe449719) transitioned into state 'RUNNING' from state 'PENDING' {{(pid=109703) _task_receiver /usr/local/lib/python3.8/dist-packages/taskflow/listeners/logging.py:190}}
Nov 26 09:36:24.224647 dv-cinder-733062-25-iscsi devstack@c-api.service[109703]: /usr/local/lib/python3.8/dist-packages/oslo_context/context.py:105: DeprecationWarning: Policy enforcement is depending on the value of is_admin. This key is deprecated. Please update your policy file to use the standard policy values.
Nov 26 09:36:24.224647 dv-cinder-733062-25-iscsi devstack@c-api.service[109703]: warnings.warn('Policy enforcement is depending on the value of '
Nov 26 09:36:24.226648 dv-cinder-733062-25-iscsi devstack@c-api.service[109703]: DEBUG cinder.volume.flows.api.create_volume [None req-2d4ea51f-ffb2-4568-b4ad-dcd59486b9d4 tempest-GroupSnapshotsTest-195996038 tempest-GroupSnapshotsTest-195996038-project] Validating volume size '1' using validate_int {{(pid=109703) _extract_size /opt/stack/cinder/cinder/volume/flows/api/create_volume.py:225}}
Nov 26 09:36:24.284715 dv-cinder-733062-25-iscsi devstack@c-api.service[109703]: DEBUG cinder.volume.api [None req-2d4ea51f-ffb2-4568-b4ad-dcd59486b9d4 tempest-GroupSnapshotsTest-195996038 tempest-GroupSnapshotsTest-195996038-project] Task 'cinder.volume.flows.api.create_volume.ExtractVolumeRequestTask;volume:create' (49fa065e-22c5-4c0f-84df-b5fafe449719) transitioned into state 'SUCCESS' from state 'RUNNING' with result '{'size': 1, 'snapshot_id': None, 'source_volid': None, 'volume_type': VolumeType(created_at=2021-11-26T09:36:21Z,deleted=False,deleted_at=None,description=None,extra_specs={},id=61d1601e-e11d-4da2-a259-c8c7c1c95c43,is_public=True,name='tempest-GroupSnapshotsTest-volume-type-1775516162',projects=[],qos_specs=,qos_specs_id=None,updated_at=None), 'volume_type_id': '61d1601e-e11d-4da2-a259-c8c7c1c95c43', 'encryption_key_id': None, 'qos_specs': None, 'consistencygroup_id': None, 'cgsnapshot_id': None, 'group_id': '986428e6-0b07-4049-a822-2be24d86161e', 'replication_status': 'disabled', 'refresh_az': False, 'backup_id': None, 'multiattach': False, 'availability_zones': ['nova']}' {{(pid=109703) _task_receiver /usr/local/lib/python3.8/dist-packages/taskflow/listeners/logging.py:178}}
Nov 26 09:36:24.289177 dv-cinder-733062-25-iscsi devstack@c-api.service[109703]: DEBUG cinder.volume.api [None req-2d4ea51f-ffb2-4568-b4ad-dcd59486b9d4 tempest-GroupSnapshotsTest-195996038 tempest-GroupSnapshotsTest-195996038-project] Task 'cinder.volume.flows.api.create_volume.QuotaReserveTask;volume:create' (b8ce5089-5227-4900-a530-fe083dfa2773) transitioned into state 'RUNNING' from state 'PENDING' {{(pid=109703) _task_receiver /usr/local/lib/python3.8/dist-packages/taskflow/listeners/logging.py:190}}
Nov 26 09:36:24.355194 dv-cinder-733062-25-iscsi devstack@c-api.service[109704]: INFO cinder.volume.api [None req-6bcda066-214d-4441-807d-6dddef1255af tempest-VolumesDeleteCascade-845512250 tempest-VolumesDeleteCascade-845512250-project] Snapshot create request issued successfully.
Nov 26 09:36:24.356176 dv-cinder-733062-25-iscsi devstack@c-api.service[109704]: INFO cinder.api.openstack.wsgi [None req-6bcda066-214d-4441-807d-6dddef1255af tempest-VolumesDeleteCascade-845512250 tempest-VolumesDeleteCascade-845512250-project] http://10.222.0.53/volume/v3/9811ce64671c4a6aa5ade1b39848dde0/snapshots returned with HTTP 202
Nov 26 09:36:24.357319 dv-cinder-733062-25-iscsi devstack@c-api.service[109704]: [pid: 109704|app: 0|req: 164/347] 10.222.0.53 () {60 vars in 1241 bytes} [Fri Nov 26 09:36:24 2021] POST /volume/v3/9811ce64671c4a6aa5ade1b39848dde0/snapshots => generated 307 bytes in 297 msecs (HTTP/1.1 202) 7 headers in 291 bytes (1 switches on core 0)
Nov 26 09:36:24.365741 dv-cinder-733062-25-iscsi devstack@c-api.service[109703]: WARNING cinder.quota [None req-2d4ea51f-ffb2-4568-b4ad-dcd59486b9d4 tempest-GroupSnapshotsTest-195996038 tempest-GroupSnapshotsTest-195996038-project] Deprecated: Default quota for resource: volumes_tempest-GroupSnapshotsTest-volume-type-1775516162 is set by the default quota flag: quota_volumes_tempest-GroupSnapshotsTest-volume-type-1775516162, it is now deprecated. Please use the default quota class for default quota.
Nov 26 09:36:24.365741 dv-cinder-733062-25-iscsi devstack@c-api.service[109703]: WARNING cinder.quota [None req-2d4ea51f-ffb2-4568-b4ad-dcd59486b9d4 tempest-GroupSnapshotsTest-195996038 tempest-GroupSnapshotsTest-195996038-project] Deprecated: Default quota for resource: gigabytes_tempest-GroupSnapshotsTest-volume-type-1775516162 is set by the default quota flag: quota_gigabytes_tempest-GroupSnapshotsTest-volume-type-1775516162, it is now deprecated. Please use the default quota class for default quota.
Nov 26 09:36:24.390319 dv-cinder-733062-25-iscsi devstack@c-api.service[109704]: INFO cinder.api.openstack.wsgi [None req-dbde6a10-7d9d-4bb4-8fa6-d72604f2f1e5 tempest-DeleteServersTestJSON-1239685603 tempest-DeleteServersTestJSON-1239685603-project] GET http://10.222.0.53/volume/v3/8ddc9baa4d694f758a57f08d2464b0cb/volumes/92385eab-97ad-4733-a17c-97cc8ed71fd9
Nov 26 09:36:24.391429 dv-cinder-733062-25-iscsi devstack@c-api.service[109704]: DEBUG cinder.api.openstack.wsgi [None req-dbde6a10-7d9d-4bb4-8fa6-d72604f2f1e5 tempest-DeleteServersTestJSON-1239685603 tempest-DeleteServersTestJSON-1239685603-project] Empty body provided in request {{(pid=109704) get_body /opt/stack/cinder/cinder/api/openstack/wsgi.py:703}}
Nov 26 09:36:24.391616 dv-cinder-733062-25-iscsi devstack@c-api.service[109704]: /usr/local/lib/python3.8/dist-packages/webob/acceptparse.py:1047: DeprecationWarning: The behavior of AcceptValidHeader.best_match is currently being maintained for backward compatibility, but it will be deprecated in the future, as it does not conform to the RFC.
Nov 26 09:36:24.391616 dv-cinder-733062-25-iscsi devstack@c-api.service[109704]: warnings.warn(
Nov 26 09:36:24.392006 dv-cinder-733062-25-iscsi devstack@c-api.service[109704]: DEBUG cinder.api.openstack.wsgi [None req-dbde6a10-7d9d-4bb4-8fa6-d72604f2f1e5 tempest-DeleteServersTestJSON-1239685603 tempest-DeleteServersTestJSON-1239685603-project] Calling method 'show' {{(pid=109704) _process_stack /opt/stack/cinder/cinder/api/openstack/wsgi.py:856}}
Nov 26 09:36:24.450670 dv-cinder-733062-25-iscsi devstack@c-api.service[109704]: /usr/local/lib/python3.8/dist-packages/oslo_context/context.py:105: DeprecationWarning: Policy enforcement is depending on the value of is_admin. This key is deprecated. Please update your policy file to use the standard policy values.
Nov 26 09:36:24.450670 dv-cinder-733062-25-iscsi devstack@c-api.service[109704]: warnings.warn('Policy enforcement is depending on the value of '
Nov 26 09:36:24.486433 dv-cinder-733062-25-iscsi devstack@c-api.service[109704]: INFO cinder.volume.api [None req-dbde6a10-7d9d-4bb4-8fa6-d72604f2f1e5 tempest-DeleteServersTestJSON-1239685603 tempest-DeleteServersTestJSON-1239685603-project] Volume info retrieved successfully.
Nov 26 09:36:24.498456 dv-cinder-733062-25-iscsi devstack@c-api.service[109704]: INFO cinder.api.openstack.wsgi [None req-dbde6a10-7d9d-4bb4-8fa6-d72604f2f1e5 tempest-DeleteServersTestJSON-1239685603 tempest-DeleteServersTestJSON-1239685603-project] http://10.222.0.53/volume/v3/8ddc9baa4d694f758a57f08d2464b0cb/volumes/92385eab-97ad-4733-a17c-97cc8ed71fd9 returned with HTTP 200
Nov 26 09:36:24.499535 dv-cinder-733062-25-iscsi devstack@c-api.service[109704]: [pid: 109704|app: 0|req: 165/348] 10.222.0.53 () {58 vars in 1324 bytes} [Fri Nov 26 09:36:24 2021] GET /volume/v3/8ddc9baa4d694f758a57f08d2464b0cb/volumes/92385eab-97ad-4733-a17c-97cc8ed71fd9 => generated 913 bytes in 142 msecs (HTTP/1.1 200) 7 headers in 285 bytes (1 switches on core 0)
Nov 26 09:36:24.516363 dv-cinder-733062-25-iscsi devstack@c-api.service[109703]: DEBUG cinder.quota [None req-2d4ea51f-ffb2-4568-b4ad-dcd59486b9d4 tempest-GroupSnapshotsTest-195996038 tempest-GroupSnapshotsTest-195996038-project] Created reservations ['b5b3629a-d2ac-4dc2-9eb5-3a1d27894048', '6fb9a932-ac89-41c0-bb68-c0a42e1c9191', '4fd69820-33b8-42b8-a326-f5d761728041', '9a900ae9-bcc4-4a49-8e3f-199f0a395418'] {{(pid=109703) reserve /opt/stack/cinder/cinder/quota.py:755}}
Nov 26 09:36:24.516363 dv-cinder-733062-25-iscsi devstack@c-api.service[109703]: DEBUG cinder.volume.api [None req-2d4ea51f-ffb2-4568-b4ad-dcd59486b9d4 tempest-GroupSnapshotsTest-195996038 tempest-GroupSnapshotsTest-195996038-project] Task 'cinder.volume.flows.api.create_volume.QuotaReserveTask;volume:create' (b8ce5089-5227-4900-a530-fe083dfa2773) transitioned into state 'SUCCESS' from state 'RUNNING' with result '{'reservations': ['b5b3629a-d2ac-4dc2-9eb5-3a1d27894048', '6fb9a932-ac89-41c0-bb68-c0a42e1c9191', '4fd69820-33b8-42b8-a326-f5d761728041', '9a900ae9-bcc4-4a49-8e3f-199f0a395418']}' {{(pid=109703) _task_receiver /usr/local/lib/python3.8/dist-packages/taskflow/listeners/logging.py:178}}
Nov 26 09:36:24.516848 dv-cinder-733062-25-iscsi devstack@c-api.service[109704]: INFO cinder.api.openstack.wsgi [None req-75b3d264-6ec4-4077-a962-d89c98c0d65b tempest-VolumesExtendTest-1989295013 tempest-VolumesExtendTest-1989295013-project] GET http://10.222.0.53/volume/v3/f9d675cb37de4d678ae2300e948913f4/volumes/d8de5613-4ea0-4954-b9fa-070bd09d2e72
Nov 26 09:36:24.516848 dv-cinder-733062-25-iscsi devstack@c-api.service[109704]: DEBUG cinder.api.openstack.wsgi [None req-75b3d264-6ec4-4077-a962-d89c98c0d65b tempest-VolumesExtendTest-1989295013 tempest-VolumesExtendTest-1989295013-project] Empty body provided in request {{(pid=109704) get_body /opt/stack/cinder/cinder/api/openstack/wsgi.py:703}}
Nov 26 09:36:24.516848 dv-cinder-733062-25-iscsi devstack@c-api.service[109704]: /usr/local/lib/python3.8/dist-packages/webob/acceptparse.py:1047: DeprecationWarning: The behavior of AcceptValidHeader.best_match is currently being maintained for backward compatibility, but it will be deprecated in the future, as it does not conform to the RFC.
Nov 26 09:36:24.516848 dv-cinder-733062-25-iscsi devstack@c-api.service[109704]: warnings.warn(
Nov 26 09:36:24.516848 dv-cinder-733062-25-iscsi devstack@c-api.service[109704]: DEBUG cinder.api.openstack.wsgi [None req-75b3d264-6ec4-4077-a962-d89c98c0d65b tempest-VolumesExtendTest-1989295013 tempest-VolumesExtendTest-1989295013-project] Calling method 'show' {{(pid=109704) _process_stack /opt/stack/cinder/cinder/api/openstack/wsgi.py:856}}
Nov 26 09:36:24.517452 dv-cinder-733062-25-iscsi devstack@c-api.service[109703]: DEBUG cinder.volume.api [None req-2d4ea51f-ffb2-4568-b4ad-dcd59486b9d4 tempest-GroupSnapshotsTest-195996038 tempest-GroupSnapshotsTest-195996038-project] Task 'cinder.volume.flows.api.create_volume.EntryCreateTask;volume:create' (9edf5fb3-695b-4f1f-be2e-f3359b60e029) transitioned into state 'RUNNING' from state 'PENDING' {{(pid=109703) _task_receiver /usr/local/lib/python3.8/dist-packages/taskflow/listeners/logging.py:190}}
Nov 26 09:36:24.543366 dv-cinder-733062-25-iscsi devstack@c-api.service[109704]: /usr/local/lib/python3.8/dist-packages/oslo_context/context.py:105: DeprecationWarning: Policy enforcement is depending on the value of is_admin. This key is deprecated. Please update your policy file to use the standard policy values.
Nov 26 09:36:24.543366 dv-cinder-733062-25-iscsi devstack@c-api.service[109704]: warnings.warn('Policy enforcement is depending on the value of '
Nov 26 09:36:24.559223 dv-cinder-733062-25-iscsi devstack@c-api.service[109703]: DEBUG cinder.volume.api [None req-2d4ea51f-ffb2-4568-b4ad-dcd59486b9d4 tempest-GroupSnapshotsTest-195996038 tempest-GroupSnapshotsTest-195996038-project] Task 'cinder.volume.flows.api.create_volume.EntryCreateTask;volume:create' (9edf5fb3-695b-4f1f-be2e-f3359b60e029) transitioned into state 'SUCCESS' from state 'RUNNING' with result '{'volume_id': '11d0f63a-1f83-4288-824c-5e7d29736692', 'volume_properties': VolumeProperties(attach_status='detached',availability_zone='nova',cgsnapshot_id=None,consistencygroup_id=None,display_description=None,display_name='tempest-GroupSnapshotsTest-Volume-79718593',encryption_key_id=None,group_id=986428e6-0b07-4049-a822-2be24d86161e,group_type_id=,metadata={},multiattach=False,project_id='b08d4b8d4c9d460fb4e0a53d4220b2af',qos_specs=None,replication_status=,reservations=['b5b3629a-d2ac-4dc2-9eb5-3a1d27894048','6fb9a932-ac89-41c0-bb68-c0a42e1c9191','4fd69820-33b8-42b8-a326-f5d761728041','9a900ae9-bcc4-4a49-8e3f-199f0a395418'],size=1,snapshot_id=None,source_replicaid=,source_volid=None,status='creating',user_id='0ff156ce3ebd425cacc1859319955f8e',volume_type_id=61d1601e-e11d-4da2-a259-c8c7c1c95c43), 'volume': Volume(_name_id=None,admin_metadata=,attach_status='detached',availability_zone='nova',bootable=False,cluster=,cluster_name=None,consistencygroup=,consistencygroup_id=None,created_at=2021-11-26T09:36:24Z,deleted=False,deleted_at=None,display_description=None,display_name='tempest-GroupSnapshotsTest-Volume-79718593',ec2_id=None,encryption_key_id=None,glance_metadata=,group=,group_id=986428e6-0b07-4049-a822-2be24d86161e,host=None,id=11d0f63a-1f83-4288-824c-5e7d29736692,launched_at=None,metadata={},migration_status=None,multiattach=False,previous_status=None,project_id='b08d4b8d4c9d460fb4e0a53d4220b2af',provider_auth=None,provider_geometry=None,provider_id=None,provider_location=None,replication_driver_data=None,replication_extended_status=None,replication_status=None,scheduled_at=None,service_uuid=None,shared_targets=True,size=1,snapshot_id=None,snapshots=,source_volid=None,status='creating',terminated_at=None,updated_at=None,use_quota=True,user_id='0ff156ce3ebd425cacc1859319955f8e',volume_attachment=VolumeAttachmentList,volume_type=VolumeType(61d1601e-e11d-4da2-a259-c8c7c1c95c43),volume_type_id=61d1601e-e11d-4da2-a259-c8c7c1c95c43)}' {{(pid=109703) _task_receiver /usr/local/lib/python3.8/dist-packages/taskflow/listeners/logging.py:178}}
Nov 26 09:36:24.564840 dv-cinder-733062-25-iscsi devstack@c-api.service[109704]: INFO cinder.volume.api [None req-75b3d264-6ec4-4077-a962-d89c98c0d65b tempest-VolumesExtendTest-1989295013 tempest-VolumesExtendTest-1989295013-project] Volume info retrieved successfully.
Nov 26 09:36:24.569094 dv-cinder-733062-25-iscsi devstack@c-api.service[109703]: DEBUG cinder.volume.api [None req-2d4ea51f-ffb2-4568-b4ad-dcd59486b9d4 tempest-GroupSnapshotsTest-195996038 tempest-GroupSnapshotsTest-195996038-project] Task 'cinder.volume.flows.api.create_volume.QuotaCommitTask;volume:create' (d5254425-225d-4b01-b4e4-f08aad8d020b) transitioned into state 'RUNNING' from state 'PENDING' {{(pid=109703) _task_receiver /usr/local/lib/python3.8/dist-packages/taskflow/listeners/logging.py:190}}
Nov 26 09:36:24.581598 dv-cinder-733062-25-iscsi devstack@c-api.service[109704]: INFO cinder.api.openstack.wsgi [None req-75b3d264-6ec4-4077-a962-d89c98c0d65b tempest-VolumesExtendTest-1989295013 tempest-VolumesExtendTest-1989295013-project] http://10.222.0.53/volume/v3/f9d675cb37de4d678ae2300e948913f4/volumes/d8de5613-4ea0-4954-b9fa-070bd09d2e72 returned with HTTP 200
Nov 26 09:36:24.582737 dv-cinder-733062-25-iscsi devstack@c-api.service[109704]: [pid: 109704|app: 0|req: 166/349] 10.222.0.53 () {58 vars in 1324 bytes} [Fri Nov 26 09:36:24 2021] GET /volume/v3/f9d675cb37de4d678ae2300e948913f4/volumes/d8de5613-4ea0-4954-b9fa-070bd09d2e72 => generated 908 bytes in 83 msecs (HTTP/1.1 200) 7 headers in 285 bytes (1 switches on core 0)
Nov 26 09:36:24.597499 dv-cinder-733062-25-iscsi devstack@c-api.service[109704]: INFO cinder.api.openstack.wsgi [None req-ea0b1023-e85d-4596-b19c-44fa8a871c55 tempest-VolumesDeleteCascade-845512250 tempest-VolumesDeleteCascade-845512250-project] GET http://10.222.0.53/volume/v3/9811ce64671c4a6aa5ade1b39848dde0/snapshots/a977da99-70ae-48ba-9bc2-1492cefb2089
Nov 26 09:36:24.598534 dv-cinder-733062-25-iscsi devstack@c-api.service[109704]: DEBUG cinder.api.openstack.wsgi [None req-ea0b1023-e85d-4596-b19c-44fa8a871c55 tempest-VolumesDeleteCascade-845512250 tempest-VolumesDeleteCascade-845512250-project] Empty body provided in request {{(pid=109704) get_body /opt/stack/cinder/cinder/api/openstack/wsgi.py:703}}
Nov 26 09:36:24.598994 dv-cinder-733062-25-iscsi devstack@c-api.service[109704]: /usr/local/lib/python3.8/dist-packages/webob/acceptparse.py:1047: DeprecationWarning: The behavior of AcceptValidHeader.best_match is currently being maintained for backward compatibility, but it will be deprecated in the future, as it does not conform to the RFC.
Nov 26 09:36:24.598994 dv-cinder-733062-25-iscsi devstack@c-api.service[109704]: warnings.warn(
Nov 26 09:36:24.599567 dv-cinder-733062-25-iscsi devstack@c-api.service[109704]: DEBUG cinder.api.openstack.wsgi [None req-ea0b1023-e85d-4596-b19c-44fa8a871c55 tempest-VolumesDeleteCascade-845512250 tempest-VolumesDeleteCascade-845512250-project] Calling method 'show' {{(pid=109704) _process_stack /opt/stack/cinder/cinder/api/openstack/wsgi.py:856}}
Nov 26 09:36:24.615884 dv-cinder-733062-25-iscsi devstack@c-api.service[109704]: /usr/local/lib/python3.8/dist-packages/oslo_context/context.py:105: DeprecationWarning: Policy enforcement is depending on the value of is_admin. This key is deprecated. Please update your policy file to use the standard policy values.
Nov 26 09:36:24.615884 dv-cinder-733062-25-iscsi devstack@c-api.service[109704]: warnings.warn('Policy enforcement is depending on the value of '
Nov 26 09:36:24.617408 dv-cinder-733062-25-iscsi devstack@c-api.service[109704]: INFO cinder.volume.api [None req-ea0b1023-e85d-4596-b19c-44fa8a871c55 tempest-VolumesDeleteCascade-845512250 tempest-VolumesDeleteCascade-845512250-project] Snapshot retrieved successfully.
Nov 26 09:36:24.621246 dv-cinder-733062-25-iscsi devstack@c-api.service[109704]: INFO cinder.api.openstack.wsgi [None req-ea0b1023-e85d-4596-b19c-44fa8a871c55 tempest-VolumesDeleteCascade-845512250 tempest-VolumesDeleteCascade-845512250-project] http://10.222.0.53/volume/v3/9811ce64671c4a6aa5ade1b39848dde0/snapshots/a977da99-70ae-48ba-9bc2-1492cefb2089 returned with HTTP 200
Nov 26 09:36:24.621889 dv-cinder-733062-25-iscsi devstack@c-api.service[109703]: DEBUG cinder.volume.api [None req-2d4ea51f-ffb2-4568-b4ad-dcd59486b9d4 tempest-GroupSnapshotsTest-195996038 tempest-GroupSnapshotsTest-195996038-project] Task 'cinder.volume.flows.api.create_volume.QuotaCommitTask;volume:create' (d5254425-225d-4b01-b4e4-f08aad8d020b) transitioned into state 'SUCCESS' from state 'RUNNING' with result '{'volume_properties': VolumeProperties(attach_status='detached',availability_zone='nova',cgsnapshot_id=None,consistencygroup_id=None,display_description=None,display_name='tempest-GroupSnapshotsTest-Volume-79718593',encryption_key_id=None,group_id=986428e6-0b07-4049-a822-2be24d86161e,group_type_id=,metadata={},multiattach=False,project_id='b08d4b8d4c9d460fb4e0a53d4220b2af',qos_specs=None,replication_status=,reservations=['b5b3629a-d2ac-4dc2-9eb5-3a1d27894048','6fb9a932-ac89-41c0-bb68-c0a42e1c9191','4fd69820-33b8-42b8-a326-f5d761728041','9a900ae9-bcc4-4a49-8e3f-199f0a395418'],size=1,snapshot_id=None,source_replicaid=,source_volid=None,status='creating',user_id='0ff156ce3ebd425cacc1859319955f8e',volume_type_id=61d1601e-e11d-4da2-a259-c8c7c1c95c43)}' {{(pid=109703) _task_receiver /usr/local/lib/python3.8/dist-packages/taskflow/listeners/logging.py:178}}
Nov 26 09:36:24.622385 dv-cinder-733062-25-iscsi devstack@c-api.service[109704]: [pid: 109704|app: 0|req: 167/350] 10.222.0.53 () {58 vars in 1330 bytes} [Fri Nov 26 09:36:24 2021] GET /volume/v3/9811ce64671c4a6aa5ade1b39848dde0/snapshots/a977da99-70ae-48ba-9bc2-1492cefb2089 => generated 439 bytes in 39 msecs (HTTP/1.1 200) 7 headers in 285 bytes (1 switches on core 0)
Nov 26 09:36:24.627345 dv-cinder-733062-25-iscsi devstack@c-api.service[109703]: DEBUG cinder.volume.api [None req-2d4ea51f-ffb2-4568-b4ad-dcd59486b9d4 tempest-GroupSnapshotsTest-195996038 tempest-GroupSnapshotsTest-195996038-project] Task 'cinder.volume.flows.api.create_volume.VolumeCastTask;volume:create' (2a01b83b-c6cd-4133-bf10-10fffbae5b06) transitioned into state 'RUNNING' from state 'PENDING' {{(pid=109703) _task_receiver /usr/local/lib/python3.8/dist-packages/taskflow/listeners/logging.py:190}}
Nov 26 09:36:24.635902 dv-cinder-733062-25-iscsi devstack@c-api.service[109704]: INFO cinder.api.openstack.wsgi [None req-e635b475-9e31-4602-834d-7a2cbdbfd9be tempest-VolumesListAdminTestJSON-1135736621 tempest-VolumesListAdminTestJSON-1135736621-project] GET http://10.222.0.53/volume/v3/f89fc64684a74ad09e3bec4c76d15f9d/volumes/3fde181a-8578-4922-9a6c-68d5373d9d73
Nov 26 09:36:24.636871 dv-cinder-733062-25-iscsi devstack@c-api.service[109704]: DEBUG cinder.api.openstack.wsgi [None req-e635b475-9e31-4602-834d-7a2cbdbfd9be tempest-VolumesListAdminTestJSON-1135736621 tempest-VolumesListAdminTestJSON-1135736621-project] Empty body provided in request {{(pid=109704) get_body /opt/stack/cinder/cinder/api/openstack/wsgi.py:703}}
Nov 26 09:36:24.637280 dv-cinder-733062-25-iscsi devstack@c-api.service[109704]: /usr/local/lib/python3.8/dist-packages/webob/acceptparse.py:1047: DeprecationWarning: The behavior of AcceptValidHeader.best_match is currently being maintained for backward compatibility, but it will be deprecated in the future, as it does not conform to the RFC.
Nov 26 09:36:24.637280 dv-cinder-733062-25-iscsi devstack@c-api.service[109704]: warnings.warn(
Nov 26 09:36:24.637922 dv-cinder-733062-25-iscsi devstack@c-api.service[109704]: DEBUG cinder.api.openstack.wsgi [None req-e635b475-9e31-4602-834d-7a2cbdbfd9be tempest-VolumesListAdminTestJSON-1135736621 tempest-VolumesListAdminTestJSON-1135736621-project] Calling method 'show' {{(pid=109704) _process_stack /opt/stack/cinder/cinder/api/openstack/wsgi.py:856}}
Nov 26 09:36:24.654173 dv-cinder-733062-25-iscsi devstack@c-api.service[109704]: INFO cinder.api.openstack.wsgi [None req-e635b475-9e31-4602-834d-7a2cbdbfd9be tempest-VolumesListAdminTestJSON-1135736621 tempest-VolumesListAdminTestJSON-1135736621-project] http://10.222.0.53/volume/v3/f89fc64684a74ad09e3bec4c76d15f9d/volumes/3fde181a-8578-4922-9a6c-68d5373d9d73 returned with HTTP 404
Nov 26 09:36:24.656504 dv-cinder-733062-25-iscsi devstack@c-api.service[109704]: [pid: 109704|app: 0|req: 168/351] 10.222.0.53 () {58 vars in 1324 bytes} [Fri Nov 26 09:36:24 2021] GET /volume/v3/f89fc64684a74ad09e3bec4c76d15f9d/volumes/3fde181a-8578-4922-9a6c-68d5373d9d73 => generated 109 bytes in 26 msecs (HTTP/1.1 404) 7 headers in 292 bytes (1 switches on core 0)
Nov 26 09:36:24.673518 dv-cinder-733062-25-iscsi devstack@c-api.service[109703]: DEBUG cinder.volume.api [None req-2d4ea51f-ffb2-4568-b4ad-dcd59486b9d4 tempest-GroupSnapshotsTest-195996038 tempest-GroupSnapshotsTest-195996038-project] Task 'cinder.volume.flows.api.create_volume.VolumeCastTask;volume:create' (2a01b83b-c6cd-4133-bf10-10fffbae5b06) transitioned into state 'SUCCESS' from state 'RUNNING' with result 'None' {{(pid=109703) _task_receiver /usr/local/lib/python3.8/dist-packages/taskflow/listeners/logging.py:178}}
Nov 26 09:36:24.678309 dv-cinder-733062-25-iscsi devstack@c-api.service[109703]: DEBUG cinder.volume.api [None req-2d4ea51f-ffb2-4568-b4ad-dcd59486b9d4 tempest-GroupSnapshotsTest-195996038 tempest-GroupSnapshotsTest-195996038-project] Flow 'volume_create_api' (3fa02c38-f732-4dc4-a4c4-00e210aeeb7e) transitioned into state 'SUCCESS' from state 'RUNNING' {{(pid=109703) _flow_receiver /usr/local/lib/python3.8/dist-packages/taskflow/listeners/logging.py:141}}
Nov 26 09:36:24.679502 dv-cinder-733062-25-iscsi devstack@c-api.service[109703]: INFO cinder.volume.api [None req-2d4ea51f-ffb2-4568-b4ad-dcd59486b9d4 tempest-GroupSnapshotsTest-195996038 tempest-GroupSnapshotsTest-195996038-project] Create volume request issued successfully.
Nov 26 09:36:24.682838 dv-cinder-733062-25-iscsi devstack@c-api.service[109703]: WARNING stevedore.named [None req-2d4ea51f-ffb2-4568-b4ad-dcd59486b9d4 tempest-GroupSnapshotsTest-195996038 tempest-GroupSnapshotsTest-195996038-project] Could not load cinder.keymgr.conf_key_mgr.ConfKeyManager
